[INFO] fetching crate zippyst 5.0.0...
[INFO] testing zippyst-5.0.0 against 1.75.0 for beta-1.76-1
[INFO] extracting crate zippyst 5.0.0 into /workspace/builds/worker-3-tc1/source
[INFO] validating manifest of crates.io crate zippyst 5.0.0 on toolchain 1.75.0
[INFO] running `Command { std: CARGO_HOME="/workspace/cargo-home" RUSTUP_HOME="/workspace/rustup-home" "/workspace/cargo-home/bin/cargo" "+1.75.0" "metadata" "--manifest-path" "Cargo.toml" "--no-deps", kill_on_drop: false }`
[INFO] started tweaking crates.io crate zippyst 5.0.0
[INFO] finished tweaking crates.io crate zippyst 5.0.0
[INFO] tweaked toml for crates.io crate zippyst 5.0.0 written to /workspace/builds/worker-3-tc1/source/Cargo.toml
[INFO] running `Command { std: CARGO_HOME="/workspace/cargo-home" RUSTUP_HOME="/workspace/rustup-home" "/workspace/cargo-home/bin/cargo" "+1.75.0" "generate-lockfile" "--manifest-path" "Cargo.toml", kill_on_drop: false }`
[INFO] [stderr]     Updating crates.io index
[INFO] running `Command { std: CARGO_HOME="/workspace/cargo-home" RUSTUP_HOME="/workspace/rustup-home" "/workspace/cargo-home/bin/cargo" "+1.75.0" "fetch" "--manifest-path" "Cargo.toml", kill_on_drop: false }`
[INFO] [stderr]  Downloading crates ...
[INFO] [stderr]   Downloaded regress v0.4.1
[INFO] [stderr]   Downloaded boa_interner v0.16.0
[INFO] [stderr]   Downloaded ryu-js v0.2.2
[INFO] [stderr]   Downloaded boa_profiler v0.16.0
[INFO] [stderr]   Downloaded fast-float v0.2.0
[INFO] [stderr]   Downloaded boa_gc v0.16.0
[INFO] [stderr]   Downloaded boa_unicode v0.16.1
[INFO] [stderr]   Downloaded boa_engine v0.16.0
[INFO] running `Command { std: "docker" "create" "-v" "/var/lib/crater-agent-workspace/builds/worker-3-tc1/target:/opt/rustwide/target:rw,Z" "-v" "/var/lib/crater-agent-workspace/builds/worker-3-tc1/source:/opt/rustwide/workdir:ro,Z" "-v" "/var/lib/crater-agent-workspace/cargo-home:/opt/rustwide/cargo-home:ro,Z" "-v" "/var/lib/crater-agent-workspace/rustup-home:/opt/rustwide/rustup-home:ro,Z" "-e" "SOURCE_DIR=/opt/rustwide/workdir" "-e" "CARGO_TARGET_DIR=/opt/rustwide/target" "-e" "CARGO_HOME=/opt/rustwide/cargo-home" "-e" "RUSTUP_HOME=/opt/rustwide/rustup-home" "-w" "/opt/rustwide/workdir" "-m" "1610612736" "--user" "0:0" "--network" "none" "ghcr.io/rust-lang/crates-build-env/linux@sha256:2788e3201cd34a07e3172128adcd8b3090168a8e3bcc40d7c032b9dda1df7d1c" "/opt/rustwide/cargo-home/bin/cargo" "+1.75.0" "metadata" "--no-deps" "--format-version=1", kill_on_drop: false }`
[INFO] [stdout] 0c36ba412bed6f38041c2388c5ce6238352dab9aa5e35778942759e2bd5ca897
[INFO] running `Command { std: "docker" "start" "-a" "0c36ba412bed6f38041c2388c5ce6238352dab9aa5e35778942759e2bd5ca897", kill_on_drop: false }`
[INFO] running `Command { std: "docker" "inspect" "0c36ba412bed6f38041c2388c5ce6238352dab9aa5e35778942759e2bd5ca897", kill_on_drop: false }`
[INFO] running `Command { std: "docker" "rm" "-f" "0c36ba412bed6f38041c2388c5ce6238352dab9aa5e35778942759e2bd5ca897", kill_on_drop: false }`
[INFO] [stdout] 0c36ba412bed6f38041c2388c5ce6238352dab9aa5e35778942759e2bd5ca897
[INFO] running `Command { std: "docker" "create" "-v" "/var/lib/crater-agent-workspace/builds/worker-3-tc1/target:/opt/rustwide/target:rw,Z" "-v" "/var/lib/crater-agent-workspace/builds/worker-3-tc1/source:/opt/rustwide/workdir:ro,Z" "-v" "/var/lib/crater-agent-workspace/cargo-home:/opt/rustwide/cargo-home:ro,Z" "-v" "/var/lib/crater-agent-workspace/rustup-home:/opt/rustwide/rustup-home:ro,Z" "-e" "SOURCE_DIR=/opt/rustwide/workdir" "-e" "CARGO_TARGET_DIR=/opt/rustwide/target" "-e" "CARGO_INCREMENTAL=0" "-e" "RUST_BACKTRACE=full" "-e" "RUSTFLAGS=--cap-lints=warn" "-e" "RUSTDOCFLAGS=--cap-lints=warn" "-e" "CARGO_HOME=/opt/rustwide/cargo-home" "-e" "RUSTUP_HOME=/opt/rustwide/rustup-home" "-w" "/opt/rustwide/workdir" "-m" "1610612736" "--user" "0:0" "--network" "none" "ghcr.io/rust-lang/crates-build-env/linux@sha256:2788e3201cd34a07e3172128adcd8b3090168a8e3bcc40d7c032b9dda1df7d1c" "/opt/rustwide/cargo-home/bin/cargo" "+1.75.0" "build" "--frozen" "--message-format=json", kill_on_drop: false }`
[INFO] [stdout] 57112a150cd9b7c32c94f22a92e5eb90dd8ad58af25d77682b6aa464e03bdba9
[INFO] running `Command { std: "docker" "start" "-a" "57112a150cd9b7c32c94f22a92e5eb90dd8ad58af25d77682b6aa464e03bdba9", kill_on_drop: false }`
[INFO] [stderr]    Compiling syn v1.0.109
[INFO] [stderr]    Compiling siphasher v0.3.11
[INFO] [stderr]    Compiling serde v1.0.194
[INFO] [stderr]    Compiling unicode-general-category v0.6.0
[INFO] [stderr]    Compiling tinyvec_macros v0.1.1
[INFO] [stderr]    Compiling num-traits v0.2.17
[INFO] [stderr]    Compiling num-integer v0.1.45
[INFO] [stderr]    Compiling indexmap v1.9.3
[INFO] [stderr]    Compiling num-bigint v0.4.4
[INFO] [stderr]    Compiling aho-corasick v1.1.2
[INFO] [stderr]    Compiling rustc-hash v1.1.0
[INFO] [stderr]    Compiling regex-syntax v0.8.2
[INFO] [stderr]    Compiling getrandom v0.2.11
[INFO] [stderr]    Compiling regress v0.4.1
[INFO] [stderr]    Compiling boa_profiler v0.16.0
[INFO] [stderr]    Compiling tap v1.0.1
[INFO] [stderr]    Compiling tinyvec v1.6.0
[INFO] [stderr]    Compiling fast-float v0.2.0
[INFO] [stderr]    Compiling dyn-clone v1.0.16
[INFO] [stderr]    Compiling ryu-js v0.2.2
[INFO] [stderr]    Compiling rand_core v0.6.4
[INFO] [stderr]    Compiling phf_shared v0.11.2
[INFO] [stderr]    Compiling percent-encoding v2.3.1
[INFO] [stderr]    Compiling rand_chacha v0.3.1
[INFO] [stderr]    Compiling rand v0.8.5
[INFO] [stderr]    Compiling unicode-normalization v0.1.22
[INFO] [stderr]    Compiling phf_generator v0.11.2
[INFO] [stderr]    Compiling chrono v0.4.31
[INFO] [stderr]    Compiling phf_macros v0.11.2
[INFO] [stderr]    Compiling boa_unicode v0.16.1
[INFO] [stderr]    Compiling regex-automata v0.4.3
[INFO] [stderr]    Compiling phf v0.11.2
[INFO] [stderr]    Compiling synstructure v0.12.6
[INFO] [stderr]    Compiling boa_interner v0.16.0
[INFO] [stderr]    Compiling gc_derive v0.4.1
[INFO] [stderr]    Compiling serde_json v1.0.111
[INFO] [stderr]    Compiling gc v0.4.1
[INFO] [stderr]    Compiling boa_gc v0.16.0
[INFO] [stderr]    Compiling regex v1.10.2
[INFO] [stderr]    Compiling boa_engine v0.16.0
[INFO] [stderr]    Compiling zippyst v5.0.0 (/opt/rustwide/workdir)
[INFO] [stderr]     Finished dev [unoptimized + debuginfo] target(s) in 15.39s
[INFO] running `Command { std: "docker" "inspect" "57112a150cd9b7c32c94f22a92e5eb90dd8ad58af25d77682b6aa464e03bdba9", kill_on_drop: false }`
[INFO] running `Command { std: "docker" "rm" "-f" "57112a150cd9b7c32c94f22a92e5eb90dd8ad58af25d77682b6aa464e03bdba9", kill_on_drop: false }`
[INFO] [stdout] 57112a150cd9b7c32c94f22a92e5eb90dd8ad58af25d77682b6aa464e03bdba9
[INFO] running `Command { std: "docker" "create" "-v" "/var/lib/crater-agent-workspace/builds/worker-3-tc1/target:/opt/rustwide/target:rw,Z" "-v" "/var/lib/crater-agent-workspace/builds/worker-3-tc1/source:/opt/rustwide/workdir:ro,Z" "-v" "/var/lib/crater-agent-workspace/cargo-home:/opt/rustwide/cargo-home:ro,Z" "-v" "/var/lib/crater-agent-workspace/rustup-home:/opt/rustwide/rustup-home:ro,Z" "-e" "SOURCE_DIR=/opt/rustwide/workdir" "-e" "CARGO_TARGET_DIR=/opt/rustwide/target" "-e" "CARGO_INCREMENTAL=0" "-e" "RUST_BACKTRACE=full" "-e" "RUSTFLAGS=--cap-lints=warn" "-e" "RUSTDOCFLAGS=--cap-lints=warn" "-e" "CARGO_HOME=/opt/rustwide/cargo-home" "-e" "RUSTUP_HOME=/opt/rustwide/rustup-home" "-w" "/opt/rustwide/workdir" "-m" "1610612736" "--user" "0:0" "--network" "none" "ghcr.io/rust-lang/crates-build-env/linux@sha256:2788e3201cd34a07e3172128adcd8b3090168a8e3bcc40d7c032b9dda1df7d1c" "/opt/rustwide/cargo-home/bin/cargo" "+1.75.0" "test" "--frozen" "--no-run" "--message-format=json", kill_on_drop: false }`
[INFO] [stdout] f8ab2576d550de2976d2a42d9d520f1724e0b6db69b76c1918e15350ec0d3c60
[INFO] running `Command { std: "docker" "start" "-a" "f8ab2576d550de2976d2a42d9d520f1724e0b6db69b76c1918e15350ec0d3c60", kill_on_drop: false }`
[INFO] [stderr]    Compiling tokio-macros v2.2.0
[INFO] [stderr]    Compiling tokio v1.35.1
[INFO] [stderr]    Compiling zippyst v5.0.0 (/opt/rustwide/workdir)
[INFO] [stdout] error[E0433]: failed to resolve: use of undeclared crate or module `hyper`
[INFO] [stdout]    --> src/file.rs:203:9
[INFO] [stdout]     |
[INFO] [stdout] 203 |     use hyper::{body::HttpBody, Client};
[INFO] [stdout]     |         ^^^^^ use of undeclared crate or module `hyper`
[INFO] [stdout] 
[INFO] [stdout] 
[INFO] [stdout] error[E0432]: unresolved import `hyper`
[INFO] [stdout]    --> src/file.rs:203:9
[INFO] [stdout]     |
[INFO] [stdout] 203 |     use hyper::{body::HttpBody, Client};
[INFO] [stdout]     |         ^^^^^ use of undeclared crate or module `hyper`
[INFO] [stdout] 
[INFO] [stdout] 
[INFO] [stdout] error[E0432]: unresolved import `hyper_tls`
[INFO] [stdout]    --> src/file.rs:204:9
[INFO] [stdout]     |
[INFO] [stdout] 204 |     use hyper_tls::HttpsConnector;
[INFO] [stdout]     |         ^^^^^^^^^ use of undeclared crate or module `hyper_tls`
[INFO] [stdout] 
[INFO] [stdout] 
[INFO] [stdout] error[E0599]: no function or associated item named `fetch_and_parse` found for struct `file::File` in the current scope
[INFO] [stdout]    --> src/file.rs:218:26
[INFO] [stdout]     |
[INFO] [stdout] 34  | pub struct File {
[INFO] [stdout]     | --------------- function or associated item `fetch_and_parse` not found for this struct
[INFO] [stdout] ...
[INFO] [stdout] 218 |         let file = File::fetch_and_parse(
[INFO] [stdout]     |                          ^^^^^^^^^^^^^^^ function or associated item not found in `file::File`
[INFO] [stdout]     |
[INFO] [stdout] note: if you're trying to build a new `file::File`, consider using `file::File::parse` which returns `Result<file::File, error::Error>`
[INFO] [stdout]    --> src/file.rs:95:5
[INFO] [stdout]     |
[INFO] [stdout] 95  |     pub fn parse(uri: &Uri, page_content: &str) -> Result<Self, Error> {
[INFO] [stdout]     |     ^^^^^^^^^^^^^^^^^^^^^^^^^^^^^^^^^^^^^^^^^^^^^^^^^^^^^^^^^^^^^^^^^^
[INFO] [stdout] 
[INFO] [stdout] 
[INFO] [stdout] error[E0599]: no function or associated item named `fetch_and_parse` found for struct `file::File` in the current scope
[INFO] [stdout]    --> src/file.rs:230:26
[INFO] [stdout]     |
[INFO] [stdout] 34  | pub struct File {
[INFO] [stdout]     | --------------- function or associated item `fetch_and_parse` not found for this struct
[INFO] [stdout] ...
[INFO] [stdout] 230 |         let file = File::fetch_and_parse(
[INFO] [stdout]     |                          ^^^^^^^^^^^^^^^ function or associated item not found in `file::File`
[INFO] [stdout]     |
[INFO] [stdout] note: if you're trying to build a new `file::File`, consider using `file::File::parse` which returns `Result<file::File, error::Error>`
[INFO] [stdout]    --> src/file.rs:95:5
[INFO] [stdout]     |
[INFO] [stdout] 95  |     pub fn parse(uri: &Uri, page_content: &str) -> Result<Self, Error> {
[INFO] [stdout]     |     ^^^^^^^^^^^^^^^^^^^^^^^^^^^^^^^^^^^^^^^^^^^^^^^^^^^^^^^^^^^^^^^^^^
[INFO] [stdout] 
[INFO] [stdout] 
[INFO] [stdout] error[E0433]: failed to resolve: use of undeclared crate or module `hyper`
[INFO] [stdout]    --> src/file.rs:239:51
[INFO] [stdout]     |
[INFO] [stdout] 239 |         let client = Client::builder().build::<_, hyper::Body>(https);
[INFO] [stdout]     |                                                   ^^^^^ use of undeclared crate or module `hyper`
[INFO] [stdout] 
[INFO] [stdout] 
[INFO] [stdout] error: aborting due to 6 previous errors
[INFO] [stdout] 
[INFO] [stdout] 
[INFO] [stdout] Some errors have detailed explanations: E0432, E0433, E0599.
[INFO] [stdout] 
[INFO] [stdout] For more information about an error, try `rustc --explain E0432`.
[INFO] [stdout] 
[INFO] [stderr] error: could not compile `zippyst` (lib test) due to 7 previous errors
[INFO] running `Command { std: "docker" "inspect" "f8ab2576d550de2976d2a42d9d520f1724e0b6db69b76c1918e15350ec0d3c60", kill_on_drop: false }`
[INFO] running `Command { std: "docker" "rm" "-f" "f8ab2576d550de2976d2a42d9d520f1724e0b6db69b76c1918e15350ec0d3c60", kill_on_drop: false }`
[INFO] [stdout] f8ab2576d550de2976d2a42d9d520f1724e0b6db69b76c1918e15350ec0d3c60
[INFO] testing zippyst-5.0.0 against beta-2023-12-22 for beta-1.76-1
[INFO] extracting crate zippyst 5.0.0 into /workspace/builds/worker-3-tc2/source
[INFO] validating manifest of crates.io crate zippyst 5.0.0 on toolchain beta-2023-12-22
[INFO] running `Command { std: CARGO_HOME="/workspace/cargo-home" RUSTUP_HOME="/workspace/rustup-home" "/workspace/cargo-home/bin/cargo" "+beta-2023-12-22" "metadata" "--manifest-path" "Cargo.toml" "--no-deps", kill_on_drop: false }`
[INFO] started tweaking crates.io crate zippyst 5.0.0
[INFO] finished tweaking crates.io crate zippyst 5.0.0
[INFO] tweaked toml for crates.io crate zippyst 5.0.0 written to /workspace/builds/worker-3-tc2/source/Cargo.toml
[INFO] running `Command { std: CARGO_HOME="/workspace/cargo-home" RUSTUP_HOME="/workspace/rustup-home" "/workspace/cargo-home/bin/cargo" "+beta-2023-12-22" "generate-lockfile" "--manifest-path" "Cargo.toml", kill_on_drop: false }`
[INFO] [stderr]     Blocking waiting for file lock on package cache
[INFO] [stderr]     Updating crates.io index
[INFO] running `Command { std: CARGO_HOME="/workspace/cargo-home" RUSTUP_HOME="/workspace/rustup-home" "/workspace/cargo-home/bin/cargo" "+beta-2023-12-22" "fetch" "--manifest-path" "Cargo.toml", kill_on_drop: false }`
[INFO] [stderr]     Blocking waiting for file lock on package cache
[INFO] [stderr]     Blocking waiting for file lock on package cache
[INFO] running `Command { std: "docker" "create" "-v" "/var/lib/crater-agent-workspace/builds/worker-3-tc2/target:/opt/rustwide/target:rw,Z" "-v" "/var/lib/crater-agent-workspace/builds/worker-3-tc2/source:/opt/rustwide/workdir:ro,Z" "-v" "/var/lib/crater-agent-workspace/cargo-home:/opt/rustwide/cargo-home:ro,Z" "-v" "/var/lib/crater-agent-workspace/rustup-home:/opt/rustwide/rustup-home:ro,Z" "-e" "SOURCE_DIR=/opt/rustwide/workdir" "-e" "CARGO_TARGET_DIR=/opt/rustwide/target" "-e" "CARGO_HOME=/opt/rustwide/cargo-home" "-e" "RUSTUP_HOME=/opt/rustwide/rustup-home" "-w" "/opt/rustwide/workdir" "-m" "1610612736" "--user" "0:0" "--network" "none" "ghcr.io/rust-lang/crates-build-env/linux@sha256:2788e3201cd34a07e3172128adcd8b3090168a8e3bcc40d7c032b9dda1df7d1c" "/opt/rustwide/cargo-home/bin/cargo" "+beta-2023-12-22" "metadata" "--no-deps" "--format-version=1", kill_on_drop: false }`
[INFO] [stdout] be6ad6eb55b61a8bb490dfd503c140f3a9850af071a88cf242c16dc9624d19cd
[INFO] running `Command { std: "docker" "start" "-a" "be6ad6eb55b61a8bb490dfd503c140f3a9850af071a88cf242c16dc9624d19cd", kill_on_drop: false }`
[INFO] running `Command { std: "docker" "inspect" "be6ad6eb55b61a8bb490dfd503c140f3a9850af071a88cf242c16dc9624d19cd", kill_on_drop: false }`
[INFO] running `Command { std: "docker" "rm" "-f" "be6ad6eb55b61a8bb490dfd503c140f3a9850af071a88cf242c16dc9624d19cd", kill_on_drop: false }`
[INFO] [stdout] be6ad6eb55b61a8bb490dfd503c140f3a9850af071a88cf242c16dc9624d19cd
[INFO] running `Command { std: "docker" "create" "-v" "/var/lib/crater-agent-workspace/builds/worker-3-tc2/target:/opt/rustwide/target:rw,Z" "-v" "/var/lib/crater-agent-workspace/builds/worker-3-tc2/source:/opt/rustwide/workdir:ro,Z" "-v" "/var/lib/crater-agent-workspace/cargo-home:/opt/rustwide/cargo-home:ro,Z" "-v" "/var/lib/crater-agent-workspace/rustup-home:/opt/rustwide/rustup-home:ro,Z" "-e" "SOURCE_DIR=/opt/rustwide/workdir" "-e" "CARGO_TARGET_DIR=/opt/rustwide/target" "-e" "CARGO_INCREMENTAL=0" "-e" "RUST_BACKTRACE=full" "-e" "RUSTFLAGS=--cap-lints=warn" "-e" "RUSTDOCFLAGS=--cap-lints=warn" "-e" "CARGO_HOME=/opt/rustwide/cargo-home" "-e" "RUSTUP_HOME=/opt/rustwide/rustup-home" "-w" "/opt/rustwide/workdir" "-m" "1610612736" "--user" "0:0" "--network" "none" "ghcr.io/rust-lang/crates-build-env/linux@sha256:2788e3201cd34a07e3172128adcd8b3090168a8e3bcc40d7c032b9dda1df7d1c" "/opt/rustwide/cargo-home/bin/cargo" "+beta-2023-12-22" "build" "--frozen" "--message-format=json", kill_on_drop: false }`
[INFO] [stdout] 84d5d1acb9b775fcdaf8c4e3146aa1df502d908e7990e4ee1805a2f89d8839c0
[INFO] running `Command { std: "docker" "start" "-a" "84d5d1acb9b775fcdaf8c4e3146aa1df502d908e7990e4ee1805a2f89d8839c0", kill_on_drop: false }`
[INFO] [stderr]    Compiling syn v1.0.109
[INFO] [stderr]    Compiling siphasher v0.3.11
[INFO] [stderr]    Compiling serde v1.0.194
[INFO] [stderr]    Compiling unicode-general-category v0.6.0
[INFO] [stderr]    Compiling tinyvec_macros v0.1.1
[INFO] [stderr]    Compiling num-traits v0.2.17
[INFO] [stderr]    Compiling num-integer v0.1.45
[INFO] [stderr]    Compiling indexmap v1.9.3
[INFO] [stderr]    Compiling num-bigint v0.4.4
[INFO] [stderr]    Compiling aho-corasick v1.1.2
[INFO] [stderr]    Compiling rustc-hash v1.1.0
[INFO] [stderr]    Compiling regex-syntax v0.8.2
[INFO] [stderr]    Compiling getrandom v0.2.11
[INFO] [stderr]    Compiling regress v0.4.1
[INFO] [stderr]    Compiling boa_profiler v0.16.0
[INFO] [stderr]    Compiling fast-float v0.2.0
[INFO] [stderr]    Compiling phf_shared v0.11.2
[INFO] [stderr]    Compiling tinyvec v1.6.0
[INFO] [stderr]    Compiling tap v1.0.1
[INFO] [stderr]    Compiling ryu-js v0.2.2
[INFO] [stderr]    Compiling dyn-clone v1.0.16
[INFO] [stderr]    Compiling percent-encoding v2.3.1
[INFO] [stderr]    Compiling rand_core v0.6.4
[INFO] [stderr]    Compiling rand_chacha v0.3.1
[INFO] [stderr]    Compiling rand v0.8.5
[INFO] [stderr]    Compiling unicode-normalization v0.1.22
[INFO] [stderr]    Compiling phf_generator v0.11.2
[INFO] [stderr]    Compiling phf_macros v0.11.2
[INFO] [stderr]    Compiling boa_unicode v0.16.1
[INFO] [stderr]    Compiling chrono v0.4.31
[INFO] [stderr]    Compiling regex-automata v0.4.3
[INFO] [stderr]    Compiling phf v0.11.2
[INFO] [stderr]    Compiling boa_interner v0.16.0
[INFO] [stderr]    Compiling synstructure v0.12.6
[INFO] [stderr]    Compiling gc_derive v0.4.1
[INFO] [stderr]    Compiling serde_json v1.0.111
[INFO] [stderr]    Compiling gc v0.4.1
[INFO] [stderr]    Compiling boa_gc v0.16.0
[INFO] [stderr]    Compiling regex v1.10.2
[INFO] [stderr]    Compiling boa_engine v0.16.0
[INFO] [stderr]    Compiling zippyst v5.0.0 (/opt/rustwide/workdir)
[INFO] [stderr]     Finished dev [unoptimized + debuginfo] target(s) in 16.96s
[INFO] running `Command { std: "docker" "inspect" "84d5d1acb9b775fcdaf8c4e3146aa1df502d908e7990e4ee1805a2f89d8839c0", kill_on_drop: false }`
[INFO] running `Command { std: "docker" "rm" "-f" "84d5d1acb9b775fcdaf8c4e3146aa1df502d908e7990e4ee1805a2f89d8839c0", kill_on_drop: false }`
[INFO] [stdout] 84d5d1acb9b775fcdaf8c4e3146aa1df502d908e7990e4ee1805a2f89d8839c0
[INFO] running `Command { std: "docker" "create" "-v" "/var/lib/crater-agent-workspace/builds/worker-3-tc2/target:/opt/rustwide/target:rw,Z" "-v" "/var/lib/crater-agent-workspace/builds/worker-3-tc2/source:/opt/rustwide/workdir:ro,Z" "-v" "/var/lib/crater-agent-workspace/cargo-home:/opt/rustwide/cargo-home:ro,Z" "-v" "/var/lib/crater-agent-workspace/rustup-home:/opt/rustwide/rustup-home:ro,Z" "-e" "SOURCE_DIR=/opt/rustwide/workdir" "-e" "CARGO_TARGET_DIR=/opt/rustwide/target" "-e" "CARGO_INCREMENTAL=0" "-e" "RUST_BACKTRACE=full" "-e" "RUSTFLAGS=--cap-lints=warn" "-e" "RUSTDOCFLAGS=--cap-lints=warn" "-e" "CARGO_HOME=/opt/rustwide/cargo-home" "-e" "RUSTUP_HOME=/opt/rustwide/rustup-home" "-w" "/opt/rustwide/workdir" "-m" "1610612736" "--user" "0:0" "--network" "none" "ghcr.io/rust-lang/crates-build-env/linux@sha256:2788e3201cd34a07e3172128adcd8b3090168a8e3bcc40d7c032b9dda1df7d1c" "/opt/rustwide/cargo-home/bin/cargo" "+beta-2023-12-22" "test" "--frozen" "--no-run" "--message-format=json", kill_on_drop: false }`
[INFO] [stdout] 8a38deb03d373061cae88e1d04d32fda43f226b3f33ba227a04d754ce7c6b719
[INFO] running `Command { std: "docker" "start" "-a" "8a38deb03d373061cae88e1d04d32fda43f226b3f33ba227a04d754ce7c6b719", kill_on_drop: false }`
[INFO] [stderr]    Compiling tokio-macros v2.2.0
[INFO] [stderr]    Compiling tokio v1.35.1
[INFO] [stderr]    Compiling zippyst v5.0.0 (/opt/rustwide/workdir)
[INFO] [stdout] error[E0433]: failed to resolve: use of undeclared crate or module `hyper`
[INFO] [stdout]    --> src/file.rs:203:9
[INFO] [stdout]     |
[INFO] [stdout] 203 |     use hyper::{body::HttpBody, Client};
[INFO] [stdout]     |         ^^^^^ use of undeclared crate or module `hyper`
[INFO] [stdout] 
[INFO] [stdout] 
[INFO] [stdout] error[E0432]: unresolved import `hyper`
[INFO] [stdout]    --> src/file.rs:203:9
[INFO] [stdout]     |
[INFO] [stdout] 203 |     use hyper::{body::HttpBody, Client};
[INFO] [stdout]     |         ^^^^^ use of undeclared crate or module `hyper`
[INFO] [stdout] 
[INFO] [stdout] 
[INFO] [stdout] error[E0432]: unresolved import `hyper_tls`
[INFO] [stdout]    --> src/file.rs:204:9
[INFO] [stdout]     |
[INFO] [stdout] 204 |     use hyper_tls::HttpsConnector;
[INFO] [stdout]     |         ^^^^^^^^^ use of undeclared crate or module `hyper_tls`
[INFO] [stdout] 
[INFO] [stdout] 
[INFO] [stdout] error[E0599]: no function or associated item named `fetch_and_parse` found for struct `file::File` in the current scope
[INFO] [stdout]    --> src/file.rs:218:26
[INFO] [stdout]     |
[INFO] [stdout] 34  | pub struct File {
[INFO] [stdout]     | --------------- function or associated item `fetch_and_parse` not found for this struct
[INFO] [stdout] ...
[INFO] [stdout] 218 |         let file = File::fetch_and_parse(
[INFO] [stdout]     |                          ^^^^^^^^^^^^^^^ function or associated item not found in `file::File`
[INFO] [stdout]     |
[INFO] [stdout] note: if you're trying to build a new `file::File`, consider using `file::File::parse` which returns `Result<file::File, error::Error>`
[INFO] [stdout]    --> src/file.rs:95:5
[INFO] [stdout]     |
[INFO] [stdout] 95  |     pub fn parse(uri: &Uri, page_content: &str) -> Result<Self, Error> {
[INFO] [stdout]     |     ^^^^^^^^^^^^^^^^^^^^^^^^^^^^^^^^^^^^^^^^^^^^^^^^^^^^^^^^^^^^^^^^^^
[INFO] [stdout] 
[INFO] [stdout] 
[INFO] [stdout] error[E0599]: no function or associated item named `fetch_and_parse` found for struct `file::File` in the current scope
[INFO] [stdout]    --> src/file.rs:230:26
[INFO] [stdout]     |
[INFO] [stdout] 34  | pub struct File {
[INFO] [stdout]     | --------------- function or associated item `fetch_and_parse` not found for this struct
[INFO] [stdout] ...
[INFO] [stdout] 230 |         let file = File::fetch_and_parse(
[INFO] [stdout]     |                          ^^^^^^^^^^^^^^^ function or associated item not found in `file::File`
[INFO] [stdout]     |
[INFO] [stdout] note: if you're trying to build a new `file::File`, consider using `file::File::parse` which returns `Result<file::File, error::Error>`
[INFO] [stdout]    --> src/file.rs:95:5
[INFO] [stdout]     |
[INFO] [stdout] 95  |     pub fn parse(uri: &Uri, page_content: &str) -> Result<Self, Error> {
[INFO] [stdout]     |     ^^^^^^^^^^^^^^^^^^^^^^^^^^^^^^^^^^^^^^^^^^^^^^^^^^^^^^^^^^^^^^^^^^
[INFO] [stdout] 
[INFO] [stdout] 
[INFO] [stdout] error[E0433]: failed to resolve: use of undeclared crate or module `hyper`
[INFO] [stdout]    --> src/file.rs:239:51
[INFO] [stdout]     |
[INFO] [stdout] 239 |         let client = Client::builder().build::<_, hyper::Body>(https);
[INFO] [stdout]     |                                                   ^^^^^ use of undeclared crate or module `hyper`
[INFO] [stdout] 
[INFO] [stdout] 
[INFO] [stdout] error: aborting due to 6 previous errors
[INFO] [stdout] 
[INFO] [stdout] 
[INFO] [stdout] Some errors have detailed explanations: E0432, E0433, E0599.
[INFO] [stdout] 
[INFO] [stdout] For more information about an error, try `rustc --explain E0432`.
[INFO] [stdout] 
[INFO] [stderr] error: could not compile `zippyst` (lib test) due to 7 previous errors
[INFO] running `Command { std: "docker" "inspect" "8a38deb03d373061cae88e1d04d32fda43f226b3f33ba227a04d754ce7c6b719", kill_on_drop: false }`
[INFO] running `Command { std: "docker" "rm" "-f" "8a38deb03d373061cae88e1d04d32fda43f226b3f33ba227a04d754ce7c6b719", kill_on_drop: false }`
[INFO] [stdout] 8a38deb03d373061cae88e1d04d32fda43f226b3f33ba227a04d754ce7c6b719
