[INFO] fetching crate zip-merge 0.6.6...
[INFO] testing zip-merge-0.6.6 against 1.75.0 for beta-1.76-1
[INFO] extracting crate zip-merge 0.6.6 into /workspace/builds/worker-1-tc1/source
[INFO] validating manifest of crates.io crate zip-merge 0.6.6 on toolchain 1.75.0
[INFO] running `Command { std: CARGO_HOME="/workspace/cargo-home" RUSTUP_HOME="/workspace/rustup-home" "/workspace/cargo-home/bin/cargo" "+1.75.0" "metadata" "--manifest-path" "Cargo.toml" "--no-deps", kill_on_drop: false }`
[INFO] started tweaking crates.io crate zip-merge 0.6.6
[INFO] finished tweaking crates.io crate zip-merge 0.6.6
[INFO] tweaked toml for crates.io crate zip-merge 0.6.6 written to /workspace/builds/worker-1-tc1/source/Cargo.toml
[INFO] crate crates.io crate zip-merge 0.6.6 already has a lockfile, it will not be regenerated
[INFO] running `Command { std: CARGO_HOME="/workspace/cargo-home" RUSTUP_HOME="/workspace/rustup-home" "/workspace/cargo-home/bin/cargo" "+1.75.0" "fetch" "--manifest-path" "Cargo.toml", kill_on_drop: false }`
[INFO] running `Command { std: "docker" "create" "-v" "/var/lib/crater-agent-workspace/builds/worker-1-tc1/target:/opt/rustwide/target:rw,Z" "-v" "/var/lib/crater-agent-workspace/builds/worker-1-tc1/source:/opt/rustwide/workdir:ro,Z" "-v" "/var/lib/crater-agent-workspace/cargo-home:/opt/rustwide/cargo-home:ro,Z" "-v" "/var/lib/crater-agent-workspace/rustup-home:/opt/rustwide/rustup-home:ro,Z" "-e" "SOURCE_DIR=/opt/rustwide/workdir" "-e" "CARGO_TARGET_DIR=/opt/rustwide/target" "-e" "CARGO_HOME=/opt/rustwide/cargo-home" "-e" "RUSTUP_HOME=/opt/rustwide/rustup-home" "-w" "/opt/rustwide/workdir" "-m" "1610612736" "--user" "0:0" "--network" "none" "ghcr.io/rust-lang/crates-build-env/linux@sha256:2788e3201cd34a07e3172128adcd8b3090168a8e3bcc40d7c032b9dda1df7d1c" "/opt/rustwide/cargo-home/bin/cargo" "+1.75.0" "metadata" "--no-deps" "--format-version=1", kill_on_drop: false }`
[INFO] [stdout] 999b32be64b3a40479298eace6b5dadd1f37bd3d034cb5ba973a137c0c7972d1
[INFO] running `Command { std: "docker" "start" "-a" "999b32be64b3a40479298eace6b5dadd1f37bd3d034cb5ba973a137c0c7972d1", kill_on_drop: false }`
[INFO] running `Command { std: "docker" "inspect" "999b32be64b3a40479298eace6b5dadd1f37bd3d034cb5ba973a137c0c7972d1", kill_on_drop: false }`
[INFO] running `Command { std: "docker" "rm" "-f" "999b32be64b3a40479298eace6b5dadd1f37bd3d034cb5ba973a137c0c7972d1", kill_on_drop: false }`
[INFO] [stdout] 999b32be64b3a40479298eace6b5dadd1f37bd3d034cb5ba973a137c0c7972d1
[INFO] running `Command { std: "docker" "create" "-v" "/var/lib/crater-agent-workspace/builds/worker-1-tc1/target:/opt/rustwide/target:rw,Z" "-v" "/var/lib/crater-agent-workspace/builds/worker-1-tc1/source:/opt/rustwide/workdir:ro,Z" "-v" "/var/lib/crater-agent-workspace/cargo-home:/opt/rustwide/cargo-home:ro,Z" "-v" "/var/lib/crater-agent-workspace/rustup-home:/opt/rustwide/rustup-home:ro,Z" "-e" "SOURCE_DIR=/opt/rustwide/workdir" "-e" "CARGO_TARGET_DIR=/opt/rustwide/target" "-e" "CARGO_INCREMENTAL=0" "-e" "RUST_BACKTRACE=full" "-e" "RUSTFLAGS=--cap-lints=warn" "-e" "RUSTDOCFLAGS=--cap-lints=warn" "-e" "CARGO_HOME=/opt/rustwide/cargo-home" "-e" "RUSTUP_HOME=/opt/rustwide/rustup-home" "-w" "/opt/rustwide/workdir" "-m" "1610612736" "--user" "0:0" "--network" "none" "ghcr.io/rust-lang/crates-build-env/linux@sha256:2788e3201cd34a07e3172128adcd8b3090168a8e3bcc40d7c032b9dda1df7d1c" "/opt/rustwide/cargo-home/bin/cargo" "+1.75.0" "build" "--frozen" "--message-format=json", kill_on_drop: false }`
[INFO] [stdout] 0c118a9aa9648d2b9cec5a3f55a3780e06ea6250cd8533b6bac7dd2aebb61eae
[INFO] running `Command { std: "docker" "start" "-a" "0c118a9aa9648d2b9cec5a3f55a3780e06ea6250cd8533b6bac7dd2aebb61eae", kill_on_drop: false }`
[INFO] [stderr]    Compiling libc v0.2.147
[INFO] [stderr]    Compiling typenum v1.16.0
[INFO] [stderr]    Compiling version_check v0.9.4
[INFO] [stderr]    Compiling pkg-config v0.3.27
[INFO] [stderr]    Compiling proc-macro2 v1.0.64
[INFO] [stderr]    Compiling quote v1.0.29
[INFO] [stderr]    Compiling unicode-ident v1.0.10
[INFO] [stderr]    Compiling cfg-if v1.0.0
[INFO] [stderr]    Compiling subtle v2.5.0
[INFO] [stderr]    Compiling equivalent v1.0.1
[INFO] [stderr]    Compiling hashbrown v0.14.0
[INFO] [stderr]    Compiling toml_datetime v0.6.3
[INFO] [stderr]    Compiling winnow v0.4.9
[INFO] [stderr]    Compiling cpufeatures v0.2.8
[INFO] [stderr]    Compiling crc32fast v1.3.2
[INFO] [stderr]    Compiling once_cell v1.18.0
[INFO] [stderr]    Compiling zstd-safe v5.0.2+zstd.1.5.2
[INFO] [stderr]    Compiling rand_core v0.6.4
[INFO] [stderr]    Compiling base64ct v1.6.0
[INFO] [stderr]    Compiling thiserror v1.0.43
[INFO] [stderr]    Compiling adler v1.0.2
[INFO] [stderr]    Compiling time-core v0.1.1
[INFO] [stderr]    Compiling miniz_oxide v0.7.1
[INFO] [stderr]    Compiling byteorder v1.4.3
[INFO] [stderr]    Compiling constant_time_eq v0.1.5
[INFO] [stderr]    Compiling time v0.3.22
[INFO] [stderr]    Compiling generic-array v0.14.7
[INFO] [stderr]    Compiling password-hash v0.4.2
[INFO] [stderr]    Compiling indexmap v2.0.0
[INFO] [stderr]    Compiling flate2 v1.0.26
[INFO] [stderr]    Compiling jobserver v0.1.26
[INFO] [stderr]    Compiling syn v2.0.25
[INFO] [stderr]    Compiling cc v1.0.79
[INFO] [stderr]    Compiling toml_edit v0.19.12
[INFO] [stderr]    Compiling crypto-common v0.1.6
[INFO] [stderr]    Compiling block-buffer v0.10.4
[INFO] [stderr]    Compiling inout v0.1.3
[INFO] [stderr]    Compiling zstd-sys v2.0.8+zstd.1.5.5
[INFO] [stderr]    Compiling bzip2-sys v0.1.11+1.0.8
[INFO] [stderr]    Compiling cipher v0.4.4
[INFO] [stderr]    Compiling digest v0.10.7
[INFO] [stderr]    Compiling sha2 v0.10.7
[INFO] [stderr]    Compiling hmac v0.12.1
[INFO] [stderr]    Compiling sha1 v0.10.5
[INFO] [stderr]    Compiling aes v0.8.3
[INFO] [stderr]    Compiling pbkdf2 v0.11.0
[INFO] [stderr]    Compiling bzip2 v0.4.4
[INFO] [stderr]    Compiling thiserror-impl v1.0.43
[INFO] [stderr]    Compiling proc-macro-crate v1.3.1
[INFO] [stderr]    Compiling displaydoc v0.2.4
[INFO] [stderr]    Compiling num_enum_derive v0.6.1
[INFO] [stderr]    Compiling num_enum v0.6.1
[INFO] [stderr]    Compiling zstd v0.11.2+zstd.1.5.2
[INFO] [stderr]    Compiling zip-merge v0.6.6 (/opt/rustwide/workdir)
[INFO] [stderr]     Finished dev [unoptimized + debuginfo] target(s) in 7.86s
[INFO] running `Command { std: "docker" "inspect" "0c118a9aa9648d2b9cec5a3f55a3780e06ea6250cd8533b6bac7dd2aebb61eae", kill_on_drop: false }`
[INFO] running `Command { std: "docker" "rm" "-f" "0c118a9aa9648d2b9cec5a3f55a3780e06ea6250cd8533b6bac7dd2aebb61eae", kill_on_drop: false }`
[INFO] [stdout] 0c118a9aa9648d2b9cec5a3f55a3780e06ea6250cd8533b6bac7dd2aebb61eae
[INFO] running `Command { std: "docker" "create" "-v" "/var/lib/crater-agent-workspace/builds/worker-1-tc1/target:/opt/rustwide/target:rw,Z" "-v" "/var/lib/crater-agent-workspace/builds/worker-1-tc1/source:/opt/rustwide/workdir:ro,Z" "-v" "/var/lib/crater-agent-workspace/cargo-home:/opt/rustwide/cargo-home:ro,Z" "-v" "/var/lib/crater-agent-workspace/rustup-home:/opt/rustwide/rustup-home:ro,Z" "-e" "SOURCE_DIR=/opt/rustwide/workdir" "-e" "CARGO_TARGET_DIR=/opt/rustwide/target" "-e" "CARGO_INCREMENTAL=0" "-e" "RUST_BACKTRACE=full" "-e" "RUSTFLAGS=--cap-lints=warn" "-e" "RUSTDOCFLAGS=--cap-lints=warn" "-e" "CARGO_HOME=/opt/rustwide/cargo-home" "-e" "RUSTUP_HOME=/opt/rustwide/rustup-home" "-w" "/opt/rustwide/workdir" "-m" "1610612736" "--user" "0:0" "--network" "none" "ghcr.io/rust-lang/crates-build-env/linux@sha256:2788e3201cd34a07e3172128adcd8b3090168a8e3bcc40d7c032b9dda1df7d1c" "/opt/rustwide/cargo-home/bin/cargo" "+1.75.0" "test" "--frozen" "--no-run" "--message-format=json", kill_on_drop: false }`
[INFO] [stdout] c2502178cfade0b9ccdc7648a245dcb2d84bd715caec1d16996e809d872f75df
[INFO] running `Command { std: "docker" "start" "-a" "c2502178cfade0b9ccdc7648a245dcb2d84bd715caec1d16996e809d872f75df", kill_on_drop: false }`
[INFO] [stderr]    Compiling itoa v1.0.6
[INFO] [stderr]    Compiling same-file v1.0.6
[INFO] [stderr]    Compiling time-macros v0.2.9
[INFO] [stderr]    Compiling getrandom v0.2.10
[INFO] [stderr]    Compiling bencher v0.1.5
[INFO] [stderr]    Compiling walkdir v2.3.3
[INFO] [stderr]    Compiling time v0.3.22
[INFO] [stderr]    Compiling zip-merge v0.6.6 (/opt/rustwide/workdir)
[INFO] [stdout] error[E0433]: failed to resolve: use of undeclared crate or module `zip`
[INFO] [stdout]   --> tests/zip_crypto.rs:26:9
[INFO] [stdout]    |
[INFO] [stdout] 26 |     use zip::unstable::write::FileOptionsExt;
[INFO] [stdout]    |         ^^^ use of undeclared crate or module `zip`
[INFO] [stdout] 
[INFO] [stdout] 
[INFO] [stdout] error[E0433]: failed to resolve: use of undeclared crate or module `zip`
[INFO] [stdout]  --> tests/issue_234.rs:1:5
[INFO] [stdout]   |
[INFO] [stdout] 1 | use zip::result::ZipError;
[INFO] [stdout]   |     ^^^ use of undeclared crate or module `zip`
[INFO] [stdout] 
[INFO] [stdout] 
[INFO] [stdout] error[E0433]: failed to resolve: use of undeclared crate or module `zip`
[INFO] [stdout]  --> examples/write_dir.rs:4:5
[INFO] [stdout]   |
[INFO] [stdout] 4 | use zip::result::ZipError;
[INFO] [stdout]   |     ^^^ use of undeclared crate or module `zip`
[INFO] [stdout] 
[INFO] [stdout] 
[INFO] [stdout] error[E0433]: failed to resolve: use of undeclared crate or module `zip`
[INFO] [stdout]  --> examples/write_dir.rs:5:5
[INFO] [stdout]   |
[INFO] [stdout] 5 | use zip::write::FileOptions;
[INFO] [stdout]   |     ^^^ use of undeclared crate or module `zip`
[INFO] [stdout] 
[INFO] [stdout] 
[INFO] [stdout] error[E0433]: failed to resolve: use of undeclared crate or module `zip`
[INFO] [stdout]  --> tests/end_to_end.rs:6:5
[INFO] [stdout]   |
[INFO] [stdout] 6 | use zip::write::FileOptions;
[INFO] [stdout]   |     ^^^ use of undeclared crate or module `zip`
[INFO] [stdout] 
[INFO] [stdout] 
[INFO] [stdout] error[E0433]: failed to resolve: use of undeclared crate or module `zip`
[INFO] [stdout]  --> tests/invalid_date.rs:2:5
[INFO] [stdout]   |
[INFO] [stdout] 2 | use zip::read::ZipArchive;
[INFO] [stdout]   |     ^^^ use of undeclared crate or module `zip`
[INFO] [stdout] 
[INFO] [stdout] 
[INFO] [stdout] error[E0432]: unresolved import `zip`
[INFO] [stdout]   --> tests/zip_comment_garbage.rs:21:5
[INFO] [stdout]    |
[INFO] [stdout] 21 | use zip::ZipArchive;
[INFO] [stdout]    |     ^^^ use of undeclared crate or module `zip`
[INFO] [stdout] 
[INFO] [stdout] 
[INFO] [stdout] error[E0432]: unresolved import `zip`
[INFO] [stdout]  --> tests/end_to_end.rs:7:5
[INFO] [stdout]   |
[INFO] [stdout] 7 | use zip::{CompressionMethod, SUPPORTED_COMPRESSION_METHODS};
[INFO] [stdout]   |     ^^^ use of undeclared crate or module `zip`
[INFO] [stdout] 
[INFO] [stdout] 
[INFO] [stdout] error[E0432]: unresolved import `zip`
[INFO] [stdout]  --> tests/aes_encryption.rs:4:5
[INFO] [stdout]   |
[INFO] [stdout] 4 | use zip::ZipArchive;
[INFO] [stdout]   |     ^^^ use of undeclared crate or module `zip`
[INFO] [stdout] 
[INFO] [stdout] 
[INFO] [stdout] error: aborting due to previous error
[INFO] [stdout] 
[INFO] [stdout] 
[INFO] [stdout] For more information about this error, try `rustc --explain E0433`.
[INFO] [stdout] 
[INFO] [stdout] error[E0433]: failed to resolve: use of undeclared crate or module `zip`
[INFO] [stdout]  --> examples/write_sample.rs:2:5
[INFO] [stdout]   |
[INFO] [stdout] 2 | use zip::write::FileOptions;
[INFO] [stdout]   |     ^^^ use of undeclared crate or module `zip`
[INFO] [stdout] 
[INFO] [stdout] 
[INFO] [stdout] error: aborting due to previous error
[INFO] [stdout] 
[INFO] [stdout] 
[INFO] [stdout] error[E0433]: failed to resolve: use of undeclared crate or module `zip`
[INFO] [stdout]   --> tests/zip_crypto.rs:28:23
[INFO] [stdout]    |
[INFO] [stdout] 28 |     let mut archive = zip::write::ZipWriter::new(std::io::Cursor::new(&mut buf));
[INFO] [stdout]    |                       ^^^ use of undeclared crate or module `zip`
[INFO] [stdout]    |
[INFO] [stdout] help: consider importing this struct
[INFO] [stdout]    |
[INFO] [stdout] 20 + use zip_merge::ZipWriter;
[INFO] [stdout]    |
[INFO] [stdout] help: if you import `ZipWriter`, refer to it directly
[INFO] [stdout]    |
[INFO] [stdout] 28 -     let mut archive = zip::write::ZipWriter::new(std::io::Cursor::new(&mut buf));
[INFO] [stdout] 28 +     let mut archive = ZipWriter::new(std::io::Cursor::new(&mut buf));
[INFO] [stdout]    |
[INFO] [stdout] 
[INFO] [stdout] 
[INFO] [stdout] For more information about this error, try `rustc --explain E0432`.
[INFO] [stdout] 
[INFO] [stdout] error[E0433]: failed to resolve: use of undeclared crate or module `zip`
[INFO] [stdout]   --> tests/zip_crypto.rs:32:13
[INFO] [stdout]    |
[INFO] [stdout] 32 |             zip::write::FileOptions::default().with_deprecated_encryption(b"password"),
[INFO] [stdout]    |             ^^^ use of undeclared crate or module `zip`
[INFO] [stdout]    |
[INFO] [stdout] help: consider importing this struct
[INFO] [stdout]    |
[INFO] [stdout] 20 + use zip_merge::write::FileOptions;
[INFO] [stdout]    |
[INFO] [stdout] help: if you import `FileOptions`, refer to it directly
[INFO] [stdout]    |
[INFO] [stdout] 32 -             zip::write::FileOptions::default().with_deprecated_encryption(b"password"),
[INFO] [stdout] 32 +             FileOptions::default().with_deprecated_encryption(b"password"),
[INFO] [stdout]    |
[INFO] [stdout] 
[INFO] [stdout] 
[INFO] [stdout] error[E0433]: failed to resolve: use of undeclared crate or module `zip`
[INFO] [stdout]   --> tests/zip_crypto.rs:38:23
[INFO] [stdout]    |
[INFO] [stdout] 38 |     let mut archive = zip::ZipArchive::new(std::io::Cursor::new(&mut buf)).unwrap();
[INFO] [stdout]    |                       ^^^ use of undeclared crate or module `zip`
[INFO] [stdout]    |
[INFO] [stdout] help: consider importing this struct
[INFO] [stdout]    |
[INFO] [stdout] 20 + use zip_merge::ZipArchive;
[INFO] [stdout]    |
[INFO] [stdout] help: if you import `ZipArchive`, refer to it directly
[INFO] [stdout]    |
[INFO] [stdout] 38 -     let mut archive = zip::ZipArchive::new(std::io::Cursor::new(&mut buf)).unwrap();
[INFO] [stdout] 38 +     let mut archive = ZipArchive::new(std::io::Cursor::new(&mut buf)).unwrap();
[INFO] [stdout]    |
[INFO] [stdout] 
[INFO] [stdout] 
[INFO] [stdout] error[E0433]: failed to resolve: use of undeclared crate or module `zip`
[INFO] [stdout]   --> tests/zip_crypto.rs:63:23
[INFO] [stdout]    |
[INFO] [stdout] 63 |     let mut archive = zip::ZipArchive::new(zip_file_bytes).unwrap();
[INFO] [stdout]    |                       ^^^ use of undeclared crate or module `zip`
[INFO] [stdout]    |
[INFO] [stdout] help: consider importing this struct
[INFO] [stdout]    |
[INFO] [stdout] 20 + use zip_merge::ZipArchive;
[INFO] [stdout]    |
[INFO] [stdout] help: if you import `ZipArchive`, refer to it directly
[INFO] [stdout]    |
[INFO] [stdout] 63 -     let mut archive = zip::ZipArchive::new(zip_file_bytes).unwrap();
[INFO] [stdout] 63 +     let mut archive = ZipArchive::new(zip_file_bytes).unwrap();
[INFO] [stdout]    |
[INFO] [stdout] 
[INFO] [stdout] 
[INFO] [stderr] error: could not compile `zip-merge` (test "invalid_date") due to 2 previous errors
[INFO] [stderr] warning: build failed, waiting for other jobs to finish...
[INFO] [stdout] error[E0433]: failed to resolve: use of undeclared crate or module `zip`
[INFO] [stdout]   --> tests/zip_crypto.rs:71:17
[INFO] [stdout]    |
[INFO] [stdout] 71 |             Err(zip::result::ZipError::UnsupportedArchive(
[INFO] [stdout]    |                 ^^^ use of undeclared crate or module `zip`
[INFO] [stdout]    |
[INFO] [stdout] help: consider importing this enum
[INFO] [stdout]    |
[INFO] [stdout] 20 + use zip_merge::result::ZipError;
[INFO] [stdout]    |
[INFO] [stdout] help: if you import `ZipError`, refer to it directly
[INFO] [stdout]    |
[INFO] [stdout] 71 -             Err(zip::result::ZipError::UnsupportedArchive(
[INFO] [stdout] 71 +             Err(ZipError::UnsupportedArchive(
[INFO] [stdout]    |
[INFO] [stdout] 
[INFO] [stdout] 
[INFO] [stdout] error[E0433]: failed to resolve: use of undeclared crate or module `zip`
[INFO] [stdout]   --> tests/zip_crypto.rs:72:17
[INFO] [stdout]    |
[INFO] [stdout] 72 |                 zip::result::ZipError::PASSWORD_REQUIRED,
[INFO] [stdout]    |                 ^^^ use of undeclared crate or module `zip`
[INFO] [stdout]    |
[INFO] [stdout] help: consider importing this enum
[INFO] [stdout]    |
[INFO] [stdout] 20 + use zip_merge::result::ZipError;
[INFO] [stdout]    |
[INFO] [stdout] help: if you import `ZipError`, refer to it directly
[INFO] [stdout]    |
[INFO] [stdout] 72 -                 zip::result::ZipError::PASSWORD_REQUIRED,
[INFO] [stdout] 72 +                 ZipError::PASSWORD_REQUIRED,
[INFO] [stdout]    |
[INFO] [stdout] 
[INFO] [stdout] 
[INFO] [stdout] error[E0433]: failed to resolve: use of undeclared crate or module `zip`
[INFO] [stdout]   --> tests/issue_234.rs:26:19
[INFO] [stdout]    |
[INFO] [stdout] 26 |     let archive = zip::ZipArchive::new(reader);
[INFO] [stdout]    |                   ^^^ use of undeclared crate or module `zip`
[INFO] [stdout]    |
[INFO] [stdout] help: consider importing this struct
[INFO] [stdout]    |
[INFO] [stdout] 1  + use zip_merge::ZipArchive;
[INFO] [stdout]    |
[INFO] [stdout] help: if you import `ZipArchive`, refer to it directly
[INFO] [stdout]    |
[INFO] [stdout] 26 -     let archive = zip::ZipArchive::new(reader);
[INFO] [stdout] 26 +     let archive = ZipArchive::new(reader);
[INFO] [stdout]    |
[INFO] [stdout] 
[INFO] [stdout] 
[INFO] [stdout] warning: unused import: `Read`
[INFO] [stdout]  --> tests/aes_encryption.rs:3:21
[INFO] [stdout]   |
[INFO] [stdout] 3 | use std::io::{self, Read};
[INFO] [stdout]   |                     ^^^^
[INFO] [stdout]   |
[INFO] [stdout]   = note: `#[warn(unused_imports)]` on by default
[INFO] [stdout] 
[INFO] [stdout] 
[INFO] [stdout] error[E0433]: failed to resolve: use of undeclared crate or module `zip`
[INFO] [stdout]   --> examples/extract_lorem.rs:16:23
[INFO] [stdout]    |
[INFO] [stdout] 16 |     let mut archive = zip::ZipArchive::new(zipfile).unwrap();
[INFO] [stdout]    |                       ^^^ use of undeclared crate or module `zip`
[INFO] [stdout]    |
[INFO] [stdout] help: consider importing this struct
[INFO] [stdout]    |
[INFO] [stdout] 1  + use zip_merge::ZipArchive;
[INFO] [stdout]    |
[INFO] [stdout] help: if you import `ZipArchive`, refer to it directly
[INFO] [stdout]    |
[INFO] [stdout] 16 -     let mut archive = zip::ZipArchive::new(zipfile).unwrap();
[INFO] [stdout] 16 +     let mut archive = ZipArchive::new(zipfile).unwrap();
[INFO] [stdout]    |
[INFO] [stdout] 
[INFO] [stdout] 
[INFO] [stderr] error: could not compile `zip-merge` (test "zip_comment_garbage") due to 2 previous errors
[INFO] [stdout] error: aborting due to previous error; 1 warning emitted
[INFO] [stdout] 
[INFO] [stdout] 
[INFO] [stdout] For more information about this error, try `rustc --explain E0432`.
[INFO] [stdout] 
[INFO] [stdout] error: aborting due to 2 previous errors
[INFO] [stdout] 
[INFO] [stdout] 
[INFO] [stdout] For more information about this error, try `rustc --explain E0433`.
[INFO] [stdout] 
[INFO] [stdout] warning: unused import: `std::io::prelude`
[INFO] [stdout]  --> examples/extract_lorem.rs:1:5
[INFO] [stdout]   |
[INFO] [stdout] 1 | use std::io::prelude::*;
[INFO] [stdout]   |     ^^^^^^^^^^^^^^^^
[INFO] [stdout]   |
[INFO] [stdout]   = note: `#[warn(unused_imports)]` on by default
[INFO] [stdout] 
[INFO] [stdout] 
[INFO] [stdout] error[E0433]: failed to resolve: use of undeclared crate or module `zip`
[INFO] [stdout]   --> tests/zip_crypto.rs:85:17
[INFO] [stdout]    |
[INFO] [stdout] 85 |             Err(zip::result::ZipError::InvalidPassword) => (),
[INFO] [stdout]    |                 ^^^ use of undeclared crate or module `zip`
[INFO] [stdout]    |
[INFO] [stdout] help: consider importing this enum
[INFO] [stdout]    |
[INFO] [stdout] 20 + use zip_merge::result::ZipError;
[INFO] [stdout]    |
[INFO] [stdout] help: if you import `ZipError`, refer to it directly
[INFO] [stdout]    |
[INFO] [stdout] 85 -             Err(zip::result::ZipError::InvalidPassword) => (),
[INFO] [stdout] 85 +             Err(ZipError::InvalidPassword) => (),
[INFO] [stdout]    |
[INFO] [stdout] 
[INFO] [stdout] 
[INFO] [stdout] error: aborting due to previous error; 1 warning emitted
[INFO] [stdout] 
[INFO] [stdout] 
[INFO] [stdout] error[E0433]: failed to resolve: use of undeclared crate or module `zip`
[INFO] [stdout]   --> examples/extract.rs:17:23
[INFO] [stdout]    |
[INFO] [stdout] 17 |     let mut archive = zip::ZipArchive::new(file).unwrap();
[INFO] [stdout]    |                       ^^^ use of undeclared crate or module `zip`
[INFO] [stdout]    |
[INFO] [stdout] help: consider importing this struct
[INFO] [stdout]    |
[INFO] [stdout] 1  + use zip_merge::ZipArchive;
[INFO] [stdout]    |
[INFO] [stdout] help: if you import `ZipArchive`, refer to it directly
[INFO] [stdout]    |
[INFO] [stdout] 17 -     let mut archive = zip::ZipArchive::new(file).unwrap();
[INFO] [stdout] 17 +     let mut archive = ZipArchive::new(file).unwrap();
[INFO] [stdout]    |
[INFO] [stdout] 
[INFO] [stdout] 
[INFO] [stdout] For more information about this error, try `rustc --explain E0433`.
[INFO] [stdout] 
[INFO] [stdout] error[E0433]: failed to resolve: use of undeclared crate or module `zip`
[INFO] [stdout]   --> tests/end_to_end.rs:35:35
[INFO] [stdout]    |
[INFO] [stdout] 35 |             let mut src_archive = zip::ZipArchive::new(src_file).unwrap();
[INFO] [stdout]    |                                   ^^^ use of undeclared crate or module `zip`
[INFO] [stdout]    |
[INFO] [stdout] help: consider importing this struct
[INFO] [stdout]    |
[INFO] [stdout] 1  + use zip_merge::ZipArchive;
[INFO] [stdout]    |
[INFO] [stdout] help: if you import `ZipArchive`, refer to it directly
[INFO] [stdout]    |
[INFO] [stdout] 35 -             let mut src_archive = zip::ZipArchive::new(src_file).unwrap();
[INFO] [stdout] 35 +             let mut src_archive = ZipArchive::new(src_file).unwrap();
[INFO] [stdout]    |
[INFO] [stdout] 
[INFO] [stdout] 
[INFO] [stderr] error: could not compile `zip-merge` (test "aes_encryption") due to 2 previous errors; 1 warning emitted
[INFO] [stdout] error[E0433]: failed to resolve: use of undeclared crate or module `zip`
[INFO] [stdout]   --> examples/stdin_info.rs:13:15
[INFO] [stdout]    |
[INFO] [stdout] 13 |         match zip::read::read_zipfile_from_stream(&mut stdin_handle) {
[INFO] [stdout]    |               ^^^ use of undeclared crate or module `zip`
[INFO] [stdout]    |
[INFO] [stdout] help: consider importing this module
[INFO] [stdout]    |
[INFO] [stdout] 1  + use zip_merge::read;
[INFO] [stdout]    |
[INFO] [stdout] help: if you import `read`, refer to it directly
[INFO] [stdout]    |
[INFO] [stdout] 13 -         match zip::read::read_zipfile_from_stream(&mut stdin_handle) {
[INFO] [stdout] 13 +         match read::read_zipfile_from_stream(&mut stdin_handle) {
[INFO] [stdout]    |
[INFO] [stdout] 
[INFO] [stdout] 
[INFO] [stdout] error[E0433]: failed to resolve: use of undeclared crate or module `zip`
[INFO] [stdout]   --> tests/end_to_end.rs:36:27
[INFO] [stdout]    |
[INFO] [stdout] 36 |             let mut zip = zip::ZipWriter::new(&mut tgt_file);
[INFO] [stdout]    |                           ^^^ use of undeclared crate or module `zip`
[INFO] [stdout]    |
[INFO] [stdout] help: consider importing this struct
[INFO] [stdout]    |
[INFO] [stdout] 1  + use zip_merge::ZipWriter;
[INFO] [stdout]    |
[INFO] [stdout] help: if you import `ZipWriter`, refer to it directly
[INFO] [stdout]    |
[INFO] [stdout] 36 -             let mut zip = zip::ZipWriter::new(&mut tgt_file);
[INFO] [stdout] 36 +             let mut zip = ZipWriter::new(&mut tgt_file);
[INFO] [stdout]    |
[INFO] [stdout] 
[INFO] [stdout] 
[INFO] [stdout] warning: unused import: `Write`
[INFO] [stdout]   --> tests/zip_crypto.rs:25:25
[INFO] [stdout]    |
[INFO] [stdout] 25 |     use std::io::{Read, Write};
[INFO] [stdout]    |                         ^^^^^
[INFO] [stdout]    |
[INFO] [stdout]    = note: `#[warn(unused_imports)]` on by default
[INFO] [stdout] 
[INFO] [stdout] 
[INFO] [stdout] warning: unused import: `Read`
[INFO] [stdout]   --> tests/zip_crypto.rs:25:19
[INFO] [stdout]    |
[INFO] [stdout] 25 |     use std::io::{Read, Write};
[INFO] [stdout]    |                   ^^^^
[INFO] [stdout] 
[INFO] [stdout] 
[INFO] [stdout] error[E0433]: failed to resolve: use of undeclared crate or module `zip`
[INFO] [stdout]   --> tests/end_to_end.rs:56:31
[INFO] [stdout]    |
[INFO] [stdout] 56 |         let mut tgt_archive = zip::ZipArchive::new(tgt_file).unwrap();
[INFO] [stdout]    |                               ^^^ use of undeclared crate or module `zip`
[INFO] [stdout]    |
[INFO] [stdout] help: consider importing this struct
[INFO] [stdout]    |
[INFO] [stdout] 1  + use zip_merge::ZipArchive;
[INFO] [stdout]    |
[INFO] [stdout] help: if you import `ZipArchive`, refer to it directly
[INFO] [stdout]    |
[INFO] [stdout] 56 -         let mut tgt_archive = zip::ZipArchive::new(tgt_file).unwrap();
[INFO] [stdout] 56 +         let mut tgt_archive = ZipArchive::new(tgt_file).unwrap();
[INFO] [stdout]    |
[INFO] [stdout] 
[INFO] [stdout] 
[INFO] [stdout] warning: unused import: `std::io::Read`
[INFO] [stdout]   --> tests/zip_crypto.rs:21:5
[INFO] [stdout]    |
[INFO] [stdout] 21 | use std::io::Read;
[INFO] [stdout]    |     ^^^^^^^^^^^^^
[INFO] [stdout] 
[INFO] [stdout] 
[INFO] [stdout] error[E0433]: failed to resolve: use of undeclared crate or module `zip`
[INFO] [stdout]   --> tests/end_to_end.rs:72:27
[INFO] [stdout]    |
[INFO] [stdout] 72 |             let mut zip = zip::ZipWriter::new_append(&mut file).unwrap();
[INFO] [stdout]    |                           ^^^ use of undeclared crate or module `zip`
[INFO] [stdout]    |
[INFO] [stdout] help: consider importing this struct
[INFO] [stdout]    |
[INFO] [stdout] 1  + use zip_merge::ZipWriter;
[INFO] [stdout]    |
[INFO] [stdout] help: if you import `ZipWriter`, refer to it directly
[INFO] [stdout]    |
[INFO] [stdout] 72 -             let mut zip = zip::ZipWriter::new_append(&mut file).unwrap();
[INFO] [stdout] 72 +             let mut zip = ZipWriter::new_append(&mut file).unwrap();
[INFO] [stdout]    |
[INFO] [stdout] 
[INFO] [stdout] 
[INFO] [stdout] error[E0433]: failed to resolve: use of undeclared crate or module `zip`
[INFO] [stdout]   --> tests/end_to_end.rs:82:23
[INFO] [stdout]    |
[INFO] [stdout] 82 |         let mut zip = zip::ZipArchive::new(&mut file).unwrap();
[INFO] [stdout]    |                       ^^^ use of undeclared crate or module `zip`
[INFO] [stdout]    |
[INFO] [stdout] help: consider importing this struct
[INFO] [stdout]    |
[INFO] [stdout] 1  + use zip_merge::ZipArchive;
[INFO] [stdout]    |
[INFO] [stdout] help: if you import `ZipArchive`, refer to it directly
[INFO] [stdout]    |
[INFO] [stdout] 82 -         let mut zip = zip::ZipArchive::new(&mut file).unwrap();
[INFO] [stdout] 82 +         let mut zip = ZipArchive::new(&mut file).unwrap();
[INFO] [stdout]    |
[INFO] [stdout] 
[INFO] [stdout] 
[INFO] [stdout] error[E0433]: failed to resolve: use of undeclared crate or module `zip`
[INFO] [stdout]   --> tests/end_to_end.rs:92:6
[INFO] [stdout]    |
[INFO] [stdout] 92 | ) -> zip::result::ZipResult<()> {
[INFO] [stdout]    |      ^^^ use of undeclared crate or module `zip`
[INFO] [stdout]    |
[INFO] [stdout] help: consider importing this module
[INFO] [stdout]    |
[INFO] [stdout] 1  + use zip_merge::result;
[INFO] [stdout]    |
[INFO] [stdout] help: if you import `result`, refer to it directly
[INFO] [stdout]    |
[INFO] [stdout] 92 - ) -> zip::result::ZipResult<()> {
[INFO] [stdout] 92 + ) -> result::ZipResult<()> {
[INFO] [stdout]    |
[INFO] [stdout] 
[INFO] [stdout] 
[INFO] [stdout] error[E0433]: failed to resolve: use of undeclared crate or module `zip`
[INFO] [stdout]   --> tests/end_to_end.rs:93:19
[INFO] [stdout]    |
[INFO] [stdout] 93 |     let mut zip = zip::ZipWriter::new(file);
[INFO] [stdout]    |                   ^^^ use of undeclared crate or module `zip`
[INFO] [stdout]    |
[INFO] [stdout] help: consider importing this struct
[INFO] [stdout]    |
[INFO] [stdout] 1  + use zip_merge::ZipWriter;
[INFO] [stdout]    |
[INFO] [stdout] help: if you import `ZipWriter`, refer to it directly
[INFO] [stdout]    |
[INFO] [stdout] 93 -     let mut zip = zip::ZipWriter::new(file);
[INFO] [stdout] 93 +     let mut zip = ZipWriter::new(file);
[INFO] [stdout]    |
[INFO] [stdout] 
[INFO] [stdout] 
[INFO] [stdout] error[E0433]: failed to resolve: use of undeclared crate or module `zip`
[INFO] [stdout]    --> tests/end_to_end.rs:119:55
[INFO] [stdout]     |
[INFO] [stdout] 119 | fn check_test_archive<R: Read + Seek>(zip_file: R) -> zip::result::ZipResult<zip::ZipArchive<R>> {
[INFO] [stdout]     |                                                       ^^^ use of undeclared crate or module `zip`
[INFO] [stdout]     |
[INFO] [stdout] help: consider importing this module
[INFO] [stdout]     |
[INFO] [stdout] 1   + use zip_merge::result;
[INFO] [stdout]     |
[INFO] [stdout] help: if you import `result`, refer to it directly
[INFO] [stdout]     |
[INFO] [stdout] 119 - fn check_test_archive<R: Read + Seek>(zip_file: R) -> zip::result::ZipResult<zip::ZipArchive<R>> {
[INFO] [stdout] 119 + fn check_test_archive<R: Read + Seek>(zip_file: R) -> result::ZipResult<zip::ZipArchive<R>> {
[INFO] [stdout]     |
[INFO] [stdout] 
[INFO] [stdout] 
[INFO] [stderr] error: could not compile `zip-merge` (test "issue_234") due to 3 previous errors
[INFO] [stdout] error[E0433]: failed to resolve: use of undeclared crate or module `zip`
[INFO] [stdout]    --> tests/end_to_end.rs:120:23
[INFO] [stdout]     |
[INFO] [stdout] 120 |     let mut archive = zip::ZipArchive::new(zip_file).unwrap();
[INFO] [stdout]     |                       ^^^ use of undeclared crate or module `zip`
[INFO] [stdout]     |
[INFO] [stdout] help: consider importing this struct
[INFO] [stdout]     |
[INFO] [stdout] 1   + use zip_merge::ZipArchive;
[INFO] [stdout]     |
[INFO] [stdout] help: if you import `ZipArchive`, refer to it directly
[INFO] [stdout]     |
[INFO] [stdout] 120 -     let mut archive = zip::ZipArchive::new(zip_file).unwrap();
[INFO] [stdout] 120 +     let mut archive = ZipArchive::new(zip_file).unwrap();
[INFO] [stdout]     |
[INFO] [stdout] 
[INFO] [stdout] 
[INFO] [stdout] error[E0433]: failed to resolve: use of undeclared crate or module `zip`
[INFO] [stdout]    --> tests/end_to_end.rs:152:6
[INFO] [stdout]     |
[INFO] [stdout] 152 | ) -> zip::result::ZipResult<String> {
[INFO] [stdout]     |      ^^^ use of undeclared crate or module `zip`
[INFO] [stdout]     |
[INFO] [stdout] help: consider importing this module
[INFO] [stdout]     |
[INFO] [stdout] 1   + use zip_merge::result;
[INFO] [stdout]     |
[INFO] [stdout] help: if you import `result`, refer to it directly
[INFO] [stdout]     |
[INFO] [stdout] 152 - ) -> zip::result::ZipResult<String> {
[INFO] [stdout] 152 + ) -> result::ZipResult<String> {
[INFO] [stdout]     |
[INFO] [stdout] 
[INFO] [stdout] 
[INFO] [stderr] error: could not compile `zip-merge` (example "extract_lorem") due to 2 previous errors; 1 warning emitted
[INFO] [stdout] error[E0433]: failed to resolve: use of undeclared crate or module `zip`
[INFO] [stdout]    --> tests/zip64_large.rs:193:23
[INFO] [stdout]     |
[INFO] [stdout] 193 |     let mut archive = zip::ZipArchive::new(zipfile).unwrap();
[INFO] [stdout]     |                       ^^^ use of undeclared crate or module `zip`
[INFO] [stdout]     |
[INFO] [stdout] help: consider importing this struct
[INFO] [stdout]     |
[INFO] [stdout] 56  + use zip_merge::ZipArchive;
[INFO] [stdout]     |
[INFO] [stdout] help: if you import `ZipArchive`, refer to it directly
[INFO] [stdout]     |
[INFO] [stdout] 193 -     let mut archive = zip::ZipArchive::new(zipfile).unwrap();
[INFO] [stdout] 193 +     let mut archive = ZipArchive::new(zipfile).unwrap();
[INFO] [stdout]     |
[INFO] [stdout] 
[INFO] [stdout] 
[INFO] [stdout] error: aborting due to 8 previous errors; 3 warnings emitted
[INFO] [stdout] 
[INFO] [stdout] 
[INFO] [stdout] For more information about this error, try `rustc --explain E0433`.
[INFO] [stdout] 
[INFO] [stdout] error[E0433]: failed to resolve: use of undeclared crate or module `zip`
[INFO] [stdout]   --> examples/write_dir.rs:16:60
[INFO] [stdout]    |
[INFO] [stdout] 16 | const METHOD_STORED: Option<zip::CompressionMethod> = Some(zip::CompressionMethod::Stored);
[INFO] [stdout]    |                                                            ^^^ use of undeclared crate or module `zip`
[INFO] [stdout]    |
[INFO] [stdout] help: consider importing this enum
[INFO] [stdout]    |
[INFO] [stdout] 1  + use zip_merge::CompressionMethod;
[INFO] [stdout]    |
[INFO] [stdout] help: if you import `CompressionMethod`, refer to it directly
[INFO] [stdout]    |
[INFO] [stdout] 16 - const METHOD_STORED: Option<zip::CompressionMethod> = Some(zip::CompressionMethod::Stored);
[INFO] [stdout] 16 + const METHOD_STORED: Option<zip::CompressionMethod> = Some(CompressionMethod::Stored);
[INFO] [stdout]    |
[INFO] [stdout] 
[INFO] [stdout] 
[INFO] [stdout] error[E0433]: failed to resolve: use of undeclared crate or module `zip`
[INFO] [stdout]   --> examples/file_info.rs:18:23
[INFO] [stdout]    |
[INFO] [stdout] 18 |     let mut archive = zip::ZipArchive::new(reader).unwrap();
[INFO] [stdout]    |                       ^^^ use of undeclared crate or module `zip`
[INFO] [stdout]    |
[INFO] [stdout] help: consider importing this struct
[INFO] [stdout]    |
[INFO] [stdout] 1  + use zip_merge::ZipArchive;
[INFO] [stdout]    |
[INFO] [stdout] help: if you import `ZipArchive`, refer to it directly
[INFO] [stdout]    |
[INFO] [stdout] 18 -     let mut archive = zip::ZipArchive::new(reader).unwrap();
[INFO] [stdout] 18 +     let mut archive = ZipArchive::new(reader).unwrap();
[INFO] [stdout]    |
[INFO] [stdout] 
[INFO] [stdout] 
[INFO] [stdout] error[E0433]: failed to resolve: use of undeclared crate or module `zip`
[INFO] [stdout]   --> examples/write_dir.rs:24:70
[INFO] [stdout]    |
[INFO] [stdout] 24 |         const METHOD_DEFLATED: Option<zip::CompressionMethod> = Some(zip::CompressionMethod::Deflated);
[INFO] [stdout]    |                                                                      ^^^ use of undeclared crate or module `zip`
[INFO] [stdout]    |
[INFO] [stdout] help: consider importing this enum
[INFO] [stdout]    |
[INFO] [stdout] 1  + use zip_merge::CompressionMethod;
[INFO] [stdout]    |
[INFO] [stdout] help: if you import `CompressionMethod`, refer to it directly
[INFO] [stdout]    |
[INFO] [stdout] 24 -         const METHOD_DEFLATED: Option<zip::CompressionMethod> = Some(zip::CompressionMethod::Deflated);
[INFO] [stdout] 24 +         const METHOD_DEFLATED: Option<zip::CompressionMethod> = Some(CompressionMethod::Deflated);
[INFO] [stdout]    |
[INFO] [stdout] 
[INFO] [stdout] 
[INFO] [stdout] error[E0433]: failed to resolve: use of undeclared crate or module `zip`
[INFO] [stdout]   --> examples/write_dir.rs:32:67
[INFO] [stdout]    |
[INFO] [stdout] 32 |         const METHOD_BZIP2: Option<zip::CompressionMethod> = Some(zip::CompressionMethod::Bzip2);
[INFO] [stdout]    |                                                                   ^^^ use of undeclared crate or module `zip`
[INFO] [stdout]    |
[INFO] [stdout] help: consider importing this enum
[INFO] [stdout]    |
[INFO] [stdout] 1  + use zip_merge::CompressionMethod;
[INFO] [stdout]    |
[INFO] [stdout] help: if you import `CompressionMethod`, refer to it directly
[INFO] [stdout]    |
[INFO] [stdout] 32 -         const METHOD_BZIP2: Option<zip::CompressionMethod> = Some(zip::CompressionMethod::Bzip2);
[INFO] [stdout] 32 +         const METHOD_BZIP2: Option<zip::CompressionMethod> = Some(CompressionMethod::Bzip2);
[INFO] [stdout]    |
[INFO] [stdout] 
[INFO] [stdout] 
[INFO] [stdout] warning: unused import: `Read`
[INFO] [stdout]  --> examples/stdin_info.rs:1:21
[INFO] [stdout]   |
[INFO] [stdout] 1 | use std::io::{self, Read};
[INFO] [stdout]   |                     ^^^^
[INFO] [stdout]   |
[INFO] [stdout]   = note: `#[warn(unused_imports)]` on by default
[INFO] [stdout] 
[INFO] [stdout] 
[INFO] [stdout] error[E0433]: failed to resolve: use of undeclared crate or module `zip`
[INFO] [stdout]   --> examples/write_dir.rs:40:66
[INFO] [stdout]    |
[INFO] [stdout] 40 |         const METHOD_ZSTD: Option<zip::CompressionMethod> = Some(zip::CompressionMethod::Zstd);
[INFO] [stdout]    |                                                                  ^^^ use of undeclared crate or module `zip`
[INFO] [stdout]    |
[INFO] [stdout] help: consider importing this enum
[INFO] [stdout]    |
[INFO] [stdout] 1  + use zip_merge::CompressionMethod;
[INFO] [stdout]    |
[INFO] [stdout] help: if you import `CompressionMethod`, refer to it directly
[INFO] [stdout]    |
[INFO] [stdout] 40 -         const METHOD_ZSTD: Option<zip::CompressionMethod> = Some(zip::CompressionMethod::Zstd);
[INFO] [stdout] 40 +         const METHOD_ZSTD: Option<zip::CompressionMethod> = Some(CompressionMethod::Zstd);
[INFO] [stdout]    |
[INFO] [stdout] 
[INFO] [stdout] 
[INFO] [stdout] error[E0433]: failed to resolve: use of undeclared crate or module `zip`
[INFO] [stdout]   --> examples/write_dir.rs:76:6
[INFO] [stdout]    |
[INFO] [stdout] 76 | ) -> zip::result::ZipResult<()>
[INFO] [stdout]    |      ^^^ use of undeclared crate or module `zip`
[INFO] [stdout]    |
[INFO] [stdout] help: consider importing this module
[INFO] [stdout]    |
[INFO] [stdout] 1  + use zip_merge::result;
[INFO] [stdout]    |
[INFO] [stdout] help: if you import `result`, refer to it directly
[INFO] [stdout]    |
[INFO] [stdout] 76 - ) -> zip::result::ZipResult<()>
[INFO] [stdout] 76 + ) -> result::ZipResult<()>
[INFO] [stdout]    |
[INFO] [stdout] 
[INFO] [stdout] 
[INFO] [stdout] error[E0433]: failed to resolve: use of undeclared crate or module `zip`
[INFO] [stdout]   --> examples/write_dir.rs:80:19
[INFO] [stdout]    |
[INFO] [stdout] 80 |     let mut zip = zip::ZipWriter::new(writer);
[INFO] [stdout]    |                   ^^^ use of undeclared crate or module `zip`
[INFO] [stdout]    |
[INFO] [stdout] help: consider importing this struct
[INFO] [stdout]    |
[INFO] [stdout] 1  + use zip_merge::ZipWriter;
[INFO] [stdout]    |
[INFO] [stdout] help: if you import `ZipWriter`, refer to it directly
[INFO] [stdout]    |
[INFO] [stdout] 80 -     let mut zip = zip::ZipWriter::new(writer);
[INFO] [stdout] 80 +     let mut zip = ZipWriter::new(writer);
[INFO] [stdout]    |
[INFO] [stdout] 
[INFO] [stdout] 
[INFO] [stdout] error[E0433]: failed to resolve: use of undeclared crate or module `zip`
[INFO] [stdout]    --> examples/write_dir.rs:117:6
[INFO] [stdout]     |
[INFO] [stdout] 117 | ) -> zip::result::ZipResult<()> {
[INFO] [stdout]     |      ^^^ use of undeclared crate or module `zip`
[INFO] [stdout]     |
[INFO] [stdout] help: consider importing this module
[INFO] [stdout]     |
[INFO] [stdout] 1   + use zip_merge::result;
[INFO] [stdout]     |
[INFO] [stdout] help: if you import `result`, refer to it directly
[INFO] [stdout]     |
[INFO] [stdout] 117 - ) -> zip::result::ZipResult<()> {
[INFO] [stdout] 117 + ) -> result::ZipResult<()> {
[INFO] [stdout]     |
[INFO] [stdout] 
[INFO] [stdout] 
[INFO] [stdout] error: aborting due to previous error; 1 warning emitted
[INFO] [stdout] 
[INFO] [stdout] 
[INFO] [stdout] For more information about this error, try `rustc --explain E0433`.
[INFO] [stdout] 
[INFO] [stdout] error: aborting due to previous error
[INFO] [stdout] 
[INFO] [stdout] 
[INFO] [stdout] For more information about this error, try `rustc --explain E0433`.
[INFO] [stdout] 
[INFO] [stdout] error[E0433]: failed to resolve: use of undeclared crate or module `zip`
[INFO] [stdout]   --> examples/write_sample.rs:24:28
[INFO] [stdout]    |
[INFO] [stdout] 24 | fn doit(filename: &str) -> zip::result::ZipResult<()> {
[INFO] [stdout]    |                            ^^^ use of undeclared crate or module `zip`
[INFO] [stdout]    |
[INFO] [stdout] help: consider importing this module
[INFO] [stdout]    |
[INFO] [stdout] 1  + use zip_merge::result;
[INFO] [stdout]    |
[INFO] [stdout] help: if you import `result`, refer to it directly
[INFO] [stdout]    |
[INFO] [stdout] 24 - fn doit(filename: &str) -> zip::result::ZipResult<()> {
[INFO] [stdout] 24 + fn doit(filename: &str) -> result::ZipResult<()> {
[INFO] [stdout]    |
[INFO] [stdout] 
[INFO] [stdout] 
[INFO] [stderr] error: could not compile `zip-merge` (test "zip_crypto") due to 9 previous errors; 3 warnings emitted
[INFO] [stdout] error[E0433]: failed to resolve: use of undeclared crate or module `zip`
[INFO] [stdout]   --> examples/write_sample.rs:28:19
[INFO] [stdout]    |
[INFO] [stdout] 28 |     let mut zip = zip::ZipWriter::new(file);
[INFO] [stdout]    |                   ^^^ use of undeclared crate or module `zip`
[INFO] [stdout]    |
[INFO] [stdout] help: consider importing this struct
[INFO] [stdout]    |
[INFO] [stdout] 1  + use zip_merge::ZipWriter;
[INFO] [stdout]    |
[INFO] [stdout] help: if you import `ZipWriter`, refer to it directly
[INFO] [stdout]    |
[INFO] [stdout] 28 -     let mut zip = zip::ZipWriter::new(file);
[INFO] [stdout] 28 +     let mut zip = ZipWriter::new(file);
[INFO] [stdout]    |
[INFO] [stdout] 
[INFO] [stdout] 
[INFO] [stdout] error[E0433]: failed to resolve: use of undeclared crate or module `zip`
[INFO] [stdout]   --> examples/write_sample.rs:33:29
[INFO] [stdout]    |
[INFO] [stdout] 33 |         .compression_method(zip::CompressionMethod::Stored)
[INFO] [stdout]    |                             ^^^ use of undeclared crate or module `zip`
[INFO] [stdout]    |
[INFO] [stdout] help: consider importing this enum
[INFO] [stdout]    |
[INFO] [stdout] 1  + use zip_merge::CompressionMethod;
[INFO] [stdout]    |
[INFO] [stdout] help: if you import `CompressionMethod`, refer to it directly
[INFO] [stdout]    |
[INFO] [stdout] 33 -         .compression_method(zip::CompressionMethod::Stored)
[INFO] [stdout] 33 +         .compression_method(CompressionMethod::Stored)
[INFO] [stdout]    |
[INFO] [stdout] 
[INFO] [stdout] 
[INFO] [stderr] error: could not compile `zip-merge` (example "stdin_info") due to 2 previous errors; 1 warning emitted
[INFO] [stderr] error: could not compile `zip-merge` (example "extract") due to 2 previous errors
[INFO] [stdout] error: aborting due to previous error
[INFO] [stdout] 
[INFO] [stdout] 
[INFO] [stdout] For more information about this error, try `rustc --explain E0433`.
[INFO] [stdout] 
[INFO] [stdout] warning: unused import: `std::io::prelude`
[INFO] [stdout]  --> examples/write_sample.rs:1:5
[INFO] [stdout]   |
[INFO] [stdout] 1 | use std::io::prelude::*;
[INFO] [stdout]   |     ^^^^^^^^^^^^^^^^
[INFO] [stdout]   |
[INFO] [stdout]   = note: `#[warn(unused_imports)]` on by default
[INFO] [stdout] 
[INFO] [stdout] 
[INFO] [stdout] error: aborting due to 4 previous errors; 1 warning emitted
[INFO] [stdout] 
[INFO] [stdout] 
[INFO] [stdout] For more information about this error, try `rustc --explain E0433`.
[INFO] [stdout] 
[INFO] [stdout] error: aborting due to previous error
[INFO] [stdout] 
[INFO] [stdout] 
[INFO] [stdout] For more information about this error, try `rustc --explain E0433`.
[INFO] [stdout] 
[INFO] [stderr] error: could not compile `zip-merge` (example "file_info") due to 2 previous errors
[INFO] [stdout] error[E0433]: failed to resolve: use of undeclared crate or module `zip`
[INFO] [stdout]    --> tests/end_to_end.rs:119:78
[INFO] [stdout]     |
[INFO] [stdout] 119 | fn check_test_archive<R: Read + Seek>(zip_file: R) -> zip::result::ZipResult<zip::ZipArchive<R>> {
[INFO] [stdout]     |                                                                              ^^^ use of undeclared crate or module `zip`
[INFO] [stdout] 
[INFO] [stdout] 
[INFO] [stdout] error[E0433]: failed to resolve: use of undeclared crate or module `zip`
[INFO] [stdout]    --> tests/end_to_end.rs:150:19
[INFO] [stdout]     |
[INFO] [stdout] 150 |     archive: &mut zip::ZipArchive<R>,
[INFO] [stdout]     |                   ^^^ use of undeclared crate or module `zip`
[INFO] [stdout] 
[INFO] [stdout] 
[INFO] [stdout] error[E0433]: failed to resolve: use of undeclared crate or module `zip`
[INFO] [stdout]    --> tests/end_to_end.rs:186:19
[INFO] [stdout]     |
[INFO] [stdout] 186 |     archive: &mut zip::ZipArchive<R>,
[INFO] [stdout]     |                   ^^^ use of undeclared crate or module `zip`
[INFO] [stdout] 
[INFO] [stdout] 
[INFO] [stdout] error: aborting due to 15 previous errors
[INFO] [stdout] 
[INFO] [stdout] 
[INFO] [stdout] Some errors have detailed explanations: E0432, E0433.
[INFO] [stdout] 
[INFO] [stdout] For more information about an error, try `rustc --explain E0432`.
[INFO] [stdout] 
[INFO] [stderr] error: could not compile `zip-merge` (test "zip64_large") due to 2 previous errors
[INFO] [stderr] error: could not compile `zip-merge` (example "write_sample") due to 5 previous errors; 1 warning emitted
[INFO] [stdout] error[E0433]: failed to resolve: use of undeclared crate or module `zip`
[INFO] [stdout]   --> examples/write_dir.rs:16:29
[INFO] [stdout]    |
[INFO] [stdout] 16 | const METHOD_STORED: Option<zip::CompressionMethod> = Some(zip::CompressionMethod::Stored);
[INFO] [stdout]    |                             ^^^ use of undeclared crate or module `zip`
[INFO] [stdout] 
[INFO] [stdout] 
[INFO] [stderr] error: could not compile `zip-merge` (test "end_to_end") due to 16 previous errors
[INFO] [stdout] error[E0433]: failed to resolve: use of undeclared crate or module `zip`
[INFO] [stdout]   --> examples/write_dir.rs:24:39
[INFO] [stdout]    |
[INFO] [stdout] 24 |         const METHOD_DEFLATED: Option<zip::CompressionMethod> = Some(zip::CompressionMethod::Deflated);
[INFO] [stdout]    |                                       ^^^ use of undeclared crate or module `zip`
[INFO] [stdout] 
[INFO] [stdout] 
[INFO] [stdout] error[E0433]: failed to resolve: use of undeclared crate or module `zip`
[INFO] [stdout]   --> examples/write_dir.rs:32:36
[INFO] [stdout]    |
[INFO] [stdout] 32 |         const METHOD_BZIP2: Option<zip::CompressionMethod> = Some(zip::CompressionMethod::Bzip2);
[INFO] [stdout]    |                                    ^^^ use of undeclared crate or module `zip`
[INFO] [stdout] 
[INFO] [stdout] 
[INFO] [stdout] error[E0433]: failed to resolve: use of undeclared crate or module `zip`
[INFO] [stdout]   --> examples/write_dir.rs:40:35
[INFO] [stdout]    |
[INFO] [stdout] 40 |         const METHOD_ZSTD: Option<zip::CompressionMethod> = Some(zip::CompressionMethod::Zstd);
[INFO] [stdout]    |                                   ^^^ use of undeclared crate or module `zip`
[INFO] [stdout] 
[INFO] [stdout] 
[INFO] [stdout] error[E0433]: failed to resolve: use of undeclared crate or module `zip`
[INFO] [stdout]   --> examples/write_dir.rs:75:13
[INFO] [stdout]    |
[INFO] [stdout] 75 |     method: zip::CompressionMethod,
[INFO] [stdout]    |             ^^^ use of undeclared crate or module `zip`
[INFO] [stdout] 
[INFO] [stdout] 
[INFO] [stdout] error[E0433]: failed to resolve: use of undeclared crate or module `zip`
[INFO] [stdout]    --> examples/write_dir.rs:116:13
[INFO] [stdout]     |
[INFO] [stdout] 116 |     method: zip::CompressionMethod,
[INFO] [stdout]     |             ^^^ use of undeclared crate or module `zip`
[INFO] [stdout] 
[INFO] [stdout] 
[INFO] [stdout] error: aborting due to 15 previous errors
[INFO] [stdout] 
[INFO] [stdout] 
[INFO] [stdout] For more information about this error, try `rustc --explain E0433`.
[INFO] [stdout] 
[INFO] [stderr] error: could not compile `zip-merge` (example "write_dir") due to 16 previous errors
[INFO] [stdout] warning: calls to `std::str::from_utf8` with a invalid literal always return an error
[INFO] [stdout]    --> src/cp437.rs:193:17
[INFO] [stdout]     |
[INFO] [stdout] 192 |         let data = b"Cura\x87ao";
[INFO] [stdout]     |                    ------------- the literal was valid UTF-8 up to the 4 bytes
[INFO] [stdout] 193 |         assert!(::std::str::from_utf8(data).is_err());
[INFO] [stdout]     |                 ^^^^^^^^^^^^^^^^^^^^^^^^^^^
[INFO] [stdout]     |
[INFO] [stdout]     = note: `#[warn(invalid_from_utf8)]` on by default
[INFO] [stdout] 
[INFO] [stdout] 
[INFO] [stdout] warning: 1 warning emitted
[INFO] [stdout] 
[INFO] [stdout] 
[INFO] running `Command { std: "docker" "inspect" "c2502178cfade0b9ccdc7648a245dcb2d84bd715caec1d16996e809d872f75df", kill_on_drop: false }`
[INFO] running `Command { std: "docker" "rm" "-f" "c2502178cfade0b9ccdc7648a245dcb2d84bd715caec1d16996e809d872f75df", kill_on_drop: false }`
[INFO] [stdout] c2502178cfade0b9ccdc7648a245dcb2d84bd715caec1d16996e809d872f75df
