[INFO] fetching crate zino-core 0.16.3...
[INFO] testing zino-core-0.16.3 against 1.75.0 for beta-1.76-1
[INFO] extracting crate zino-core 0.16.3 into /workspace/builds/worker-6-tc1/source
[INFO] validating manifest of crates.io crate zino-core 0.16.3 on toolchain 1.75.0
[INFO] running `Command { std: CARGO_HOME="/workspace/cargo-home" RUSTUP_HOME="/workspace/rustup-home" "/workspace/cargo-home/bin/cargo" "+1.75.0" "metadata" "--manifest-path" "Cargo.toml" "--no-deps", kill_on_drop: false }`
[INFO] started tweaking crates.io crate zino-core 0.16.3
[INFO] finished tweaking crates.io crate zino-core 0.16.3
[INFO] tweaked toml for crates.io crate zino-core 0.16.3 written to /workspace/builds/worker-6-tc1/source/Cargo.toml
[INFO] running `Command { std: CARGO_HOME="/workspace/cargo-home" RUSTUP_HOME="/workspace/rustup-home" "/workspace/cargo-home/bin/cargo" "+1.75.0" "generate-lockfile" "--manifest-path" "Cargo.toml", kill_on_drop: false }`
[INFO] [stderr]     Updating crates.io index
[INFO] running `Command { std: CARGO_HOME="/workspace/cargo-home" RUSTUP_HOME="/workspace/rustup-home" "/workspace/cargo-home/bin/cargo" "+1.75.0" "fetch" "--manifest-path" "Cargo.toml", kill_on_drop: false }`
[INFO] [stderr]     Blocking waiting for file lock on package cache
[INFO] [stderr]     Blocking waiting for file lock on package cache
[INFO] [stderr]  Downloading crates ...
[INFO] [stderr]   Downloaded nonzero_ext v0.3.0
[INFO] [stderr]   Downloaded metrics-macros v0.6.0
[INFO] [stderr]   Downloaded governor v0.5.1
[INFO] [stderr]   Downloaded ssri v9.2.0
[INFO] [stderr]   Downloaded utoipa v4.1.0
[INFO] [stderr]   Downloaded metrics-util v0.15.0
[INFO] [stderr]   Downloaded etag v4.0.0
[INFO] [stderr]   Downloaded datafusion v33.0.0
[INFO] [stderr]   Downloaded rust-ini v0.20.0
[INFO] [stderr]   Downloaded retry-policies v0.2.1
[INFO] [stderr]   Downloaded datafusion-expr v33.0.0
[INFO] [stderr]   Downloaded reqwest-middleware v0.2.4
[INFO] [stderr]   Downloaded datafusion-physical-expr v33.0.0
[INFO] [stderr]   Downloaded datafusion-physical-plan v33.0.0
[INFO] [stderr]   Downloaded async-backtrace-attributes v0.2.6
[INFO] [stderr]   Downloaded ordered-multimap v0.7.1
[INFO] [stderr]   Downloaded packed_simd v0.3.9
[INFO] [stderr]   Downloaded faststr v0.2.16
[INFO] [stderr]   Downloaded minitrace-macro v0.6.2
[INFO] [stderr]   Downloaded zigzag v0.1.0
[INFO] [stderr]   Downloaded async-backtrace v0.2.6
[INFO] [stderr]   Downloaded openidconnect v3.4.0
[INFO] [stderr]   Downloaded sonic-rs v0.2.6
[INFO] [stderr]   Downloaded qrcodegen-image v1.2.0
[INFO] [stderr]   Downloaded sm4 v0.5.1
[INFO] [stderr]   Downloaded aes-gcm-siv v0.11.1
[INFO] [stderr]   Downloaded uuid-simd v0.8.0
[INFO] [stderr]   Downloaded async-openai v0.17.1
[INFO] [stderr]   Downloaded thrift v0.17.0
[INFO] [stderr]   Downloaded parquet v48.0.1
[INFO] [stderr]   Downloaded async-tls v0.11.0
[INFO] [stderr]   Downloaded suppaftp v4.7.0
[INFO] [stderr]   Downloaded totp-rs v5.4.0
[INFO] [stderr]   Downloaded str-buf v3.0.2
[INFO] [stderr]   Downloaded binstring v0.1.1
[INFO] [stderr]   Downloaded hmac-sha512 v1.1.5
[INFO] [stderr]   Downloaded libsm v0.5.1
[INFO] [stderr]   Downloaded metrics-exporter-prometheus v0.12.2
[INFO] [stderr]   Downloaded persy v1.4.7
[INFO] [stderr]   Downloaded utoipa-gen v4.1.0
[INFO] [stderr]   Downloaded memo-map v0.3.2
[INFO] [stderr]   Downloaded tagptr v0.2.0
[INFO] [stderr]   Downloaded datafusion-optimizer v33.0.0
[INFO] [stderr]   Downloaded datafusion-execution v33.0.0
[INFO] [stderr]   Downloaded datafusion-common v33.0.0
[INFO] [stderr]   Downloaded bb8-postgres v0.8.1
[INFO] [stderr]   Downloaded quanta v0.11.1
[INFO] [stderr]   Downloaded minijinja v1.0.10
[INFO] [stderr]   Downloaded metrics v0.20.1
[INFO] [stderr]   Downloaded moka v0.10.4
[INFO] [stderr]   Downloaded redb v1.4.0
[INFO] [stderr]   Downloaded reqsign v0.14.6
[INFO] [stderr]   Downloaded opendal v0.42.0
[INFO] [stderr]   Downloaded mini-moka v0.10.2
[INFO] [stderr]   Downloaded apache-avro v0.16.0
[INFO] [stderr]   Downloaded card-validate v2.3.0
[INFO] [stderr]   Downloaded datafusion-sql v33.0.0
[INFO] [stderr]   Downloaded object_store v0.7.1
[INFO] [stderr]   Downloaded sqlparser_derive v0.1.1
[INFO] [stderr]   Downloaded ed25519-compact v2.0.6
[INFO] [stderr]   Downloaded hmac-sha1-compact v1.1.4
[INFO] [stderr]   Downloaded sqlparser v0.39.0
[INFO] [stderr]   Downloaded hmac-sha256 v1.1.7
[INFO] [stderr]   Downloaded jwt-simple v0.11.9
[INFO] [stderr]   Downloaded bb8 v0.8.1
[INFO] [stderr]   Downloaded await-tree v0.1.2
[INFO] [stderr]   Downloaded mysql_async v0.32.2
[INFO] [stderr]   Downloaded cacache v11.7.1
[INFO] [stderr]   Downloaded minitrace v0.6.2
[INFO] running `Command { std: "docker" "create" "-v" "/var/lib/crater-agent-workspace/builds/worker-6-tc1/target:/opt/rustwide/target:rw,Z" "-v" "/var/lib/crater-agent-workspace/builds/worker-6-tc1/source:/opt/rustwide/workdir:ro,Z" "-v" "/var/lib/crater-agent-workspace/cargo-home:/opt/rustwide/cargo-home:ro,Z" "-v" "/var/lib/crater-agent-workspace/rustup-home:/opt/rustwide/rustup-home:ro,Z" "-e" "SOURCE_DIR=/opt/rustwide/workdir" "-e" "CARGO_TARGET_DIR=/opt/rustwide/target" "-e" "CARGO_HOME=/opt/rustwide/cargo-home" "-e" "RUSTUP_HOME=/opt/rustwide/rustup-home" "-w" "/opt/rustwide/workdir" "-m" "1610612736" "--user" "0:0" "--network" "none" "ghcr.io/rust-lang/crates-build-env/linux@sha256:2788e3201cd34a07e3172128adcd8b3090168a8e3bcc40d7c032b9dda1df7d1c" "/opt/rustwide/cargo-home/bin/cargo" "+1.75.0" "metadata" "--no-deps" "--format-version=1", kill_on_drop: false }`
[INFO] [stdout] c01c03d07f682a4cd64b0e788c2f2c0ebd630a4ab6743ebff674431a23faa8b1
[INFO] running `Command { std: "docker" "start" "-a" "c01c03d07f682a4cd64b0e788c2f2c0ebd630a4ab6743ebff674431a23faa8b1", kill_on_drop: false }`
[INFO] running `Command { std: "docker" "inspect" "c01c03d07f682a4cd64b0e788c2f2c0ebd630a4ab6743ebff674431a23faa8b1", kill_on_drop: false }`
[INFO] running `Command { std: "docker" "rm" "-f" "c01c03d07f682a4cd64b0e788c2f2c0ebd630a4ab6743ebff674431a23faa8b1", kill_on_drop: false }`
[INFO] [stdout] c01c03d07f682a4cd64b0e788c2f2c0ebd630a4ab6743ebff674431a23faa8b1
[INFO] running `Command { std: "docker" "create" "-v" "/var/lib/crater-agent-workspace/builds/worker-6-tc1/target:/opt/rustwide/target:rw,Z" "-v" "/var/lib/crater-agent-workspace/builds/worker-6-tc1/source:/opt/rustwide/workdir:ro,Z" "-v" "/var/lib/crater-agent-workspace/cargo-home:/opt/rustwide/cargo-home:ro,Z" "-v" "/var/lib/crater-agent-workspace/rustup-home:/opt/rustwide/rustup-home:ro,Z" "-e" "SOURCE_DIR=/opt/rustwide/workdir" "-e" "CARGO_TARGET_DIR=/opt/rustwide/target" "-e" "CARGO_INCREMENTAL=0" "-e" "RUST_BACKTRACE=full" "-e" "RUSTFLAGS=--cap-lints=warn" "-e" "RUSTDOCFLAGS=--cap-lints=warn" "-e" "CARGO_HOME=/opt/rustwide/cargo-home" "-e" "RUSTUP_HOME=/opt/rustwide/rustup-home" "-w" "/opt/rustwide/workdir" "-m" "1610612736" "--user" "0:0" "--network" "none" "ghcr.io/rust-lang/crates-build-env/linux@sha256:2788e3201cd34a07e3172128adcd8b3090168a8e3bcc40d7c032b9dda1df7d1c" "/opt/rustwide/cargo-home/bin/cargo" "+1.75.0" "build" "--frozen" "--message-format=json", kill_on_drop: false }`
[INFO] [stdout] 66b156587ac9ac47dc1b6584e5fbff9c65e84975ec9916b400c23071d2b123bd
[INFO] running `Command { std: "docker" "start" "-a" "66b156587ac9ac47dc1b6584e5fbff9c65e84975ec9916b400c23071d2b123bd", kill_on_drop: false }`
[INFO] [stderr]    Compiling subtle v2.5.0
[INFO] [stderr]    Compiling base64ct v1.6.0
[INFO] [stderr]    Compiling generic-array v0.14.7
[INFO] [stderr]    Compiling libm v0.2.8
[INFO] [stderr]    Compiling num-traits v0.2.17
[INFO] [stderr]    Compiling tracing-core v0.1.32
[INFO] [stderr]    Compiling serde_json v1.0.111
[INFO] [stderr]    Compiling spin v0.9.8
[INFO] [stderr]    Compiling getrandom v0.2.11
[INFO] [stderr]    Compiling socket2 v0.5.5
[INFO] [stderr]    Compiling syn v2.0.48
[INFO] [stderr]    Compiling ring v0.17.7
[INFO] [stderr]    Compiling mio v0.8.10
[INFO] [stderr]    Compiling crc32fast v1.3.2
[INFO] [stderr]    Compiling time-macros v0.2.16
[INFO] [stderr]    Compiling deranged v0.3.11
[INFO] [stderr]    Compiling rand_core v0.6.4
[INFO] [stderr]    Compiling proc-macro-hack v0.5.20+deprecated
[INFO] [stderr]    Compiling num_threads v0.1.6
[INFO] [stderr]    Compiling crossbeam-utils v0.8.18
[INFO] [stderr]    Compiling pem-rfc7468 v0.7.0
[INFO] [stderr]    Compiling tokio v1.35.1
[INFO] [stderr]    Compiling rand_chacha v0.3.1
[INFO] [stderr]    Compiling der v0.7.8
[INFO] [stderr]    Compiling ff v0.13.0
[INFO] [stderr]    Compiling num-integer v0.1.45
[INFO] [stderr]    Compiling base16ct v0.2.0
[INFO] [stderr]    Compiling adler v1.0.2
[INFO] [stderr]    Compiling lazy_static v1.4.0
[INFO] [stderr]    Compiling group v0.13.0
[INFO] [stderr]    Compiling rand v0.8.5
[INFO] [stderr]    Compiling miniz_oxide v0.7.1
[INFO] [stderr]    Compiling idna v0.5.0
[INFO] [stderr]    Compiling cookie v0.16.2
[INFO] [stderr]    Compiling crypto-common v0.1.6
[INFO] [stderr]    Compiling block-buffer v0.10.4
[INFO] [stderr]    Compiling crypto-bigint v0.5.5
[INFO] [stderr]    Compiling mime_guess v2.0.4
[INFO] [stderr]    Compiling pem-rfc7468 v0.6.0
[INFO] [stderr]    Compiling digest v0.10.7
[INFO] [stderr]    Compiling http-body v0.4.6
[INFO] [stderr]    Compiling hmac v0.12.1
[INFO] [stderr]    Compiling url v2.5.0
[INFO] [stderr]    Compiling flate2 v1.0.28
[INFO] [stderr]    Compiling hkdf v0.12.4
[INFO] [stderr]    Compiling spki v0.7.3
[INFO] [stderr]    Compiling idna v0.3.0
[INFO] [stderr]    Compiling ahash v0.8.7
[INFO] [stderr]    Compiling psl-types v2.0.11
[INFO] [stderr]    Compiling pkcs8 v0.10.2
[INFO] [stderr]    Compiling idna v0.2.3
[INFO] [stderr]    Compiling rfc6979 v0.4.0
[INFO] [stderr]    Compiling signature v2.2.0
[INFO] [stderr]    Compiling der v0.6.1
[INFO] [stderr]    Compiling time v0.3.31
[INFO] [stderr]    Compiling sec1 v0.7.3
[INFO] [stderr]    Compiling num-iter v0.1.43
[INFO] [stderr]    Compiling zerocopy v0.7.32
[INFO] [stderr]    Compiling serde v1.0.194
[INFO] [stderr]    Compiling publicsuffix v2.2.3
[INFO] [stderr]    Compiling sha2 v0.10.8
[INFO] [stderr]    Compiling crossbeam-epoch v0.9.17
[INFO] [stderr]    Compiling inout v0.1.3
[INFO] [stderr]    Compiling num-bigint-dig v0.8.4
[INFO] [stderr]    Compiling rustc-hash v1.1.0
[INFO] [stderr]    Compiling rayon-core v1.12.0
[INFO] [stderr]    Compiling cipher v0.4.4
[INFO] [stderr]    Compiling type-map v0.4.0
[INFO] [stderr]    Compiling crossbeam-deque v0.8.4
[INFO] [stderr]    Compiling elliptic-curve v0.13.8
[INFO] [stderr]    Compiling hashbrown v0.13.2
[INFO] [stderr]    Compiling task-local-extensions v0.1.4
[INFO] [stderr]    Compiling num-bigint v0.4.4
[INFO] [stderr]    Compiling core2 v0.4.0
[INFO] [stderr]    Compiling self_cell v1.0.3
[INFO] [stderr]    Compiling rle-decode-fast v1.0.3
[INFO] [stderr]    Compiling spki v0.6.0
[INFO] [stderr]    Compiling self_cell v0.10.3
[INFO] [stderr]    Compiling signature v1.6.4
[INFO] [stderr]    Compiling universal-hash v0.5.1
[INFO] [stderr]    Compiling sharded-slab v0.1.7
[INFO] [stderr]    Compiling pkcs8 v0.9.0
[INFO] [stderr]    Compiling tracing-log v0.2.0
[INFO] [stderr]    Compiling ecdsa v0.16.9
[INFO] [stderr]    Compiling primeorder v0.13.6
[INFO] [stderr]    Compiling pkcs1 v0.4.1
[INFO] [stderr]    Compiling cookie v0.18.0
[INFO] [stderr]    Compiling multer v2.1.0
[INFO] [stderr]    Compiling libflate_lz77 v2.0.0
[INFO] [stderr]    Compiling dary_heap v0.3.6
[INFO] [stderr]    Compiling opaque-debug v0.3.0
[INFO] [stderr]    Compiling ct-codecs v1.1.1
[INFO] [stderr]    Compiling adler32 v1.2.0
[INFO] [stderr]    Compiling atomic v0.5.3
[INFO] [stderr]    Compiling minimal-lexical v0.2.1
[INFO] [stderr]    Compiling libflate v2.0.0
[INFO] [stderr]    Compiling ed25519-compact v2.0.6
[INFO] [stderr]    Compiling k256 v0.13.2
[INFO] [stderr]    Compiling p384 v0.13.0
[INFO] [stderr]    Compiling p256 v0.13.2
[INFO] [stderr]    Compiling rayon v1.8.0
[INFO] [stderr]    Compiling polyval v0.6.1
[INFO] [stderr]    Compiling nom v7.1.3
[INFO] [stderr]    Compiling rmp v0.8.12
[INFO] [stderr]    Compiling aes v0.8.3
[INFO] [stderr]    Compiling ctr v0.9.2
[INFO] [stderr]    Compiling hmac-sha256 v1.1.7
[INFO] [stderr]    Compiling blake2 v0.10.6
[INFO] [stderr]    Compiling async-compression v0.4.5
[INFO] [stderr]    Compiling hmac-sha512 v1.1.5
[INFO] [stderr]    Compiling crossbeam-channel v0.5.10
[INFO] [stderr]    Compiling aead v0.5.2
[INFO] [stderr]    Compiling rustls v0.21.10
[INFO] [stderr]    Compiling password-hash v0.5.0
[INFO] [stderr]    Compiling coarsetime v0.1.33
[INFO] [stderr]    Compiling csv-core v0.1.11
[INFO] [stderr]    Compiling unicode-segmentation v1.10.1
[INFO] [stderr]    Compiling binstring v0.1.1
[INFO] [stderr]    Compiling matchit v0.7.3
[INFO] [stderr]    Compiling str-buf v3.0.2
[INFO] [stderr]    Compiling xxhash-rust v0.8.8
[INFO] [stderr]    Compiling strum v0.25.0
[INFO] [stderr]    Compiling regex-lite v0.1.5
[INFO] [stderr]    Compiling hmac-sha1-compact v1.1.4
[INFO] [stderr]    Compiling convert_case v0.6.0
[INFO] [stderr]    Compiling argon2 v0.5.2
[INFO] [stderr]    Compiling uuid v1.6.1
[INFO] [stderr]    Compiling etag v4.0.0
[INFO] [stderr]    Compiling aes-gcm-siv v0.11.1
[INFO] [stderr]    Compiling md-5 v0.10.6
[INFO] [stderr]    Compiling dotenvy v0.15.7
[INFO] [stderr]    Compiling sysinfo v0.29.11
[INFO] [stderr]    Compiling serde_derive v1.0.194
[INFO] [stderr]    Compiling futures-macro v0.3.30
[INFO] [stderr]    Compiling thiserror-impl v1.0.56
[INFO] [stderr]    Compiling tracing-attributes v0.1.27
[INFO] [stderr]    Compiling displaydoc v0.2.4
[INFO] [stderr]    Compiling async-trait v0.1.77
[INFO] [stderr]    Compiling typed-builder-macro v0.16.2
[INFO] [stderr]    Compiling utoipa-gen v4.1.0
[INFO] [stderr]    Compiling sct v0.7.1
[INFO] [stderr]    Compiling rustls-webpki v0.101.7
[INFO] [stderr]    Compiling strum_macros v0.25.3
[INFO] [stderr]    Compiling tinystr v0.7.5
[INFO] [stderr]    Compiling unic-langid-impl v0.9.4
[INFO] [stderr]    Compiling futures-util v0.3.30
[INFO] [stderr]    Compiling thiserror v1.0.56
[INFO] [stderr]    Compiling fluent-syntax v0.11.0
[INFO] [stderr]    Compiling unic-langid-macros-impl v0.9.4
[INFO] [stderr]    Compiling tracing v0.1.40
[INFO] [stderr]    Compiling typed-builder v0.16.2
[INFO] [stderr]    Compiling tokio-util v0.7.10
[INFO] [stderr]    Compiling unic-langid-macros v0.9.4
[INFO] [stderr]    Compiling unic-langid v0.9.4
[INFO] [stderr]    Compiling intl_pluralrules v7.0.2
[INFO] [stderr]    Compiling intl-memoizer v0.5.1
[INFO] [stderr]    Compiling fluent-langneg v0.13.0
[INFO] [stderr]    Compiling tokio-rustls v0.24.1
[INFO] [stderr]    Compiling futures-executor v0.3.30
[INFO] [stderr]    Compiling futures v0.3.30
[INFO] [stderr]    Compiling indexmap v2.1.0
[INFO] [stderr]    Compiling smallvec v1.11.2
[INFO] [stderr]    Compiling serde_urlencoded v0.7.1
[INFO] [stderr]    Compiling chrono v0.4.31
[INFO] [stderr]    Compiling serde_spanned v0.6.5
[INFO] [stderr]    Compiling toml_datetime v0.6.5
[INFO] [stderr]    Compiling tracing-serde v0.1.3
[INFO] [stderr]    Compiling csv v1.3.0
[INFO] [stderr]    Compiling faster-hex v0.9.0
[INFO] [stderr]    Compiling rmp-serde v1.1.2
[INFO] [stderr]    Compiling serde_qs v0.12.0
[INFO] [stderr]    Compiling parking_lot_core v0.9.9
[INFO] [stderr]    Compiling fluent-bundle v0.15.2
[INFO] [stderr]    Compiling parking_lot v0.12.1
[INFO] [stderr]    Compiling h2 v0.3.22
[INFO] [stderr]    Compiling toml_edit v0.21.0
[INFO] [stderr]    Compiling fluent v0.16.0
[INFO] [stderr]    Compiling cookie_store v0.16.2
[INFO] [stderr]    Compiling tracing-subscriber v0.3.18
[INFO] [stderr]    Compiling apache-avro v0.16.0
[INFO] [stderr]    Compiling ureq v2.9.1
[INFO] [stderr]    Compiling utoipa v4.1.0
[INFO] [stderr]    Compiling rsa v0.7.2
[INFO] [stderr]    Compiling retry-policies v0.2.1
[INFO] [stderr]    Compiling cron v0.12.0
[INFO] [stderr]    Compiling jwt-simple v0.11.9
[INFO] [stderr]    Compiling toml v0.8.8
[INFO] [stderr]    Compiling tracing-appender v0.2.3
[INFO] [stderr]    Compiling hyper v0.14.28
[INFO] [stderr]    Compiling hyper-rustls v0.24.2
[INFO] [stderr]    Compiling reqwest v0.11.23
[INFO] [stderr]    Compiling reqwest-middleware v0.2.4
[INFO] [stderr]    Compiling reqwest-tracing v0.4.6
[INFO] [stderr]    Compiling reqwest-retry v0.3.0
[INFO] [stderr]    Compiling zino-core v0.16.3 (/opt/rustwide/workdir)
[INFO] [stdout] error[E0554]: `#![feature]` may not be used on the stable release channel
[INFO] [stdout]  --> src/lib.rs:7:1
[INFO] [stdout]   |
[INFO] [stdout] 7 | #![feature(associated_type_defaults)]
[INFO] [stdout]   | ^^^^^^^^^^^^^^^^^^^^^^^^^^^^^^^^^^^^^
[INFO] [stdout] 
[INFO] [stdout] 
[INFO] [stdout] error[E0554]: `#![feature]` may not be used on the stable release channel
[INFO] [stdout]  --> src/lib.rs:8:1
[INFO] [stdout]   |
[INFO] [stdout] 8 | #![feature(async_fn_in_trait)]
[INFO] [stdout]   | ^^^^^^^^^^^^^^^^^^^^^^^^^^^^^^ help: remove the attribute
[INFO] [stdout]   |
[INFO] [stdout]   = help: the feature `async_fn_in_trait` has been stable since `1.75.0` and no longer requires an attribute to enable
[INFO] [stdout] 
[INFO] [stdout] 
[INFO] [stdout] error[E0554]: `#![feature]` may not be used on the stable release channel
[INFO] [stdout]  --> src/lib.rs:9:1
[INFO] [stdout]   |
[INFO] [stdout] 9 | #![feature(decl_macro)]
[INFO] [stdout]   | ^^^^^^^^^^^^^^^^^^^^^^^
[INFO] [stdout] 
[INFO] [stdout] 
[INFO] [stdout] error[E0554]: `#![feature]` may not be used on the stable release channel
[INFO] [stdout]   --> src/lib.rs:10:1
[INFO] [stdout]    |
[INFO] [stdout] 10 | #![feature(doc_auto_cfg)]
[INFO] [stdout]    | ^^^^^^^^^^^^^^^^^^^^^^^^^
[INFO] [stdout] 
[INFO] [stdout] 
[INFO] [stdout] error[E0554]: `#![feature]` may not be used on the stable release channel
[INFO] [stdout]   --> src/lib.rs:11:1
[INFO] [stdout]    |
[INFO] [stdout] 11 | #![feature(lazy_cell)]
[INFO] [stdout]    | ^^^^^^^^^^^^^^^^^^^^^^
[INFO] [stdout] 
[INFO] [stdout] 
[INFO] [stdout] error[E0554]: `#![feature]` may not be used on the stable release channel
[INFO] [stdout]   --> src/lib.rs:12:1
[INFO] [stdout]    |
[INFO] [stdout] 12 | #![feature(let_chains)]
[INFO] [stdout]    | ^^^^^^^^^^^^^^^^^^^^^^^
[INFO] [stdout] 
[INFO] [stdout] 
[INFO] [stdout] error[E0554]: `#![feature]` may not be used on the stable release channel
[INFO] [stdout]   --> src/lib.rs:13:1
[INFO] [stdout]    |
[INFO] [stdout] 13 | #![feature(slice_first_last_chunk)]
[INFO] [stdout]    | ^^^^^^^^^^^^^^^^^^^^^^^^^^^^^^^^^^^
[INFO] [stdout] 
[INFO] [stdout] 
[INFO] [stdout] error[E0554]: `#![feature]` may not be used on the stable release channel
[INFO] [stdout]   --> src/lib.rs:11:12
[INFO] [stdout]    |
[INFO] [stdout] 11 | #![feature(lazy_cell)]
[INFO] [stdout]    |            ^^^^^^^^^
[INFO] [stdout] 
[INFO] [stdout] 
[INFO] [stdout] error[E0554]: `#![feature]` may not be used on the stable release channel
[INFO] [stdout]   --> src/lib.rs:13:12
[INFO] [stdout]    |
[INFO] [stdout] 13 | #![feature(slice_first_last_chunk)]
[INFO] [stdout]    |            ^^^^^^^^^^^^^^^^^^^^^^
[INFO] [stdout] 
[INFO] [stdout] 
[INFO] [stdout] error: aborting due to 9 previous errors
[INFO] [stdout] 
[INFO] [stdout] 
[INFO] [stdout] For more information about this error, try `rustc --explain E0554`.
[INFO] [stdout] 
[INFO] [stderr] error: could not compile `zino-core` (lib) due to 10 previous errors
[INFO] [stderr] warning: build failed, waiting for other jobs to finish...
[INFO] running `Command { std: "docker" "inspect" "66b156587ac9ac47dc1b6584e5fbff9c65e84975ec9916b400c23071d2b123bd", kill_on_drop: false }`
[INFO] running `Command { std: "docker" "rm" "-f" "66b156587ac9ac47dc1b6584e5fbff9c65e84975ec9916b400c23071d2b123bd", kill_on_drop: false }`
[INFO] [stdout] 66b156587ac9ac47dc1b6584e5fbff9c65e84975ec9916b400c23071d2b123bd
[INFO] testing zino-core-0.16.3 against beta-2023-12-22 for beta-1.76-1
[INFO] extracting crate zino-core 0.16.3 into /workspace/builds/worker-6-tc2/source
[INFO] validating manifest of crates.io crate zino-core 0.16.3 on toolchain beta-2023-12-22
[INFO] running `Command { std: CARGO_HOME="/workspace/cargo-home" RUSTUP_HOME="/workspace/rustup-home" "/workspace/cargo-home/bin/cargo" "+beta-2023-12-22" "metadata" "--manifest-path" "Cargo.toml" "--no-deps", kill_on_drop: false }`
[INFO] started tweaking crates.io crate zino-core 0.16.3
[INFO] finished tweaking crates.io crate zino-core 0.16.3
[INFO] tweaked toml for crates.io crate zino-core 0.16.3 written to /workspace/builds/worker-6-tc2/source/Cargo.toml
[INFO] running `Command { std: CARGO_HOME="/workspace/cargo-home" RUSTUP_HOME="/workspace/rustup-home" "/workspace/cargo-home/bin/cargo" "+beta-2023-12-22" "generate-lockfile" "--manifest-path" "Cargo.toml", kill_on_drop: false }`
[INFO] [stderr]     Updating crates.io index
[INFO] running `Command { std: CARGO_HOME="/workspace/cargo-home" RUSTUP_HOME="/workspace/rustup-home" "/workspace/cargo-home/bin/cargo" "+beta-2023-12-22" "fetch" "--manifest-path" "Cargo.toml", kill_on_drop: false }`
[INFO] running `Command { std: "docker" "create" "-v" "/var/lib/crater-agent-workspace/builds/worker-6-tc2/target:/opt/rustwide/target:rw,Z" "-v" "/var/lib/crater-agent-workspace/builds/worker-6-tc2/source:/opt/rustwide/workdir:ro,Z" "-v" "/var/lib/crater-agent-workspace/cargo-home:/opt/rustwide/cargo-home:ro,Z" "-v" "/var/lib/crater-agent-workspace/rustup-home:/opt/rustwide/rustup-home:ro,Z" "-e" "SOURCE_DIR=/opt/rustwide/workdir" "-e" "CARGO_TARGET_DIR=/opt/rustwide/target" "-e" "CARGO_HOME=/opt/rustwide/cargo-home" "-e" "RUSTUP_HOME=/opt/rustwide/rustup-home" "-w" "/opt/rustwide/workdir" "-m" "1610612736" "--user" "0:0" "--network" "none" "ghcr.io/rust-lang/crates-build-env/linux@sha256:2788e3201cd34a07e3172128adcd8b3090168a8e3bcc40d7c032b9dda1df7d1c" "/opt/rustwide/cargo-home/bin/cargo" "+beta-2023-12-22" "metadata" "--no-deps" "--format-version=1", kill_on_drop: false }`
[INFO] [stdout] 0cf71362d56aa76edfcba0b302b49d0c9e563ba403c291d2dcb4c8fe9f30a6d9
[INFO] running `Command { std: "docker" "start" "-a" "0cf71362d56aa76edfcba0b302b49d0c9e563ba403c291d2dcb4c8fe9f30a6d9", kill_on_drop: false }`
[INFO] running `Command { std: "docker" "inspect" "0cf71362d56aa76edfcba0b302b49d0c9e563ba403c291d2dcb4c8fe9f30a6d9", kill_on_drop: false }`
[INFO] running `Command { std: "docker" "rm" "-f" "0cf71362d56aa76edfcba0b302b49d0c9e563ba403c291d2dcb4c8fe9f30a6d9", kill_on_drop: false }`
[INFO] [stdout] 0cf71362d56aa76edfcba0b302b49d0c9e563ba403c291d2dcb4c8fe9f30a6d9
[INFO] running `Command { std: "docker" "create" "-v" "/var/lib/crater-agent-workspace/builds/worker-6-tc2/target:/opt/rustwide/target:rw,Z" "-v" "/var/lib/crater-agent-workspace/builds/worker-6-tc2/source:/opt/rustwide/workdir:ro,Z" "-v" "/var/lib/crater-agent-workspace/cargo-home:/opt/rustwide/cargo-home:ro,Z" "-v" "/var/lib/crater-agent-workspace/rustup-home:/opt/rustwide/rustup-home:ro,Z" "-e" "SOURCE_DIR=/opt/rustwide/workdir" "-e" "CARGO_TARGET_DIR=/opt/rustwide/target" "-e" "CARGO_INCREMENTAL=0" "-e" "RUST_BACKTRACE=full" "-e" "RUSTFLAGS=--cap-lints=warn" "-e" "RUSTDOCFLAGS=--cap-lints=warn" "-e" "CARGO_HOME=/opt/rustwide/cargo-home" "-e" "RUSTUP_HOME=/opt/rustwide/rustup-home" "-w" "/opt/rustwide/workdir" "-m" "1610612736" "--user" "0:0" "--network" "none" "ghcr.io/rust-lang/crates-build-env/linux@sha256:2788e3201cd34a07e3172128adcd8b3090168a8e3bcc40d7c032b9dda1df7d1c" "/opt/rustwide/cargo-home/bin/cargo" "+beta-2023-12-22" "build" "--frozen" "--message-format=json", kill_on_drop: false }`
[INFO] [stdout] 448e0be96aea517397aa8524a907d2c31bd65b275bff37da01d0d1bb6f5d7f33
[INFO] running `Command { std: "docker" "start" "-a" "448e0be96aea517397aa8524a907d2c31bd65b275bff37da01d0d1bb6f5d7f33", kill_on_drop: false }`
[INFO] [stderr]    Compiling subtle v2.5.0
[INFO] [stderr]    Compiling base64ct v1.6.0
[INFO] [stderr]    Compiling generic-array v0.14.7
[INFO] [stderr]    Compiling libm v0.2.8
[INFO] [stderr]    Compiling num-traits v0.2.17
[INFO] [stderr]    Compiling tracing-core v0.1.32
[INFO] [stderr]    Compiling serde_json v1.0.111
[INFO] [stderr]    Compiling getrandom v0.2.11
[INFO] [stderr]    Compiling spin v0.9.8
[INFO] [stderr]    Compiling socket2 v0.5.5
[INFO] [stderr]    Compiling syn v2.0.48
[INFO] [stderr]    Compiling ring v0.17.7
[INFO] [stderr]    Compiling mio v0.8.10
[INFO] [stderr]    Compiling crc32fast v1.3.2
[INFO] [stderr]    Compiling time-macros v0.2.16
[INFO] [stderr]    Compiling deranged v0.3.11
[INFO] [stderr]    Compiling num_threads v0.1.6
[INFO] [stderr]    Compiling proc-macro-hack v0.5.20+deprecated
[INFO] [stderr]    Compiling rand_core v0.6.4
[INFO] [stderr]    Compiling pem-rfc7468 v0.7.0
[INFO] [stderr]    Compiling crossbeam-utils v0.8.18
[INFO] [stderr]    Compiling num-integer v0.1.45
[INFO] [stderr]    Compiling tokio v1.35.1
[INFO] [stderr]    Compiling der v0.7.8
[INFO] [stderr]    Compiling rand_chacha v0.3.1
[INFO] [stderr]    Compiling ff v0.13.0
[INFO] [stderr]    Compiling base16ct v0.2.0
[INFO] [stderr]    Compiling adler v1.0.2
[INFO] [stderr]    Compiling group v0.13.0
[INFO] [stderr]    Compiling miniz_oxide v0.7.1
[INFO] [stderr]    Compiling rand v0.8.5
[INFO] [stderr]    Compiling crypto-common v0.1.6
[INFO] [stderr]    Compiling block-buffer v0.10.4
[INFO] [stderr]    Compiling crypto-bigint v0.5.5
[INFO] [stderr]    Compiling digest v0.10.7
[INFO] [stderr]    Compiling lazy_static v1.4.0
[INFO] [stderr]    Compiling idna v0.5.0
[INFO] [stderr]    Compiling cookie v0.16.2
[INFO] [stderr]    Compiling mime_guess v2.0.4
[INFO] [stderr]    Compiling hmac v0.12.1
[INFO] [stderr]    Compiling http-body v0.4.6
[INFO] [stderr]    Compiling hkdf v0.12.4
[INFO] [stderr]    Compiling flate2 v1.0.28
[INFO] [stderr]    Compiling pem-rfc7468 v0.6.0
[INFO] [stderr]    Compiling idna v0.3.0
[INFO] [stderr]    Compiling ahash v0.8.7
[INFO] [stderr]    Compiling url v2.5.0
[INFO] [stderr]    Compiling psl-types v2.0.11
[INFO] [stderr]    Compiling spki v0.7.3
[INFO] [stderr]    Compiling der v0.6.1
[INFO] [stderr]    Compiling idna v0.2.3
[INFO] [stderr]    Compiling pkcs8 v0.10.2
[INFO] [stderr]    Compiling publicsuffix v2.2.3
[INFO] [stderr]    Compiling time v0.3.31
[INFO] [stderr]    Compiling rfc6979 v0.4.0
[INFO] [stderr]    Compiling sec1 v0.7.3
[INFO] [stderr]    Compiling signature v2.2.0
[INFO] [stderr]    Compiling num-iter v0.1.43
[INFO] [stderr]    Compiling serde v1.0.194
[INFO] [stderr]    Compiling zerocopy v0.7.32
[INFO] [stderr]    Compiling sha2 v0.10.8
[INFO] [stderr]    Compiling crossbeam-epoch v0.9.17
[INFO] [stderr]    Compiling elliptic-curve v0.13.8
[INFO] [stderr]    Compiling inout v0.1.3
[INFO] [stderr]    Compiling num-bigint-dig v0.8.4
[INFO] [stderr]    Compiling rayon-core v1.12.0
[INFO] [stderr]    Compiling rustc-hash v1.1.0
[INFO] [stderr]    Compiling type-map v0.4.0
[INFO] [stderr]    Compiling crossbeam-deque v0.8.4
[INFO] [stderr]    Compiling ecdsa v0.16.9
[INFO] [stderr]    Compiling spki v0.6.0
[INFO] [stderr]    Compiling cipher v0.4.4
[INFO] [stderr]    Compiling primeorder v0.13.6
[INFO] [stderr]    Compiling hashbrown v0.13.2
[INFO] [stderr]    Compiling task-local-extensions v0.1.4
[INFO] [stderr]    Compiling num-bigint v0.4.4
[INFO] [stderr]    Compiling pkcs8 v0.9.0
[INFO] [stderr]    Compiling core2 v0.4.0
[INFO] [stderr]    Compiling self_cell v1.0.3
[INFO] [stderr]    Compiling rle-decode-fast v1.0.3
[INFO] [stderr]    Compiling pkcs1 v0.4.1
[INFO] [stderr]    Compiling self_cell v0.10.3
[INFO] [stderr]    Compiling signature v1.6.4
[INFO] [stderr]    Compiling sharded-slab v0.1.7
[INFO] [stderr]    Compiling universal-hash v0.5.1
[INFO] [stderr]    Compiling tracing-log v0.2.0
[INFO] [stderr]    Compiling multer v2.1.0
[INFO] [stderr]    Compiling cookie v0.18.0
[INFO] [stderr]    Compiling ct-codecs v1.1.1
[INFO] [stderr]    Compiling minimal-lexical v0.2.1
[INFO] [stderr]    Compiling opaque-debug v0.3.0
[INFO] [stderr]    Compiling libflate_lz77 v2.0.0
[INFO] [stderr]    Compiling dary_heap v0.3.6
[INFO] [stderr]    Compiling atomic v0.5.3
[INFO] [stderr]    Compiling adler32 v1.2.0
[INFO] [stderr]    Compiling rayon v1.8.0
[INFO] [stderr]    Compiling ed25519-compact v2.0.6
[INFO] [stderr]    Compiling polyval v0.6.1
[INFO] [stderr]    Compiling nom v7.1.3
[INFO] [stderr]    Compiling rmp v0.8.12
[INFO] [stderr]    Compiling p384 v0.13.0
[INFO] [stderr]    Compiling libflate v2.0.0
[INFO] [stderr]    Compiling k256 v0.13.2
[INFO] [stderr]    Compiling rustls v0.21.10
[INFO] [stderr]    Compiling async-compression v0.4.5
[INFO] [stderr]    Compiling p256 v0.13.2
[INFO] [stderr]    Compiling ctr v0.9.2
[INFO] [stderr]    Compiling aes v0.8.3
[INFO] [stderr]    Compiling blake2 v0.10.6
[INFO] [stderr]    Compiling hmac-sha256 v1.1.7
[INFO] [stderr]    Compiling hmac-sha512 v1.1.5
[INFO] [stderr]    Compiling crossbeam-channel v0.5.10
[INFO] [stderr]    Compiling aead v0.5.2
[INFO] [stderr]    Compiling password-hash v0.5.0
[INFO] [stderr]    Compiling coarsetime v0.1.33
[INFO] [stderr]    Compiling uuid v1.6.1
[INFO] [stderr]    Compiling csv-core v0.1.11
[INFO] [stderr]    Compiling xxhash-rust v0.8.8
[INFO] [stderr]    Compiling matchit v0.7.3
[INFO] [stderr]    Compiling hmac-sha1-compact v1.1.4
[INFO] [stderr]    Compiling unicode-segmentation v1.10.1
[INFO] [stderr]    Compiling binstring v0.1.1
[INFO] [stderr]    Compiling str-buf v3.0.2
[INFO] [stderr]    Compiling regex-lite v0.1.5
[INFO] [stderr]    Compiling strum v0.25.0
[INFO] [stderr]    Compiling argon2 v0.5.2
[INFO] [stderr]    Compiling aes-gcm-siv v0.11.1
[INFO] [stderr]    Compiling etag v4.0.0
[INFO] [stderr]    Compiling sct v0.7.1
[INFO] [stderr]    Compiling rustls-webpki v0.101.7
[INFO] [stderr]    Compiling convert_case v0.6.0
[INFO] [stderr]    Compiling sysinfo v0.29.11
[INFO] [stderr]    Compiling md-5 v0.10.6
[INFO] [stderr]    Compiling dotenvy v0.15.7
[INFO] [stderr]    Compiling serde_derive v1.0.194
[INFO] [stderr]    Compiling tracing-attributes v0.1.27
[INFO] [stderr]    Compiling futures-macro v0.3.30
[INFO] [stderr]    Compiling thiserror-impl v1.0.56
[INFO] [stderr]    Compiling displaydoc v0.2.4
[INFO] [stderr]    Compiling async-trait v0.1.77
[INFO] [stderr]    Compiling typed-builder-macro v0.16.2
[INFO] [stderr]    Compiling utoipa-gen v4.1.0
[INFO] [stderr]    Compiling strum_macros v0.25.3
[INFO] [stderr]    Compiling tinystr v0.7.5
[INFO] [stderr]    Compiling futures-util v0.3.30
[INFO] [stderr]    Compiling thiserror v1.0.56
[INFO] [stderr]    Compiling typed-builder v0.16.2
[INFO] [stderr]    Compiling fluent-syntax v0.11.0
[INFO] [stderr]    Compiling unic-langid-impl v0.9.4
[INFO] [stderr]    Compiling unic-langid-macros-impl v0.9.4
[INFO] [stderr]    Compiling tracing v0.1.40
[INFO] [stderr]    Compiling tokio-util v0.7.10
[INFO] [stderr]    Compiling tokio-rustls v0.24.1
[INFO] [stderr]    Compiling unic-langid-macros v0.9.4
[INFO] [stderr]    Compiling unic-langid v0.9.4
[INFO] [stderr]    Compiling intl_pluralrules v7.0.2
[INFO] [stderr]    Compiling intl-memoizer v0.5.1
[INFO] [stderr]    Compiling fluent-langneg v0.13.0
[INFO] [stderr]    Compiling futures-executor v0.3.30
[INFO] [stderr]    Compiling futures v0.3.30
[INFO] [stderr]    Compiling indexmap v2.1.0
[INFO] [stderr]    Compiling smallvec v1.11.2
[INFO] [stderr]    Compiling serde_urlencoded v0.7.1
[INFO] [stderr]    Compiling chrono v0.4.31
[INFO] [stderr]    Compiling toml_datetime v0.6.5
[INFO] [stderr]    Compiling serde_spanned v0.6.5
[INFO] [stderr]    Compiling tracing-serde v0.1.3
[INFO] [stderr]    Compiling faster-hex v0.9.0
[INFO] [stderr]    Compiling rmp-serde v1.1.2
[INFO] [stderr]    Compiling csv v1.3.0
[INFO] [stderr]    Compiling serde_qs v0.12.0
[INFO] [stderr]    Compiling parking_lot_core v0.9.9
[INFO] [stderr]    Compiling fluent-bundle v0.15.2
[INFO] [stderr]    Compiling parking_lot v0.12.1
[INFO] [stderr]    Compiling h2 v0.3.22
[INFO] [stderr]    Compiling toml_edit v0.21.0
[INFO] [stderr]    Compiling fluent v0.16.0
[INFO] [stderr]    Compiling cookie_store v0.16.2
[INFO] [stderr]    Compiling tracing-subscriber v0.3.18
[INFO] [stderr]    Compiling apache-avro v0.16.0
[INFO] [stderr]    Compiling ureq v2.9.1
[INFO] [stderr]    Compiling utoipa v4.1.0
[INFO] [stderr]    Compiling rsa v0.7.2
[INFO] [stderr]    Compiling retry-policies v0.2.1
[INFO] [stderr]    Compiling cron v0.12.0
[INFO] [stderr]    Compiling jwt-simple v0.11.9
[INFO] [stderr]    Compiling toml v0.8.8
[INFO] [stderr]    Compiling tracing-appender v0.2.3
[INFO] [stderr]    Compiling hyper v0.14.28
[INFO] [stderr]    Compiling hyper-rustls v0.24.2
[INFO] [stderr]    Compiling reqwest v0.11.23
[INFO] [stderr]    Compiling reqwest-middleware v0.2.4
[INFO] [stderr]    Compiling reqwest-tracing v0.4.6
[INFO] [stderr]    Compiling reqwest-retry v0.3.0
[INFO] [stderr]    Compiling zino-core v0.16.3 (/opt/rustwide/workdir)
[INFO] [stdout] error[E0554]: `#![feature]` may not be used on the beta release channel
[INFO] [stdout]  --> src/lib.rs:7:1
[INFO] [stdout]   |
[INFO] [stdout] 7 | #![feature(associated_type_defaults)]
[INFO] [stdout]   | ^^^^^^^^^^^^^^^^^^^^^^^^^^^^^^^^^^^^^
[INFO] [stdout] 
[INFO] [stdout] 
[INFO] [stdout] error[E0554]: `#![feature]` may not be used on the beta release channel
[INFO] [stdout]  --> src/lib.rs:8:1
[INFO] [stdout]   |
[INFO] [stdout] 8 | #![feature(async_fn_in_trait)]
[INFO] [stdout]   | ^^^^^^^^^^^^^^^^^^^^^^^^^^^^^^ help: remove the attribute
[INFO] [stdout]   |
[INFO] [stdout]   = help: the feature `async_fn_in_trait` has been stable since `1.75.0` and no longer requires an attribute to enable
[INFO] [stdout] 
[INFO] [stdout] 
[INFO] [stdout] error[E0554]: `#![feature]` may not be used on the beta release channel
[INFO] [stdout]  --> src/lib.rs:9:1
[INFO] [stdout]   |
[INFO] [stdout] 9 | #![feature(decl_macro)]
[INFO] [stdout]   | ^^^^^^^^^^^^^^^^^^^^^^^
[INFO] [stdout] 
[INFO] [stdout] 
[INFO] [stdout] error[E0554]: `#![feature]` may not be used on the beta release channel
[INFO] [stdout]   --> src/lib.rs:10:1
[INFO] [stdout]    |
[INFO] [stdout] 10 | #![feature(doc_auto_cfg)]
[INFO] [stdout]    | ^^^^^^^^^^^^^^^^^^^^^^^^^
[INFO] [stdout] 
[INFO] [stdout] 
[INFO] [stdout] error[E0554]: `#![feature]` may not be used on the beta release channel
[INFO] [stdout]   --> src/lib.rs:11:1
[INFO] [stdout]    |
[INFO] [stdout] 11 | #![feature(lazy_cell)]
[INFO] [stdout]    | ^^^^^^^^^^^^^^^^^^^^^^
[INFO] [stdout] 
[INFO] [stdout] 
[INFO] [stdout] error[E0554]: `#![feature]` may not be used on the beta release channel
[INFO] [stdout]   --> src/lib.rs:12:1
[INFO] [stdout]    |
[INFO] [stdout] 12 | #![feature(let_chains)]
[INFO] [stdout]    | ^^^^^^^^^^^^^^^^^^^^^^^
[INFO] [stdout] 
[INFO] [stdout] 
[INFO] [stdout] error[E0554]: `#![feature]` may not be used on the beta release channel
[INFO] [stdout]   --> src/lib.rs:13:1
[INFO] [stdout]    |
[INFO] [stdout] 13 | #![feature(slice_first_last_chunk)]
[INFO] [stdout]    | ^^^^^^^^^^^^^^^^^^^^^^^^^^^^^^^^^^^
[INFO] [stdout] 
[INFO] [stdout] 
[INFO] [stdout] error[E0554]: `#![feature]` may not be used on the beta release channel
[INFO] [stdout]   --> src/lib.rs:11:12
[INFO] [stdout]    |
[INFO] [stdout] 11 | #![feature(lazy_cell)]
[INFO] [stdout]    |            ^^^^^^^^^
[INFO] [stdout] 
[INFO] [stdout] 
[INFO] [stdout] error[E0554]: `#![feature]` may not be used on the beta release channel
[INFO] [stdout]   --> src/lib.rs:13:12
[INFO] [stdout]    |
[INFO] [stdout] 13 | #![feature(slice_first_last_chunk)]
[INFO] [stdout]    |            ^^^^^^^^^^^^^^^^^^^^^^
[INFO] [stdout] 
[INFO] [stdout] 
[INFO] [stdout] error: aborting due to 9 previous errors
[INFO] [stdout] 
[INFO] [stdout] 
[INFO] [stdout] For more information about this error, try `rustc --explain E0554`.
[INFO] [stdout] 
[INFO] [stderr] error: could not compile `zino-core` (lib) due to 10 previous errors
[INFO] running `Command { std: "docker" "inspect" "448e0be96aea517397aa8524a907d2c31bd65b275bff37da01d0d1bb6f5d7f33", kill_on_drop: false }`
[INFO] running `Command { std: "docker" "rm" "-f" "448e0be96aea517397aa8524a907d2c31bd65b275bff37da01d0d1bb6f5d7f33", kill_on_drop: false }`
[INFO] [stdout] 448e0be96aea517397aa8524a907d2c31bd65b275bff37da01d0d1bb6f5d7f33
