[INFO] fetching crate zerotier-api 0.1.1...
[INFO] testing zerotier-api-0.1.1 against 1.75.0 for beta-1.76-1
[INFO] extracting crate zerotier-api 0.1.1 into /workspace/builds/worker-1-tc1/source
[INFO] validating manifest of crates.io crate zerotier-api 0.1.1 on toolchain 1.75.0
[INFO] running `Command { std: CARGO_HOME="/workspace/cargo-home" RUSTUP_HOME="/workspace/rustup-home" "/workspace/cargo-home/bin/cargo" "+1.75.0" "metadata" "--manifest-path" "Cargo.toml" "--no-deps", kill_on_drop: false }`
[INFO] removed /workspace/builds/worker-1-tc1/source/rust-toolchain
[INFO] started tweaking crates.io crate zerotier-api 0.1.1
[INFO] finished tweaking crates.io crate zerotier-api 0.1.1
[INFO] tweaked toml for crates.io crate zerotier-api 0.1.1 written to /workspace/builds/worker-1-tc1/source/Cargo.toml
[INFO] running `Command { std: CARGO_HOME="/workspace/cargo-home" RUSTUP_HOME="/workspace/rustup-home" "/workspace/cargo-home/bin/cargo" "+1.75.0" "generate-lockfile" "--manifest-path" "Cargo.toml", kill_on_drop: false }`
[INFO] [stderr]     Blocking waiting for file lock on package cache
[INFO] [stderr]     Updating crates.io index
[INFO] running `Command { std: CARGO_HOME="/workspace/cargo-home" RUSTUP_HOME="/workspace/rustup-home" "/workspace/cargo-home/bin/cargo" "+1.75.0" "fetch" "--manifest-path" "Cargo.toml", kill_on_drop: false }`
[INFO] [stderr]     Blocking waiting for file lock on package cache
[INFO] [stderr]  Downloading crates ...
[INFO] [stderr]   Downloaded salsa20 v0.5.2
[INFO] [stderr]   Downloaded x25519-dalek v0.5.2
[INFO] [stderr]   Downloaded stream-cipher v0.4.1
[INFO] running `Command { std: "docker" "create" "-v" "/var/lib/crater-agent-workspace/builds/worker-1-tc1/target:/opt/rustwide/target:rw,Z" "-v" "/var/lib/crater-agent-workspace/builds/worker-1-tc1/source:/opt/rustwide/workdir:ro,Z" "-v" "/var/lib/crater-agent-workspace/cargo-home:/opt/rustwide/cargo-home:ro,Z" "-v" "/var/lib/crater-agent-workspace/rustup-home:/opt/rustwide/rustup-home:ro,Z" "-e" "SOURCE_DIR=/opt/rustwide/workdir" "-e" "CARGO_TARGET_DIR=/opt/rustwide/target" "-e" "CARGO_HOME=/opt/rustwide/cargo-home" "-e" "RUSTUP_HOME=/opt/rustwide/rustup-home" "-w" "/opt/rustwide/workdir" "-m" "1610612736" "--user" "0:0" "--network" "none" "ghcr.io/rust-lang/crates-build-env/linux@sha256:2788e3201cd34a07e3172128adcd8b3090168a8e3bcc40d7c032b9dda1df7d1c" "/opt/rustwide/cargo-home/bin/cargo" "+1.75.0" "metadata" "--no-deps" "--format-version=1", kill_on_drop: false }`
[INFO] [stdout] e51e99c1a2e2e6a4d813d6d096c229feb44bd0d411447aae7b45e78aa7c4f2fe
[INFO] running `Command { std: "docker" "start" "-a" "e51e99c1a2e2e6a4d813d6d096c229feb44bd0d411447aae7b45e78aa7c4f2fe", kill_on_drop: false }`
[INFO] running `Command { std: "docker" "inspect" "e51e99c1a2e2e6a4d813d6d096c229feb44bd0d411447aae7b45e78aa7c4f2fe", kill_on_drop: false }`
[INFO] running `Command { std: "docker" "rm" "-f" "e51e99c1a2e2e6a4d813d6d096c229feb44bd0d411447aae7b45e78aa7c4f2fe", kill_on_drop: false }`
[INFO] [stdout] e51e99c1a2e2e6a4d813d6d096c229feb44bd0d411447aae7b45e78aa7c4f2fe
[INFO] running `Command { std: "docker" "create" "-v" "/var/lib/crater-agent-workspace/builds/worker-1-tc1/target:/opt/rustwide/target:rw,Z" "-v" "/var/lib/crater-agent-workspace/builds/worker-1-tc1/source:/opt/rustwide/workdir:ro,Z" "-v" "/var/lib/crater-agent-workspace/cargo-home:/opt/rustwide/cargo-home:ro,Z" "-v" "/var/lib/crater-agent-workspace/rustup-home:/opt/rustwide/rustup-home:ro,Z" "-e" "SOURCE_DIR=/opt/rustwide/workdir" "-e" "CARGO_TARGET_DIR=/opt/rustwide/target" "-e" "CARGO_INCREMENTAL=0" "-e" "RUST_BACKTRACE=full" "-e" "RUSTFLAGS=--cap-lints=warn" "-e" "RUSTDOCFLAGS=--cap-lints=warn" "-e" "CARGO_HOME=/opt/rustwide/cargo-home" "-e" "RUSTUP_HOME=/opt/rustwide/rustup-home" "-w" "/opt/rustwide/workdir" "-m" "1610612736" "--user" "0:0" "--network" "none" "ghcr.io/rust-lang/crates-build-env/linux@sha256:2788e3201cd34a07e3172128adcd8b3090168a8e3bcc40d7c032b9dda1df7d1c" "/opt/rustwide/cargo-home/bin/cargo" "+1.75.0" "build" "--frozen" "--message-format=json", kill_on_drop: false }`
[INFO] [stdout] 48558aa5c58d5397e5771253d15d926e26f6341023c9958f0749719df9fb2358
[INFO] running `Command { std: "docker" "start" "-a" "48558aa5c58d5397e5771253d15d926e26f6341023c9958f0749719df9fb2358", kill_on_drop: false }`
[INFO] [stderr]    Compiling libc v0.2.151
[INFO] [stderr]    Compiling byteorder v1.5.0
[INFO] [stderr]    Compiling generic-array v0.14.7
[INFO] [stderr]    Compiling syn v1.0.109
[INFO] [stderr]    Compiling rand_core v0.4.2
[INFO] [stderr]    Compiling failure_derive v0.1.8
[INFO] [stderr]    Compiling digest v0.8.1
[INFO] [stderr]    Compiling memchr v2.7.1
[INFO] [stderr]    Compiling serde v1.0.194
[INFO] [stderr]    Compiling serde_derive v1.0.194
[INFO] [stderr]    Compiling rand_core v0.3.1
[INFO] [stderr]    Compiling block-buffer v0.7.3
[INFO] [stderr]    Compiling hex v0.4.3
[INFO] [stderr]    Compiling sha2 v0.8.2
[INFO] [stderr]    Compiling object v0.32.2
[INFO] [stderr]    Compiling digest v0.9.0
[INFO] [stderr]    Compiling block-buffer v0.9.0
[INFO] [stderr]    Compiling stream-cipher v0.4.1
[INFO] [stderr]    Compiling salsa20 v0.5.2
[INFO] [stderr]    Compiling sha2 v0.9.9
[INFO] [stderr]    Compiling cc v1.0.83
[INFO] [stderr]    Compiling getrandom v0.1.16
[INFO] [stderr]    Compiling rand_core v0.5.1
[INFO] [stderr]    Compiling rand_chacha v0.2.2
[INFO] [stderr]    Compiling curve25519-dalek v3.2.1
[INFO] [stderr]    Compiling rand v0.7.3
[INFO] [stderr]    Compiling clear_on_drop v0.2.5
[INFO] [stderr]    Compiling backtrace v0.3.69
[INFO] [stderr]    Compiling synstructure v0.12.6
[INFO] [stderr]    Compiling curve25519-dalek v1.2.6
[INFO] [stderr]    Compiling failure v0.1.8
[INFO] [stderr]    Compiling x25519-dalek v0.5.2
[INFO] [stderr]    Compiling ed25519-dalek v1.0.1
[INFO] [stderr]    Compiling zerotier-api v0.1.1 (/opt/rustwide/workdir)
[INFO] [stderr]     Finished dev [unoptimized + debuginfo] target(s) in 14.20s
[INFO] running `Command { std: "docker" "inspect" "48558aa5c58d5397e5771253d15d926e26f6341023c9958f0749719df9fb2358", kill_on_drop: false }`
[INFO] running `Command { std: "docker" "rm" "-f" "48558aa5c58d5397e5771253d15d926e26f6341023c9958f0749719df9fb2358", kill_on_drop: false }`
[INFO] [stdout] 48558aa5c58d5397e5771253d15d926e26f6341023c9958f0749719df9fb2358
[INFO] running `Command { std: "docker" "create" "-v" "/var/lib/crater-agent-workspace/builds/worker-1-tc1/target:/opt/rustwide/target:rw,Z" "-v" "/var/lib/crater-agent-workspace/builds/worker-1-tc1/source:/opt/rustwide/workdir:ro,Z" "-v" "/var/lib/crater-agent-workspace/cargo-home:/opt/rustwide/cargo-home:ro,Z" "-v" "/var/lib/crater-agent-workspace/rustup-home:/opt/rustwide/rustup-home:ro,Z" "-e" "SOURCE_DIR=/opt/rustwide/workdir" "-e" "CARGO_TARGET_DIR=/opt/rustwide/target" "-e" "CARGO_INCREMENTAL=0" "-e" "RUST_BACKTRACE=full" "-e" "RUSTFLAGS=--cap-lints=warn" "-e" "RUSTDOCFLAGS=--cap-lints=warn" "-e" "CARGO_HOME=/opt/rustwide/cargo-home" "-e" "RUSTUP_HOME=/opt/rustwide/rustup-home" "-w" "/opt/rustwide/workdir" "-m" "1610612736" "--user" "0:0" "--network" "none" "ghcr.io/rust-lang/crates-build-env/linux@sha256:2788e3201cd34a07e3172128adcd8b3090168a8e3bcc40d7c032b9dda1df7d1c" "/opt/rustwide/cargo-home/bin/cargo" "+1.75.0" "test" "--frozen" "--no-run" "--message-format=json", kill_on_drop: false }`
[INFO] [stdout] fa86f208a85b365864f1291e80861637729dc0bfb5c4790675a64cbd5d389aa5
[INFO] running `Command { std: "docker" "start" "-a" "fa86f208a85b365864f1291e80861637729dc0bfb5c4790675a64cbd5d389aa5", kill_on_drop: false }`
[INFO] [stderr]    Compiling zerotier-api v0.1.1 (/opt/rustwide/workdir)
[INFO] [stdout] error[E0599]: no method named `sign` found for struct `ed25519_dalek::Keypair` in the current scope
[INFO] [stdout]    --> src/identity.rs:102:33
[INFO] [stdout]     |
[INFO] [stdout] 102 |         let signature = keypair.sign(message);
[INFO] [stdout]     |                                 ^^^^ method not found in `Keypair`
[INFO] [stdout]     |
[INFO] [stdout]    ::: /opt/rustwide/cargo-home/registry/src/index.crates.io-6f17d22bba15001f/signature-1.6.4/src/signer.rs:15:8
[INFO] [stdout]     |
[INFO] [stdout] 15  |     fn sign(&self, msg: &[u8]) -> S {
[INFO] [stdout]     |        ---- the method is available for `ed25519_dalek::Keypair` here
[INFO] [stdout]     |
[INFO] [stdout]     = help: items from traits can only be used if the trait is in scope
[INFO] [stdout] help: the following trait is implemented but not in scope; perhaps add a `use` for it:
[INFO] [stdout]     |
[INFO] [stdout] 80  +     use ed25519_dalek::Signer;
[INFO] [stdout]     |
[INFO] [stdout] 
[INFO] [stdout] 
[INFO] [stdout] error[E0599]: no method named `verify` found for struct `ed25519_dalek::PublicKey` in the current scope
[INFO] [stdout]    --> src/identity.rs:104:32
[INFO] [stdout]     |
[INFO] [stdout] 104 |         identity.public_key.ed.verify(message, &signature)?;
[INFO] [stdout]     |                                ^^^^^^ method not found in `PublicKey`
[INFO] [stdout]     |
[INFO] [stdout]    ::: /opt/rustwide/cargo-home/registry/src/index.crates.io-6f17d22bba15001f/signature-1.6.4/src/verifier.rs:14:8
[INFO] [stdout]     |
[INFO] [stdout] 14  |     fn verify(&self, msg: &[u8], signature: &S) -> Result<(), Error>;
[INFO] [stdout]     |        ------ the method is available for `ed25519_dalek::PublicKey` here
[INFO] [stdout]     |
[INFO] [stdout]     = help: items from traits can only be used if the trait is in scope
[INFO] [stdout] help: the following trait is implemented but not in scope; perhaps add a `use` for it:
[INFO] [stdout]     |
[INFO] [stdout] 80  +     use ed25519_dalek::Verifier;
[INFO] [stdout]     |
[INFO] [stdout] 
[INFO] [stdout] 
[INFO] [stdout] error: aborting due to 2 previous errors
[INFO] [stdout] 
[INFO] [stdout] 
[INFO] [stdout] For more information about this error, try `rustc --explain E0599`.
[INFO] [stdout] 
[INFO] [stderr] error: could not compile `zerotier-api` (lib test) due to 3 previous errors
[INFO] running `Command { std: "docker" "inspect" "fa86f208a85b365864f1291e80861637729dc0bfb5c4790675a64cbd5d389aa5", kill_on_drop: false }`
[INFO] running `Command { std: "docker" "rm" "-f" "fa86f208a85b365864f1291e80861637729dc0bfb5c4790675a64cbd5d389aa5", kill_on_drop: false }`
[INFO] [stdout] fa86f208a85b365864f1291e80861637729dc0bfb5c4790675a64cbd5d389aa5
[INFO] testing zerotier-api-0.1.1 against beta-2023-12-22 for beta-1.76-1
[INFO] extracting crate zerotier-api 0.1.1 into /workspace/builds/worker-1-tc2/source
[INFO] validating manifest of crates.io crate zerotier-api 0.1.1 on toolchain beta-2023-12-22
[INFO] running `Command { std: CARGO_HOME="/workspace/cargo-home" RUSTUP_HOME="/workspace/rustup-home" "/workspace/cargo-home/bin/cargo" "+beta-2023-12-22" "metadata" "--manifest-path" "Cargo.toml" "--no-deps", kill_on_drop: false }`
[INFO] removed /workspace/builds/worker-1-tc2/source/rust-toolchain
[INFO] started tweaking crates.io crate zerotier-api 0.1.1
[INFO] finished tweaking crates.io crate zerotier-api 0.1.1
[INFO] tweaked toml for crates.io crate zerotier-api 0.1.1 written to /workspace/builds/worker-1-tc2/source/Cargo.toml
[INFO] running `Command { std: CARGO_HOME="/workspace/cargo-home" RUSTUP_HOME="/workspace/rustup-home" "/workspace/cargo-home/bin/cargo" "+beta-2023-12-22" "generate-lockfile" "--manifest-path" "Cargo.toml", kill_on_drop: false }`
[INFO] [stderr]     Updating crates.io index
[INFO] running `Command { std: CARGO_HOME="/workspace/cargo-home" RUSTUP_HOME="/workspace/rustup-home" "/workspace/cargo-home/bin/cargo" "+beta-2023-12-22" "fetch" "--manifest-path" "Cargo.toml", kill_on_drop: false }`
[INFO] running `Command { std: "docker" "create" "-v" "/var/lib/crater-agent-workspace/builds/worker-1-tc2/target:/opt/rustwide/target:rw,Z" "-v" "/var/lib/crater-agent-workspace/builds/worker-1-tc2/source:/opt/rustwide/workdir:ro,Z" "-v" "/var/lib/crater-agent-workspace/cargo-home:/opt/rustwide/cargo-home:ro,Z" "-v" "/var/lib/crater-agent-workspace/rustup-home:/opt/rustwide/rustup-home:ro,Z" "-e" "SOURCE_DIR=/opt/rustwide/workdir" "-e" "CARGO_TARGET_DIR=/opt/rustwide/target" "-e" "CARGO_HOME=/opt/rustwide/cargo-home" "-e" "RUSTUP_HOME=/opt/rustwide/rustup-home" "-w" "/opt/rustwide/workdir" "-m" "1610612736" "--user" "0:0" "--network" "none" "ghcr.io/rust-lang/crates-build-env/linux@sha256:2788e3201cd34a07e3172128adcd8b3090168a8e3bcc40d7c032b9dda1df7d1c" "/opt/rustwide/cargo-home/bin/cargo" "+beta-2023-12-22" "metadata" "--no-deps" "--format-version=1", kill_on_drop: false }`
[INFO] [stdout] 2aaeedc87046504c58c84eda0367ba005b7abf69ab4cb999a13ea2ea988eadbf
[INFO] running `Command { std: "docker" "start" "-a" "2aaeedc87046504c58c84eda0367ba005b7abf69ab4cb999a13ea2ea988eadbf", kill_on_drop: false }`
[INFO] running `Command { std: "docker" "inspect" "2aaeedc87046504c58c84eda0367ba005b7abf69ab4cb999a13ea2ea988eadbf", kill_on_drop: false }`
[INFO] running `Command { std: "docker" "rm" "-f" "2aaeedc87046504c58c84eda0367ba005b7abf69ab4cb999a13ea2ea988eadbf", kill_on_drop: false }`
[INFO] [stdout] 2aaeedc87046504c58c84eda0367ba005b7abf69ab4cb999a13ea2ea988eadbf
[INFO] running `Command { std: "docker" "create" "-v" "/var/lib/crater-agent-workspace/builds/worker-1-tc2/target:/opt/rustwide/target:rw,Z" "-v" "/var/lib/crater-agent-workspace/builds/worker-1-tc2/source:/opt/rustwide/workdir:ro,Z" "-v" "/var/lib/crater-agent-workspace/cargo-home:/opt/rustwide/cargo-home:ro,Z" "-v" "/var/lib/crater-agent-workspace/rustup-home:/opt/rustwide/rustup-home:ro,Z" "-e" "SOURCE_DIR=/opt/rustwide/workdir" "-e" "CARGO_TARGET_DIR=/opt/rustwide/target" "-e" "CARGO_INCREMENTAL=0" "-e" "RUST_BACKTRACE=full" "-e" "RUSTFLAGS=--cap-lints=warn" "-e" "RUSTDOCFLAGS=--cap-lints=warn" "-e" "CARGO_HOME=/opt/rustwide/cargo-home" "-e" "RUSTUP_HOME=/opt/rustwide/rustup-home" "-w" "/opt/rustwide/workdir" "-m" "1610612736" "--user" "0:0" "--network" "none" "ghcr.io/rust-lang/crates-build-env/linux@sha256:2788e3201cd34a07e3172128adcd8b3090168a8e3bcc40d7c032b9dda1df7d1c" "/opt/rustwide/cargo-home/bin/cargo" "+beta-2023-12-22" "build" "--frozen" "--message-format=json", kill_on_drop: false }`
[INFO] [stdout] 2a0443be7d87c8f41af33fb6b3ba12f3906324791108072033051490455a94c4
[INFO] running `Command { std: "docker" "start" "-a" "2a0443be7d87c8f41af33fb6b3ba12f3906324791108072033051490455a94c4", kill_on_drop: false }`
[INFO] [stderr]    Compiling libc v0.2.151
[INFO] [stderr]    Compiling byteorder v1.5.0
[INFO] [stderr]    Compiling generic-array v0.14.7
[INFO] [stderr]    Compiling rand_core v0.4.2
[INFO] [stderr]    Compiling syn v1.0.109
[INFO] [stderr]    Compiling memchr v2.7.1
[INFO] [stderr]    Compiling digest v0.8.1
[INFO] [stderr]    Compiling failure_derive v0.1.8
[INFO] [stderr]    Compiling serde v1.0.194
[INFO] [stderr]    Compiling rand_core v0.3.1
[INFO] [stderr]    Compiling serde_derive v1.0.194
[INFO] [stderr]    Compiling hex v0.4.3
[INFO] [stderr]    Compiling block-buffer v0.7.3
[INFO] [stderr]    Compiling sha2 v0.8.2
[INFO] [stderr]    Compiling object v0.32.2
[INFO] [stderr]    Compiling digest v0.9.0
[INFO] [stderr]    Compiling block-buffer v0.9.0
[INFO] [stderr]    Compiling stream-cipher v0.4.1
[INFO] [stderr]    Compiling sha2 v0.9.9
[INFO] [stderr]    Compiling salsa20 v0.5.2
[INFO] [stderr]    Compiling cc v1.0.83
[INFO] [stderr]    Compiling getrandom v0.1.16
[INFO] [stderr]    Compiling rand_core v0.5.1
[INFO] [stderr]    Compiling rand_chacha v0.2.2
[INFO] [stderr]    Compiling curve25519-dalek v3.2.1
[INFO] [stderr]    Compiling rand v0.7.3
[INFO] [stderr]    Compiling clear_on_drop v0.2.5
[INFO] [stderr]    Compiling backtrace v0.3.69
[INFO] [stderr]    Compiling synstructure v0.12.6
[INFO] [stderr]    Compiling curve25519-dalek v1.2.6
[INFO] [stderr]    Compiling failure v0.1.8
[INFO] [stderr]    Compiling x25519-dalek v0.5.2
[INFO] [stderr]    Compiling ed25519-dalek v1.0.1
[INFO] [stderr]    Compiling zerotier-api v0.1.1 (/opt/rustwide/workdir)
[INFO] [stderr]     Finished dev [unoptimized + debuginfo] target(s) in 12.64s
[INFO] running `Command { std: "docker" "inspect" "2a0443be7d87c8f41af33fb6b3ba12f3906324791108072033051490455a94c4", kill_on_drop: false }`
[INFO] running `Command { std: "docker" "rm" "-f" "2a0443be7d87c8f41af33fb6b3ba12f3906324791108072033051490455a94c4", kill_on_drop: false }`
[INFO] [stdout] 2a0443be7d87c8f41af33fb6b3ba12f3906324791108072033051490455a94c4
[INFO] running `Command { std: "docker" "create" "-v" "/var/lib/crater-agent-workspace/builds/worker-1-tc2/target:/opt/rustwide/target:rw,Z" "-v" "/var/lib/crater-agent-workspace/builds/worker-1-tc2/source:/opt/rustwide/workdir:ro,Z" "-v" "/var/lib/crater-agent-workspace/cargo-home:/opt/rustwide/cargo-home:ro,Z" "-v" "/var/lib/crater-agent-workspace/rustup-home:/opt/rustwide/rustup-home:ro,Z" "-e" "SOURCE_DIR=/opt/rustwide/workdir" "-e" "CARGO_TARGET_DIR=/opt/rustwide/target" "-e" "CARGO_INCREMENTAL=0" "-e" "RUST_BACKTRACE=full" "-e" "RUSTFLAGS=--cap-lints=warn" "-e" "RUSTDOCFLAGS=--cap-lints=warn" "-e" "CARGO_HOME=/opt/rustwide/cargo-home" "-e" "RUSTUP_HOME=/opt/rustwide/rustup-home" "-w" "/opt/rustwide/workdir" "-m" "1610612736" "--user" "0:0" "--network" "none" "ghcr.io/rust-lang/crates-build-env/linux@sha256:2788e3201cd34a07e3172128adcd8b3090168a8e3bcc40d7c032b9dda1df7d1c" "/opt/rustwide/cargo-home/bin/cargo" "+beta-2023-12-22" "test" "--frozen" "--no-run" "--message-format=json", kill_on_drop: false }`
[INFO] [stdout] c30f7644146df8db7f34dfe1e0c861a1bc56e7885d50c2e20454d3d2bcc86e71
[INFO] running `Command { std: "docker" "start" "-a" "c30f7644146df8db7f34dfe1e0c861a1bc56e7885d50c2e20454d3d2bcc86e71", kill_on_drop: false }`
[INFO] [stderr]    Compiling zerotier-api v0.1.1 (/opt/rustwide/workdir)
[INFO] [stdout] error[E0599]: no method named `sign` found for struct `ed25519_dalek::Keypair` in the current scope
[INFO] [stdout]    --> src/identity.rs:102:33
[INFO] [stdout]     |
[INFO] [stdout] 102 |         let signature = keypair.sign(message);
[INFO] [stdout]     |                                 ^^^^ method not found in `Keypair`
[INFO] [stdout]     |
[INFO] [stdout]    ::: /opt/rustwide/cargo-home/registry/src/index.crates.io-6f17d22bba15001f/signature-1.6.4/src/signer.rs:15:8
[INFO] [stdout]     |
[INFO] [stdout] 15  |     fn sign(&self, msg: &[u8]) -> S {
[INFO] [stdout]     |        ---- the method is available for `ed25519_dalek::Keypair` here
[INFO] [stdout]     |
[INFO] [stdout]     = help: items from traits can only be used if the trait is in scope
[INFO] [stdout] help: the following trait is implemented but not in scope; perhaps add a `use` for it:
[INFO] [stdout]     |
[INFO] [stdout] 80  +     use ed25519_dalek::Signer;
[INFO] [stdout]     |
[INFO] [stdout] 
[INFO] [stdout] 
[INFO] [stdout] error[E0599]: no method named `verify` found for struct `ed25519_dalek::PublicKey` in the current scope
[INFO] [stdout]    --> src/identity.rs:104:32
[INFO] [stdout]     |
[INFO] [stdout] 104 |         identity.public_key.ed.verify(message, &signature)?;
[INFO] [stdout]     |                                ^^^^^^ method not found in `PublicKey`
[INFO] [stdout]     |
[INFO] [stdout]    ::: /opt/rustwide/cargo-home/registry/src/index.crates.io-6f17d22bba15001f/signature-1.6.4/src/verifier.rs:14:8
[INFO] [stdout]     |
[INFO] [stdout] 14  |     fn verify(&self, msg: &[u8], signature: &S) -> Result<(), Error>;
[INFO] [stdout]     |        ------ the method is available for `ed25519_dalek::PublicKey` here
[INFO] [stdout]     |
[INFO] [stdout]     = help: items from traits can only be used if the trait is in scope
[INFO] [stdout] help: the following trait is implemented but not in scope; perhaps add a `use` for it:
[INFO] [stdout]     |
[INFO] [stdout] 80  +     use ed25519_dalek::Verifier;
[INFO] [stdout]     |
[INFO] [stdout] 
[INFO] [stdout] 
[INFO] [stdout] error: aborting due to 2 previous errors
[INFO] [stdout] 
[INFO] [stdout] 
[INFO] [stdout] For more information about this error, try `rustc --explain E0599`.
[INFO] [stdout] 
[INFO] [stderr] error: could not compile `zerotier-api` (lib test) due to 3 previous errors
[INFO] running `Command { std: "docker" "inspect" "c30f7644146df8db7f34dfe1e0c861a1bc56e7885d50c2e20454d3d2bcc86e71", kill_on_drop: false }`
[INFO] running `Command { std: "docker" "rm" "-f" "c30f7644146df8db7f34dfe1e0c861a1bc56e7885d50c2e20454d3d2bcc86e71", kill_on_drop: false }`
[INFO] [stdout] c30f7644146df8db7f34dfe1e0c861a1bc56e7885d50c2e20454d3d2bcc86e71
