[INFO] fetching crate zerostash-files 0.7.0...
[INFO] testing zerostash-files-0.7.0 against 1.75.0 for beta-1.76-1
[INFO] extracting crate zerostash-files 0.7.0 into /workspace/builds/worker-7-tc1/source
[INFO] validating manifest of crates.io crate zerostash-files 0.7.0 on toolchain 1.75.0
[INFO] running `Command { std: CARGO_HOME="/workspace/cargo-home" RUSTUP_HOME="/workspace/rustup-home" "/workspace/cargo-home/bin/cargo" "+1.75.0" "metadata" "--manifest-path" "Cargo.toml" "--no-deps", kill_on_drop: false }`
[INFO] started tweaking crates.io crate zerostash-files 0.7.0
[INFO] finished tweaking crates.io crate zerostash-files 0.7.0
[INFO] tweaked toml for crates.io crate zerostash-files 0.7.0 written to /workspace/builds/worker-7-tc1/source/Cargo.toml
[INFO] running `Command { std: CARGO_HOME="/workspace/cargo-home" RUSTUP_HOME="/workspace/rustup-home" "/workspace/cargo-home/bin/cargo" "+1.75.0" "generate-lockfile" "--manifest-path" "Cargo.toml", kill_on_drop: false }`
[INFO] [stderr]     Updating crates.io index
[INFO] running `Command { std: CARGO_HOME="/workspace/cargo-home" RUSTUP_HOME="/workspace/rustup-home" "/workspace/cargo-home/bin/cargo" "+1.75.0" "fetch" "--manifest-path" "Cargo.toml", kill_on_drop: false }`
[INFO] [stderr]     Blocking waiting for file lock on package cache
[INFO] [stderr]     Blocking waiting for file lock on package cache
[INFO] [stderr]  Downloading crates ...
[INFO] [stderr]   Downloaded structure-macro-impl v0.1.2
[INFO] [stderr]   Downloaded structure v0.1.2
[INFO] [stderr]   Downloaded rusb v0.8.1
[INFO] [stderr]   Downloaded infinitree-macros v0.10.4
[INFO] [stderr]   Downloaded yubico_manager v0.9.0
[INFO] [stderr]   Downloaded async-scoped v0.7.1
[INFO] [stderr]   Downloaded infinitree v0.10.4
[INFO] [stderr]   Downloaded scc v1.9.1
[INFO] [stderr]   Downloaded libsodium-sys-stable v1.20.4
[INFO] [stderr]   Downloaded libusb1-sys v0.5.0
[INFO] running `Command { std: "docker" "create" "-v" "/var/lib/crater-agent-workspace/builds/worker-7-tc1/target:/opt/rustwide/target:rw,Z" "-v" "/var/lib/crater-agent-workspace/builds/worker-7-tc1/source:/opt/rustwide/workdir:ro,Z" "-v" "/var/lib/crater-agent-workspace/cargo-home:/opt/rustwide/cargo-home:ro,Z" "-v" "/var/lib/crater-agent-workspace/rustup-home:/opt/rustwide/rustup-home:ro,Z" "-e" "SOURCE_DIR=/opt/rustwide/workdir" "-e" "CARGO_TARGET_DIR=/opt/rustwide/target" "-e" "CARGO_HOME=/opt/rustwide/cargo-home" "-e" "RUSTUP_HOME=/opt/rustwide/rustup-home" "-w" "/opt/rustwide/workdir" "-m" "1610612736" "--user" "0:0" "--network" "none" "ghcr.io/rust-lang/crates-build-env/linux@sha256:2788e3201cd34a07e3172128adcd8b3090168a8e3bcc40d7c032b9dda1df7d1c" "/opt/rustwide/cargo-home/bin/cargo" "+1.75.0" "metadata" "--no-deps" "--format-version=1", kill_on_drop: false }`
[INFO] [stdout] de45022a5307a035e522de0463556708ce1ab38caadfe0c2bcbce81277ba29d2
[INFO] running `Command { std: "docker" "start" "-a" "de45022a5307a035e522de0463556708ce1ab38caadfe0c2bcbce81277ba29d2", kill_on_drop: false }`
[INFO] running `Command { std: "docker" "inspect" "de45022a5307a035e522de0463556708ce1ab38caadfe0c2bcbce81277ba29d2", kill_on_drop: false }`
[INFO] running `Command { std: "docker" "rm" "-f" "de45022a5307a035e522de0463556708ce1ab38caadfe0c2bcbce81277ba29d2", kill_on_drop: false }`
[INFO] [stdout] de45022a5307a035e522de0463556708ce1ab38caadfe0c2bcbce81277ba29d2
[INFO] running `Command { std: "docker" "create" "-v" "/var/lib/crater-agent-workspace/builds/worker-7-tc1/target:/opt/rustwide/target:rw,Z" "-v" "/var/lib/crater-agent-workspace/builds/worker-7-tc1/source:/opt/rustwide/workdir:ro,Z" "-v" "/var/lib/crater-agent-workspace/cargo-home:/opt/rustwide/cargo-home:ro,Z" "-v" "/var/lib/crater-agent-workspace/rustup-home:/opt/rustwide/rustup-home:ro,Z" "-e" "SOURCE_DIR=/opt/rustwide/workdir" "-e" "CARGO_TARGET_DIR=/opt/rustwide/target" "-e" "CARGO_INCREMENTAL=0" "-e" "RUST_BACKTRACE=full" "-e" "RUSTFLAGS=--cap-lints=warn" "-e" "RUSTDOCFLAGS=--cap-lints=warn" "-e" "CARGO_HOME=/opt/rustwide/cargo-home" "-e" "RUSTUP_HOME=/opt/rustwide/rustup-home" "-w" "/opt/rustwide/workdir" "-m" "1610612736" "--user" "0:0" "--network" "none" "ghcr.io/rust-lang/crates-build-env/linux@sha256:2788e3201cd34a07e3172128adcd8b3090168a8e3bcc40d7c032b9dda1df7d1c" "/opt/rustwide/cargo-home/bin/cargo" "+1.75.0" "build" "--frozen" "--message-format=json", kill_on_drop: false }`
[INFO] [stdout] a4167b345a1bdf8218ae4e67d1f1f62e73769677ccde3ab1cd56a6f2f291b772
[INFO] running `Command { std: "docker" "start" "-a" "a4167b345a1bdf8218ae4e67d1f1f62e73769677ccde3ab1cd56a6f2f291b772", kill_on_drop: false }`
[INFO] [stderr]    Compiling libc v0.2.151
[INFO] [stderr]    Compiling rustix v0.38.28
[INFO] [stderr]    Compiling syn v2.0.48
[INFO] [stderr]    Compiling linux-raw-sys v0.4.12
[INFO] [stderr]    Compiling bitflags v2.4.1
[INFO] [stderr]    Compiling memchr v2.7.1
[INFO] [stderr]    Compiling hashbrown v0.13.2
[INFO] [stderr]    Compiling crc32fast v1.3.2
[INFO] [stderr]    Compiling getrandom v0.2.11
[INFO] [stderr]    Compiling rle-decode-fast v1.0.3
[INFO] [stderr]    Compiling num-traits v0.2.17
[INFO] [stderr]    Compiling dary_heap v0.3.6
[INFO] [stderr]    Compiling serde v1.0.194
[INFO] [stderr]    Compiling fnv v1.0.7
[INFO] [stderr]    Compiling ident_case v1.0.1
[INFO] [stderr]    Compiling adler32 v1.2.0
[INFO] [stderr]    Compiling minisign-verify v0.2.1
[INFO] [stderr]    Compiling equivalent v1.0.1
[INFO] [stderr]    Compiling core2 v0.4.0
[INFO] [stderr]    Compiling libflate_lz77 v2.0.0
[INFO] [stderr]    Compiling libflate v2.0.0
[INFO] [stderr]    Compiling hashbrown v0.14.3
[INFO] [stderr]    Compiling cc v1.0.83
[INFO] [stderr]    Compiling filetime v0.2.23
[INFO] [stderr]    Compiling proc-macro-hack-impl v0.4.3
[INFO] [stderr]    Compiling proc-macro-hack v0.4.3
[INFO] [stderr]    Compiling rand_core v0.6.4
[INFO] [stderr]    Compiling indexmap v2.1.0
[INFO] [stderr]    Compiling cipher v0.3.0
[INFO] [stderr]    Compiling toml_datetime v0.6.5
[INFO] [stderr]    Compiling rusb v0.8.1
[INFO] [stderr]    Compiling winnow v0.5.32
[INFO] [stderr]    Compiling quote v0.3.15
[INFO] [stderr]    Compiling subtle v2.4.1
[INFO] [stderr]    Compiling structure-macro-impl v0.1.2
[INFO] [stderr]    Compiling crypto-mac v0.11.1
[INFO] [stderr]    Compiling anstyle-parse v0.2.3
[INFO] [stderr]    Compiling rand_chacha v0.3.1
[INFO] [stderr]    Compiling proc-macro-error-attr v1.0.4
[INFO] [stderr]    Compiling syn v1.0.109
[INFO] [stderr]    Compiling libusb1-sys v0.5.0
[INFO] [stderr]    Compiling ring v0.16.20
[INFO] [stderr]    Compiling xattr v1.2.0
[INFO] [stderr]    Compiling tar v0.4.40
[INFO] [stderr]    Compiling blake3 v1.5.0
[INFO] [stderr]    Compiling block-buffer v0.9.0
[INFO] [stderr]    Compiling aho-corasick v1.1.2
[INFO] [stderr]    Compiling regex-syntax v0.8.2
[INFO] [stderr]    Compiling toml_edit v0.19.15
[INFO] [stderr]    Compiling anstyle-query v1.0.2
[INFO] [stderr]    Compiling colorchoice v1.0.0
[INFO] [stderr]    Compiling anstyle v1.0.4
[INFO] [stderr]    Compiling anstream v0.6.5
[INFO] [stderr]    Compiling libsodium-sys-stable v1.20.4
[INFO] [stderr]    Compiling darling_core v0.20.3
[INFO] [stderr]    Compiling proc-macro-crate v1.3.1
[INFO] [stderr]    Compiling regex-automata v0.4.3
[INFO] [stderr]    Compiling proc-macro-error v1.0.4
[INFO] [stderr]    Compiling twox-hash v1.6.3
[INFO] [stderr]    Compiling block-modes v0.8.1
[INFO] [stderr]    Compiling sha-1 v0.9.8
[INFO] [stderr]    Compiling rmp v0.8.12
[INFO] [stderr]    Compiling structure v0.1.2
[INFO] [stderr]    Compiling rand v0.8.5
[INFO] [stderr]    Compiling serde_derive v1.0.194
[INFO] [stderr]    Compiling futures-macro v0.3.30
[INFO] [stderr]    Compiling darling_macro v0.20.3
[INFO] [stderr]    Compiling pin-project-internal v1.1.3
[INFO] [stderr]    Compiling thiserror-impl v1.0.56
[INFO] [stderr]    Compiling tokio-macros v2.2.0
[INFO] [stderr]    Compiling darling v0.20.3
[INFO] [stderr]    Compiling serde_with_macros v3.4.0
[INFO] [stderr]    Compiling futures-util v0.3.30
[INFO] [stderr]    Compiling hmac v0.11.0
[INFO] [stderr]    Compiling pin-project v1.1.3
[INFO] [stderr]    Compiling blake2b_simd v1.0.2
[INFO] [stderr]    Compiling aes v0.7.5
[INFO] [stderr]    Compiling nanorand v0.7.0
[INFO] [stderr]    Compiling bstr v1.9.0
[INFO] [stderr]    Compiling num_cpus v1.16.0
[INFO] [stderr]    Compiling base64 v0.21.5
[INFO] [stderr]    Compiling clap_lex v0.6.0
[INFO] [stderr]    Compiling same-file v1.0.6
[INFO] [stderr]    Compiling infinitree v0.10.4
[INFO] [stderr]    Compiling zeroize v1.7.0
[INFO] [stderr]    Compiling tokio v1.35.1
[INFO] [stderr]    Compiling secrecy v0.8.0
[INFO] [stderr]    Compiling clap_derive v4.4.7
[INFO] [stderr]    Compiling rust-argon2 v1.0.1
[INFO] [stderr]    Compiling walkdir v2.4.0
[INFO] [stderr]    Compiling clap_builder v4.4.12
[INFO] [stderr]    Compiling globset v0.4.14
[INFO] [stderr]    Compiling futures-executor v0.3.30
[INFO] [stderr]    Compiling futures v0.3.30
[INFO] [stderr]    Compiling yubico_manager v0.9.0
[INFO] [stderr]    Compiling flume v0.10.14
[INFO] [stderr]    Compiling thiserror v1.0.56
[INFO] [stderr]    Compiling tracing-attributes v0.1.27
[INFO] [stderr]    Compiling lz4_flex v0.11.1
[INFO] [stderr]    Compiling infinitree-macros v0.10.4
[INFO] [stderr]    Compiling lru v0.10.1
[INFO] [stderr]    Compiling memmap2 v0.7.1
[INFO] [stderr]    Compiling tracing-core v0.1.32
[INFO] [stderr]    Compiling either v1.9.0
[INFO] [stderr]    Compiling scc v1.9.1
[INFO] [stderr]    Compiling rmp-serde v1.1.2
[INFO] [stderr]    Compiling serde_with v3.4.0
[INFO] [stderr]    Compiling chrono v0.4.31
[INFO] [stderr]    Compiling itertools v0.11.0
[INFO] [stderr]    Compiling tracing v0.1.40
[INFO] [stderr]    Compiling async-scoped v0.7.1
[INFO] [stderr]    Compiling clap v4.4.13
[INFO] [stderr]    Compiling ignore v0.4.21
[INFO] [stderr]    Compiling nix v0.26.4
[INFO] [stderr]    Compiling seahash v4.1.0
[INFO] [stderr]    Compiling zerostash-files v0.7.0 (/opt/rustwide/workdir)
[INFO] [stderr]     Finished dev [unoptimized + debuginfo] target(s) in 53.75s
[INFO] running `Command { std: "docker" "inspect" "a4167b345a1bdf8218ae4e67d1f1f62e73769677ccde3ab1cd56a6f2f291b772", kill_on_drop: false }`
[INFO] running `Command { std: "docker" "rm" "-f" "a4167b345a1bdf8218ae4e67d1f1f62e73769677ccde3ab1cd56a6f2f291b772", kill_on_drop: false }`
[INFO] [stdout] a4167b345a1bdf8218ae4e67d1f1f62e73769677ccde3ab1cd56a6f2f291b772
[INFO] running `Command { std: "docker" "create" "-v" "/var/lib/crater-agent-workspace/builds/worker-7-tc1/target:/opt/rustwide/target:rw,Z" "-v" "/var/lib/crater-agent-workspace/builds/worker-7-tc1/source:/opt/rustwide/workdir:ro,Z" "-v" "/var/lib/crater-agent-workspace/cargo-home:/opt/rustwide/cargo-home:ro,Z" "-v" "/var/lib/crater-agent-workspace/rustup-home:/opt/rustwide/rustup-home:ro,Z" "-e" "SOURCE_DIR=/opt/rustwide/workdir" "-e" "CARGO_TARGET_DIR=/opt/rustwide/target" "-e" "CARGO_INCREMENTAL=0" "-e" "RUST_BACKTRACE=full" "-e" "RUSTFLAGS=--cap-lints=warn" "-e" "RUSTDOCFLAGS=--cap-lints=warn" "-e" "CARGO_HOME=/opt/rustwide/cargo-home" "-e" "RUSTUP_HOME=/opt/rustwide/rustup-home" "-w" "/opt/rustwide/workdir" "-m" "1610612736" "--user" "0:0" "--network" "none" "ghcr.io/rust-lang/crates-build-env/linux@sha256:2788e3201cd34a07e3172128adcd8b3090168a8e3bcc40d7c032b9dda1df7d1c" "/opt/rustwide/cargo-home/bin/cargo" "+1.75.0" "test" "--frozen" "--no-run" "--message-format=json", kill_on_drop: false }`
[INFO] [stdout] 15f0f84fd284a7c5144eafa0212efcaa9513e1c6b61479439d06f8041a12ff5d
[INFO] running `Command { std: "docker" "start" "-a" "15f0f84fd284a7c5144eafa0212efcaa9513e1c6b61479439d06f8041a12ff5d", kill_on_drop: false }`
[INFO] [stderr]    Compiling zerostash-files v0.7.0 (/opt/rustwide/workdir)
[INFO] [stdout] error[E0433]: failed to resolve: could not find `test` in `backends`
[INFO] [stdout]    --> src/tree.rs:566:40
[INFO] [stdout]     |
[INFO] [stdout] 566 |         let storage = crate::backends::test::InMemoryBackend::shared();
[INFO] [stdout]     |                                        ^^^^ could not find `test` in `backends`
[INFO] [stdout] 
[INFO] [stdout] 
[INFO] [stdout] error[E0433]: failed to resolve: could not find `test` in `backends`
[INFO] [stdout]    --> src/tree.rs:674:40
[INFO] [stdout]     |
[INFO] [stdout] 674 |         let storage = crate::backends::test::InMemoryBackend::shared();
[INFO] [stdout]     |                                        ^^^^ could not find `test` in `backends`
[INFO] [stdout] 
[INFO] [stdout] 
[INFO] [stdout] error[E0433]: failed to resolve: could not find `test` in `backends`
[INFO] [stdout]    --> src/tree.rs:735:40
[INFO] [stdout]     |
[INFO] [stdout] 735 |         let storage = crate::backends::test::InMemoryBackend::shared();
[INFO] [stdout]     |                                        ^^^^ could not find `test` in `backends`
[INFO] [stdout] 
[INFO] [stdout] 
[INFO] [stdout] error[E0433]: failed to resolve: could not find `test` in `backends`
[INFO] [stdout]    --> src/tree.rs:795:40
[INFO] [stdout]     |
[INFO] [stdout] 795 |         let storage = crate::backends::test::InMemoryBackend::shared();
[INFO] [stdout]     |                                        ^^^^ could not find `test` in `backends`
[INFO] [stdout] 
[INFO] [stdout] 
[INFO] [stdout] error[E0433]: failed to resolve: use of undeclared crate or module `getrandom`
[INFO] [stdout]    --> src/rollsum.rs:117:9
[INFO] [stdout]     |
[INFO] [stdout] 117 |         getrandom::getrandom(&mut buf).unwrap();
[INFO] [stdout]     |         ^^^^^^^^^ use of undeclared crate or module `getrandom`
[INFO] [stdout] 
[INFO] [stdout] 
[INFO] [stdout] error: aborting due to 5 previous errors
[INFO] [stdout] 
[INFO] [stdout] 
[INFO] [stdout] For more information about this error, try `rustc --explain E0433`.
[INFO] [stdout] 
[INFO] [stderr] error: could not compile `zerostash-files` (lib test) due to 6 previous errors
[INFO] running `Command { std: "docker" "inspect" "15f0f84fd284a7c5144eafa0212efcaa9513e1c6b61479439d06f8041a12ff5d", kill_on_drop: false }`
[INFO] running `Command { std: "docker" "rm" "-f" "15f0f84fd284a7c5144eafa0212efcaa9513e1c6b61479439d06f8041a12ff5d", kill_on_drop: false }`
[INFO] [stdout] 15f0f84fd284a7c5144eafa0212efcaa9513e1c6b61479439d06f8041a12ff5d
