[INFO] fetching crate zero_v_gen 0.1.0...
[INFO] testing zero_v_gen-0.1.0 against 1.75.0 for beta-1.76-1
[INFO] extracting crate zero_v_gen 0.1.0 into /workspace/builds/worker-4-tc1/source
[INFO] validating manifest of crates.io crate zero_v_gen 0.1.0 on toolchain 1.75.0
[INFO] running `Command { std: CARGO_HOME="/workspace/cargo-home" RUSTUP_HOME="/workspace/rustup-home" "/workspace/cargo-home/bin/cargo" "+1.75.0" "metadata" "--manifest-path" "Cargo.toml" "--no-deps", kill_on_drop: false }`
[INFO] started tweaking crates.io crate zero_v_gen 0.1.0
[INFO] finished tweaking crates.io crate zero_v_gen 0.1.0
[INFO] tweaked toml for crates.io crate zero_v_gen 0.1.0 written to /workspace/builds/worker-4-tc1/source/Cargo.toml
[INFO] running `Command { std: CARGO_HOME="/workspace/cargo-home" RUSTUP_HOME="/workspace/rustup-home" "/workspace/cargo-home/bin/cargo" "+1.75.0" "generate-lockfile" "--manifest-path" "Cargo.toml", kill_on_drop: false }`
[INFO] [stderr]     Updating crates.io index
[INFO] running `Command { std: CARGO_HOME="/workspace/cargo-home" RUSTUP_HOME="/workspace/rustup-home" "/workspace/cargo-home/bin/cargo" "+1.75.0" "fetch" "--manifest-path" "Cargo.toml", kill_on_drop: false }`
[INFO] running `Command { std: "docker" "create" "-v" "/var/lib/crater-agent-workspace/builds/worker-4-tc1/target:/opt/rustwide/target:rw,Z" "-v" "/var/lib/crater-agent-workspace/builds/worker-4-tc1/source:/opt/rustwide/workdir:ro,Z" "-v" "/var/lib/crater-agent-workspace/cargo-home:/opt/rustwide/cargo-home:ro,Z" "-v" "/var/lib/crater-agent-workspace/rustup-home:/opt/rustwide/rustup-home:ro,Z" "-e" "SOURCE_DIR=/opt/rustwide/workdir" "-e" "CARGO_TARGET_DIR=/opt/rustwide/target" "-e" "CARGO_HOME=/opt/rustwide/cargo-home" "-e" "RUSTUP_HOME=/opt/rustwide/rustup-home" "-w" "/opt/rustwide/workdir" "-m" "1610612736" "--user" "0:0" "--network" "none" "ghcr.io/rust-lang/crates-build-env/linux@sha256:2788e3201cd34a07e3172128adcd8b3090168a8e3bcc40d7c032b9dda1df7d1c" "/opt/rustwide/cargo-home/bin/cargo" "+1.75.0" "metadata" "--no-deps" "--format-version=1", kill_on_drop: false }`
[INFO] [stdout] 1e28c9d698b1a9ad3f6b7757cf8a779dd021a76f006a7fa383874db0a6239289
[INFO] running `Command { std: "docker" "start" "-a" "1e28c9d698b1a9ad3f6b7757cf8a779dd021a76f006a7fa383874db0a6239289", kill_on_drop: false }`
[INFO] running `Command { std: "docker" "inspect" "1e28c9d698b1a9ad3f6b7757cf8a779dd021a76f006a7fa383874db0a6239289", kill_on_drop: false }`
[INFO] running `Command { std: "docker" "rm" "-f" "1e28c9d698b1a9ad3f6b7757cf8a779dd021a76f006a7fa383874db0a6239289", kill_on_drop: false }`
[INFO] [stdout] 1e28c9d698b1a9ad3f6b7757cf8a779dd021a76f006a7fa383874db0a6239289
[INFO] running `Command { std: "docker" "create" "-v" "/var/lib/crater-agent-workspace/builds/worker-4-tc1/target:/opt/rustwide/target:rw,Z" "-v" "/var/lib/crater-agent-workspace/builds/worker-4-tc1/source:/opt/rustwide/workdir:ro,Z" "-v" "/var/lib/crater-agent-workspace/cargo-home:/opt/rustwide/cargo-home:ro,Z" "-v" "/var/lib/crater-agent-workspace/rustup-home:/opt/rustwide/rustup-home:ro,Z" "-e" "SOURCE_DIR=/opt/rustwide/workdir" "-e" "CARGO_TARGET_DIR=/opt/rustwide/target" "-e" "CARGO_INCREMENTAL=0" "-e" "RUST_BACKTRACE=full" "-e" "RUSTFLAGS=--cap-lints=warn" "-e" "RUSTDOCFLAGS=--cap-lints=warn" "-e" "CARGO_HOME=/opt/rustwide/cargo-home" "-e" "RUSTUP_HOME=/opt/rustwide/rustup-home" "-w" "/opt/rustwide/workdir" "-m" "1610612736" "--user" "0:0" "--network" "none" "ghcr.io/rust-lang/crates-build-env/linux@sha256:2788e3201cd34a07e3172128adcd8b3090168a8e3bcc40d7c032b9dda1df7d1c" "/opt/rustwide/cargo-home/bin/cargo" "+1.75.0" "build" "--frozen" "--message-format=json", kill_on_drop: false }`
[INFO] [stdout] 3931f34b993bacead485ceea623ef40119c926144c812a4aa0cb69a6fa8d15a7
[INFO] running `Command { std: "docker" "start" "-a" "3931f34b993bacead485ceea623ef40119c926144c812a4aa0cb69a6fa8d15a7", kill_on_drop: false }`
[INFO] [stderr]    Compiling convert_case v0.4.0
[INFO] [stderr]    Compiling zero_v_gen v0.1.0 (/opt/rustwide/workdir)
[INFO] [stderr]     Finished dev [unoptimized + debuginfo] target(s) in 1.33s
[INFO] running `Command { std: "docker" "inspect" "3931f34b993bacead485ceea623ef40119c926144c812a4aa0cb69a6fa8d15a7", kill_on_drop: false }`
[INFO] running `Command { std: "docker" "rm" "-f" "3931f34b993bacead485ceea623ef40119c926144c812a4aa0cb69a6fa8d15a7", kill_on_drop: false }`
[INFO] [stdout] 3931f34b993bacead485ceea623ef40119c926144c812a4aa0cb69a6fa8d15a7
[INFO] running `Command { std: "docker" "create" "-v" "/var/lib/crater-agent-workspace/builds/worker-4-tc1/target:/opt/rustwide/target:rw,Z" "-v" "/var/lib/crater-agent-workspace/builds/worker-4-tc1/source:/opt/rustwide/workdir:ro,Z" "-v" "/var/lib/crater-agent-workspace/cargo-home:/opt/rustwide/cargo-home:ro,Z" "-v" "/var/lib/crater-agent-workspace/rustup-home:/opt/rustwide/rustup-home:ro,Z" "-e" "SOURCE_DIR=/opt/rustwide/workdir" "-e" "CARGO_TARGET_DIR=/opt/rustwide/target" "-e" "CARGO_INCREMENTAL=0" "-e" "RUST_BACKTRACE=full" "-e" "RUSTFLAGS=--cap-lints=warn" "-e" "RUSTDOCFLAGS=--cap-lints=warn" "-e" "CARGO_HOME=/opt/rustwide/cargo-home" "-e" "RUSTUP_HOME=/opt/rustwide/rustup-home" "-w" "/opt/rustwide/workdir" "-m" "1610612736" "--user" "0:0" "--network" "none" "ghcr.io/rust-lang/crates-build-env/linux@sha256:2788e3201cd34a07e3172128adcd8b3090168a8e3bcc40d7c032b9dda1df7d1c" "/opt/rustwide/cargo-home/bin/cargo" "+1.75.0" "test" "--frozen" "--no-run" "--message-format=json", kill_on_drop: false }`
[INFO] [stdout] 11a324d48ead047b054eefbd49f53bca82908b8d68f8f5e7759bfba58a00d478
[INFO] running `Command { std: "docker" "start" "-a" "11a324d48ead047b054eefbd49f53bca82908b8d68f8f5e7759bfba58a00d478", kill_on_drop: false }`
[INFO] [stderr]    Compiling proc-macro2 v1.0.75
[INFO] [stderr]    Compiling unicode-ident v1.0.12
[INFO] [stderr]    Compiling convert_case v0.4.0
[INFO] [stderr]    Compiling syn v1.0.109
[INFO] [stderr]    Compiling quote v1.0.35
[INFO] [stderr]    Compiling zero_v_gen v0.1.0 (/opt/rustwide/workdir)
[INFO] [stdout] error[E0432]: unresolved import `zero_v`
[INFO] [stdout]  --> tests/int_op_test.rs:1:5
[INFO] [stdout]   |
[INFO] [stdout] 1 | use zero_v::compose;
[INFO] [stdout]   |     ^^^^^^ use of undeclared crate or module `zero_v`
[INFO] [stdout] 
[INFO] [stdout] 
[INFO] [stdout] error[E0432]: unresolved import `zero_v`
[INFO] [stdout]  --> tests/int_op_test.rs:4:1
[INFO] [stdout]   |
[INFO] [stdout] 4 | #[zero_v(trait_types)]
[INFO] [stdout]   | ^^^^^^^^^^^^^^^^^^^^^^ use of undeclared crate or module `zero_v`
[INFO] [stdout]   |
[INFO] [stdout]   = note: this error originates in the attribute macro `zero_v` (in Nightly builds, run with -Z macro-backtrace for more info)
[INFO] [stdout] 
[INFO] [stdout] 
[INFO] [stdout] error: cannot determine resolution for the macro `compose`
[INFO] [stdout]   --> tests/int_op_test.rs:93:15
[INFO] [stdout]    |
[INFO] [stdout] 93 |     let ops = compose!(
[INFO] [stdout]    |               ^^^^^^^
[INFO] [stdout]    |
[INFO] [stdout]    = note: import resolution is stuck, try simplifying macro imports
[INFO] [stdout] 
[INFO] [stdout] 
[INFO] [stdout] error: cannot determine resolution for the macro `compose`
[INFO] [stdout]    --> tests/int_op_test.rs:113:15
[INFO] [stdout]     |
[INFO] [stdout] 113 |     let ops = compose!(
[INFO] [stdout]     |               ^^^^^^^
[INFO] [stdout]     |
[INFO] [stdout]     = note: import resolution is stuck, try simplifying macro imports
[INFO] [stdout] 
[INFO] [stdout] 
[INFO] [stdout] error: aborting due to 4 previous errors
[INFO] [stdout] 
[INFO] [stdout] 
[INFO] [stdout] For more information about this error, try `rustc --explain E0432`.
[INFO] [stdout] 
[INFO] [stderr] error: could not compile `zero_v_gen` (test "int_op_test") due to 5 previous errors
[INFO] running `Command { std: "docker" "inspect" "11a324d48ead047b054eefbd49f53bca82908b8d68f8f5e7759bfba58a00d478", kill_on_drop: false }`
[INFO] running `Command { std: "docker" "rm" "-f" "11a324d48ead047b054eefbd49f53bca82908b8d68f8f5e7759bfba58a00d478", kill_on_drop: false }`
[INFO] [stdout] 11a324d48ead047b054eefbd49f53bca82908b8d68f8f5e7759bfba58a00d478
[INFO] testing zero_v_gen-0.1.0 against beta-2023-12-22 for beta-1.76-1
[INFO] extracting crate zero_v_gen 0.1.0 into /workspace/builds/worker-4-tc2/source
[INFO] validating manifest of crates.io crate zero_v_gen 0.1.0 on toolchain beta-2023-12-22
[INFO] running `Command { std: CARGO_HOME="/workspace/cargo-home" RUSTUP_HOME="/workspace/rustup-home" "/workspace/cargo-home/bin/cargo" "+beta-2023-12-22" "metadata" "--manifest-path" "Cargo.toml" "--no-deps", kill_on_drop: false }`
[INFO] started tweaking crates.io crate zero_v_gen 0.1.0
[INFO] finished tweaking crates.io crate zero_v_gen 0.1.0
[INFO] tweaked toml for crates.io crate zero_v_gen 0.1.0 written to /workspace/builds/worker-4-tc2/source/Cargo.toml
[INFO] running `Command { std: CARGO_HOME="/workspace/cargo-home" RUSTUP_HOME="/workspace/rustup-home" "/workspace/cargo-home/bin/cargo" "+beta-2023-12-22" "generate-lockfile" "--manifest-path" "Cargo.toml", kill_on_drop: false }`
[INFO] [stderr]     Updating crates.io index
[INFO] running `Command { std: CARGO_HOME="/workspace/cargo-home" RUSTUP_HOME="/workspace/rustup-home" "/workspace/cargo-home/bin/cargo" "+beta-2023-12-22" "fetch" "--manifest-path" "Cargo.toml", kill_on_drop: false }`
[INFO] running `Command { std: "docker" "create" "-v" "/var/lib/crater-agent-workspace/builds/worker-4-tc2/target:/opt/rustwide/target:rw,Z" "-v" "/var/lib/crater-agent-workspace/builds/worker-4-tc2/source:/opt/rustwide/workdir:ro,Z" "-v" "/var/lib/crater-agent-workspace/cargo-home:/opt/rustwide/cargo-home:ro,Z" "-v" "/var/lib/crater-agent-workspace/rustup-home:/opt/rustwide/rustup-home:ro,Z" "-e" "SOURCE_DIR=/opt/rustwide/workdir" "-e" "CARGO_TARGET_DIR=/opt/rustwide/target" "-e" "CARGO_HOME=/opt/rustwide/cargo-home" "-e" "RUSTUP_HOME=/opt/rustwide/rustup-home" "-w" "/opt/rustwide/workdir" "-m" "1610612736" "--user" "0:0" "--network" "none" "ghcr.io/rust-lang/crates-build-env/linux@sha256:2788e3201cd34a07e3172128adcd8b3090168a8e3bcc40d7c032b9dda1df7d1c" "/opt/rustwide/cargo-home/bin/cargo" "+beta-2023-12-22" "metadata" "--no-deps" "--format-version=1", kill_on_drop: false }`
[INFO] [stdout] 23a0230387df2ae4d5c2ec9b19dbd198a25bf6a5e448237d8a68aae3c27fe408
[INFO] running `Command { std: "docker" "start" "-a" "23a0230387df2ae4d5c2ec9b19dbd198a25bf6a5e448237d8a68aae3c27fe408", kill_on_drop: false }`
[INFO] running `Command { std: "docker" "inspect" "23a0230387df2ae4d5c2ec9b19dbd198a25bf6a5e448237d8a68aae3c27fe408", kill_on_drop: false }`
[INFO] running `Command { std: "docker" "rm" "-f" "23a0230387df2ae4d5c2ec9b19dbd198a25bf6a5e448237d8a68aae3c27fe408", kill_on_drop: false }`
[INFO] [stdout] 23a0230387df2ae4d5c2ec9b19dbd198a25bf6a5e448237d8a68aae3c27fe408
[INFO] running `Command { std: "docker" "create" "-v" "/var/lib/crater-agent-workspace/builds/worker-4-tc2/target:/opt/rustwide/target:rw,Z" "-v" "/var/lib/crater-agent-workspace/builds/worker-4-tc2/source:/opt/rustwide/workdir:ro,Z" "-v" "/var/lib/crater-agent-workspace/cargo-home:/opt/rustwide/cargo-home:ro,Z" "-v" "/var/lib/crater-agent-workspace/rustup-home:/opt/rustwide/rustup-home:ro,Z" "-e" "SOURCE_DIR=/opt/rustwide/workdir" "-e" "CARGO_TARGET_DIR=/opt/rustwide/target" "-e" "CARGO_INCREMENTAL=0" "-e" "RUST_BACKTRACE=full" "-e" "RUSTFLAGS=--cap-lints=warn" "-e" "RUSTDOCFLAGS=--cap-lints=warn" "-e" "CARGO_HOME=/opt/rustwide/cargo-home" "-e" "RUSTUP_HOME=/opt/rustwide/rustup-home" "-w" "/opt/rustwide/workdir" "-m" "1610612736" "--user" "0:0" "--network" "none" "ghcr.io/rust-lang/crates-build-env/linux@sha256:2788e3201cd34a07e3172128adcd8b3090168a8e3bcc40d7c032b9dda1df7d1c" "/opt/rustwide/cargo-home/bin/cargo" "+beta-2023-12-22" "build" "--frozen" "--message-format=json", kill_on_drop: false }`
[INFO] [stdout] 967a78e737282d7757730c46e1858dc28d35f7480aacb1d538c9ecf149746858
[INFO] running `Command { std: "docker" "start" "-a" "967a78e737282d7757730c46e1858dc28d35f7480aacb1d538c9ecf149746858", kill_on_drop: false }`
[INFO] [stderr]    Compiling convert_case v0.4.0
[INFO] [stderr]    Compiling zero_v_gen v0.1.0 (/opt/rustwide/workdir)
[INFO] [stderr]     Finished dev [unoptimized + debuginfo] target(s) in 1.04s
[INFO] running `Command { std: "docker" "inspect" "967a78e737282d7757730c46e1858dc28d35f7480aacb1d538c9ecf149746858", kill_on_drop: false }`
[INFO] running `Command { std: "docker" "rm" "-f" "967a78e737282d7757730c46e1858dc28d35f7480aacb1d538c9ecf149746858", kill_on_drop: false }`
[INFO] [stdout] 967a78e737282d7757730c46e1858dc28d35f7480aacb1d538c9ecf149746858
[INFO] running `Command { std: "docker" "create" "-v" "/var/lib/crater-agent-workspace/builds/worker-4-tc2/target:/opt/rustwide/target:rw,Z" "-v" "/var/lib/crater-agent-workspace/builds/worker-4-tc2/source:/opt/rustwide/workdir:ro,Z" "-v" "/var/lib/crater-agent-workspace/cargo-home:/opt/rustwide/cargo-home:ro,Z" "-v" "/var/lib/crater-agent-workspace/rustup-home:/opt/rustwide/rustup-home:ro,Z" "-e" "SOURCE_DIR=/opt/rustwide/workdir" "-e" "CARGO_TARGET_DIR=/opt/rustwide/target" "-e" "CARGO_INCREMENTAL=0" "-e" "RUST_BACKTRACE=full" "-e" "RUSTFLAGS=--cap-lints=warn" "-e" "RUSTDOCFLAGS=--cap-lints=warn" "-e" "CARGO_HOME=/opt/rustwide/cargo-home" "-e" "RUSTUP_HOME=/opt/rustwide/rustup-home" "-w" "/opt/rustwide/workdir" "-m" "1610612736" "--user" "0:0" "--network" "none" "ghcr.io/rust-lang/crates-build-env/linux@sha256:2788e3201cd34a07e3172128adcd8b3090168a8e3bcc40d7c032b9dda1df7d1c" "/opt/rustwide/cargo-home/bin/cargo" "+beta-2023-12-22" "test" "--frozen" "--no-run" "--message-format=json", kill_on_drop: false }`
[INFO] [stdout] 2a693a1c4d170b9215938113b36a460eb0c294a2b050cd86863777e40a27fc67
[INFO] running `Command { std: "docker" "start" "-a" "2a693a1c4d170b9215938113b36a460eb0c294a2b050cd86863777e40a27fc67", kill_on_drop: false }`
[INFO] [stderr]    Compiling proc-macro2 v1.0.75
[INFO] [stderr]    Compiling unicode-ident v1.0.12
[INFO] [stderr]    Compiling convert_case v0.4.0
[INFO] [stderr]    Compiling syn v1.0.109
[INFO] [stderr]    Compiling quote v1.0.35
[INFO] [stderr]    Compiling zero_v_gen v0.1.0 (/opt/rustwide/workdir)
[INFO] [stdout] error[E0432]: unresolved import `zero_v`
[INFO] [stdout]  --> tests/int_op_test.rs:1:5
[INFO] [stdout]   |
[INFO] [stdout] 1 | use zero_v::compose;
[INFO] [stdout]   |     ^^^^^^ use of undeclared crate or module `zero_v`
[INFO] [stdout] 
[INFO] [stdout] 
[INFO] [stdout] error[E0432]: unresolved import `zero_v`
[INFO] [stdout]  --> tests/int_op_test.rs:4:1
[INFO] [stdout]   |
[INFO] [stdout] 4 | #[zero_v(trait_types)]
[INFO] [stdout]   | ^^^^^^^^^^^^^^^^^^^^^^ use of undeclared crate or module `zero_v`
[INFO] [stdout]   |
[INFO] [stdout]   = note: this error originates in the attribute macro `zero_v` (in Nightly builds, run with -Z macro-backtrace for more info)
[INFO] [stdout] 
[INFO] [stdout] 
[INFO] [stdout] error: cannot determine resolution for the macro `compose`
[INFO] [stdout]   --> tests/int_op_test.rs:93:15
[INFO] [stdout]    |
[INFO] [stdout] 93 |     let ops = compose!(
[INFO] [stdout]    |               ^^^^^^^
[INFO] [stdout]    |
[INFO] [stdout]    = note: import resolution is stuck, try simplifying macro imports
[INFO] [stdout] 
[INFO] [stdout] 
[INFO] [stdout] error: cannot determine resolution for the macro `compose`
[INFO] [stdout]    --> tests/int_op_test.rs:113:15
[INFO] [stdout]     |
[INFO] [stdout] 113 |     let ops = compose!(
[INFO] [stdout]     |               ^^^^^^^
[INFO] [stdout]     |
[INFO] [stdout]     = note: import resolution is stuck, try simplifying macro imports
[INFO] [stdout] 
[INFO] [stdout] 
[INFO] [stdout] error: aborting due to 4 previous errors
[INFO] [stdout] 
[INFO] [stdout] 
[INFO] [stdout] For more information about this error, try `rustc --explain E0432`.
[INFO] [stdout] 
[INFO] [stderr] error: could not compile `zero_v_gen` (test "int_op_test") due to 5 previous errors
[INFO] running `Command { std: "docker" "inspect" "2a693a1c4d170b9215938113b36a460eb0c294a2b050cd86863777e40a27fc67", kill_on_drop: false }`
[INFO] running `Command { std: "docker" "rm" "-f" "2a693a1c4d170b9215938113b36a460eb0c294a2b050cd86863777e40a27fc67", kill_on_drop: false }`
[INFO] [stdout] 2a693a1c4d170b9215938113b36a460eb0c294a2b050cd86863777e40a27fc67
