[INFO] fetching crate zero-plonk 0.1.10...
[INFO] testing zero-plonk-0.1.10 against 1.75.0 for beta-1.76-1
[INFO] extracting crate zero-plonk 0.1.10 into /workspace/builds/worker-6-tc1/source
[INFO] validating manifest of crates.io crate zero-plonk 0.1.10 on toolchain 1.75.0
[INFO] running `Command { std: CARGO_HOME="/workspace/cargo-home" RUSTUP_HOME="/workspace/rustup-home" "/workspace/cargo-home/bin/cargo" "+1.75.0" "metadata" "--manifest-path" "Cargo.toml" "--no-deps", kill_on_drop: false }`
[INFO] removed /workspace/builds/worker-6-tc1/source/.cargo/config.toml
[INFO] removed /workspace/builds/worker-6-tc1/source/rust-toolchain
[INFO] started tweaking crates.io crate zero-plonk 0.1.10
[INFO] removed 0 missing tests
[INFO] finished tweaking crates.io crate zero-plonk 0.1.10
[INFO] tweaked toml for crates.io crate zero-plonk 0.1.10 written to /workspace/builds/worker-6-tc1/source/Cargo.toml
[INFO] running `Command { std: CARGO_HOME="/workspace/cargo-home" RUSTUP_HOME="/workspace/rustup-home" "/workspace/cargo-home/bin/cargo" "+1.75.0" "generate-lockfile" "--manifest-path" "Cargo.toml", kill_on_drop: false }`
[INFO] [stderr]     Updating crates.io index
[INFO] running `Command { std: CARGO_HOME="/workspace/cargo-home" RUSTUP_HOME="/workspace/rustup-home" "/workspace/cargo-home/bin/cargo" "+1.75.0" "fetch" "--manifest-path" "Cargo.toml", kill_on_drop: false }`
[INFO] [stderr]  Downloading crates ...
[INFO] [stderr]   Downloaded dusk-varint v0.1.0
[INFO] [stderr]   Downloaded blake2b_simd v0.3.1
[INFO] [stderr]   Downloaded zero-pairing v0.1.11
[INFO] [stderr]   Downloaded zero-bls12-381 v0.1.11
[INFO] [stderr]   Downloaded canonical_derive v0.7.0
[INFO] [stderr]   Downloaded msgpacker-derive v0.1.2
[INFO] [stderr]   Downloaded canonical v0.7.1
[INFO] [stderr]   Downloaded zero-jubjub v0.1.11
[INFO] [stderr]   Downloaded zero-crypto v0.1.11
[INFO] [stderr]   Downloaded dusk-cdf v0.5.0
[INFO] [stderr]   Downloaded msgpacker v0.3.1
[INFO] running `Command { std: "docker" "create" "-v" "/var/lib/crater-agent-workspace/builds/worker-6-tc1/target:/opt/rustwide/target:rw,Z" "-v" "/var/lib/crater-agent-workspace/builds/worker-6-tc1/source:/opt/rustwide/workdir:ro,Z" "-v" "/var/lib/crater-agent-workspace/cargo-home:/opt/rustwide/cargo-home:ro,Z" "-v" "/var/lib/crater-agent-workspace/rustup-home:/opt/rustwide/rustup-home:ro,Z" "-e" "SOURCE_DIR=/opt/rustwide/workdir" "-e" "CARGO_TARGET_DIR=/opt/rustwide/target" "-e" "CARGO_HOME=/opt/rustwide/cargo-home" "-e" "RUSTUP_HOME=/opt/rustwide/rustup-home" "-w" "/opt/rustwide/workdir" "-m" "1610612736" "--user" "0:0" "--network" "none" "ghcr.io/rust-lang/crates-build-env/linux@sha256:2788e3201cd34a07e3172128adcd8b3090168a8e3bcc40d7c032b9dda1df7d1c" "/opt/rustwide/cargo-home/bin/cargo" "+1.75.0" "metadata" "--no-deps" "--format-version=1", kill_on_drop: false }`
[INFO] [stdout] ddbe629a208317f8a455e2b3c10b610c6ff5070f0c2a0b1f7cd8919673202147
[INFO] running `Command { std: "docker" "start" "-a" "ddbe629a208317f8a455e2b3c10b610c6ff5070f0c2a0b1f7cd8919673202147", kill_on_drop: false }`
[INFO] running `Command { std: "docker" "inspect" "ddbe629a208317f8a455e2b3c10b610c6ff5070f0c2a0b1f7cd8919673202147", kill_on_drop: false }`
[INFO] running `Command { std: "docker" "rm" "-f" "ddbe629a208317f8a455e2b3c10b610c6ff5070f0c2a0b1f7cd8919673202147", kill_on_drop: false }`
[INFO] [stdout] ddbe629a208317f8a455e2b3c10b610c6ff5070f0c2a0b1f7cd8919673202147
[INFO] running `Command { std: "docker" "create" "-v" "/var/lib/crater-agent-workspace/builds/worker-6-tc1/target:/opt/rustwide/target:rw,Z" "-v" "/var/lib/crater-agent-workspace/builds/worker-6-tc1/source:/opt/rustwide/workdir:ro,Z" "-v" "/var/lib/crater-agent-workspace/cargo-home:/opt/rustwide/cargo-home:ro,Z" "-v" "/var/lib/crater-agent-workspace/rustup-home:/opt/rustwide/rustup-home:ro,Z" "-e" "SOURCE_DIR=/opt/rustwide/workdir" "-e" "CARGO_TARGET_DIR=/opt/rustwide/target" "-e" "CARGO_INCREMENTAL=0" "-e" "RUST_BACKTRACE=full" "-e" "RUSTFLAGS=--cap-lints=warn" "-e" "RUSTDOCFLAGS=--cap-lints=warn" "-e" "CARGO_HOME=/opt/rustwide/cargo-home" "-e" "RUSTUP_HOME=/opt/rustwide/rustup-home" "-w" "/opt/rustwide/workdir" "-m" "1610612736" "--user" "0:0" "--network" "none" "ghcr.io/rust-lang/crates-build-env/linux@sha256:2788e3201cd34a07e3172128adcd8b3090168a8e3bcc40d7c032b9dda1df7d1c" "/opt/rustwide/cargo-home/bin/cargo" "+1.75.0" "build" "--frozen" "--message-format=json", kill_on_drop: false }`
[INFO] [stdout] 5e2bd1e6185a56955dc97b0bc6fc94cf6f4e4546591d9db0f96e806ed36dc1a4
[INFO] running `Command { std: "docker" "start" "-a" "5e2bd1e6185a56955dc97b0bc6fc94cf6f4e4546591d9db0f96e806ed36dc1a4", kill_on_drop: false }`
[INFO] [stderr]    Compiling proc-macro2 v1.0.75
[INFO] [stderr]    Compiling unicode-ident v1.0.12
[INFO] [stderr]    Compiling syn v1.0.109
[INFO] [stderr]    Compiling hashbrown v0.14.3
[INFO] [stderr]    Compiling equivalent v1.0.1
[INFO] [stderr]    Compiling toml_datetime v0.6.5
[INFO] [stderr]    Compiling winnow v0.5.32
[INFO] [stderr]    Compiling once_cell v1.19.0
[INFO] [stderr]    Compiling crossbeam-utils v0.8.18
[INFO] [stderr]    Compiling paste v1.0.14
[INFO] [stderr]    Compiling arrayvec v0.7.4
[INFO] [stderr]    Compiling serde v1.0.194
[INFO] [stderr]    Compiling byte-slice-cast v1.2.2
[INFO] [stderr]    Compiling rand_core v0.6.4
[INFO] [stderr]    Compiling sp-std v3.0.0
[INFO] [stderr]    Compiling subtle v2.5.0
[INFO] [stderr]    Compiling rayon-core v1.12.0
[INFO] [stderr]    Compiling either v1.9.0
[INFO] [stderr]    Compiling byteorder v1.5.0
[INFO] [stderr]    Compiling keccak v0.1.4
[INFO] [stderr]    Compiling ahash v0.4.8
[INFO] [stderr]    Compiling itertools v0.9.0
[INFO] [stderr]    Compiling hashbrown v0.9.1
[INFO] [stderr]    Compiling indexmap v2.1.0
[INFO] [stderr]    Compiling quote v1.0.35
[INFO] [stderr]    Compiling crossbeam-epoch v0.9.17
[INFO] [stderr]    Compiling syn v2.0.48
[INFO] [stderr]    Compiling crossbeam-deque v0.8.4
[INFO] [stderr]    Compiling rayon v1.8.0
[INFO] [stderr]    Compiling toml_edit v0.19.15
[INFO] [stderr]    Compiling proc-macro-crate v1.3.1
[INFO] [stderr]    Compiling serde_derive v1.0.194
[INFO] [stderr]    Compiling zeroize_derive v1.4.2
[INFO] [stderr]    Compiling impl-trait-for-tuples v0.2.2
[INFO] [stderr]    Compiling parity-scale-codec-derive v2.3.1
[INFO] [stderr]    Compiling derive-hex v0.1.2
[INFO] [stderr]    Compiling zeroize v1.7.0
[INFO] [stderr]    Compiling merlin v3.0.0
[INFO] [stderr]    Compiling dusk-bytes v0.1.7
[INFO] [stderr]    Compiling parity-scale-codec v2.3.1
[INFO] [stderr]    Compiling zero-crypto v0.1.11
[INFO] [stderr]    Compiling zero-bls12-381 v0.1.11
[INFO] [stderr]    Compiling zero-jubjub v0.1.11
[INFO] [stderr]    Compiling zero-pairing v0.1.11
[INFO] [stderr]    Compiling zero-plonk v0.1.10 (/opt/rustwide/workdir)
[INFO] [stdout] error[E0432]: unresolved imports `zero_jubjub::JubJubAffine`, `zero_jubjub::JubJubExtended`
[INFO] [stdout]   --> src/composer.rs:17:39
[INFO] [stdout]    |
[INFO] [stdout] 17 | use zero_jubjub::{Fp as JubJubScalar, JubJubAffine, JubJubExtended};
[INFO] [stdout]    |                                       ^^^^^^^^^^^^  ^^^^^^^^^^^^^^ no `JubJubExtended` in the root
[INFO] [stdout]    |                                       |
[INFO] [stdout]    |                                       no `JubJubAffine` in the root
[INFO] [stdout]    |
[INFO] [stdout] help: a similar name exists in the module
[INFO] [stdout]    |
[INFO] [stdout] 17 | use zero_jubjub::{Fp as JubJubScalar, JubjubAffine, JubJubExtended};
[INFO] [stdout]    |                                       ~~~~~~~~~~~~
[INFO] [stdout] help: a similar name exists in the module
[INFO] [stdout]    |
[INFO] [stdout] 17 | use zero_jubjub::{Fp as JubJubScalar, JubJubAffine, JubjubExtended};
[INFO] [stdout]    |                                                     ~~~~~~~~~~~~~~
[INFO] [stdout] 
[INFO] [stdout] 
[INFO] [stdout] error[E0432]: unresolved import `zero_bls12_381::msm_variable_base`
[INFO] [stdout]   --> src/commitment_scheme/kzg10/key.rs:19:5
[INFO] [stdout]    |
[INFO] [stdout] 19 |     msm_variable_base, Fr as BlsScalar, G1Affine, G1Projective, G2Affine,
[INFO] [stdout]    |     ^^^^^^^^^^^^^^^^^ no `msm_variable_base` in the root
[INFO] [stdout] 
[INFO] [stdout] 
[INFO] [stdout] error[E0432]: unresolved imports `zero_jubjub::JubJubAffine`, `zero_jubjub::JubJubExtended`
[INFO] [stdout]   --> src/prelude.rs:21:43
[INFO] [stdout]    |
[INFO] [stdout] 21 | pub use zero_jubjub::{Fp as JubJubScalar, JubJubAffine, JubJubExtended};
[INFO] [stdout]    |                                           ^^^^^^^^^^^^  ^^^^^^^^^^^^^^ no `JubJubExtended` in the root
[INFO] [stdout]    |                                           |
[INFO] [stdout]    |                                           no `JubJubAffine` in the root
[INFO] [stdout]    |
[INFO] [stdout] help: a similar name exists in the module
[INFO] [stdout]    |
[INFO] [stdout] 21 | pub use zero_jubjub::{Fp as JubJubScalar, JubjubAffine, JubJubExtended};
[INFO] [stdout]    |                                           ~~~~~~~~~~~~
[INFO] [stdout] help: a similar name exists in the module
[INFO] [stdout]    |
[INFO] [stdout] 21 | pub use zero_jubjub::{Fp as JubJubScalar, JubJubAffine, JubjubExtended};
[INFO] [stdout]    |                                                         ~~~~~~~~~~~~~~
[INFO] [stdout] 
[INFO] [stdout] 
[INFO] [stdout] error[E0432]: unresolved import `zero_bls12_381::msm_variable_base`
[INFO] [stdout]    --> src/proof_system/proof.rs:185:22
[INFO] [stdout]     |
[INFO] [stdout] 185 | use zero_bls12_381::{msm_variable_base, Fr as BlsScalar, G1Affine};
[INFO] [stdout]     |                      ^^^^^^^^^^^^^^^^^ no `msm_variable_base` in the root
[INFO] [stdout] 
[INFO] [stdout] 
[INFO] [stdout] error[E0425]: cannot find function `batch_normalize` in crate `zero_jubjub`
[INFO] [stdout]    --> src/composer.rs:260:26
[INFO] [stdout]     |
[INFO] [stdout] 260 |             zero_jubjub::batch_normalize(&mut multiples).collect()
[INFO] [stdout]     |                          ^^^^^^^^^^^^^^^ not found in `zero_jubjub`
[INFO] [stdout] 
[INFO] [stdout] 
[INFO] [stdout] error: aborting due to 5 previous errors
[INFO] [stdout] 
[INFO] [stdout] 
[INFO] [stdout] Some errors have detailed explanations: E0425, E0432.
[INFO] [stdout] 
[INFO] [stdout] For more information about an error, try `rustc --explain E0425`.
[INFO] [stdout] 
[INFO] [stderr] error: could not compile `zero-plonk` (lib) due to 6 previous errors
[INFO] running `Command { std: "docker" "inspect" "5e2bd1e6185a56955dc97b0bc6fc94cf6f4e4546591d9db0f96e806ed36dc1a4", kill_on_drop: false }`
[INFO] running `Command { std: "docker" "rm" "-f" "5e2bd1e6185a56955dc97b0bc6fc94cf6f4e4546591d9db0f96e806ed36dc1a4", kill_on_drop: false }`
[INFO] [stdout] 5e2bd1e6185a56955dc97b0bc6fc94cf6f4e4546591d9db0f96e806ed36dc1a4
[INFO] testing zero-plonk-0.1.10 against beta-2023-12-22 for beta-1.76-1
[INFO] extracting crate zero-plonk 0.1.10 into /workspace/builds/worker-6-tc2/source
[INFO] validating manifest of crates.io crate zero-plonk 0.1.10 on toolchain beta-2023-12-22
[INFO] running `Command { std: CARGO_HOME="/workspace/cargo-home" RUSTUP_HOME="/workspace/rustup-home" "/workspace/cargo-home/bin/cargo" "+beta-2023-12-22" "metadata" "--manifest-path" "Cargo.toml" "--no-deps", kill_on_drop: false }`
[INFO] removed /workspace/builds/worker-6-tc2/source/.cargo/config.toml
[INFO] removed /workspace/builds/worker-6-tc2/source/rust-toolchain
[INFO] started tweaking crates.io crate zero-plonk 0.1.10
[INFO] removed 0 missing tests
[INFO] finished tweaking crates.io crate zero-plonk 0.1.10
[INFO] tweaked toml for crates.io crate zero-plonk 0.1.10 written to /workspace/builds/worker-6-tc2/source/Cargo.toml
[INFO] running `Command { std: CARGO_HOME="/workspace/cargo-home" RUSTUP_HOME="/workspace/rustup-home" "/workspace/cargo-home/bin/cargo" "+beta-2023-12-22" "generate-lockfile" "--manifest-path" "Cargo.toml", kill_on_drop: false }`
[INFO] [stderr]     Blocking waiting for file lock on package cache
[INFO] [stderr]     Updating crates.io index
[INFO] running `Command { std: CARGO_HOME="/workspace/cargo-home" RUSTUP_HOME="/workspace/rustup-home" "/workspace/cargo-home/bin/cargo" "+beta-2023-12-22" "fetch" "--manifest-path" "Cargo.toml", kill_on_drop: false }`
[INFO] [stderr]     Blocking waiting for file lock on package cache
[INFO] running `Command { std: "docker" "create" "-v" "/var/lib/crater-agent-workspace/builds/worker-6-tc2/target:/opt/rustwide/target:rw,Z" "-v" "/var/lib/crater-agent-workspace/builds/worker-6-tc2/source:/opt/rustwide/workdir:ro,Z" "-v" "/var/lib/crater-agent-workspace/cargo-home:/opt/rustwide/cargo-home:ro,Z" "-v" "/var/lib/crater-agent-workspace/rustup-home:/opt/rustwide/rustup-home:ro,Z" "-e" "SOURCE_DIR=/opt/rustwide/workdir" "-e" "CARGO_TARGET_DIR=/opt/rustwide/target" "-e" "CARGO_HOME=/opt/rustwide/cargo-home" "-e" "RUSTUP_HOME=/opt/rustwide/rustup-home" "-w" "/opt/rustwide/workdir" "-m" "1610612736" "--user" "0:0" "--network" "none" "ghcr.io/rust-lang/crates-build-env/linux@sha256:2788e3201cd34a07e3172128adcd8b3090168a8e3bcc40d7c032b9dda1df7d1c" "/opt/rustwide/cargo-home/bin/cargo" "+beta-2023-12-22" "metadata" "--no-deps" "--format-version=1", kill_on_drop: false }`
[INFO] [stdout] d25c73dc8d543681f2906a9a20f20e37bbdbd0fb92a4d9d519f0a7bdd6028da3
[INFO] running `Command { std: "docker" "start" "-a" "d25c73dc8d543681f2906a9a20f20e37bbdbd0fb92a4d9d519f0a7bdd6028da3", kill_on_drop: false }`
[INFO] running `Command { std: "docker" "inspect" "d25c73dc8d543681f2906a9a20f20e37bbdbd0fb92a4d9d519f0a7bdd6028da3", kill_on_drop: false }`
[INFO] running `Command { std: "docker" "rm" "-f" "d25c73dc8d543681f2906a9a20f20e37bbdbd0fb92a4d9d519f0a7bdd6028da3", kill_on_drop: false }`
[INFO] [stdout] d25c73dc8d543681f2906a9a20f20e37bbdbd0fb92a4d9d519f0a7bdd6028da3
[INFO] running `Command { std: "docker" "create" "-v" "/var/lib/crater-agent-workspace/builds/worker-6-tc2/target:/opt/rustwide/target:rw,Z" "-v" "/var/lib/crater-agent-workspace/builds/worker-6-tc2/source:/opt/rustwide/workdir:ro,Z" "-v" "/var/lib/crater-agent-workspace/cargo-home:/opt/rustwide/cargo-home:ro,Z" "-v" "/var/lib/crater-agent-workspace/rustup-home:/opt/rustwide/rustup-home:ro,Z" "-e" "SOURCE_DIR=/opt/rustwide/workdir" "-e" "CARGO_TARGET_DIR=/opt/rustwide/target" "-e" "CARGO_INCREMENTAL=0" "-e" "RUST_BACKTRACE=full" "-e" "RUSTFLAGS=--cap-lints=warn" "-e" "RUSTDOCFLAGS=--cap-lints=warn" "-e" "CARGO_HOME=/opt/rustwide/cargo-home" "-e" "RUSTUP_HOME=/opt/rustwide/rustup-home" "-w" "/opt/rustwide/workdir" "-m" "1610612736" "--user" "0:0" "--network" "none" "ghcr.io/rust-lang/crates-build-env/linux@sha256:2788e3201cd34a07e3172128adcd8b3090168a8e3bcc40d7c032b9dda1df7d1c" "/opt/rustwide/cargo-home/bin/cargo" "+beta-2023-12-22" "build" "--frozen" "--message-format=json", kill_on_drop: false }`
[INFO] [stdout] f77b99bef852f6c84fd8bfb5f09a908ef294b3d69258740cb8a612dc91161f57
[INFO] running `Command { std: "docker" "start" "-a" "f77b99bef852f6c84fd8bfb5f09a908ef294b3d69258740cb8a612dc91161f57", kill_on_drop: false }`
[INFO] [stderr]    Compiling proc-macro2 v1.0.75
[INFO] [stderr]    Compiling unicode-ident v1.0.12
[INFO] [stderr]    Compiling syn v1.0.109
[INFO] [stderr]    Compiling hashbrown v0.14.3
[INFO] [stderr]    Compiling equivalent v1.0.1
[INFO] [stderr]    Compiling toml_datetime v0.6.5
[INFO] [stderr]    Compiling winnow v0.5.32
[INFO] [stderr]    Compiling once_cell v1.19.0
[INFO] [stderr]    Compiling crossbeam-utils v0.8.18
[INFO] [stderr]    Compiling paste v1.0.14
[INFO] [stderr]    Compiling rand_core v0.6.4
[INFO] [stderr]    Compiling serde v1.0.194
[INFO] [stderr]    Compiling arrayvec v0.7.4
[INFO] [stderr]    Compiling byte-slice-cast v1.2.2
[INFO] [stderr]    Compiling sp-std v3.0.0
[INFO] [stderr]    Compiling subtle v2.5.0
[INFO] [stderr]    Compiling rayon-core v1.12.0
[INFO] [stderr]    Compiling either v1.9.0
[INFO] [stderr]    Compiling keccak v0.1.4
[INFO] [stderr]    Compiling ahash v0.4.8
[INFO] [stderr]    Compiling byteorder v1.5.0
[INFO] [stderr]    Compiling itertools v0.9.0
[INFO] [stderr]    Compiling hashbrown v0.9.1
[INFO] [stderr]    Compiling indexmap v2.1.0
[INFO] [stderr]    Compiling quote v1.0.35
[INFO] [stderr]    Compiling crossbeam-epoch v0.9.17
[INFO] [stderr]    Compiling syn v2.0.48
[INFO] [stderr]    Compiling crossbeam-deque v0.8.4
[INFO] [stderr]    Compiling rayon v1.8.0
[INFO] [stderr]    Compiling toml_edit v0.19.15
[INFO] [stderr]    Compiling proc-macro-crate v1.3.1
[INFO] [stderr]    Compiling serde_derive v1.0.194
[INFO] [stderr]    Compiling zeroize_derive v1.4.2
[INFO] [stderr]    Compiling impl-trait-for-tuples v0.2.2
[INFO] [stderr]    Compiling derive-hex v0.1.2
[INFO] [stderr]    Compiling parity-scale-codec-derive v2.3.1
[INFO] [stderr]    Compiling dusk-bytes v0.1.7
[INFO] [stderr]    Compiling zeroize v1.7.0
[INFO] [stderr]    Compiling merlin v3.0.0
[INFO] [stderr]    Compiling parity-scale-codec v2.3.1
[INFO] [stderr]    Compiling zero-crypto v0.1.11
[INFO] [stderr]    Compiling zero-bls12-381 v0.1.11
[INFO] [stderr]    Compiling zero-jubjub v0.1.11
[INFO] [stderr]    Compiling zero-pairing v0.1.11
[INFO] [stderr]    Compiling zero-plonk v0.1.10 (/opt/rustwide/workdir)
[INFO] [stdout] error[E0432]: unresolved imports `zero_jubjub::JubJubAffine`, `zero_jubjub::JubJubExtended`
[INFO] [stdout]   --> src/composer.rs:17:39
[INFO] [stdout]    |
[INFO] [stdout] 17 | use zero_jubjub::{Fp as JubJubScalar, JubJubAffine, JubJubExtended};
[INFO] [stdout]    |                                       ^^^^^^^^^^^^  ^^^^^^^^^^^^^^ no `JubJubExtended` in the root
[INFO] [stdout]    |                                       |
[INFO] [stdout]    |                                       no `JubJubAffine` in the root
[INFO] [stdout]    |
[INFO] [stdout] help: a similar name exists in the module
[INFO] [stdout]    |
[INFO] [stdout] 17 | use zero_jubjub::{Fp as JubJubScalar, JubjubAffine, JubJubExtended};
[INFO] [stdout]    |                                       ~~~~~~~~~~~~
[INFO] [stdout] help: a similar name exists in the module
[INFO] [stdout]    |
[INFO] [stdout] 17 | use zero_jubjub::{Fp as JubJubScalar, JubJubAffine, JubjubExtended};
[INFO] [stdout]    |                                                     ~~~~~~~~~~~~~~
[INFO] [stdout] 
[INFO] [stdout] 
[INFO] [stdout] error[E0432]: unresolved import `zero_bls12_381::msm_variable_base`
[INFO] [stdout]   --> src/commitment_scheme/kzg10/key.rs:19:5
[INFO] [stdout]    |
[INFO] [stdout] 19 |     msm_variable_base, Fr as BlsScalar, G1Affine, G1Projective, G2Affine,
[INFO] [stdout]    |     ^^^^^^^^^^^^^^^^^ no `msm_variable_base` in the root
[INFO] [stdout] 
[INFO] [stdout] 
[INFO] [stdout] error[E0432]: unresolved imports `zero_jubjub::JubJubAffine`, `zero_jubjub::JubJubExtended`
[INFO] [stdout]   --> src/prelude.rs:21:43
[INFO] [stdout]    |
[INFO] [stdout] 21 | pub use zero_jubjub::{Fp as JubJubScalar, JubJubAffine, JubJubExtended};
[INFO] [stdout]    |                                           ^^^^^^^^^^^^  ^^^^^^^^^^^^^^ no `JubJubExtended` in the root
[INFO] [stdout]    |                                           |
[INFO] [stdout]    |                                           no `JubJubAffine` in the root
[INFO] [stdout]    |
[INFO] [stdout] help: a similar name exists in the module
[INFO] [stdout]    |
[INFO] [stdout] 21 | pub use zero_jubjub::{Fp as JubJubScalar, JubjubAffine, JubJubExtended};
[INFO] [stdout]    |                                           ~~~~~~~~~~~~
[INFO] [stdout] help: a similar name exists in the module
[INFO] [stdout]    |
[INFO] [stdout] 21 | pub use zero_jubjub::{Fp as JubJubScalar, JubJubAffine, JubjubExtended};
[INFO] [stdout]    |                                                         ~~~~~~~~~~~~~~
[INFO] [stdout] 
[INFO] [stdout] 
[INFO] [stdout] error[E0432]: unresolved import `zero_bls12_381::msm_variable_base`
[INFO] [stdout]    --> src/proof_system/proof.rs:185:22
[INFO] [stdout]     |
[INFO] [stdout] 185 | use zero_bls12_381::{msm_variable_base, Fr as BlsScalar, G1Affine};
[INFO] [stdout]     |                      ^^^^^^^^^^^^^^^^^ no `msm_variable_base` in the root
[INFO] [stdout] 
[INFO] [stdout] 
[INFO] [stdout] error[E0425]: cannot find function `batch_normalize` in crate `zero_jubjub`
[INFO] [stdout]    --> src/composer.rs:260:26
[INFO] [stdout]     |
[INFO] [stdout] 260 |             zero_jubjub::batch_normalize(&mut multiples).collect()
[INFO] [stdout]     |                          ^^^^^^^^^^^^^^^ not found in `zero_jubjub`
[INFO] [stdout] 
[INFO] [stdout] 
[INFO] [stdout] error: aborting due to 5 previous errors
[INFO] [stdout] 
[INFO] [stdout] 
[INFO] [stdout] Some errors have detailed explanations: E0425, E0432.
[INFO] [stdout] 
[INFO] [stdout] For more information about an error, try `rustc --explain E0425`.
[INFO] [stdout] 
[INFO] [stderr] error: could not compile `zero-plonk` (lib) due to 6 previous errors
[INFO] running `Command { std: "docker" "inspect" "f77b99bef852f6c84fd8bfb5f09a908ef294b3d69258740cb8a612dc91161f57", kill_on_drop: false }`
[INFO] running `Command { std: "docker" "rm" "-f" "f77b99bef852f6c84fd8bfb5f09a908ef294b3d69258740cb8a612dc91161f57", kill_on_drop: false }`
[INFO] [stdout] f77b99bef852f6c84fd8bfb5f09a908ef294b3d69258740cb8a612dc91161f57
