[INFO] fetching crate zero-kzg 0.1.10...
[INFO] testing zero-kzg-0.1.10 against 1.75.0 for beta-1.76-1
[INFO] extracting crate zero-kzg 0.1.10 into /workspace/builds/worker-7-tc1/source
[INFO] validating manifest of crates.io crate zero-kzg 0.1.10 on toolchain 1.75.0
[INFO] running `Command { std: CARGO_HOME="/workspace/cargo-home" RUSTUP_HOME="/workspace/rustup-home" "/workspace/cargo-home/bin/cargo" "+1.75.0" "metadata" "--manifest-path" "Cargo.toml" "--no-deps", kill_on_drop: false }`
[INFO] started tweaking crates.io crate zero-kzg 0.1.10
[INFO] finished tweaking crates.io crate zero-kzg 0.1.10
[INFO] tweaked toml for crates.io crate zero-kzg 0.1.10 written to /workspace/builds/worker-7-tc1/source/Cargo.toml
[INFO] running `Command { std: CARGO_HOME="/workspace/cargo-home" RUSTUP_HOME="/workspace/rustup-home" "/workspace/cargo-home/bin/cargo" "+1.75.0" "generate-lockfile" "--manifest-path" "Cargo.toml", kill_on_drop: false }`
[INFO] [stderr]     Updating crates.io index
[INFO] running `Command { std: CARGO_HOME="/workspace/cargo-home" RUSTUP_HOME="/workspace/rustup-home" "/workspace/cargo-home/bin/cargo" "+1.75.0" "fetch" "--manifest-path" "Cargo.toml", kill_on_drop: false }`
[INFO] [stderr]  Downloading crates ...
[INFO] [stderr]   Downloaded zero-bls12-381 v0.1.11
[INFO] [stderr]   Downloaded zero-crypto v0.1.11
[INFO] running `Command { std: "docker" "create" "-v" "/var/lib/crater-agent-workspace/builds/worker-7-tc1/target:/opt/rustwide/target:rw,Z" "-v" "/var/lib/crater-agent-workspace/builds/worker-7-tc1/source:/opt/rustwide/workdir:ro,Z" "-v" "/var/lib/crater-agent-workspace/cargo-home:/opt/rustwide/cargo-home:ro,Z" "-v" "/var/lib/crater-agent-workspace/rustup-home:/opt/rustwide/rustup-home:ro,Z" "-e" "SOURCE_DIR=/opt/rustwide/workdir" "-e" "CARGO_TARGET_DIR=/opt/rustwide/target" "-e" "CARGO_HOME=/opt/rustwide/cargo-home" "-e" "RUSTUP_HOME=/opt/rustwide/rustup-home" "-w" "/opt/rustwide/workdir" "-m" "1610612736" "--user" "0:0" "--network" "none" "ghcr.io/rust-lang/crates-build-env/linux@sha256:2788e3201cd34a07e3172128adcd8b3090168a8e3bcc40d7c032b9dda1df7d1c" "/opt/rustwide/cargo-home/bin/cargo" "+1.75.0" "metadata" "--no-deps" "--format-version=1", kill_on_drop: false }`
[INFO] [stdout] 50a91aaddd163c4ad5b89f5f01742d86eaa5e4997face2dfccd892d102e21b2c
[INFO] running `Command { std: "docker" "start" "-a" "50a91aaddd163c4ad5b89f5f01742d86eaa5e4997face2dfccd892d102e21b2c", kill_on_drop: false }`
[INFO] running `Command { std: "docker" "inspect" "50a91aaddd163c4ad5b89f5f01742d86eaa5e4997face2dfccd892d102e21b2c", kill_on_drop: false }`
[INFO] running `Command { std: "docker" "rm" "-f" "50a91aaddd163c4ad5b89f5f01742d86eaa5e4997face2dfccd892d102e21b2c", kill_on_drop: false }`
[INFO] [stdout] 50a91aaddd163c4ad5b89f5f01742d86eaa5e4997face2dfccd892d102e21b2c
[INFO] running `Command { std: "docker" "create" "-v" "/var/lib/crater-agent-workspace/builds/worker-7-tc1/target:/opt/rustwide/target:rw,Z" "-v" "/var/lib/crater-agent-workspace/builds/worker-7-tc1/source:/opt/rustwide/workdir:ro,Z" "-v" "/var/lib/crater-agent-workspace/cargo-home:/opt/rustwide/cargo-home:ro,Z" "-v" "/var/lib/crater-agent-workspace/rustup-home:/opt/rustwide/rustup-home:ro,Z" "-e" "SOURCE_DIR=/opt/rustwide/workdir" "-e" "CARGO_TARGET_DIR=/opt/rustwide/target" "-e" "CARGO_INCREMENTAL=0" "-e" "RUST_BACKTRACE=full" "-e" "RUSTFLAGS=--cap-lints=warn" "-e" "RUSTDOCFLAGS=--cap-lints=warn" "-e" "CARGO_HOME=/opt/rustwide/cargo-home" "-e" "RUSTUP_HOME=/opt/rustwide/rustup-home" "-w" "/opt/rustwide/workdir" "-m" "1610612736" "--user" "0:0" "--network" "none" "ghcr.io/rust-lang/crates-build-env/linux@sha256:2788e3201cd34a07e3172128adcd8b3090168a8e3bcc40d7c032b9dda1df7d1c" "/opt/rustwide/cargo-home/bin/cargo" "+1.75.0" "build" "--frozen" "--message-format=json", kill_on_drop: false }`
[INFO] [stdout] e06fab12d06f18df001100b0b086c667adab6bbd40350254883a4197b6aa1549
[INFO] running `Command { std: "docker" "start" "-a" "e06fab12d06f18df001100b0b086c667adab6bbd40350254883a4197b6aa1549", kill_on_drop: false }`
[INFO] [stderr]    Compiling syn v1.0.109
[INFO] [stderr]    Compiling equivalent v1.0.1
[INFO] [stderr]    Compiling hashbrown v0.14.3
[INFO] [stderr]    Compiling toml_datetime v0.6.5
[INFO] [stderr]    Compiling winnow v0.5.32
[INFO] [stderr]    Compiling once_cell v1.19.0
[INFO] [stderr]    Compiling syn v2.0.48
[INFO] [stderr]    Compiling serde v1.0.194
[INFO] [stderr]    Compiling byte-slice-cast v1.2.2
[INFO] [stderr]    Compiling sp-std v3.0.0
[INFO] [stderr]    Compiling rand_core v0.6.4
[INFO] [stderr]    Compiling either v1.9.0
[INFO] [stderr]    Compiling rayon v1.8.0
[INFO] [stderr]    Compiling indexmap v2.1.0
[INFO] [stderr]    Compiling toml_edit v0.19.15
[INFO] [stderr]    Compiling serde_derive v1.0.194
[INFO] [stderr]    Compiling proc-macro-crate v1.3.1
[INFO] [stderr]    Compiling parity-scale-codec-derive v2.3.1
[INFO] [stderr]    Compiling derive-hex v0.1.2
[INFO] [stderr]    Compiling impl-trait-for-tuples v0.2.2
[INFO] [stderr]    Compiling dusk-bytes v0.1.7
[INFO] [stderr]    Compiling parity-scale-codec v2.3.1
[INFO] [stderr]    Compiling zero-crypto v0.1.11
[INFO] [stderr]    Compiling zero-bls12-381 v0.1.11
[INFO] [stderr]    Compiling zero-kzg v0.1.10 (/opt/rustwide/workdir)
[INFO] [stdout] error[E0432]: unresolved import `zero_crypto::common::Commitment`
[INFO] [stdout]  --> src/commitment.rs:2:5
[INFO] [stdout]   |
[INFO] [stdout] 2 | use zero_crypto::common::Commitment;
[INFO] [stdout]   |     ^^^^^^^^^^^^^^^^^^^^^^^^^^^^^^^ no `Commitment` in `common`
[INFO] [stdout] 
[INFO] [stdout] 
[INFO] [stdout] error[E0432]: unresolved import `zero_crypto::behave::Commitment`
[INFO] [stdout]  --> src/witness.rs:1:5
[INFO] [stdout]   |
[INFO] [stdout] 1 | use zero_crypto::behave::Commitment;
[INFO] [stdout]   |     ^^^^^^^^^^^^^^^^^^^^^^^^^^^^^^^ no `Commitment` in `behave`
[INFO] [stdout] 
[INFO] [stdout] 
[INFO] [stdout] error[E0405]: cannot find trait `Commitment` in this scope
[INFO] [stdout]  --> src/keypair.rs:8:23
[INFO] [stdout]   |
[INFO] [stdout] 8 | pub struct KeyPair<C: Commitment> {
[INFO] [stdout]   |                       ^^^^^^^^^^ not found in this scope
[INFO] [stdout] 
[INFO] [stdout] 
[INFO] [stdout] error[E0405]: cannot find trait `Commitment` in this scope
[INFO] [stdout]   --> src/keypair.rs:14:9
[INFO] [stdout]    |
[INFO] [stdout] 14 | impl<C: Commitment> KeyPair<C> {
[INFO] [stdout]    |         ^^^^^^^^^^ not found in this scope
[INFO] [stdout] 
[INFO] [stdout] 
[INFO] [stdout] error[E0220]: associated type `G1Affine` not found for `C`
[INFO] [stdout]   --> src/keypair.rs:10:27
[INFO] [stdout]    |
[INFO] [stdout] 10 |     pub(crate) g1: Vec<C::G1Affine>,
[INFO] [stdout]    |                           ^^^^^^^^ associated type `G1Affine` not found
[INFO] [stdout] 
[INFO] [stdout] 
[INFO] [stdout] error[E0220]: associated type `G2Affine` not found for `C`
[INFO] [stdout]   --> src/keypair.rs:11:23
[INFO] [stdout]    |
[INFO] [stdout] 11 |     pub(crate) g2: C::G2Affine,
[INFO] [stdout]    |                       ^^^^^^^^ associated type `G2Affine` not found
[INFO] [stdout] 
[INFO] [stdout] 
[INFO] [stdout] error[E0220]: associated type `G1Affine` not found for `C`
[INFO] [stdout]  --> src/witness.rs:6:27
[INFO] [stdout]   |
[INFO] [stdout] 6 |     pub(crate) s_eval: C::G1Affine,
[INFO] [stdout]   |                           ^^^^^^^^ associated type `G1Affine` not found
[INFO] [stdout] 
[INFO] [stdout] 
[INFO] [stdout] error[E0220]: associated type `G1Affine` not found for `C`
[INFO] [stdout]  --> src/witness.rs:7:27
[INFO] [stdout]   |
[INFO] [stdout] 7 |     pub(crate) a_eval: C::G1Affine,
[INFO] [stdout]   |                           ^^^^^^^^ associated type `G1Affine` not found
[INFO] [stdout] 
[INFO] [stdout] 
[INFO] [stdout] error[E0220]: associated type `G1Affine` not found for `C`
[INFO] [stdout]  --> src/witness.rs:8:27
[INFO] [stdout]   |
[INFO] [stdout] 8 |     pub(crate) q_eval: C::G1Affine,
[INFO] [stdout]   |                           ^^^^^^^^ associated type `G1Affine` not found
[INFO] [stdout] 
[INFO] [stdout] 
[INFO] [stdout] error[E0220]: associated type `G2Affine` not found for `C`
[INFO] [stdout]  --> src/witness.rs:9:32
[INFO] [stdout]   |
[INFO] [stdout] 9 |     pub(crate) denominator: C::G2Affine,
[INFO] [stdout]   |                                ^^^^^^^^ associated type `G2Affine` not found
[INFO] [stdout] 
[INFO] [stdout] 
[INFO] [stdout] error: aborting due to 10 previous errors
[INFO] [stdout] 
[INFO] [stdout] 
[INFO] [stdout] Some errors have detailed explanations: E0220, E0405, E0432.
[INFO] [stdout] 
[INFO] [stdout] For more information about an error, try `rustc --explain E0220`.
[INFO] [stdout] 
[INFO] [stderr] error: could not compile `zero-kzg` (lib) due to 11 previous errors
[INFO] [stderr] warning: build failed, waiting for other jobs to finish...
[INFO] running `Command { std: "docker" "inspect" "e06fab12d06f18df001100b0b086c667adab6bbd40350254883a4197b6aa1549", kill_on_drop: false }`
[INFO] running `Command { std: "docker" "rm" "-f" "e06fab12d06f18df001100b0b086c667adab6bbd40350254883a4197b6aa1549", kill_on_drop: false }`
[INFO] [stdout] e06fab12d06f18df001100b0b086c667adab6bbd40350254883a4197b6aa1549
