[INFO] fetching crate ywpl-plex 0.0.3...
[INFO] testing ywpl-plex-0.0.3 against 1.75.0 for beta-1.76-1
[INFO] extracting crate ywpl-plex 0.0.3 into /workspace/builds/worker-0-tc1/source
[INFO] validating manifest of crates.io crate ywpl-plex 0.0.3 on toolchain 1.75.0
[INFO] running `Command { std: CARGO_HOME="/workspace/cargo-home" RUSTUP_HOME="/workspace/rustup-home" "/workspace/cargo-home/bin/cargo" "+1.75.0" "metadata" "--manifest-path" "Cargo.toml" "--no-deps", kill_on_drop: false }`
[INFO] started tweaking crates.io crate ywpl-plex 0.0.3
[INFO] finished tweaking crates.io crate ywpl-plex 0.0.3
[INFO] tweaked toml for crates.io crate ywpl-plex 0.0.3 written to /workspace/builds/worker-0-tc1/source/Cargo.toml
[INFO] running `Command { std: CARGO_HOME="/workspace/cargo-home" RUSTUP_HOME="/workspace/rustup-home" "/workspace/cargo-home/bin/cargo" "+1.75.0" "generate-lockfile" "--manifest-path" "Cargo.toml", kill_on_drop: false }`
[INFO] [stderr]     Updating crates.io index
[INFO] running `Command { std: CARGO_HOME="/workspace/cargo-home" RUSTUP_HOME="/workspace/rustup-home" "/workspace/cargo-home/bin/cargo" "+1.75.0" "fetch" "--manifest-path" "Cargo.toml", kill_on_drop: false }`
[INFO] [stderr]  Downloading crates ...
[INFO] [stderr]   Downloaded solana-send-transaction-service v1.9.29
[INFO] [stderr]   Downloaded ywpl-token-vault v0.1.1
[INFO] [stderr]   Downloaded solana-banks-server v1.9.29
[INFO] [stderr]   Downloaded tarpc v0.27.2
[INFO] [stderr]   Downloaded solana-bloom v1.9.29
[INFO] [stderr]   Downloaded mpl-token-vault v0.1.1
[INFO] [stderr]   Downloaded solana-address-lookup-table-program v1.9.29
[INFO] [stderr]   Downloaded tracing-opentelemetry v0.15.0
[INFO] [stderr]   Downloaded ywpl-auction v0.0.2
[INFO] [stderr]   Downloaded solana-runtime v1.9.29
[INFO] [stderr]   Downloaded solana-sdk v1.9.29
[INFO] [stderr]   Downloaded solana-program-test v1.9.29
[INFO] [stderr]   Downloaded opentelemetry v0.16.0
[INFO] [stderr]   Downloaded solana-stake-program v1.9.29
[INFO] [stderr]   Downloaded solana-program-runtime v1.9.29
[INFO] [stderr]   Downloaded solana-vote-program v1.9.29
[INFO] [stderr]   Downloaded solana_rbpf v0.2.24
[INFO] [stderr]   Downloaded solana-bpf-loader-program v1.9.29
[INFO] [stderr]   Downloaded solana-rayon-threadlimit v1.9.29
[INFO] [stderr]   Downloaded solana-config-program v1.9.29
[INFO] [stderr]   Downloaded solana-bucket-map v1.9.29
[INFO] [stderr]   Downloaded solana-compute-budget-program v1.9.29
[INFO] [stderr]   Downloaded solana-metrics v1.9.29
[INFO] [stderr]   Downloaded solana-measure v1.9.29
[INFO] [stderr]   Downloaded solana-banks-client v1.9.29
[INFO] [stderr]   Downloaded solana-banks-interface v1.9.29
[INFO] running `Command { std: "docker" "create" "-v" "/var/lib/crater-agent-workspace/builds/worker-0-tc1/target:/opt/rustwide/target:rw,Z" "-v" "/var/lib/crater-agent-workspace/builds/worker-0-tc1/source:/opt/rustwide/workdir:ro,Z" "-v" "/var/lib/crater-agent-workspace/cargo-home:/opt/rustwide/cargo-home:ro,Z" "-v" "/var/lib/crater-agent-workspace/rustup-home:/opt/rustwide/rustup-home:ro,Z" "-e" "SOURCE_DIR=/opt/rustwide/workdir" "-e" "CARGO_TARGET_DIR=/opt/rustwide/target" "-e" "CARGO_HOME=/opt/rustwide/cargo-home" "-e" "RUSTUP_HOME=/opt/rustwide/rustup-home" "-w" "/opt/rustwide/workdir" "-m" "1610612736" "--user" "0:0" "--network" "none" "ghcr.io/rust-lang/crates-build-env/linux@sha256:2788e3201cd34a07e3172128adcd8b3090168a8e3bcc40d7c032b9dda1df7d1c" "/opt/rustwide/cargo-home/bin/cargo" "+1.75.0" "metadata" "--no-deps" "--format-version=1", kill_on_drop: false }`
[INFO] [stdout] f56f8e14e759a5e553e280795db7a23e87c0ae59d8e53c537f0942e0299033cb
[INFO] running `Command { std: "docker" "start" "-a" "f56f8e14e759a5e553e280795db7a23e87c0ae59d8e53c537f0942e0299033cb", kill_on_drop: false }`
[INFO] running `Command { std: "docker" "inspect" "f56f8e14e759a5e553e280795db7a23e87c0ae59d8e53c537f0942e0299033cb", kill_on_drop: false }`
[INFO] running `Command { std: "docker" "rm" "-f" "f56f8e14e759a5e553e280795db7a23e87c0ae59d8e53c537f0942e0299033cb", kill_on_drop: false }`
[INFO] [stdout] f56f8e14e759a5e553e280795db7a23e87c0ae59d8e53c537f0942e0299033cb
[INFO] running `Command { std: "docker" "create" "-v" "/var/lib/crater-agent-workspace/builds/worker-0-tc1/target:/opt/rustwide/target:rw,Z" "-v" "/var/lib/crater-agent-workspace/builds/worker-0-tc1/source:/opt/rustwide/workdir:ro,Z" "-v" "/var/lib/crater-agent-workspace/cargo-home:/opt/rustwide/cargo-home:ro,Z" "-v" "/var/lib/crater-agent-workspace/rustup-home:/opt/rustwide/rustup-home:ro,Z" "-e" "SOURCE_DIR=/opt/rustwide/workdir" "-e" "CARGO_TARGET_DIR=/opt/rustwide/target" "-e" "CARGO_INCREMENTAL=0" "-e" "RUST_BACKTRACE=full" "-e" "RUSTFLAGS=--cap-lints=warn" "-e" "RUSTDOCFLAGS=--cap-lints=warn" "-e" "CARGO_HOME=/opt/rustwide/cargo-home" "-e" "RUSTUP_HOME=/opt/rustwide/rustup-home" "-w" "/opt/rustwide/workdir" "-m" "1610612736" "--user" "0:0" "--network" "none" "ghcr.io/rust-lang/crates-build-env/linux@sha256:2788e3201cd34a07e3172128adcd8b3090168a8e3bcc40d7c032b9dda1df7d1c" "/opt/rustwide/cargo-home/bin/cargo" "+1.75.0" "build" "--frozen" "--message-format=json", kill_on_drop: false }`
[INFO] [stdout] f887b6925fff6fea119fdc397254ab067de498ea184d6ee97841284bedd05e85
[INFO] running `Command { std: "docker" "start" "-a" "f887b6925fff6fea119fdc397254ab067de498ea184d6ee97841284bedd05e85", kill_on_drop: false }`
[INFO] [stderr]    Compiling serde v1.0.194
[INFO] [stderr]    Compiling syn v1.0.109
[INFO] [stderr]    Compiling generic-array v0.14.7
[INFO] [stderr]    Compiling subtle v2.5.0
[INFO] [stderr]    Compiling syn v2.0.48
[INFO] [stderr]    Compiling crunchy v0.2.2
[INFO] [stderr]    Compiling getrandom v0.1.16
[INFO] [stderr]    Compiling block-padding v0.2.1
[INFO] [stderr]    Compiling jobserver v0.1.27
[INFO] [stderr]    Compiling equivalent v1.0.1
[INFO] [stderr]    Compiling hashbrown v0.14.3
[INFO] [stderr]    Compiling feature-probe v0.1.1
[INFO] [stderr]    Compiling cc v1.0.83
[INFO] [stderr]    Compiling bv v0.11.1
[INFO] [stderr]    Compiling solana-frozen-abi-macro v1.9.29
[INFO] [stderr]    Compiling getrandom v0.2.11
[INFO] [stderr]    Compiling rand_core v0.5.1
[INFO] [stderr]    Compiling toml_datetime v0.6.5
[INFO] [stderr]    Compiling rustversion v1.0.14
[INFO] [stderr]    Compiling winnow v0.5.32
[INFO] [stderr]    Compiling env_logger v0.9.3
[INFO] [stderr]    Compiling num-traits v0.2.17
[INFO] [stderr]    Compiling indexmap v2.1.0
[INFO] [stderr]    Compiling rand_pcg v0.2.1
[INFO] [stderr]    Compiling rand_chacha v0.2.2
[INFO] [stderr]    Compiling ahash v0.7.7
[INFO] [stderr]    Compiling solana-frozen-abi v1.9.29
[INFO] [stderr]    Compiling bs58 v0.4.0
[INFO] [stderr]    Compiling arrayref v0.3.7
[INFO] [stderr]    Compiling solana-logger v1.9.29
[INFO] [stderr]    Compiling anyhow v1.0.79
[INFO] [stderr]    Compiling hashbrown v0.11.2
[INFO] [stderr]    Compiling rand v0.7.3
[INFO] [stderr]    Compiling blake3 v1.5.0
[INFO] [stderr]    Compiling solana-program v1.9.29
[INFO] [stderr]    Compiling memmap2 v0.5.10
[INFO] [stderr]    Compiling toml_edit v0.19.15
[INFO] [stderr]    Compiling constant_time_eq v0.3.0
[INFO] [stderr]    Compiling keccak v0.1.4
[INFO] [stderr]    Compiling byteorder v1.5.0
[INFO] [stderr]    Compiling base64 v0.12.3
[INFO] [stderr]    Compiling either v1.9.0
[INFO] [stderr]    Compiling arrayvec v0.7.4
[INFO] [stderr]    Compiling itertools v0.10.5
[INFO] [stderr]    Compiling wasm-bindgen-backend v0.2.89
[INFO] [stderr]    Compiling proc-macro-crate v1.3.1
[INFO] [stderr]    Compiling borsh-derive-internal v0.9.3
[INFO] [stderr]    Compiling borsh-schema-derive-internal v0.9.3
[INFO] [stderr]    Compiling wasm-bindgen-macro-support v0.2.89
[INFO] [stderr]    Compiling serde_derive v1.0.194
[INFO] [stderr]    Compiling thiserror-impl v1.0.56
[INFO] [stderr]    Compiling zeroize_derive v1.4.2
[INFO] [stderr]    Compiling bytemuck_derive v1.5.0
[INFO] [stderr]    Compiling wasm-bindgen-macro v0.2.89
[INFO] [stderr]    Compiling solana-sdk-macro v1.9.29
[INFO] [stderr]    Compiling num-derive v0.3.3
[INFO] [stderr]    Compiling num_enum_derive v0.5.11
[INFO] [stderr]    Compiling zeroize v1.3.0
[INFO] [stderr]    Compiling wasm-bindgen v0.2.89
[INFO] [stderr]    Compiling thiserror v1.0.56
[INFO] [stderr]    Compiling bytemuck v1.14.0
[INFO] [stderr]    Compiling num_enum v0.5.11
[INFO] [stderr]    Compiling toml v0.5.11
[INFO] [stderr]    Compiling bincode v1.3.3
[INFO] [stderr]    Compiling serde_bytes v0.11.14
[INFO] [stderr]    Compiling shank_macro_impl v0.0.12
[INFO] [stderr]    Compiling shank_render v0.0.1
[INFO] [stderr]    Compiling digest v0.9.0
[INFO] [stderr]    Compiling block-buffer v0.9.0
[INFO] [stderr]    Compiling crypto-mac v0.8.0
[INFO] [stderr]    Compiling crypto-common v0.1.6
[INFO] [stderr]    Compiling block-buffer v0.10.4
[INFO] [stderr]    Compiling shank_macro v0.0.12
[INFO] [stderr]    Compiling digest v0.10.7
[INFO] [stderr]    Compiling libsecp256k1-core v0.2.2
[INFO] [stderr]    Compiling hmac v0.8.1
[INFO] [stderr]    Compiling sha2 v0.9.9
[INFO] [stderr]    Compiling sha3 v0.9.1
[INFO] [stderr]    Compiling hmac-drbg v0.3.0
[INFO] [stderr]    Compiling curve25519-dalek v3.2.1
[INFO] [stderr]    Compiling proc-macro-crate v0.1.5
[INFO] [stderr]    Compiling libsecp256k1-gen-ecmult v0.2.1
[INFO] [stderr]    Compiling libsecp256k1-gen-genmult v0.2.1
[INFO] [stderr]    Compiling shank v0.0.12
[INFO] [stderr]    Compiling borsh-derive v0.9.3
[INFO] [stderr]    Compiling libsecp256k1 v0.6.0
[INFO] [stderr]    Compiling borsh v0.9.3
[INFO] [stderr]    Compiling spl-token v3.2.0
[INFO] [stderr]    Compiling mpl-token-vault v0.1.1
[INFO] [stderr]    Compiling spl-associated-token-account v1.0.3
[INFO] [stderr]    Compiling ywpl-token-vault v0.1.1
[INFO] [stderr]    Compiling ywpl-auction v0.0.2
[INFO] [stderr]    Compiling mpl-token-metadata v1.4.3
[INFO] [stderr]    Compiling ywpl-plex v0.0.3 (/opt/rustwide/workdir)
[INFO] [stdout] warning: use of deprecated function `mpl_token_metadata::instruction::mint_edition_from_master_edition_via_vault_proxy`
[INFO] [stdout]   --> src/processor/redeem_printing_v2_bid.rs:16:18
[INFO] [stdout]    |
[INFO] [stdout] 16 |     instruction::mint_edition_from_master_edition_via_vault_proxy,
[INFO] [stdout]    |                  ^^^^^^^^^^^^^^^^^^^^^^^^^^^^^^^^^^^^^^^^^^^^^^^^
[INFO] [stdout]    |
[INFO] [stdout]    = note: `#[warn(deprecated)]` on by default
[INFO] [stdout] 
[INFO] [stdout] 
[INFO] [stdout] warning: use of deprecated function `mpl_token_metadata::instruction::mint_edition_from_master_edition_via_vault_proxy`
[INFO] [stdout]   --> src/processor/redeem_printing_v2_bid.rs:51:10
[INFO] [stdout]    |
[INFO] [stdout] 51 |         &mint_edition_from_master_edition_via_vault_proxy(
[INFO] [stdout]    |          ^^^^^^^^^^^^^^^^^^^^^^^^^^^^^^^^^^^^^^^^^^^^^^^^
[INFO] [stdout] 
[INFO] [stdout] 
[INFO] [stdout] error[E0599]: no function or associated item named `from_account_info` found for struct `mpl_token_metadata::state::MasterEditionV1` in the current scope
[INFO] [stdout]    --> src/processor/deprecated_populate_participation_printing_account.rs:100:43
[INFO] [stdout]     |
[INFO] [stdout] 100 |     let master_edition = MasterEditionV1::from_account_info(master_edition_info)?;
[INFO] [stdout]     |                                           ^^^^^^^^^^^^^^^^^ function or associated item not found in `MasterEditionV1`
[INFO] [stdout]     |
[INFO] [stdout]     = help: items from traits can only be used if the trait is in scope
[INFO] [stdout] help: the following trait is implemented but not in scope; perhaps add a `use` for it:
[INFO] [stdout]     |
[INFO] [stdout] 1   + use mpl_token_metadata::state::TokenMetadataAccount;
[INFO] [stdout]     |
[INFO] [stdout] 
[INFO] [stdout] 
[INFO] [stdout] error[E0599]: no function or associated item named `from_account_info` found for struct `mpl_token_metadata::state::Metadata` in the current scope
[INFO] [stdout]   --> src/processor/deprecated_validate_participation.rs:51:43
[INFO] [stdout]    |
[INFO] [stdout] 51 |     let open_edition_metadata = Metadata::from_account_info(open_edition_metadata_info)?;
[INFO] [stdout]    |                                           ^^^^^^^^^^^^^^^^^ function or associated item not found in `Metadata`
[INFO] [stdout]    |
[INFO] [stdout]    = help: items from traits can only be used if the trait is in scope
[INFO] [stdout] help: the following trait is implemented but not in scope; perhaps add a `use` for it:
[INFO] [stdout]    |
[INFO] [stdout] 1  + use mpl_token_metadata::state::TokenMetadataAccount;
[INFO] [stdout]    |
[INFO] [stdout] 
[INFO] [stdout] 
[INFO] [stdout] error[E0599]: no function or associated item named `from_account_info` found for struct `mpl_token_metadata::state::MasterEditionV1` in the current scope
[INFO] [stdout]   --> src/processor/deprecated_validate_participation.rs:52:43
[INFO] [stdout]    |
[INFO] [stdout] 52 |     let master_edition = MasterEditionV1::from_account_info(open_master_edition_info)?;
[INFO] [stdout]    |                                           ^^^^^^^^^^^^^^^^^ function or associated item not found in `MasterEditionV1`
[INFO] [stdout]    |
[INFO] [stdout]    = help: items from traits can only be used if the trait is in scope
[INFO] [stdout] help: the following trait is implemented but not in scope; perhaps add a `use` for it:
[INFO] [stdout]    |
[INFO] [stdout] 1  + use mpl_token_metadata::state::TokenMetadataAccount;
[INFO] [stdout]    |
[INFO] [stdout] 
[INFO] [stdout] 
[INFO] [stdout] error[E0599]: no function or associated item named `from_account_info` found for struct `mpl_token_metadata::state::Metadata` in the current scope
[INFO] [stdout]   --> src/processor/deprecated_validate_safety_deposit_box_v1.rs:97:30
[INFO] [stdout]    |
[INFO] [stdout] 97 |     let metadata = Metadata::from_account_info(metadata_info)?;
[INFO] [stdout]    |                              ^^^^^^^^^^^^^^^^^ function or associated item not found in `Metadata`
[INFO] [stdout]    |
[INFO] [stdout]    = help: items from traits can only be used if the trait is in scope
[INFO] [stdout] help: the following trait is implemented but not in scope; perhaps add a `use` for it:
[INFO] [stdout]    |
[INFO] [stdout] 1  + use mpl_token_metadata::state::TokenMetadataAccount;
[INFO] [stdout]    |
[INFO] [stdout] 
[INFO] [stdout] 
[INFO] [stdout] error[E0599]: no function or associated item named `from_account_info` found for struct `mpl_token_metadata::state::Metadata` in the current scope
[INFO] [stdout]    --> src/processor/empty_payment_account.rs:248:30
[INFO] [stdout]     |
[INFO] [stdout] 248 |     let metadata = Metadata::from_account_info(metadata_info)?;
[INFO] [stdout]     |                              ^^^^^^^^^^^^^^^^^ function or associated item not found in `Metadata`
[INFO] [stdout]     |
[INFO] [stdout]     = help: items from traits can only be used if the trait is in scope
[INFO] [stdout] help: the following trait is implemented but not in scope; perhaps add a `use` for it:
[INFO] [stdout]     |
[INFO] [stdout] 1   + use mpl_token_metadata::state::TokenMetadataAccount;
[INFO] [stdout]     |
[INFO] [stdout] 
[INFO] [stdout] 
[INFO] [stdout] error[E0599]: no function or associated item named `from_account_info` found for struct `mpl_token_metadata::state::MasterEditionV1` in the current scope
[INFO] [stdout]    --> src/processor/empty_payment_account.rs:333:34
[INFO] [stdout]     |
[INFO] [stdout] 333 |                 MasterEditionV1::from_account_info(master_edition_info)?;
[INFO] [stdout]     |                                  ^^^^^^^^^^^^^^^^^ function or associated item not found in `MasterEditionV1`
[INFO] [stdout]     |
[INFO] [stdout]     = help: items from traits can only be used if the trait is in scope
[INFO] [stdout] help: the following trait is implemented but not in scope; perhaps add a `use` for it:
[INFO] [stdout]     |
[INFO] [stdout] 1   + use mpl_token_metadata::state::TokenMetadataAccount;
[INFO] [stdout]     |
[INFO] [stdout] 
[INFO] [stdout] 
[INFO] [stdout] error[E0599]: no function or associated item named `from_account_info` found for struct `mpl_token_metadata::state::Metadata` in the current scope
[INFO] [stdout]    --> src/processor/redeem_full_rights_transfer_bid.rs:116:38
[INFO] [stdout]     |
[INFO] [stdout] 116 |             let metadata = Metadata::from_account_info(metadata_info)?;
[INFO] [stdout]     |                                      ^^^^^^^^^^^^^^^^^ function or associated item not found in `Metadata`
[INFO] [stdout]     |
[INFO] [stdout]     = help: items from traits can only be used if the trait is in scope
[INFO] [stdout] help: the following trait is implemented but not in scope; perhaps add a `use` for it:
[INFO] [stdout]     |
[INFO] [stdout] 1   + use mpl_token_metadata::state::TokenMetadataAccount;
[INFO] [stdout]     |
[INFO] [stdout] 
[INFO] [stdout] 
[INFO] [stdout] error[E0599]: no function or associated item named `from_account_info` found for struct `mpl_token_metadata::state::MasterEditionV1` in the current scope
[INFO] [stdout]    --> src/processor/validate_safety_deposit_box_v2.rs:324:51
[INFO] [stdout]     |
[INFO] [stdout] 324 |             let master_edition = MasterEditionV1::from_account_info(edition_info)?;
[INFO] [stdout]     |                                                   ^^^^^^^^^^^^^^^^^ function or associated item not found in `MasterEditionV1`
[INFO] [stdout]     |
[INFO] [stdout]     = help: items from traits can only be used if the trait is in scope
[INFO] [stdout] help: the following trait is implemented but not in scope; perhaps add a `use` for it:
[INFO] [stdout]     |
[INFO] [stdout] 1   + use mpl_token_metadata::state::TokenMetadataAccount;
[INFO] [stdout]     |
[INFO] [stdout] 
[INFO] [stdout] 
[INFO] [stdout] error[E0599]: no function or associated item named `from_account_info` found for struct `mpl_token_metadata::state::MasterEditionV2` in the current scope
[INFO] [stdout]    --> src/processor/validate_safety_deposit_box_v2.rs:337:51
[INFO] [stdout]     |
[INFO] [stdout] 337 |             let master_edition = MasterEditionV2::from_account_info(edition_info)?;
[INFO] [stdout]     |                                                   ^^^^^^^^^^^^^^^^^ function or associated item not found in `MasterEditionV2`
[INFO] [stdout]     |
[INFO] [stdout]     = help: items from traits can only be used if the trait is in scope
[INFO] [stdout] help: the following trait is implemented but not in scope; perhaps add a `use` for it:
[INFO] [stdout]     |
[INFO] [stdout] 1   + use mpl_token_metadata::state::TokenMetadataAccount;
[INFO] [stdout]     |
[INFO] [stdout] 
[INFO] [stdout] 
[INFO] [stdout] error[E0599]: no function or associated item named `from_account_info` found for struct `mpl_token_metadata::state::MasterEditionV2` in the current scope
[INFO] [stdout]    --> src/processor/validate_safety_deposit_box_v2.rs:363:51
[INFO] [stdout]     |
[INFO] [stdout] 363 |             let master_edition = MasterEditionV2::from_account_info(edition_info)?;
[INFO] [stdout]     |                                                   ^^^^^^^^^^^^^^^^^ function or associated item not found in `MasterEditionV2`
[INFO] [stdout]     |
[INFO] [stdout]     = help: items from traits can only be used if the trait is in scope
[INFO] [stdout] help: the following trait is implemented but not in scope; perhaps add a `use` for it:
[INFO] [stdout]     |
[INFO] [stdout] 1   + use mpl_token_metadata::state::TokenMetadataAccount;
[INFO] [stdout]     |
[INFO] [stdout] 
[INFO] [stdout] 
[INFO] [stdout] error[E0599]: no function or associated item named `from_account_info` found for struct `mpl_token_metadata::state::Metadata` in the current scope
[INFO] [stdout]    --> src/processor/validate_safety_deposit_box_v2.rs:427:30
[INFO] [stdout]     |
[INFO] [stdout] 427 |     let metadata = Metadata::from_account_info(metadata_info)?;
[INFO] [stdout]     |                              ^^^^^^^^^^^^^^^^^ function or associated item not found in `Metadata`
[INFO] [stdout]     |
[INFO] [stdout]     = help: items from traits can only be used if the trait is in scope
[INFO] [stdout] help: the following trait is implemented but not in scope; perhaps add a `use` for it:
[INFO] [stdout]     |
[INFO] [stdout] 1   + use mpl_token_metadata::state::TokenMetadataAccount;
[INFO] [stdout]     |
[INFO] [stdout] 
[INFO] [stdout] 
[INFO] [stdout] error: aborting due to 11 previous errors; 2 warnings emitted
[INFO] [stdout] 
[INFO] [stdout] 
[INFO] [stdout] For more information about this error, try `rustc --explain E0599`.
[INFO] [stdout] 
[INFO] [stderr] error: could not compile `ywpl-plex` (lib) due to 12 previous errors; 2 warnings emitted
[INFO] running `Command { std: "docker" "inspect" "f887b6925fff6fea119fdc397254ab067de498ea184d6ee97841284bedd05e85", kill_on_drop: false }`
[INFO] running `Command { std: "docker" "rm" "-f" "f887b6925fff6fea119fdc397254ab067de498ea184d6ee97841284bedd05e85", kill_on_drop: false }`
[INFO] [stdout] f887b6925fff6fea119fdc397254ab067de498ea184d6ee97841284bedd05e85
[INFO] testing ywpl-plex-0.0.3 against beta-2023-12-22 for beta-1.76-1
[INFO] extracting crate ywpl-plex 0.0.3 into /workspace/builds/worker-0-tc2/source
[INFO] validating manifest of crates.io crate ywpl-plex 0.0.3 on toolchain beta-2023-12-22
[INFO] running `Command { std: CARGO_HOME="/workspace/cargo-home" RUSTUP_HOME="/workspace/rustup-home" "/workspace/cargo-home/bin/cargo" "+beta-2023-12-22" "metadata" "--manifest-path" "Cargo.toml" "--no-deps", kill_on_drop: false }`
[INFO] started tweaking crates.io crate ywpl-plex 0.0.3
[INFO] finished tweaking crates.io crate ywpl-plex 0.0.3
[INFO] tweaked toml for crates.io crate ywpl-plex 0.0.3 written to /workspace/builds/worker-0-tc2/source/Cargo.toml
[INFO] running `Command { std: CARGO_HOME="/workspace/cargo-home" RUSTUP_HOME="/workspace/rustup-home" "/workspace/cargo-home/bin/cargo" "+beta-2023-12-22" "generate-lockfile" "--manifest-path" "Cargo.toml", kill_on_drop: false }`
[INFO] [stderr]     Updating crates.io index
[INFO] running `Command { std: CARGO_HOME="/workspace/cargo-home" RUSTUP_HOME="/workspace/rustup-home" "/workspace/cargo-home/bin/cargo" "+beta-2023-12-22" "fetch" "--manifest-path" "Cargo.toml", kill_on_drop: false }`
[INFO] running `Command { std: "docker" "create" "-v" "/var/lib/crater-agent-workspace/builds/worker-0-tc2/target:/opt/rustwide/target:rw,Z" "-v" "/var/lib/crater-agent-workspace/builds/worker-0-tc2/source:/opt/rustwide/workdir:ro,Z" "-v" "/var/lib/crater-agent-workspace/cargo-home:/opt/rustwide/cargo-home:ro,Z" "-v" "/var/lib/crater-agent-workspace/rustup-home:/opt/rustwide/rustup-home:ro,Z" "-e" "SOURCE_DIR=/opt/rustwide/workdir" "-e" "CARGO_TARGET_DIR=/opt/rustwide/target" "-e" "CARGO_HOME=/opt/rustwide/cargo-home" "-e" "RUSTUP_HOME=/opt/rustwide/rustup-home" "-w" "/opt/rustwide/workdir" "-m" "1610612736" "--user" "0:0" "--network" "none" "ghcr.io/rust-lang/crates-build-env/linux@sha256:2788e3201cd34a07e3172128adcd8b3090168a8e3bcc40d7c032b9dda1df7d1c" "/opt/rustwide/cargo-home/bin/cargo" "+beta-2023-12-22" "metadata" "--no-deps" "--format-version=1", kill_on_drop: false }`
[INFO] [stdout] 335a8b36edc56e3d1cc7d7a7dd6d516420a9278c6ee8661d94541b1b31e19964
[INFO] running `Command { std: "docker" "start" "-a" "335a8b36edc56e3d1cc7d7a7dd6d516420a9278c6ee8661d94541b1b31e19964", kill_on_drop: false }`
[INFO] running `Command { std: "docker" "inspect" "335a8b36edc56e3d1cc7d7a7dd6d516420a9278c6ee8661d94541b1b31e19964", kill_on_drop: false }`
[INFO] running `Command { std: "docker" "rm" "-f" "335a8b36edc56e3d1cc7d7a7dd6d516420a9278c6ee8661d94541b1b31e19964", kill_on_drop: false }`
[INFO] [stdout] 335a8b36edc56e3d1cc7d7a7dd6d516420a9278c6ee8661d94541b1b31e19964
[INFO] running `Command { std: "docker" "create" "-v" "/var/lib/crater-agent-workspace/builds/worker-0-tc2/target:/opt/rustwide/target:rw,Z" "-v" "/var/lib/crater-agent-workspace/builds/worker-0-tc2/source:/opt/rustwide/workdir:ro,Z" "-v" "/var/lib/crater-agent-workspace/cargo-home:/opt/rustwide/cargo-home:ro,Z" "-v" "/var/lib/crater-agent-workspace/rustup-home:/opt/rustwide/rustup-home:ro,Z" "-e" "SOURCE_DIR=/opt/rustwide/workdir" "-e" "CARGO_TARGET_DIR=/opt/rustwide/target" "-e" "CARGO_INCREMENTAL=0" "-e" "RUST_BACKTRACE=full" "-e" "RUSTFLAGS=--cap-lints=warn" "-e" "RUSTDOCFLAGS=--cap-lints=warn" "-e" "CARGO_HOME=/opt/rustwide/cargo-home" "-e" "RUSTUP_HOME=/opt/rustwide/rustup-home" "-w" "/opt/rustwide/workdir" "-m" "1610612736" "--user" "0:0" "--network" "none" "ghcr.io/rust-lang/crates-build-env/linux@sha256:2788e3201cd34a07e3172128adcd8b3090168a8e3bcc40d7c032b9dda1df7d1c" "/opt/rustwide/cargo-home/bin/cargo" "+beta-2023-12-22" "build" "--frozen" "--message-format=json", kill_on_drop: false }`
[INFO] [stdout] 146c7af76f8aedb8baa40fe00c04fdb6bfa07af378c13452630f7dc5b7ddd307
[INFO] running `Command { std: "docker" "start" "-a" "146c7af76f8aedb8baa40fe00c04fdb6bfa07af378c13452630f7dc5b7ddd307", kill_on_drop: false }`
[INFO] [stderr]    Compiling serde v1.0.194
[INFO] [stderr]    Compiling syn v1.0.109
[INFO] [stderr]    Compiling generic-array v0.14.7
[INFO] [stderr]    Compiling subtle v2.5.0
[INFO] [stderr]    Compiling syn v2.0.48
[INFO] [stderr]    Compiling getrandom v0.1.16
[INFO] [stderr]    Compiling crunchy v0.2.2
[INFO] [stderr]    Compiling block-padding v0.2.1
[INFO] [stderr]    Compiling jobserver v0.1.27
[INFO] [stderr]    Compiling feature-probe v0.1.1
[INFO] [stderr]    Compiling equivalent v1.0.1
[INFO] [stderr]    Compiling hashbrown v0.14.3
[INFO] [stderr]    Compiling bv v0.11.1
[INFO] [stderr]    Compiling cc v1.0.83
[INFO] [stderr]    Compiling solana-frozen-abi-macro v1.9.29
[INFO] [stderr]    Compiling rand_core v0.5.1
[INFO] [stderr]    Compiling getrandom v0.2.11
[INFO] [stderr]    Compiling rustversion v1.0.14
[INFO] [stderr]    Compiling winnow v0.5.32
[INFO] [stderr]    Compiling toml_datetime v0.6.5
[INFO] [stderr]    Compiling env_logger v0.9.3
[INFO] [stderr]    Compiling num-traits v0.2.17
[INFO] [stderr]    Compiling indexmap v2.1.0
[INFO] [stderr]    Compiling rand_pcg v0.2.1
[INFO] [stderr]    Compiling rand_chacha v0.2.2
[INFO] [stderr]    Compiling ahash v0.7.7
[INFO] [stderr]    Compiling solana-frozen-abi v1.9.29
[INFO] [stderr]    Compiling bs58 v0.4.0
[INFO] [stderr]    Compiling arrayref v0.3.7
[INFO] [stderr]    Compiling solana-logger v1.9.29
[INFO] [stderr]    Compiling anyhow v1.0.79
[INFO] [stderr]    Compiling hashbrown v0.11.2
[INFO] [stderr]    Compiling rand v0.7.3
[INFO] [stderr]    Compiling blake3 v1.5.0
[INFO] [stderr]    Compiling solana-program v1.9.29
[INFO] [stderr]    Compiling toml_edit v0.19.15
[INFO] [stderr]    Compiling memmap2 v0.5.10
[INFO] [stderr]    Compiling either v1.9.0
[INFO] [stderr]    Compiling keccak v0.1.4
[INFO] [stderr]    Compiling byteorder v1.5.0
[INFO] [stderr]    Compiling constant_time_eq v0.3.0
[INFO] [stderr]    Compiling arrayvec v0.7.4
[INFO] [stderr]    Compiling base64 v0.12.3
[INFO] [stderr]    Compiling itertools v0.10.5
[INFO] [stderr]    Compiling wasm-bindgen-backend v0.2.89
[INFO] [stderr]    Compiling proc-macro-crate v1.3.1
[INFO] [stderr]    Compiling borsh-derive-internal v0.9.3
[INFO] [stderr]    Compiling wasm-bindgen-macro-support v0.2.89
[INFO] [stderr]    Compiling borsh-schema-derive-internal v0.9.3
[INFO] [stderr]    Compiling serde_derive v1.0.194
[INFO] [stderr]    Compiling thiserror-impl v1.0.56
[INFO] [stderr]    Compiling zeroize_derive v1.4.2
[INFO] [stderr]    Compiling bytemuck_derive v1.5.0
[INFO] [stderr]    Compiling wasm-bindgen-macro v0.2.89
[INFO] [stderr]    Compiling num_enum_derive v0.5.11
[INFO] [stderr]    Compiling num-derive v0.3.3
[INFO] [stderr]    Compiling zeroize v1.3.0
[INFO] [stderr]    Compiling wasm-bindgen v0.2.89
[INFO] [stderr]    Compiling solana-sdk-macro v1.9.29
[INFO] [stderr]    Compiling bytemuck v1.14.0
[INFO] [stderr]    Compiling thiserror v1.0.56
[INFO] [stderr]    Compiling num_enum v0.5.11
[INFO] [stderr]    Compiling toml v0.5.11
[INFO] [stderr]    Compiling bincode v1.3.3
[INFO] [stderr]    Compiling serde_bytes v0.11.14
[INFO] [stderr]    Compiling shank_macro_impl v0.0.12
[INFO] [stderr]    Compiling shank_render v0.0.1
[INFO] [stderr]    Compiling digest v0.9.0
[INFO] [stderr]    Compiling block-buffer v0.9.0
[INFO] [stderr]    Compiling crypto-mac v0.8.0
[INFO] [stderr]    Compiling libsecp256k1-core v0.2.2
[INFO] [stderr]    Compiling sha2 v0.9.9
[INFO] [stderr]    Compiling hmac v0.8.1
[INFO] [stderr]    Compiling block-buffer v0.10.4
[INFO] [stderr]    Compiling crypto-common v0.1.6
[INFO] [stderr]    Compiling hmac-drbg v0.3.0
[INFO] [stderr]    Compiling digest v0.10.7
[INFO] [stderr]    Compiling proc-macro-crate v0.1.5
[INFO] [stderr]    Compiling sha3 v0.9.1
[INFO] [stderr]    Compiling curve25519-dalek v3.2.1
[INFO] [stderr]    Compiling shank_macro v0.0.12
[INFO] [stderr]    Compiling borsh-derive v0.9.3
[INFO] [stderr]    Compiling libsecp256k1-gen-ecmult v0.2.1
[INFO] [stderr]    Compiling libsecp256k1-gen-genmult v0.2.1
[INFO] [stderr]    Compiling shank v0.0.12
[INFO] [stderr]    Compiling libsecp256k1 v0.6.0
[INFO] [stderr]    Compiling borsh v0.9.3
[INFO] [stderr]    Compiling spl-token v3.2.0
[INFO] [stderr]    Compiling spl-associated-token-account v1.0.3
[INFO] [stderr]    Compiling mpl-token-vault v0.1.1
[INFO] [stderr]    Compiling ywpl-auction v0.0.2
[INFO] [stderr]    Compiling ywpl-token-vault v0.1.1
[INFO] [stderr]    Compiling mpl-token-metadata v1.4.3
[INFO] [stderr]    Compiling ywpl-plex v0.0.3 (/opt/rustwide/workdir)
[INFO] [stdout] warning: use of deprecated function `mpl_token_metadata::instruction::mint_edition_from_master_edition_via_vault_proxy`
[INFO] [stdout]   --> src/processor/redeem_printing_v2_bid.rs:16:18
[INFO] [stdout]    |
[INFO] [stdout] 16 |     instruction::mint_edition_from_master_edition_via_vault_proxy,
[INFO] [stdout]    |                  ^^^^^^^^^^^^^^^^^^^^^^^^^^^^^^^^^^^^^^^^^^^^^^^^
[INFO] [stdout]    |
[INFO] [stdout]    = note: `#[warn(deprecated)]` on by default
[INFO] [stdout] 
[INFO] [stdout] 
[INFO] [stdout] warning: use of deprecated function `mpl_token_metadata::instruction::mint_edition_from_master_edition_via_vault_proxy`
[INFO] [stdout]   --> src/processor/redeem_printing_v2_bid.rs:51:10
[INFO] [stdout]    |
[INFO] [stdout] 51 |         &mint_edition_from_master_edition_via_vault_proxy(
[INFO] [stdout]    |          ^^^^^^^^^^^^^^^^^^^^^^^^^^^^^^^^^^^^^^^^^^^^^^^^
[INFO] [stdout] 
[INFO] [stdout] 
[INFO] [stdout] error[E0599]: no function or associated item named `from_account_info` found for struct `mpl_token_metadata::state::MasterEditionV1` in the current scope
[INFO] [stdout]    --> src/processor/deprecated_populate_participation_printing_account.rs:100:43
[INFO] [stdout]     |
[INFO] [stdout] 100 |     let master_edition = MasterEditionV1::from_account_info(master_edition_info)?;
[INFO] [stdout]     |                                           ^^^^^^^^^^^^^^^^^ function or associated item not found in `MasterEditionV1`
[INFO] [stdout]     |
[INFO] [stdout]     = help: items from traits can only be used if the trait is in scope
[INFO] [stdout] help: the following trait is implemented but not in scope; perhaps add a `use` for it:
[INFO] [stdout]     |
[INFO] [stdout] 1   + use mpl_token_metadata::state::TokenMetadataAccount;
[INFO] [stdout]     |
[INFO] [stdout] 
[INFO] [stdout] 
[INFO] [stdout] error[E0599]: no function or associated item named `from_account_info` found for struct `mpl_token_metadata::state::Metadata` in the current scope
[INFO] [stdout]   --> src/processor/deprecated_validate_participation.rs:51:43
[INFO] [stdout]    |
[INFO] [stdout] 51 |     let open_edition_metadata = Metadata::from_account_info(open_edition_metadata_info)?;
[INFO] [stdout]    |                                           ^^^^^^^^^^^^^^^^^ function or associated item not found in `Metadata`
[INFO] [stdout]    |
[INFO] [stdout]    = help: items from traits can only be used if the trait is in scope
[INFO] [stdout] help: the following trait is implemented but not in scope; perhaps add a `use` for it:
[INFO] [stdout]    |
[INFO] [stdout] 1  + use mpl_token_metadata::state::TokenMetadataAccount;
[INFO] [stdout]    |
[INFO] [stdout] 
[INFO] [stdout] 
[INFO] [stdout] error[E0599]: no function or associated item named `from_account_info` found for struct `mpl_token_metadata::state::MasterEditionV1` in the current scope
[INFO] [stdout]   --> src/processor/deprecated_validate_participation.rs:52:43
[INFO] [stdout]    |
[INFO] [stdout] 52 |     let master_edition = MasterEditionV1::from_account_info(open_master_edition_info)?;
[INFO] [stdout]    |                                           ^^^^^^^^^^^^^^^^^ function or associated item not found in `MasterEditionV1`
[INFO] [stdout]    |
[INFO] [stdout]    = help: items from traits can only be used if the trait is in scope
[INFO] [stdout] help: the following trait is implemented but not in scope; perhaps add a `use` for it:
[INFO] [stdout]    |
[INFO] [stdout] 1  + use mpl_token_metadata::state::TokenMetadataAccount;
[INFO] [stdout]    |
[INFO] [stdout] 
[INFO] [stdout] 
[INFO] [stdout] error[E0599]: no function or associated item named `from_account_info` found for struct `mpl_token_metadata::state::Metadata` in the current scope
[INFO] [stdout]   --> src/processor/deprecated_validate_safety_deposit_box_v1.rs:97:30
[INFO] [stdout]    |
[INFO] [stdout] 97 |     let metadata = Metadata::from_account_info(metadata_info)?;
[INFO] [stdout]    |                              ^^^^^^^^^^^^^^^^^ function or associated item not found in `Metadata`
[INFO] [stdout]    |
[INFO] [stdout]    = help: items from traits can only be used if the trait is in scope
[INFO] [stdout] help: the following trait is implemented but not in scope; perhaps add a `use` for it:
[INFO] [stdout]    |
[INFO] [stdout] 1  + use mpl_token_metadata::state::TokenMetadataAccount;
[INFO] [stdout]    |
[INFO] [stdout] 
[INFO] [stdout] 
[INFO] [stdout] error[E0599]: no function or associated item named `from_account_info` found for struct `mpl_token_metadata::state::Metadata` in the current scope
[INFO] [stdout]    --> src/processor/empty_payment_account.rs:248:30
[INFO] [stdout]     |
[INFO] [stdout] 248 |     let metadata = Metadata::from_account_info(metadata_info)?;
[INFO] [stdout]     |                              ^^^^^^^^^^^^^^^^^ function or associated item not found in `Metadata`
[INFO] [stdout]     |
[INFO] [stdout]     = help: items from traits can only be used if the trait is in scope
[INFO] [stdout] help: the following trait is implemented but not in scope; perhaps add a `use` for it:
[INFO] [stdout]     |
[INFO] [stdout] 1   + use mpl_token_metadata::state::TokenMetadataAccount;
[INFO] [stdout]     |
[INFO] [stdout] 
[INFO] [stdout] 
[INFO] [stdout] error[E0599]: no function or associated item named `from_account_info` found for struct `mpl_token_metadata::state::MasterEditionV1` in the current scope
[INFO] [stdout]    --> src/processor/empty_payment_account.rs:333:34
[INFO] [stdout]     |
[INFO] [stdout] 333 |                 MasterEditionV1::from_account_info(master_edition_info)?;
[INFO] [stdout]     |                                  ^^^^^^^^^^^^^^^^^ function or associated item not found in `MasterEditionV1`
[INFO] [stdout]     |
[INFO] [stdout]     = help: items from traits can only be used if the trait is in scope
[INFO] [stdout] help: the following trait is implemented but not in scope; perhaps add a `use` for it:
[INFO] [stdout]     |
[INFO] [stdout] 1   + use mpl_token_metadata::state::TokenMetadataAccount;
[INFO] [stdout]     |
[INFO] [stdout] 
[INFO] [stdout] 
[INFO] [stdout] error[E0599]: no function or associated item named `from_account_info` found for struct `mpl_token_metadata::state::Metadata` in the current scope
[INFO] [stdout]    --> src/processor/redeem_full_rights_transfer_bid.rs:116:38
[INFO] [stdout]     |
[INFO] [stdout] 116 |             let metadata = Metadata::from_account_info(metadata_info)?;
[INFO] [stdout]     |                                      ^^^^^^^^^^^^^^^^^ function or associated item not found in `Metadata`
[INFO] [stdout]     |
[INFO] [stdout]     = help: items from traits can only be used if the trait is in scope
[INFO] [stdout] help: the following trait is implemented but not in scope; perhaps add a `use` for it:
[INFO] [stdout]     |
[INFO] [stdout] 1   + use mpl_token_metadata::state::TokenMetadataAccount;
[INFO] [stdout]     |
[INFO] [stdout] 
[INFO] [stdout] 
[INFO] [stdout] error[E0599]: no function or associated item named `from_account_info` found for struct `mpl_token_metadata::state::MasterEditionV1` in the current scope
[INFO] [stdout]    --> src/processor/validate_safety_deposit_box_v2.rs:324:51
[INFO] [stdout]     |
[INFO] [stdout] 324 |             let master_edition = MasterEditionV1::from_account_info(edition_info)?;
[INFO] [stdout]     |                                                   ^^^^^^^^^^^^^^^^^ function or associated item not found in `MasterEditionV1`
[INFO] [stdout]     |
[INFO] [stdout]     = help: items from traits can only be used if the trait is in scope
[INFO] [stdout] help: the following trait is implemented but not in scope; perhaps add a `use` for it:
[INFO] [stdout]     |
[INFO] [stdout] 1   + use mpl_token_metadata::state::TokenMetadataAccount;
[INFO] [stdout]     |
[INFO] [stdout] 
[INFO] [stdout] 
[INFO] [stdout] error[E0599]: no function or associated item named `from_account_info` found for struct `mpl_token_metadata::state::MasterEditionV2` in the current scope
[INFO] [stdout]    --> src/processor/validate_safety_deposit_box_v2.rs:337:51
[INFO] [stdout]     |
[INFO] [stdout] 337 |             let master_edition = MasterEditionV2::from_account_info(edition_info)?;
[INFO] [stdout]     |                                                   ^^^^^^^^^^^^^^^^^ function or associated item not found in `MasterEditionV2`
[INFO] [stdout]     |
[INFO] [stdout]     = help: items from traits can only be used if the trait is in scope
[INFO] [stdout] help: the following trait is implemented but not in scope; perhaps add a `use` for it:
[INFO] [stdout]     |
[INFO] [stdout] 1   + use mpl_token_metadata::state::TokenMetadataAccount;
[INFO] [stdout]     |
[INFO] [stdout] 
[INFO] [stdout] 
[INFO] [stdout] error[E0599]: no function or associated item named `from_account_info` found for struct `mpl_token_metadata::state::MasterEditionV2` in the current scope
[INFO] [stdout]    --> src/processor/validate_safety_deposit_box_v2.rs:363:51
[INFO] [stdout]     |
[INFO] [stdout] 363 |             let master_edition = MasterEditionV2::from_account_info(edition_info)?;
[INFO] [stdout]     |                                                   ^^^^^^^^^^^^^^^^^ function or associated item not found in `MasterEditionV2`
[INFO] [stdout]     |
[INFO] [stdout]     = help: items from traits can only be used if the trait is in scope
[INFO] [stdout] help: the following trait is implemented but not in scope; perhaps add a `use` for it:
[INFO] [stdout]     |
[INFO] [stdout] 1   + use mpl_token_metadata::state::TokenMetadataAccount;
[INFO] [stdout]     |
[INFO] [stdout] 
[INFO] [stdout] 
[INFO] [stdout] error[E0599]: no function or associated item named `from_account_info` found for struct `mpl_token_metadata::state::Metadata` in the current scope
[INFO] [stdout]    --> src/processor/validate_safety_deposit_box_v2.rs:427:30
[INFO] [stdout]     |
[INFO] [stdout] 427 |     let metadata = Metadata::from_account_info(metadata_info)?;
[INFO] [stdout]     |                              ^^^^^^^^^^^^^^^^^ function or associated item not found in `Metadata`
[INFO] [stdout]     |
[INFO] [stdout]     = help: items from traits can only be used if the trait is in scope
[INFO] [stdout] help: the following trait is implemented but not in scope; perhaps add a `use` for it:
[INFO] [stdout]     |
[INFO] [stdout] 1   + use mpl_token_metadata::state::TokenMetadataAccount;
[INFO] [stdout]     |
[INFO] [stdout] 
[INFO] [stdout] 
[INFO] [stdout] error: aborting due to 11 previous errors; 2 warnings emitted
[INFO] [stdout] 
[INFO] [stdout] 
[INFO] [stdout] For more information about this error, try `rustc --explain E0599`.
[INFO] [stdout] 
[INFO] [stderr] error: could not compile `ywpl-plex` (lib) due to 12 previous errors; 2 warnings emitted
[INFO] running `Command { std: "docker" "inspect" "146c7af76f8aedb8baa40fe00c04fdb6bfa07af378c13452630f7dc5b7ddd307", kill_on_drop: false }`
[INFO] running `Command { std: "docker" "rm" "-f" "146c7af76f8aedb8baa40fe00c04fdb6bfa07af378c13452630f7dc5b7ddd307", kill_on_drop: false }`
[INFO] [stdout] 146c7af76f8aedb8baa40fe00c04fdb6bfa07af378c13452630f7dc5b7ddd307
