[INFO] fetching crate ysv 0.1.11...
[INFO] testing ysv-0.1.11 against 1.75.0 for beta-1.76-1
[INFO] extracting crate ysv 0.1.11 into /workspace/builds/worker-7-tc1/source
[INFO] validating manifest of crates.io crate ysv 0.1.11 on toolchain 1.75.0
[INFO] running `Command { std: CARGO_HOME="/workspace/cargo-home" RUSTUP_HOME="/workspace/rustup-home" "/workspace/cargo-home/bin/cargo" "+1.75.0" "metadata" "--manifest-path" "Cargo.toml" "--no-deps", kill_on_drop: false }`
[INFO] started tweaking crates.io crate ysv 0.1.11
[INFO] finished tweaking crates.io crate ysv 0.1.11
[INFO] tweaked toml for crates.io crate ysv 0.1.11 written to /workspace/builds/worker-7-tc1/source/Cargo.toml
[INFO] crate crates.io crate ysv 0.1.11 already has a lockfile, it will not be regenerated
[INFO] running `Command { std: CARGO_HOME="/workspace/cargo-home" RUSTUP_HOME="/workspace/rustup-home" "/workspace/cargo-home/bin/cargo" "+1.75.0" "fetch" "--manifest-path" "Cargo.toml", kill_on_drop: false }`
[INFO] [stderr]  Downloading crates ...
[INFO] [stderr]   Downloaded serde_yaml v0.8.20
[INFO] [stderr]   Downloaded serde_test v1.0.130
[INFO] [stderr]   Downloaded clap_derive v3.0.0-beta.4
[INFO] [stderr]   Downloaded simple_logger v1.13.0
[INFO] running `Command { std: "docker" "create" "-v" "/var/lib/crater-agent-workspace/builds/worker-7-tc1/target:/opt/rustwide/target:rw,Z" "-v" "/var/lib/crater-agent-workspace/builds/worker-7-tc1/source:/opt/rustwide/workdir:ro,Z" "-v" "/var/lib/crater-agent-workspace/cargo-home:/opt/rustwide/cargo-home:ro,Z" "-v" "/var/lib/crater-agent-workspace/rustup-home:/opt/rustwide/rustup-home:ro,Z" "-e" "SOURCE_DIR=/opt/rustwide/workdir" "-e" "CARGO_TARGET_DIR=/opt/rustwide/target" "-e" "CARGO_HOME=/opt/rustwide/cargo-home" "-e" "RUSTUP_HOME=/opt/rustwide/rustup-home" "-w" "/opt/rustwide/workdir" "-m" "1610612736" "--user" "0:0" "--network" "none" "ghcr.io/rust-lang/crates-build-env/linux@sha256:2788e3201cd34a07e3172128adcd8b3090168a8e3bcc40d7c032b9dda1df7d1c" "/opt/rustwide/cargo-home/bin/cargo" "+1.75.0" "metadata" "--no-deps" "--format-version=1", kill_on_drop: false }`
[INFO] [stdout] 8c68e82dc35f1d72ca3d51307ca0005c4b3cd31959344eb8cec720a8f0141468
[INFO] running `Command { std: "docker" "start" "-a" "8c68e82dc35f1d72ca3d51307ca0005c4b3cd31959344eb8cec720a8f0141468", kill_on_drop: false }`
[INFO] running `Command { std: "docker" "inspect" "8c68e82dc35f1d72ca3d51307ca0005c4b3cd31959344eb8cec720a8f0141468", kill_on_drop: false }`
[INFO] running `Command { std: "docker" "rm" "-f" "8c68e82dc35f1d72ca3d51307ca0005c4b3cd31959344eb8cec720a8f0141468", kill_on_drop: false }`
[INFO] [stdout] 8c68e82dc35f1d72ca3d51307ca0005c4b3cd31959344eb8cec720a8f0141468
[INFO] running `Command { std: "docker" "create" "-v" "/var/lib/crater-agent-workspace/builds/worker-7-tc1/target:/opt/rustwide/target:rw,Z" "-v" "/var/lib/crater-agent-workspace/builds/worker-7-tc1/source:/opt/rustwide/workdir:ro,Z" "-v" "/var/lib/crater-agent-workspace/cargo-home:/opt/rustwide/cargo-home:ro,Z" "-v" "/var/lib/crater-agent-workspace/rustup-home:/opt/rustwide/rustup-home:ro,Z" "-e" "SOURCE_DIR=/opt/rustwide/workdir" "-e" "CARGO_TARGET_DIR=/opt/rustwide/target" "-e" "CARGO_INCREMENTAL=0" "-e" "RUST_BACKTRACE=full" "-e" "RUSTFLAGS=--cap-lints=warn" "-e" "RUSTDOCFLAGS=--cap-lints=warn" "-e" "CARGO_HOME=/opt/rustwide/cargo-home" "-e" "RUSTUP_HOME=/opt/rustwide/rustup-home" "-w" "/opt/rustwide/workdir" "-m" "1610612736" "--user" "0:0" "--network" "none" "ghcr.io/rust-lang/crates-build-env/linux@sha256:2788e3201cd34a07e3172128adcd8b3090168a8e3bcc40d7c032b9dda1df7d1c" "/opt/rustwide/cargo-home/bin/cargo" "+1.75.0" "build" "--frozen" "--message-format=json", kill_on_drop: false }`
[INFO] [stdout] ef4d01e0b31e7684f90e910300e93d499e9acf4820a7ee681c07b28c3bc17a49
[INFO] running `Command { std: "docker" "start" "-a" "ef4d01e0b31e7684f90e910300e93d499e9acf4820a7ee681c07b28c3bc17a49", kill_on_drop: false }`
[INFO] [stderr]    Compiling proc-macro2 v1.0.29
[INFO] [stderr]    Compiling unicode-xid v0.2.2
[INFO] [stderr]    Compiling syn v1.0.76
[INFO] [stderr]    Compiling autocfg v1.0.1
[INFO] [stderr]    Compiling serde_derive v1.0.130
[INFO] [stderr]    Compiling serde v1.0.130
[INFO] [stderr]    Compiling libc v0.2.101
[INFO] [stderr]    Compiling version_check v0.9.3
[INFO] [stderr]    Compiling memchr v2.4.1
[INFO] [stderr]    Compiling ryu v1.0.5
[INFO] [stderr]    Compiling unicode-segmentation v1.8.0
[INFO] [stderr]    Compiling proc-macro-error-attr v1.0.4
[INFO] [stderr]    Compiling proc-macro-error v1.0.4
[INFO] [stderr]    Compiling num-traits v0.2.14
[INFO] [stderr]    Compiling num-integer v0.1.44
[INFO] [stderr]    Compiling indexmap v1.7.0
[INFO] [stderr]    Compiling quote v1.0.9
[INFO] [stderr]    Compiling crossbeam-utils v0.8.5
[INFO] [stderr]    Compiling hashbrown v0.11.2
[INFO] [stderr]    Compiling log v0.4.14
[INFO] [stderr]    Compiling atty v0.2.14
[INFO] [stderr]    Compiling time v0.1.44
[INFO] [stderr]    Compiling heck v0.3.3
[INFO] [stderr]    Compiling serde_json v1.0.67
[INFO] [stderr]    Compiling unicode-width v0.1.8
[INFO] [stderr]    Compiling regex-automata v0.1.10
[INFO] [stderr]    Compiling itoa v0.4.8
[INFO] [stderr]    Compiling textwrap v0.11.0
[INFO] [stderr]    Compiling colored v1.9.3
[INFO] [stderr]    Compiling csv-core v0.1.10
[INFO] [stderr]    Compiling aho-corasick v0.7.18
[INFO] [stderr]    Compiling regex-syntax v0.6.25
[INFO] [stderr]    Compiling os_str_bytes v2.4.0
[INFO] [stderr]    Compiling vec_map v0.8.2
[INFO] [stderr]    Compiling termcolor v1.1.2
[INFO] [stderr]    Compiling crossbeam-channel v0.5.1
[INFO] [stderr]    Compiling regex v1.5.4
[INFO] [stderr]    Compiling clap_derive v3.0.0-beta.4
[INFO] [stderr]    Compiling clap v3.0.0-beta.1
[INFO] [stderr]    Compiling serde_test v1.0.130
[INFO] [stderr]    Compiling bstr v0.2.16
[INFO] [stderr]    Compiling chrono v0.4.19
[INFO] [stderr]    Compiling linked-hash-map v0.5.4
[INFO] [stderr]    Compiling csv v1.1.6
[INFO] [stderr]    Compiling yaml-rust v0.4.5
[INFO] [stderr]    Compiling simple_logger v1.13.0
[INFO] [stderr]    Compiling serde_yaml v0.8.20
[INFO] [stderr]    Compiling ysv v0.1.11 (/opt/rustwide/workdir)
[INFO] [stdout] warning: field `version` is never read
[INFO] [stdout]   --> src/compile/models.rs:54:5
[INFO] [stdout]    |
[INFO] [stdout] 53 | pub struct Config {
[INFO] [stdout]    |            ------ field in this struct
[INFO] [stdout] 54 |     version: i8,
[INFO] [stdout]    |     ^^^^^^^
[INFO] [stdout]    |
[INFO] [stdout]    = note: `Config` has a derived impl for the trait `Debug`, but this is intentionally ignored during dead code analysis
[INFO] [stdout]    = note: `#[warn(dead_code)]` on by default
[INFO] [stdout] 
[INFO] [stdout] 
[INFO] [stdout] warning: 1 warning emitted
[INFO] [stdout] 
[INFO] [stdout] 
[INFO] [stderr]     Finished dev [unoptimized + debuginfo] target(s) in 26.46s
[INFO] running `Command { std: "docker" "inspect" "ef4d01e0b31e7684f90e910300e93d499e9acf4820a7ee681c07b28c3bc17a49", kill_on_drop: false }`
[INFO] running `Command { std: "docker" "rm" "-f" "ef4d01e0b31e7684f90e910300e93d499e9acf4820a7ee681c07b28c3bc17a49", kill_on_drop: false }`
[INFO] [stdout] ef4d01e0b31e7684f90e910300e93d499e9acf4820a7ee681c07b28c3bc17a49
[INFO] running `Command { std: "docker" "create" "-v" "/var/lib/crater-agent-workspace/builds/worker-7-tc1/target:/opt/rustwide/target:rw,Z" "-v" "/var/lib/crater-agent-workspace/builds/worker-7-tc1/source:/opt/rustwide/workdir:ro,Z" "-v" "/var/lib/crater-agent-workspace/cargo-home:/opt/rustwide/cargo-home:ro,Z" "-v" "/var/lib/crater-agent-workspace/rustup-home:/opt/rustwide/rustup-home:ro,Z" "-e" "SOURCE_DIR=/opt/rustwide/workdir" "-e" "CARGO_TARGET_DIR=/opt/rustwide/target" "-e" "CARGO_INCREMENTAL=0" "-e" "RUST_BACKTRACE=full" "-e" "RUSTFLAGS=--cap-lints=warn" "-e" "RUSTDOCFLAGS=--cap-lints=warn" "-e" "CARGO_HOME=/opt/rustwide/cargo-home" "-e" "RUSTUP_HOME=/opt/rustwide/rustup-home" "-w" "/opt/rustwide/workdir" "-m" "1610612736" "--user" "0:0" "--network" "none" "ghcr.io/rust-lang/crates-build-env/linux@sha256:2788e3201cd34a07e3172128adcd8b3090168a8e3bcc40d7c032b9dda1df7d1c" "/opt/rustwide/cargo-home/bin/cargo" "+1.75.0" "test" "--frozen" "--no-run" "--message-format=json", kill_on_drop: false }`
[INFO] [stdout] c6c189fbd4fbb20fd6c9d0920e78fb9af4d369194eb2766485cb0a591fa91367
[INFO] running `Command { std: "docker" "start" "-a" "c6c189fbd4fbb20fd6c9d0920e78fb9af4d369194eb2766485cb0a591fa91367", kill_on_drop: false }`
[INFO] [stderr]    Compiling ysv v0.1.11 (/opt/rustwide/workdir)
[INFO] [stdout] warning: field `version` is never read
[INFO] [stdout]   --> src/compile/models.rs:54:5
[INFO] [stdout]    |
[INFO] [stdout] 53 | pub struct Config {
[INFO] [stdout]    |            ------ field in this struct
[INFO] [stdout] 54 |     version: i8,
[INFO] [stdout]    |     ^^^^^^^
[INFO] [stdout]    |
[INFO] [stdout]    = note: `Config` has a derived impl for the trait `Debug`, but this is intentionally ignored during dead code analysis
[INFO] [stdout]    = note: `#[warn(dead_code)]` on by default
[INFO] [stdout] 
[INFO] [stdout] 
[INFO] [stdout] warning: 1 warning emitted
[INFO] [stdout] 
[INFO] [stdout] 
[INFO] [stdout] error[E0308]: mismatched types
[INFO] [stdout]   --> src/transform/date.rs:46:45
[INFO] [stdout]    |
[INFO] [stdout] 46 |         let date = apply_excel_ordinal_date(ordinal.to_string()).unwrap();
[INFO] [stdout]    |                    ------------------------ ^^^^^^^^^^^^^^^^^^^ expected `CellValue`, found `String`
[INFO] [stdout]    |                    |
[INFO] [stdout]    |                    arguments to this function are incorrect
[INFO] [stdout]    |
[INFO] [stdout] note: function defined here
[INFO] [stdout]   --> src/transform/date.rs:25:8
[INFO] [stdout]    |
[INFO] [stdout] 25 | pub fn apply_excel_ordinal_date(value: CellValue) -> CellValue {
[INFO] [stdout]    |        ^^^^^^^^^^^^^^^^^^^^^^^^ ----------------
[INFO] [stdout] 
[INFO] [stdout] 
[INFO] [stdout] error[E0599]: no method named `unwrap` found for enum `CellValue` in the current scope
[INFO] [stdout]   --> src/transform/date.rs:46:66
[INFO] [stdout]    |
[INFO] [stdout] 46 |         let date = apply_excel_ordinal_date(ordinal.to_string()).unwrap();
[INFO] [stdout]    |                                                                  ^^^^^^ method not found in `CellValue`
[INFO] [stdout]    |
[INFO] [stdout]   ::: src/transform/models.rs:27:1
[INFO] [stdout]    |
[INFO] [stdout] 27 | pub enum CellValue {
[INFO] [stdout]    | ------------------ method `unwrap` not found for this enum
[INFO] [stdout] 
[INFO] [stdout] 
[INFO] [stderr] error: could not compile `ysv` (lib test) due to 3 previous errors
[INFO] [stdout] error: aborting due to 2 previous errors
[INFO] [stdout] 
[INFO] [stdout] 
[INFO] [stdout] Some errors have detailed explanations: E0308, E0599.
[INFO] [stdout] 
[INFO] [stdout] For more information about an error, try `rustc --explain E0308`.
[INFO] [stdout] 
[INFO] running `Command { std: "docker" "inspect" "c6c189fbd4fbb20fd6c9d0920e78fb9af4d369194eb2766485cb0a591fa91367", kill_on_drop: false }`
[INFO] running `Command { std: "docker" "rm" "-f" "c6c189fbd4fbb20fd6c9d0920e78fb9af4d369194eb2766485cb0a591fa91367", kill_on_drop: false }`
[INFO] [stdout] c6c189fbd4fbb20fd6c9d0920e78fb9af4d369194eb2766485cb0a591fa91367
[INFO] testing ysv-0.1.11 against beta-2023-12-22 for beta-1.76-1
[INFO] extracting crate ysv 0.1.11 into /workspace/builds/worker-7-tc2/source
[INFO] validating manifest of crates.io crate ysv 0.1.11 on toolchain beta-2023-12-22
[INFO] running `Command { std: CARGO_HOME="/workspace/cargo-home" RUSTUP_HOME="/workspace/rustup-home" "/workspace/cargo-home/bin/cargo" "+beta-2023-12-22" "metadata" "--manifest-path" "Cargo.toml" "--no-deps", kill_on_drop: false }`
[INFO] started tweaking crates.io crate ysv 0.1.11
[INFO] finished tweaking crates.io crate ysv 0.1.11
[INFO] tweaked toml for crates.io crate ysv 0.1.11 written to /workspace/builds/worker-7-tc2/source/Cargo.toml
[INFO] crate crates.io crate ysv 0.1.11 already has a lockfile, it will not be regenerated
[INFO] running `Command { std: CARGO_HOME="/workspace/cargo-home" RUSTUP_HOME="/workspace/rustup-home" "/workspace/cargo-home/bin/cargo" "+beta-2023-12-22" "fetch" "--manifest-path" "Cargo.toml", kill_on_drop: false }`
[INFO] running `Command { std: "docker" "create" "-v" "/var/lib/crater-agent-workspace/builds/worker-7-tc2/target:/opt/rustwide/target:rw,Z" "-v" "/var/lib/crater-agent-workspace/builds/worker-7-tc2/source:/opt/rustwide/workdir:ro,Z" "-v" "/var/lib/crater-agent-workspace/cargo-home:/opt/rustwide/cargo-home:ro,Z" "-v" "/var/lib/crater-agent-workspace/rustup-home:/opt/rustwide/rustup-home:ro,Z" "-e" "SOURCE_DIR=/opt/rustwide/workdir" "-e" "CARGO_TARGET_DIR=/opt/rustwide/target" "-e" "CARGO_HOME=/opt/rustwide/cargo-home" "-e" "RUSTUP_HOME=/opt/rustwide/rustup-home" "-w" "/opt/rustwide/workdir" "-m" "1610612736" "--user" "0:0" "--network" "none" "ghcr.io/rust-lang/crates-build-env/linux@sha256:2788e3201cd34a07e3172128adcd8b3090168a8e3bcc40d7c032b9dda1df7d1c" "/opt/rustwide/cargo-home/bin/cargo" "+beta-2023-12-22" "metadata" "--no-deps" "--format-version=1", kill_on_drop: false }`
[INFO] [stdout] b476d202b06231b185431867d50b113b614121e1b9aaac83e52a050225b2e592
[INFO] running `Command { std: "docker" "start" "-a" "b476d202b06231b185431867d50b113b614121e1b9aaac83e52a050225b2e592", kill_on_drop: false }`
[INFO] running `Command { std: "docker" "inspect" "b476d202b06231b185431867d50b113b614121e1b9aaac83e52a050225b2e592", kill_on_drop: false }`
[INFO] running `Command { std: "docker" "rm" "-f" "b476d202b06231b185431867d50b113b614121e1b9aaac83e52a050225b2e592", kill_on_drop: false }`
[INFO] [stdout] b476d202b06231b185431867d50b113b614121e1b9aaac83e52a050225b2e592
[INFO] running `Command { std: "docker" "create" "-v" "/var/lib/crater-agent-workspace/builds/worker-7-tc2/target:/opt/rustwide/target:rw,Z" "-v" "/var/lib/crater-agent-workspace/builds/worker-7-tc2/source:/opt/rustwide/workdir:ro,Z" "-v" "/var/lib/crater-agent-workspace/cargo-home:/opt/rustwide/cargo-home:ro,Z" "-v" "/var/lib/crater-agent-workspace/rustup-home:/opt/rustwide/rustup-home:ro,Z" "-e" "SOURCE_DIR=/opt/rustwide/workdir" "-e" "CARGO_TARGET_DIR=/opt/rustwide/target" "-e" "CARGO_INCREMENTAL=0" "-e" "RUST_BACKTRACE=full" "-e" "RUSTFLAGS=--cap-lints=warn" "-e" "RUSTDOCFLAGS=--cap-lints=warn" "-e" "CARGO_HOME=/opt/rustwide/cargo-home" "-e" "RUSTUP_HOME=/opt/rustwide/rustup-home" "-w" "/opt/rustwide/workdir" "-m" "1610612736" "--user" "0:0" "--network" "none" "ghcr.io/rust-lang/crates-build-env/linux@sha256:2788e3201cd34a07e3172128adcd8b3090168a8e3bcc40d7c032b9dda1df7d1c" "/opt/rustwide/cargo-home/bin/cargo" "+beta-2023-12-22" "build" "--frozen" "--message-format=json", kill_on_drop: false }`
[INFO] [stdout] 747209eb35a6901ec8faa77544cc713d85ba3106437bca39b4260dc36220162b
[INFO] running `Command { std: "docker" "start" "-a" "747209eb35a6901ec8faa77544cc713d85ba3106437bca39b4260dc36220162b", kill_on_drop: false }`
[INFO] [stderr]    Compiling proc-macro2 v1.0.29
[INFO] [stderr]    Compiling unicode-xid v0.2.2
[INFO] [stderr]    Compiling syn v1.0.76
[INFO] [stderr]    Compiling autocfg v1.0.1
[INFO] [stderr]    Compiling serde_derive v1.0.130
[INFO] [stderr]    Compiling serde v1.0.130
[INFO] [stderr]    Compiling libc v0.2.101
[INFO] [stderr]    Compiling version_check v0.9.3
[INFO] [stderr]    Compiling memchr v2.4.1
[INFO] [stderr]    Compiling num-traits v0.2.14
[INFO] [stderr]    Compiling num-integer v0.1.44
[INFO] [stderr]    Compiling indexmap v1.7.0
[INFO] [stderr]    Compiling ryu v1.0.5
[INFO] [stderr]    Compiling proc-macro-error-attr v1.0.4
[INFO] [stderr]    Compiling proc-macro-error v1.0.4
[INFO] [stderr]    Compiling unicode-segmentation v1.8.0
[INFO] [stderr]    Compiling atty v0.2.14
[INFO] [stderr]    Compiling crossbeam-utils v0.8.5
[INFO] [stderr]    Compiling hashbrown v0.11.2
[INFO] [stderr]    Compiling log v0.4.14
[INFO] [stderr]    Compiling quote v1.0.9
[INFO] [stderr]    Compiling time v0.1.44
[INFO] [stderr]    Compiling serde_json v1.0.67
[INFO] [stderr]    Compiling regex-automata v0.1.10
[INFO] [stderr]    Compiling heck v0.3.3
[INFO] [stderr]    Compiling unicode-width v0.1.8
[INFO] [stderr]    Compiling itoa v0.4.8
[INFO] [stderr]    Compiling textwrap v0.11.0
[INFO] [stderr]    Compiling colored v1.9.3
[INFO] [stderr]    Compiling aho-corasick v0.7.18
[INFO] [stderr]    Compiling csv-core v0.1.10
[INFO] [stderr]    Compiling os_str_bytes v2.4.0
[INFO] [stderr]    Compiling termcolor v1.1.2
[INFO] [stderr]    Compiling vec_map v0.8.2
[INFO] [stderr]    Compiling regex-syntax v0.6.25
[INFO] [stderr]    Compiling crossbeam-channel v0.5.1
[INFO] [stderr]    Compiling regex v1.5.4
[INFO] [stderr]    Compiling clap_derive v3.0.0-beta.4
[INFO] [stderr]    Compiling clap v3.0.0-beta.1
[INFO] [stderr]    Compiling serde_test v1.0.130
[INFO] [stderr]    Compiling chrono v0.4.19
[INFO] [stderr]    Compiling bstr v0.2.16
[INFO] [stderr]    Compiling csv v1.1.6
[INFO] [stderr]    Compiling linked-hash-map v0.5.4
[INFO] [stderr]    Compiling simple_logger v1.13.0
[INFO] [stderr]    Compiling yaml-rust v0.4.5
[INFO] [stderr]    Compiling serde_yaml v0.8.20
[INFO] [stderr]    Compiling ysv v0.1.11 (/opt/rustwide/workdir)
[INFO] [stdout] warning: field `version` is never read
[INFO] [stdout]   --> src/compile/models.rs:54:5
[INFO] [stdout]    |
[INFO] [stdout] 53 | pub struct Config {
[INFO] [stdout]    |            ------ field in this struct
[INFO] [stdout] 54 |     version: i8,
[INFO] [stdout]    |     ^^^^^^^
[INFO] [stdout]    |
[INFO] [stdout]    = note: `Config` has a derived impl for the trait `Debug`, but this is intentionally ignored during dead code analysis
[INFO] [stdout]    = note: `#[warn(dead_code)]` on by default
[INFO] [stdout] 
[INFO] [stdout] 
[INFO] [stdout] warning: 1 warning emitted
[INFO] [stdout] 
[INFO] [stdout] 
[INFO] [stderr]     Finished dev [unoptimized + debuginfo] target(s) in 36.63s
[INFO] running `Command { std: "docker" "inspect" "747209eb35a6901ec8faa77544cc713d85ba3106437bca39b4260dc36220162b", kill_on_drop: false }`
[INFO] running `Command { std: "docker" "rm" "-f" "747209eb35a6901ec8faa77544cc713d85ba3106437bca39b4260dc36220162b", kill_on_drop: false }`
[INFO] [stdout] 747209eb35a6901ec8faa77544cc713d85ba3106437bca39b4260dc36220162b
[INFO] running `Command { std: "docker" "create" "-v" "/var/lib/crater-agent-workspace/builds/worker-7-tc2/target:/opt/rustwide/target:rw,Z" "-v" "/var/lib/crater-agent-workspace/builds/worker-7-tc2/source:/opt/rustwide/workdir:ro,Z" "-v" "/var/lib/crater-agent-workspace/cargo-home:/opt/rustwide/cargo-home:ro,Z" "-v" "/var/lib/crater-agent-workspace/rustup-home:/opt/rustwide/rustup-home:ro,Z" "-e" "SOURCE_DIR=/opt/rustwide/workdir" "-e" "CARGO_TARGET_DIR=/opt/rustwide/target" "-e" "CARGO_INCREMENTAL=0" "-e" "RUST_BACKTRACE=full" "-e" "RUSTFLAGS=--cap-lints=warn" "-e" "RUSTDOCFLAGS=--cap-lints=warn" "-e" "CARGO_HOME=/opt/rustwide/cargo-home" "-e" "RUSTUP_HOME=/opt/rustwide/rustup-home" "-w" "/opt/rustwide/workdir" "-m" "1610612736" "--user" "0:0" "--network" "none" "ghcr.io/rust-lang/crates-build-env/linux@sha256:2788e3201cd34a07e3172128adcd8b3090168a8e3bcc40d7c032b9dda1df7d1c" "/opt/rustwide/cargo-home/bin/cargo" "+beta-2023-12-22" "test" "--frozen" "--no-run" "--message-format=json", kill_on_drop: false }`
[INFO] [stdout] 27e6b3f24b99fd31979e90d73ca386ccbc146aae160957bb14e772778dd0210a
[INFO] running `Command { std: "docker" "start" "-a" "27e6b3f24b99fd31979e90d73ca386ccbc146aae160957bb14e772778dd0210a", kill_on_drop: false }`
[INFO] [stderr]    Compiling ysv v0.1.11 (/opt/rustwide/workdir)
[INFO] [stdout] warning: field `version` is never read
[INFO] [stdout]   --> src/compile/models.rs:54:5
[INFO] [stdout]    |
[INFO] [stdout] 53 | pub struct Config {
[INFO] [stdout]    |            ------ field in this struct
[INFO] [stdout] 54 |     version: i8,
[INFO] [stdout]    |     ^^^^^^^
[INFO] [stdout]    |
[INFO] [stdout]    = note: `Config` has a derived impl for the trait `Debug`, but this is intentionally ignored during dead code analysis
[INFO] [stdout]    = note: `#[warn(dead_code)]` on by default
[INFO] [stdout] 
[INFO] [stdout] 
[INFO] [stdout] warning: 1 warning emitted
[INFO] [stdout] 
[INFO] [stdout] 
[INFO] [stdout] error[E0308]: mismatched types
[INFO] [stdout]   --> src/transform/date.rs:46:45
[INFO] [stdout]    |
[INFO] [stdout] 46 |         let date = apply_excel_ordinal_date(ordinal.to_string()).unwrap();
[INFO] [stdout]    |                    ------------------------ ^^^^^^^^^^^^^^^^^^^ expected `CellValue`, found `String`
[INFO] [stdout]    |                    |
[INFO] [stdout]    |                    arguments to this function are incorrect
[INFO] [stdout]    |
[INFO] [stdout] note: function defined here
[INFO] [stdout]   --> src/transform/date.rs:25:8
[INFO] [stdout]    |
[INFO] [stdout] 25 | pub fn apply_excel_ordinal_date(value: CellValue) -> CellValue {
[INFO] [stdout]    |        ^^^^^^^^^^^^^^^^^^^^^^^^ ----------------
[INFO] [stdout] 
[INFO] [stdout] 
[INFO] [stdout] error[E0599]: no method named `unwrap` found for enum `CellValue` in the current scope
[INFO] [stdout]   --> src/transform/date.rs:46:66
[INFO] [stdout]    |
[INFO] [stdout] 46 |         let date = apply_excel_ordinal_date(ordinal.to_string()).unwrap();
[INFO] [stdout]    |                                                                  ^^^^^^ method not found in `CellValue`
[INFO] [stdout]    |
[INFO] [stdout]   ::: src/transform/models.rs:27:1
[INFO] [stdout]    |
[INFO] [stdout] 27 | pub enum CellValue {
[INFO] [stdout]    | ------------------ method `unwrap` not found for this enum
[INFO] [stdout] 
[INFO] [stdout] 
[INFO] [stdout] error: aborting due to 2 previous errors
[INFO] [stdout] 
[INFO] [stdout] 
[INFO] [stdout] Some errors have detailed explanations: E0308, E0599.
[INFO] [stdout] 
[INFO] [stdout] For more information about an error, try `rustc --explain E0308`.
[INFO] [stdout] 
[INFO] [stderr] error: could not compile `ysv` (lib test) due to 3 previous errors
[INFO] [stderr] warning: build failed, waiting for other jobs to finish...
[INFO] running `Command { std: "docker" "inspect" "27e6b3f24b99fd31979e90d73ca386ccbc146aae160957bb14e772778dd0210a", kill_on_drop: false }`
[INFO] running `Command { std: "docker" "rm" "-f" "27e6b3f24b99fd31979e90d73ca386ccbc146aae160957bb14e772778dd0210a", kill_on_drop: false }`
[INFO] [stdout] 27e6b3f24b99fd31979e90d73ca386ccbc146aae160957bb14e772778dd0210a
