[INFO] fetching crate yoyo 0.4.1...
[INFO] testing yoyo-0.4.1 against 1.75.0 for beta-1.76-1
[INFO] extracting crate yoyo 0.4.1 into /workspace/builds/worker-7-tc1/source
[INFO] validating manifest of crates.io crate yoyo 0.4.1 on toolchain 1.75.0
[INFO] running `Command { std: CARGO_HOME="/workspace/cargo-home" RUSTUP_HOME="/workspace/rustup-home" "/workspace/cargo-home/bin/cargo" "+1.75.0" "metadata" "--manifest-path" "Cargo.toml" "--no-deps", kill_on_drop: false }`
[INFO] started tweaking crates.io crate yoyo 0.4.1
[INFO] finished tweaking crates.io crate yoyo 0.4.1
[INFO] tweaked toml for crates.io crate yoyo 0.4.1 written to /workspace/builds/worker-7-tc1/source/Cargo.toml
[INFO] running `Command { std: CARGO_HOME="/workspace/cargo-home" RUSTUP_HOME="/workspace/rustup-home" "/workspace/cargo-home/bin/cargo" "+1.75.0" "generate-lockfile" "--manifest-path" "Cargo.toml", kill_on_drop: false }`
[INFO] [stderr]     Updating crates.io index
[INFO] running `Command { std: CARGO_HOME="/workspace/cargo-home" RUSTUP_HOME="/workspace/rustup-home" "/workspace/cargo-home/bin/cargo" "+1.75.0" "fetch" "--manifest-path" "Cargo.toml", kill_on_drop: false }`
[INFO] [stderr]  Downloading crates ...
[INFO] [stderr]   Downloaded polyhorn-macros v0.4.0
[INFO] [stderr]   Downloaded fsize v0.1.1
[INFO] [stderr]   Downloaded polyhorn-ui-macros v0.4.0
[INFO] [stderr]   Downloaded as-any v0.2.1
[INFO] [stderr]   Downloaded polyhorn v0.4.1
[INFO] [stderr]   Downloaded strum_macros v0.19.4
[INFO] [stderr]   Downloaded polyhorn-build v0.4.1
[INFO] [stderr]   Downloaded polyhorn-ios-sys v0.4.0
[INFO] [stderr]   Downloaded yoyo-physics v0.4.0
[INFO] [stderr]   Downloaded strum v0.19.5
[INFO] [stderr]   Downloaded yoyo-macros v0.4.0
[INFO] [stderr]   Downloaded polyhorn-build-android v0.4.0
[INFO] [stderr]   Downloaded palette_derive v0.5.0
[INFO] [stderr]   Downloaded polyhorn-core v0.4.0
[INFO] [stderr]   Downloaded cargo-lock v6.0.1
[INFO] [stderr]   Downloaded usvg v0.11.0
[INFO] [stderr]   Downloaded palette v0.5.0
[INFO] [stderr]   Downloaded polyhorn-ui v0.4.0
[INFO] [stderr]   Downloaded polyhorn-yoga v0.3.4
[INFO] [stderr]   Downloaded pico-args v0.3.4
[INFO] [stderr]   Downloaded polyhorn-build-ios v0.4.0
[INFO] [stderr]   Downloaded polyhorn-ios v0.4.0
[INFO] [stderr]   Downloaded casco v0.4.0
[INFO] [stderr]   Downloaded polyhorn-android v0.4.0
[INFO] [stderr]   Downloaded kurbo v0.6.3
[INFO] [stderr]   Downloaded polyhorn-android-sys v0.4.0
[INFO] running `Command { std: "docker" "create" "-v" "/var/lib/crater-agent-workspace/builds/worker-7-tc1/target:/opt/rustwide/target:rw,Z" "-v" "/var/lib/crater-agent-workspace/builds/worker-7-tc1/source:/opt/rustwide/workdir:ro,Z" "-v" "/var/lib/crater-agent-workspace/cargo-home:/opt/rustwide/cargo-home:ro,Z" "-v" "/var/lib/crater-agent-workspace/rustup-home:/opt/rustwide/rustup-home:ro,Z" "-e" "SOURCE_DIR=/opt/rustwide/workdir" "-e" "CARGO_TARGET_DIR=/opt/rustwide/target" "-e" "CARGO_HOME=/opt/rustwide/cargo-home" "-e" "RUSTUP_HOME=/opt/rustwide/rustup-home" "-w" "/opt/rustwide/workdir" "-m" "1610612736" "--user" "0:0" "--network" "none" "ghcr.io/rust-lang/crates-build-env/linux@sha256:2788e3201cd34a07e3172128adcd8b3090168a8e3bcc40d7c032b9dda1df7d1c" "/opt/rustwide/cargo-home/bin/cargo" "+1.75.0" "metadata" "--no-deps" "--format-version=1", kill_on_drop: false }`
[INFO] [stdout] f5c141a2168ad302f72f743ff225039814af05dd35eb39a419155592d14b7295
[INFO] running `Command { std: "docker" "start" "-a" "f5c141a2168ad302f72f743ff225039814af05dd35eb39a419155592d14b7295", kill_on_drop: false }`
[INFO] running `Command { std: "docker" "inspect" "f5c141a2168ad302f72f743ff225039814af05dd35eb39a419155592d14b7295", kill_on_drop: false }`
[INFO] running `Command { std: "docker" "rm" "-f" "f5c141a2168ad302f72f743ff225039814af05dd35eb39a419155592d14b7295", kill_on_drop: false }`
[INFO] [stdout] f5c141a2168ad302f72f743ff225039814af05dd35eb39a419155592d14b7295
[INFO] running `Command { std: "docker" "create" "-v" "/var/lib/crater-agent-workspace/builds/worker-7-tc1/target:/opt/rustwide/target:rw,Z" "-v" "/var/lib/crater-agent-workspace/builds/worker-7-tc1/source:/opt/rustwide/workdir:ro,Z" "-v" "/var/lib/crater-agent-workspace/cargo-home:/opt/rustwide/cargo-home:ro,Z" "-v" "/var/lib/crater-agent-workspace/rustup-home:/opt/rustwide/rustup-home:ro,Z" "-e" "SOURCE_DIR=/opt/rustwide/workdir" "-e" "CARGO_TARGET_DIR=/opt/rustwide/target" "-e" "CARGO_INCREMENTAL=0" "-e" "RUST_BACKTRACE=full" "-e" "RUSTFLAGS=--cap-lints=warn" "-e" "RUSTDOCFLAGS=--cap-lints=warn" "-e" "CARGO_HOME=/opt/rustwide/cargo-home" "-e" "RUSTUP_HOME=/opt/rustwide/rustup-home" "-w" "/opt/rustwide/workdir" "-m" "1610612736" "--user" "0:0" "--network" "none" "ghcr.io/rust-lang/crates-build-env/linux@sha256:2788e3201cd34a07e3172128adcd8b3090168a8e3bcc40d7c032b9dda1df7d1c" "/opt/rustwide/cargo-home/bin/cargo" "+1.75.0" "build" "--frozen" "--message-format=json", kill_on_drop: false }`
[INFO] [stdout] 15c00dc55ca1a51ab02c605530682ba46629c4a0331bf80233f1f8a46479579d
[INFO] running `Command { std: "docker" "start" "-a" "15c00dc55ca1a51ab02c605530682ba46629c4a0331bf80233f1f8a46479579d", kill_on_drop: false }`
[INFO] [stderr]    Compiling proc-macro2 v1.0.75
[INFO] [stderr]    Compiling unicode-ident v1.0.12
[INFO] [stderr]    Compiling memchr v2.7.1
[INFO] [stderr]    Compiling glob v0.3.1
[INFO] [stderr]    Compiling regex-syntax v0.8.2
[INFO] [stderr]    Compiling log v0.4.20
[INFO] [stderr]    Compiling serde v1.0.194
[INFO] [stderr]    Compiling unicode-width v0.1.11
[INFO] [stderr]    Compiling futures-core v0.3.30
[INFO] [stderr]    Compiling quick-error v1.2.3
[INFO] [stderr]    Compiling futures-sink v0.3.30
[INFO] [stderr]    Compiling libc v0.2.151
[INFO] [stderr]    Compiling num-traits v0.2.17
[INFO] [stderr]    Compiling nom v5.1.3
[INFO] [stderr]    Compiling libloading v0.8.1
[INFO] [stderr]    Compiling ansi_term v0.12.1
[INFO] [stderr]    Compiling bitflags v1.3.2
[INFO] [stderr]    Compiling textwrap v0.11.0
[INFO] [stderr]    Compiling humantime v1.3.0
[INFO] [stderr]    Compiling bindgen v0.55.1
[INFO] [stderr]    Compiling strsim v0.8.0
[INFO] [stderr]    Compiling futures-channel v0.3.30
[INFO] [stderr]    Compiling pin-utils v0.1.0
[INFO] [stderr]    Compiling futures-task v0.3.30
[INFO] [stderr]    Compiling futures-io v0.3.30
[INFO] [stderr]    Compiling termcolor v1.4.0
[INFO] [stderr]    Compiling vec_map v0.8.2
[INFO] [stderr]    Compiling peeking_take_while v0.1.2
[INFO] [stderr]    Compiling lazy_static v1.4.0
[INFO] [stderr]    Compiling rustc-hash v1.1.0
[INFO] [stderr]    Compiling lazycell v1.3.0
[INFO] [stderr]    Compiling cfg-if v0.1.10
[INFO] [stderr]    Compiling clang-sys v1.7.0
[INFO] [stderr]    Compiling shlex v0.1.1
[INFO] [stderr]    Compiling crc32fast v1.3.2
[INFO] [stderr]    Compiling ucd-trie v0.1.6
[INFO] [stderr]    Compiling adler v1.0.2
[INFO] [stderr]    Compiling quote v1.0.35
[INFO] [stderr]    Compiling float-cmp v0.5.3
[INFO] [stderr]    Compiling paste v1.0.14
[INFO] [stderr]    Compiling siphasher v0.2.3
[INFO] [stderr]    Compiling aho-corasick v1.1.2
[INFO] [stderr]    Compiling miniz_oxide v0.7.1
[INFO] [stderr]    Compiling unicode-segmentation v1.10.1
[INFO] [stderr]    Compiling palette v0.5.0
[INFO] [stderr]    Compiling syn v2.0.48
[INFO] [stderr]    Compiling syn v1.0.109
[INFO] [stderr]    Compiling atty v0.2.14
[INFO] [stderr]    Compiling which v3.1.1
[INFO] [stderr]    Compiling cc v1.0.83
[INFO] [stderr]    Compiling clap v2.34.0
[INFO] [stderr]    Compiling xmlparser v0.13.6
[INFO] [stderr]    Compiling arrayvec v0.5.2
[INFO] [stderr]    Compiling matches v0.1.10
[INFO] [stderr]    Compiling heck v0.3.3
[INFO] [stderr]    Compiling svgtypes v0.5.0
[INFO] [stderr]    Compiling data-url v0.1.1
[INFO] [stderr]    Compiling simplecss v0.2.1
[INFO] [stderr]    Compiling flate2 v1.0.28
[INFO] [stderr]    Compiling kurbo v0.6.3
[INFO] [stderr]    Compiling roxmltree v0.13.1
[INFO] [stderr]    Compiling base64 v0.12.3
[INFO] [stderr]    Compiling rctree v0.3.3
[INFO] [stderr]    Compiling ordered-float v1.1.1
[INFO] [stderr]    Compiling approx v0.3.2
[INFO] [stderr]    Compiling xmlwriter v0.1.0
[INFO] [stderr]    Compiling pico-args v0.3.4
[INFO] [stderr]    Compiling strum v0.19.5
[INFO] [stderr]    Compiling bytes v0.5.6
[INFO] [stderr]    Compiling polyhorn-macros v0.4.0
[INFO] [stderr]    Compiling inflections v1.1.1
[INFO] [stderr]    Compiling usvg v0.11.0
[INFO] [stderr]    Compiling yoyo-physics v0.4.0
[INFO] [stderr]    Compiling cexpr v0.4.0
[INFO] [stderr]    Compiling regex-automata v0.4.3
[INFO] [stderr]    Compiling serde_derive v1.0.194
[INFO] [stderr]    Compiling futures-macro v0.3.30
[INFO] [stderr]    Compiling thiserror-impl v1.0.56
[INFO] [stderr]    Compiling regex v1.10.2
[INFO] [stderr]    Compiling futures-util v0.3.30
[INFO] [stderr]    Compiling derivative v2.2.0
[INFO] [stderr]    Compiling palette_derive v0.5.0
[INFO] [stderr]    Compiling strum_macros v0.19.4
[INFO] [stderr]    Compiling env_logger v0.7.1
[INFO] [stderr]    Compiling thiserror v1.0.56
[INFO] [stderr]    Compiling pest v2.7.6
[INFO] [stderr]    Compiling semver-parser v0.10.2
[INFO] [stderr]    Compiling casco v0.4.0
[INFO] [stderr]    Compiling futures-executor v0.3.30
[INFO] [stderr]    Compiling futures v0.3.30
[INFO] [stderr]    Compiling polyhorn-yoga v0.3.4
[INFO] [stderr]    Compiling polyhorn-core v0.4.0
[INFO] [stderr]    Compiling semver v0.11.0
[INFO] [stderr]    Compiling toml v0.5.11
[INFO] [stderr]    Compiling cargo-lock v6.0.1
[INFO] [stderr]    Compiling polyhorn v0.4.1
[INFO] [stderr]    Compiling polyhorn-ui v0.4.0
[INFO] [stderr]    Compiling yoyo-macros v0.4.0
[INFO] [stderr]    Compiling yoyo v0.4.1 (/opt/rustwide/workdir)
[INFO] [stdout] error[E0432]: unresolved import `polyhorn::prelude`
[INFO] [stdout]  --> src/components/presence/animate.rs:1:15
[INFO] [stdout]   |
[INFO] [stdout] 1 | use polyhorn::prelude::*;
[INFO] [stdout]   |               ^^^^^^^ could not find `prelude` in `polyhorn`
[INFO] [stdout] 
[INFO] [stdout] 
[INFO] [stdout] error[E0432]: unresolved import `polyhorn::Key`
[INFO] [stdout]  --> src/components/presence/animate.rs:2:5
[INFO] [stdout]   |
[INFO] [stdout] 2 | use polyhorn::Key;
[INFO] [stdout]   |     ^^^^^^^^^^^^^ no `Key` in the root
[INFO] [stdout]   |
[INFO] [stdout] help: consider importing one of these items instead
[INFO] [stdout]   |
[INFO] [stdout] 2 | use polyhorn_core::Key;
[INFO] [stdout]   |     ~~~~~~~~~~~~~~~~~~
[INFO] [stdout] 2 | use std::thread::local_impl::Key;
[INFO] [stdout]   |     ~~~~~~~~~~~~~~~~~~~~~~~~~~~~
[INFO] [stdout] 
[INFO] [stdout] 
[INFO] [stdout] error[E0432]: unresolved imports `polyhorn::Link`, `polyhorn::WeakReference`
[INFO] [stdout]  --> src/components/presence/context.rs:1:16
[INFO] [stdout]   |
[INFO] [stdout] 1 | use polyhorn::{Link, WeakReference};
[INFO] [stdout]   |                ^^^^  ^^^^^^^^^^^^^ no `WeakReference` in the root
[INFO] [stdout]   |                |
[INFO] [stdout]   |                no `Link` in the root
[INFO] [stdout]   |
[INFO] [stdout]   = help: consider importing this trait instead:
[INFO] [stdout]           polyhorn_core::Link
[INFO] [stdout]   = help: consider importing this struct instead:
[INFO] [stdout]           polyhorn_core::WeakReference
[INFO] [stdout] 
[INFO] [stdout] 
[INFO] [stdout] error[E0432]: unresolved import `polyhorn::hooks`
[INFO] [stdout]  --> src/components/presence/hooks.rs:1:15
[INFO] [stdout]   |
[INFO] [stdout] 1 | use polyhorn::hooks::UseContext;
[INFO] [stdout]   |               ^^^^^ could not find `hooks` in `polyhorn`
[INFO] [stdout] 
[INFO] [stdout] 
[INFO] [stdout] error[E0432]: unresolved import `polyhorn::Manager`
[INFO] [stdout]  --> src/components/presence/hooks.rs:2:5
[INFO] [stdout]   |
[INFO] [stdout] 2 | use polyhorn::Manager;
[INFO] [stdout]   |     ^^^^^^^^^^^^^^^^^ no `Manager` in the root
[INFO] [stdout]   |
[INFO] [stdout] help: consider importing this struct instead
[INFO] [stdout]   |
[INFO] [stdout] 2 | use polyhorn_core::Manager;
[INFO] [stdout]   |     ~~~~~~~~~~~~~~~~~~~~~~
[INFO] [stdout] 
[INFO] [stdout] 
[INFO] [stdout] error[E0432]: unresolved imports `polyhorn::Element`, `polyhorn::Key`
[INFO] [stdout]  --> src/components/presence/memory.rs:1:16
[INFO] [stdout]   |
[INFO] [stdout] 1 | use polyhorn::{Element, Key};
[INFO] [stdout]   |                ^^^^^^^  ^^^ no `Key` in the root
[INFO] [stdout]   |                |
[INFO] [stdout]   |                no `Element` in the root
[INFO] [stdout]   |
[INFO] [stdout]   = help: consider importing this enum instead:
[INFO] [stdout]           polyhorn_core::Element
[INFO] [stdout]   = help: consider importing one of these items instead:
[INFO] [stdout]           polyhorn_core::Key
[INFO] [stdout]           std::thread::local_impl::Key
[INFO] [stdout] 
[INFO] [stdout] 
[INFO] [stdout] error[E0432]: unresolved import `polyhorn::Context`
[INFO] [stdout]  --> src/components/presence/presence.rs:1:5
[INFO] [stdout]   |
[INFO] [stdout] 1 | use polyhorn::Context;
[INFO] [stdout]   |     ^^^^^^^^^^^^^^^^^ no `Context` in the root
[INFO] [stdout]   |
[INFO] [stdout] help: consider importing one of these items instead
[INFO] [stdout]   |
[INFO] [stdout] 1 | use core::task::Context;
[INFO] [stdout]   |     ~~~~~~~~~~~~~~~~~~~
[INFO] [stdout] 1 | use polyhorn_core::Context;
[INFO] [stdout]   |     ~~~~~~~~~~~~~~~~~~~~~~
[INFO] [stdout] 1 | use polyhorn_core::Element::Context;
[INFO] [stdout]   |     ~~~~~~~~~~~~~~~~~~~~~~~~~~~~~~~
[INFO] [stdout] 1 | use std::task::Context;
[INFO] [stdout]   |     ~~~~~~~~~~~~~~~~~~
[INFO] [stdout] 
[INFO] [stdout] 
[INFO] [stdout] error[E0432]: unresolved import `polyhorn::prelude`
[INFO] [stdout]  --> src/components/touchable_opacity.rs:1:15
[INFO] [stdout]   |
[INFO] [stdout] 1 | use polyhorn::prelude::*;
[INFO] [stdout]   |               ^^^^^^^ could not find `prelude` in `polyhorn`
[INFO] [stdout] 
[INFO] [stdout] 
[INFO] [stdout] error[E0432]: unresolved import `polyhorn::prelude`
[INFO] [stdout]  --> src/components/view/component.rs:1:15
[INFO] [stdout]   |
[INFO] [stdout] 1 | use polyhorn::prelude::*;
[INFO] [stdout]   |               ^^^^^^^ could not find `prelude` in `polyhorn`
[INFO] [stdout] 
[INFO] [stdout] 
[INFO] [stdout] error[E0432]: unresolved import `polyhorn::Reference`
[INFO] [stdout]  --> src/components/view/component.rs:2:5
[INFO] [stdout]   |
[INFO] [stdout] 2 | use polyhorn::Reference;
[INFO] [stdout]   |     ^^^^^^^^^^^^^^^^^^^ no `Reference` in the root
[INFO] [stdout]   |
[INFO] [stdout] help: consider importing this struct instead
[INFO] [stdout]   |
[INFO] [stdout] 2 | use polyhorn_core::Reference;
[INFO] [stdout]   |     ~~~~~~~~~~~~~~~~~~~~~~~~
[INFO] [stdout] 
[INFO] [stdout] 
[INFO] [stdout] error: cannot find macro `use_reference` in this scope
[INFO] [stdout]   --> src/components/presence/animate.rs:28:22
[INFO] [stdout]    |
[INFO] [stdout] 28 |         let memory = use_reference!(manager, {
[INFO] [stdout]    |                      ^^^^^^^^^^^^^
[INFO] [stdout]    |
[INFO] [stdout] help: consider importing one of these items
[INFO] [stdout]    |
[INFO] [stdout] 1  + use polyhorn_core::use_reference;
[INFO] [stdout]    |
[INFO] [stdout] 1  + use polyhorn_ui::prelude::use_reference;
[INFO] [stdout]    |
[INFO] [stdout] 
[INFO] [stdout] 
[INFO] [stdout] error: cannot find macro `use_reference` in this scope
[INFO] [stdout]   --> src/components/presence/animate.rs:38:27
[INFO] [stdout]    |
[INFO] [stdout] 38 |         let is_animated = use_reference!(manager, false);
[INFO] [stdout]    |                           ^^^^^^^^^^^^^
[INFO] [stdout]    |
[INFO] [stdout] help: consider importing one of these items
[INFO] [stdout]    |
[INFO] [stdout] 1  + use polyhorn_core::use_reference;
[INFO] [stdout]    |
[INFO] [stdout] 1  + use polyhorn_ui::prelude::use_reference;
[INFO] [stdout]    |
[INFO] [stdout] 
[INFO] [stdout] 
[INFO] [stdout] error: cannot find macro `use_effect` in this scope
[INFO] [stdout]   --> src/components/presence/animate.rs:83:9
[INFO] [stdout]    |
[INFO] [stdout] 83 |         use_effect!(manager, move |link| {
[INFO] [stdout]    |         ^^^^^^^^^^
[INFO] [stdout]    |
[INFO] [stdout] help: consider importing one of these items
[INFO] [stdout]    |
[INFO] [stdout] 1  + use polyhorn_core::use_effect;
[INFO] [stdout]    |
[INFO] [stdout] 1  + use polyhorn_ui::prelude::use_effect;
[INFO] [stdout]    |
[INFO] [stdout] 
[INFO] [stdout] 
[INFO] [stdout] error: cannot find macro `poly` in this scope
[INFO] [stdout]    --> src/components/presence/animate.rs:103:21
[INFO] [stdout]     |
[INFO] [stdout] 103 |                     poly!(
[INFO] [stdout]     |                     ^^^^
[INFO] [stdout]     |
[INFO] [stdout] help: consider importing this macro
[INFO] [stdout]     |
[INFO] [stdout] 1   + use polyhorn::poly;
[INFO] [stdout]     |
[INFO] [stdout] 
[INFO] [stdout] 
[INFO] [stdout] error: cannot find macro `poly` in this scope
[INFO] [stdout]   --> src/components/touchable_opacity.rs:30:9
[INFO] [stdout]    |
[INFO] [stdout] 30 |         poly!(<yoyo::View::<States> variant={ States::Initial } style={ self.style.clone() }
[INFO] [stdout]    |         ^^^^
[INFO] [stdout]    |
[INFO] [stdout] help: consider importing this macro
[INFO] [stdout]    |
[INFO] [stdout] 1  + use polyhorn::poly;
[INFO] [stdout]    |
[INFO] [stdout] 
[INFO] [stdout] 
[INFO] [stdout] error: cannot find macro `use_reference` in this scope
[INFO] [stdout]   --> src/components/view/component.rs:89:22
[INFO] [stdout]    |
[INFO] [stdout] 89 |         let bounds = use_reference!(manager, Default::default());
[INFO] [stdout]    |                      ^^^^^^^^^^^^^
[INFO] [stdout]    |
[INFO] [stdout] help: consider importing one of these items
[INFO] [stdout]    |
[INFO] [stdout] 1  + use polyhorn_core::use_reference;
[INFO] [stdout]    |
[INFO] [stdout] 1  + use polyhorn_ui::prelude::use_reference;
[INFO] [stdout]    |
[INFO] [stdout] 
[INFO] [stdout] 
[INFO] [stdout] error: cannot find macro `use_reference` in this scope
[INFO] [stdout]   --> src/components/view/component.rs:91:25
[INFO] [stdout]    |
[INFO] [stdout] 91 |         let reference = use_reference!(manager, None);
[INFO] [stdout]    |                         ^^^^^^^^^^^^^
[INFO] [stdout]    |
[INFO] [stdout] help: consider importing one of these items
[INFO] [stdout]    |
[INFO] [stdout] 1  + use polyhorn_core::use_reference;
[INFO] [stdout]    |
[INFO] [stdout] 1  + use polyhorn_ui::prelude::use_reference;
[INFO] [stdout]    |
[INFO] [stdout] 
[INFO] [stdout] 
[INFO] [stdout] error: cannot find macro `use_reference` in this scope
[INFO] [stdout]   --> src/components/view/component.rs:93:21
[INFO] [stdout]    |
[INFO] [stdout] 93 |         let state = use_reference!(manager, {
[INFO] [stdout]    |                     ^^^^^^^^^^^^^
[INFO] [stdout]    |
[INFO] [stdout] help: consider importing one of these items
[INFO] [stdout]    |
[INFO] [stdout] 1  + use polyhorn_core::use_reference;
[INFO] [stdout]    |
[INFO] [stdout] 1  + use polyhorn_ui::prelude::use_reference;
[INFO] [stdout]    |
[INFO] [stdout] 
[INFO] [stdout] 
[INFO] [stdout] error: cannot find macro `use_state` in this scope
[INFO] [stdout]    --> src/components/view/component.rs:115:24
[INFO] [stdout]     |
[INFO] [stdout] 115 |         let is_press = use_state!(manager, false);
[INFO] [stdout]     |                        ^^^^^^^^^
[INFO] [stdout]     |
[INFO] [stdout] help: consider importing one of these items
[INFO] [stdout]     |
[INFO] [stdout] 1   + use polyhorn_core::use_state;
[INFO] [stdout]     |
[INFO] [stdout] 1   + use polyhorn_ui::prelude::use_state;
[INFO] [stdout]     |
[INFO] [stdout] 
[INFO] [stdout] 
[INFO] [stdout] error: cannot find macro `use_state` in this scope
[INFO] [stdout]    --> src/components/view/component.rs:156:22
[INFO] [stdout]     |
[INFO] [stdout] 156 |         let marker = use_state!(manager, ()).weak(manager);
[INFO] [stdout]     |                      ^^^^^^^^^
[INFO] [stdout]     |
[INFO] [stdout] help: consider importing one of these items
[INFO] [stdout]     |
[INFO] [stdout] 1   + use polyhorn_core::use_state;
[INFO] [stdout]     |
[INFO] [stdout] 1   + use polyhorn_ui::prelude::use_state;
[INFO] [stdout]     |
[INFO] [stdout] 
[INFO] [stdout] 
[INFO] [stdout] error: cannot find macro `use_layout_effect` in this scope
[INFO] [stdout]    --> src/components/view/component.rs:166:9
[INFO] [stdout]     |
[INFO] [stdout] 166 |         use_layout_effect!(manager, move |link, buffer| {
[INFO] [stdout]     |         ^^^^^^^^^^^^^^^^^
[INFO] [stdout]     |
[INFO] [stdout] help: consider importing one of these items
[INFO] [stdout]     |
[INFO] [stdout] 1   + use polyhorn_core::use_layout_effect;
[INFO] [stdout]     |
[INFO] [stdout] 1   + use polyhorn_ui::prelude::use_layout_effect;
[INFO] [stdout]     |
[INFO] [stdout] 
[INFO] [stdout] 
[INFO] [stdout] error: cannot find macro `poly` in this scope
[INFO] [stdout]    --> src/components/view/component.rs:249:9
[INFO] [stdout]     |
[INFO] [stdout] 249 |         poly!(<polyhorn::prelude::View reference=reference style=style
[INFO] [stdout]     |         ^^^^
[INFO] [stdout]     |
[INFO] [stdout] help: consider importing this macro
[INFO] [stdout]     |
[INFO] [stdout] 1   + use polyhorn::poly;
[INFO] [stdout]     |
[INFO] [stdout] 
[INFO] [stdout] 
[INFO] [stdout] error[E0405]: cannot find trait `Component` in this scope
[INFO] [stdout]   --> src/components/presence/animate.rs:16:9
[INFO] [stdout]    |
[INFO] [stdout] 16 | impl<T> Component for AnimatePresence<T>
[INFO] [stdout]    |         ^^^^^^^^^ not found in this scope
[INFO] [stdout]    |
[INFO] [stdout] help: consider importing this trait
[INFO] [stdout]    |
[INFO] [stdout] 1  + use polyhorn_core::Component;
[INFO] [stdout]    |
[INFO] [stdout] 
[INFO] [stdout] 
[INFO] [stdout] error[E0412]: cannot find type `Manager` in this scope
[INFO] [stdout]   --> src/components/presence/animate.rs:20:36
[INFO] [stdout]    |
[INFO] [stdout] 20 |     fn render(&self, manager: &mut Manager) -> Element {
[INFO] [stdout]    |                                    ^^^^^^^ not found in this scope
[INFO] [stdout]    |
[INFO] [stdout] help: consider importing this struct
[INFO] [stdout]    |
[INFO] [stdout] 1  + use polyhorn_core::Manager;
[INFO] [stdout]    |
[INFO] [stdout] 
[INFO] [stdout] 
[INFO] [stdout] error[E0412]: cannot find type `Element` in this scope
[INFO] [stdout]   --> src/components/presence/animate.rs:20:48
[INFO] [stdout]    |
[INFO] [stdout] 20 |     fn render(&self, manager: &mut Manager) -> Element {
[INFO] [stdout]    |                                                ^^^^^^^ not found in this scope
[INFO] [stdout]    |
[INFO] [stdout] help: consider importing this enum
[INFO] [stdout]    |
[INFO] [stdout] 1  + use polyhorn_core::Element;
[INFO] [stdout]    |
[INFO] [stdout] 
[INFO] [stdout] 
[INFO] [stdout] error[E0433]: failed to resolve: use of undeclared type `Element`
[INFO] [stdout]   --> src/components/presence/animate.rs:87:9
[INFO] [stdout]    |
[INFO] [stdout] 87 |         Element::fragment(
[INFO] [stdout]    |         ^^^^^^^ use of undeclared type `Element`
[INFO] [stdout]    |
[INFO] [stdout] help: consider importing this enum
[INFO] [stdout]    |
[INFO] [stdout] 1  + use polyhorn_core::Element;
[INFO] [stdout]    |
[INFO] [stdout] 
[INFO] [stdout] 
[INFO] [stdout] error[E0433]: failed to resolve: could not find `styles` in `polyhorn`
[INFO] [stdout]   --> src/components/touchable_opacity.rs:14:1
[INFO] [stdout]    |
[INFO] [stdout] 14 | / yoyo::yoyo!(States, {
[INFO] [stdout] 15 | |     opacity: 1.0;
[INFO] [stdout] 16 | |
[INFO] [stdout] 17 | |     :press {
[INFO] [stdout] ...  |
[INFO] [stdout] 25 | |     }
[INFO] [stdout] 26 | | });
[INFO] [stdout]    | |__^ could not find `styles` in `polyhorn`
[INFO] [stdout]    |
[INFO] [stdout]    = note: this error originates in the macro `yoyo::yoyo` (in Nightly builds, run with -Z macro-backtrace for more info)
[INFO] [stdout] help: consider importing this module
[INFO] [stdout]    |
[INFO] [stdout] 1  + use polyhorn_ui::styles;
[INFO] [stdout]    |
[INFO] [stdout] 
[INFO] [stdout] 
[INFO] [stdout] error[E0433]: failed to resolve: could not find `linalg` in `polyhorn`
[INFO] [stdout]   --> src/components/touchable_opacity.rs:14:1
[INFO] [stdout]    |
[INFO] [stdout] 14 | / yoyo::yoyo!(States, {
[INFO] [stdout] 15 | |     opacity: 1.0;
[INFO] [stdout] 16 | |
[INFO] [stdout] 17 | |     :press {
[INFO] [stdout] ...  |
[INFO] [stdout] 25 | |     }
[INFO] [stdout] 26 | | });
[INFO] [stdout]    | |__^ could not find `linalg` in `polyhorn`
[INFO] [stdout]    |
[INFO] [stdout]    = note: this error originates in the macro `yoyo::yoyo` (in Nightly builds, run with -Z macro-backtrace for more info)
[INFO] [stdout] help: consider importing this module
[INFO] [stdout]    |
[INFO] [stdout] 1  + use polyhorn_ui::linalg;
[INFO] [stdout]    |
[INFO] [stdout] 
[INFO] [stdout] 
[INFO] [stdout] error[E0405]: cannot find trait `Component` in this scope
[INFO] [stdout]   --> src/components/touchable_opacity.rs:28:6
[INFO] [stdout]    |
[INFO] [stdout] 28 | impl Component for TouchableOpacity {
[INFO] [stdout]    |      ^^^^^^^^^ not found in this scope
[INFO] [stdout]    |
[INFO] [stdout] help: consider importing this trait
[INFO] [stdout]    |
[INFO] [stdout] 1  + use polyhorn_core::Component;
[INFO] [stdout]    |
[INFO] [stdout] 
[INFO] [stdout] 
[INFO] [stdout] error[E0412]: cannot find type `Manager` in this scope
[INFO] [stdout]   --> src/components/touchable_opacity.rs:29:36
[INFO] [stdout]    |
[INFO] [stdout] 29 |     fn render(&self, manager: &mut Manager) -> Element {
[INFO] [stdout]    |                                    ^^^^^^^ not found in this scope
[INFO] [stdout]    |
[INFO] [stdout] help: consider importing this struct
[INFO] [stdout]    |
[INFO] [stdout] 1  + use polyhorn_core::Manager;
[INFO] [stdout]    |
[INFO] [stdout] 
[INFO] [stdout] 
[INFO] [stdout] error[E0412]: cannot find type `Element` in this scope
[INFO] [stdout]   --> src/components/touchable_opacity.rs:29:48
[INFO] [stdout]    |
[INFO] [stdout] 29 |     fn render(&self, manager: &mut Manager) -> Element {
[INFO] [stdout]    |                                                ^^^^^^^ not found in this scope
[INFO] [stdout]    |
[INFO] [stdout] help: consider importing this enum
[INFO] [stdout]    |
[INFO] [stdout] 1  + use polyhorn_core::Element;
[INFO] [stdout]    |
[INFO] [stdout] 
[INFO] [stdout] 
[INFO] [stdout] error[E0412]: cannot find type `Manager` in this scope
[INFO] [stdout]   --> src/components/view/component.rs:48:23
[INFO] [stdout]    |
[INFO] [stdout] 48 |         manager: &mut Manager,
[INFO] [stdout]    |                       ^^^^^^^ not found in this scope
[INFO] [stdout]    |
[INFO] [stdout] help: consider importing this struct
[INFO] [stdout]    |
[INFO] [stdout] 1  + use polyhorn_core::Manager;
[INFO] [stdout]    |
[INFO] [stdout] 
[INFO] [stdout] 
[INFO] [stdout] error[E0405]: cannot find trait `Component` in this scope
[INFO] [stdout]   --> src/components/view/component.rs:82:9
[INFO] [stdout]    |
[INFO] [stdout] 82 | impl<T> Component for View<T>
[INFO] [stdout]    |         ^^^^^^^^^ not found in this scope
[INFO] [stdout]    |
[INFO] [stdout] help: consider importing this trait
[INFO] [stdout]    |
[INFO] [stdout] 1  + use polyhorn_core::Component;
[INFO] [stdout]    |
[INFO] [stdout] 
[INFO] [stdout] 
[INFO] [stdout] error[E0412]: cannot find type `Manager` in this scope
[INFO] [stdout]   --> src/components/view/component.rs:86:36
[INFO] [stdout]    |
[INFO] [stdout] 86 |     fn render(&self, manager: &mut Manager) -> Element {
[INFO] [stdout]    |                                    ^^^^^^^ not found in this scope
[INFO] [stdout]    |
[INFO] [stdout] help: consider importing this struct
[INFO] [stdout]    |
[INFO] [stdout] 1  + use polyhorn_core::Manager;
[INFO] [stdout]    |
[INFO] [stdout] 
[INFO] [stdout] 
[INFO] [stdout] error[E0412]: cannot find type `Element` in this scope
[INFO] [stdout]   --> src/components/view/component.rs:86:48
[INFO] [stdout]    |
[INFO] [stdout] 86 |     fn render(&self, manager: &mut Manager) -> Element {
[INFO] [stdout]    |                                                ^^^^^^^ not found in this scope
[INFO] [stdout]    |
[INFO] [stdout] help: consider importing this enum
[INFO] [stdout]    |
[INFO] [stdout] 1  + use polyhorn_core::Element;
[INFO] [stdout]    |
[INFO] [stdout] 
[INFO] [stdout] 
[INFO] [stdout] warning: unused import: `Memory`
[INFO] [stdout]  --> src/components/presence/animate.rs:5:13
[INFO] [stdout]   |
[INFO] [stdout] 5 | use super::{Memory, PresenceContext, SafeToRemove};
[INFO] [stdout]   |             ^^^^^^
[INFO] [stdout]   |
[INFO] [stdout]   = note: `#[warn(unused_imports)]` on by default
[INFO] [stdout] 
[INFO] [stdout] 
[INFO] [stdout] warning: unused imports: `Arc`, `RwLock`
[INFO] [stdout]  --> src/components/view/component.rs:7:17
[INFO] [stdout]   |
[INFO] [stdout] 7 | use std::sync::{Arc, RwLock};
[INFO] [stdout]   |                 ^^^  ^^^^^^
[INFO] [stdout] 
[INFO] [stdout] 
[INFO] [stdout] warning: unused imports: `PropertyState`, `State`, `TransitionContext`, `TransitionHandle`
[INFO] [stdout]  --> src/components/view/component.rs:9:13
[INFO] [stdout]   |
[INFO] [stdout] 9 | use super::{PropertyState, State, TransitionContext, TransitionHandle};
[INFO] [stdout]   |             ^^^^^^^^^^^^^  ^^^^^  ^^^^^^^^^^^^^^^^^  ^^^^^^^^^^^^^^^^
[INFO] [stdout] 
[INFO] [stdout] 
[INFO] [stdout] error: aborting due to 35 previous errors; 3 warnings emitted
[INFO] [stdout] 
[INFO] [stdout] 
[INFO] [stdout] Some errors have detailed explanations: E0405, E0412, E0432, E0433.
[INFO] [stdout] 
[INFO] [stdout] For more information about an error, try `rustc --explain E0405`.
[INFO] [stdout] 
[INFO] [stderr] error: could not compile `yoyo` (lib) due to 36 previous errors; 3 warnings emitted
[INFO] running `Command { std: "docker" "inspect" "15c00dc55ca1a51ab02c605530682ba46629c4a0331bf80233f1f8a46479579d", kill_on_drop: false }`
[INFO] running `Command { std: "docker" "rm" "-f" "15c00dc55ca1a51ab02c605530682ba46629c4a0331bf80233f1f8a46479579d", kill_on_drop: false }`
[INFO] [stdout] 15c00dc55ca1a51ab02c605530682ba46629c4a0331bf80233f1f8a46479579d
