[INFO] fetching crate yngvi 0.2.0...
[INFO] testing yngvi-0.2.0 against 1.75.0 for beta-1.76-1
[INFO] extracting crate yngvi 0.2.0 into /workspace/builds/worker-7-tc1/source
[INFO] validating manifest of crates.io crate yngvi 0.2.0 on toolchain 1.75.0
[INFO] running `Command { std: CARGO_HOME="/workspace/cargo-home" RUSTUP_HOME="/workspace/rustup-home" "/workspace/cargo-home/bin/cargo" "+1.75.0" "metadata" "--manifest-path" "Cargo.toml" "--no-deps", kill_on_drop: false }`
[INFO] started tweaking crates.io crate yngvi 0.2.0
[INFO] finished tweaking crates.io crate yngvi 0.2.0
[INFO] tweaked toml for crates.io crate yngvi 0.2.0 written to /workspace/builds/worker-7-tc1/source/Cargo.toml
[INFO] crate crates.io crate yngvi 0.2.0 already has a lockfile, it will not be regenerated
[INFO] running `Command { std: CARGO_HOME="/workspace/cargo-home" RUSTUP_HOME="/workspace/rustup-home" "/workspace/cargo-home/bin/cargo" "+1.75.0" "fetch" "--manifest-path" "Cargo.toml", kill_on_drop: false }`
[INFO] [stderr]     Updating crates.io index
[INFO] [stderr]  Downloading crates ...
[INFO] [stderr]   Downloaded metrum v0.5.0
[INFO] running `Command { std: "docker" "create" "-v" "/var/lib/crater-agent-workspace/builds/worker-7-tc1/target:/opt/rustwide/target:rw,Z" "-v" "/var/lib/crater-agent-workspace/builds/worker-7-tc1/source:/opt/rustwide/workdir:ro,Z" "-v" "/var/lib/crater-agent-workspace/cargo-home:/opt/rustwide/cargo-home:ro,Z" "-v" "/var/lib/crater-agent-workspace/rustup-home:/opt/rustwide/rustup-home:ro,Z" "-e" "SOURCE_DIR=/opt/rustwide/workdir" "-e" "CARGO_TARGET_DIR=/opt/rustwide/target" "-e" "CARGO_HOME=/opt/rustwide/cargo-home" "-e" "RUSTUP_HOME=/opt/rustwide/rustup-home" "-w" "/opt/rustwide/workdir" "-m" "1610612736" "--user" "0:0" "--network" "none" "ghcr.io/rust-lang/crates-build-env/linux@sha256:2788e3201cd34a07e3172128adcd8b3090168a8e3bcc40d7c032b9dda1df7d1c" "/opt/rustwide/cargo-home/bin/cargo" "+1.75.0" "metadata" "--no-deps" "--format-version=1", kill_on_drop: false }`
[INFO] [stdout] 4135d12e402213fd3a464fd47d69086077374f705bb8d3e2f2525563185c945c
[INFO] running `Command { std: "docker" "start" "-a" "4135d12e402213fd3a464fd47d69086077374f705bb8d3e2f2525563185c945c", kill_on_drop: false }`
[INFO] running `Command { std: "docker" "inspect" "4135d12e402213fd3a464fd47d69086077374f705bb8d3e2f2525563185c945c", kill_on_drop: false }`
[INFO] running `Command { std: "docker" "rm" "-f" "4135d12e402213fd3a464fd47d69086077374f705bb8d3e2f2525563185c945c", kill_on_drop: false }`
[INFO] [stdout] 4135d12e402213fd3a464fd47d69086077374f705bb8d3e2f2525563185c945c
[INFO] running `Command { std: "docker" "create" "-v" "/var/lib/crater-agent-workspace/builds/worker-7-tc1/target:/opt/rustwide/target:rw,Z" "-v" "/var/lib/crater-agent-workspace/builds/worker-7-tc1/source:/opt/rustwide/workdir:ro,Z" "-v" "/var/lib/crater-agent-workspace/cargo-home:/opt/rustwide/cargo-home:ro,Z" "-v" "/var/lib/crater-agent-workspace/rustup-home:/opt/rustwide/rustup-home:ro,Z" "-e" "SOURCE_DIR=/opt/rustwide/workdir" "-e" "CARGO_TARGET_DIR=/opt/rustwide/target" "-e" "CARGO_INCREMENTAL=0" "-e" "RUST_BACKTRACE=full" "-e" "RUSTFLAGS=--cap-lints=warn" "-e" "RUSTDOCFLAGS=--cap-lints=warn" "-e" "CARGO_HOME=/opt/rustwide/cargo-home" "-e" "RUSTUP_HOME=/opt/rustwide/rustup-home" "-w" "/opt/rustwide/workdir" "-m" "1610612736" "--user" "0:0" "--network" "none" "ghcr.io/rust-lang/crates-build-env/linux@sha256:2788e3201cd34a07e3172128adcd8b3090168a8e3bcc40d7c032b9dda1df7d1c" "/opt/rustwide/cargo-home/bin/cargo" "+1.75.0" "build" "--frozen" "--message-format=json", kill_on_drop: false }`
[INFO] [stdout] 2c32c6248606dce326b14afd5e71bf63fa3352686ed12496de15a12710b5bd7f
[INFO] running `Command { std: "docker" "start" "-a" "2c32c6248606dce326b14afd5e71bf63fa3352686ed12496de15a12710b5bd7f", kill_on_drop: false }`
[INFO] [stderr]    Compiling proc-macro2 v1.0.67
[INFO] [stderr]    Compiling serde v1.0.188
[INFO] [stderr]    Compiling async-trait v0.1.73
[INFO] [stderr]    Compiling serde_json v1.0.107
[INFO] [stderr]    Compiling iana-time-zone v0.1.57
[INFO] [stderr]    Compiling num-traits v0.2.16
[INFO] [stderr]    Compiling quote v1.0.33
[INFO] [stderr]    Compiling syn v2.0.37
[INFO] [stderr]    Compiling serde_derive v1.0.188
[INFO] [stderr]    Compiling metrum v0.5.0
[INFO] [stderr]    Compiling chrono v0.4.31
[INFO] [stderr]    Compiling yngvi v0.2.0 (/opt/rustwide/workdir)
[INFO] [stderr]     Finished dev [unoptimized + debuginfo] target(s) in 8.44s
[INFO] running `Command { std: "docker" "inspect" "2c32c6248606dce326b14afd5e71bf63fa3352686ed12496de15a12710b5bd7f", kill_on_drop: false }`
[INFO] running `Command { std: "docker" "rm" "-f" "2c32c6248606dce326b14afd5e71bf63fa3352686ed12496de15a12710b5bd7f", kill_on_drop: false }`
[INFO] [stdout] 2c32c6248606dce326b14afd5e71bf63fa3352686ed12496de15a12710b5bd7f
[INFO] running `Command { std: "docker" "create" "-v" "/var/lib/crater-agent-workspace/builds/worker-7-tc1/target:/opt/rustwide/target:rw,Z" "-v" "/var/lib/crater-agent-workspace/builds/worker-7-tc1/source:/opt/rustwide/workdir:ro,Z" "-v" "/var/lib/crater-agent-workspace/cargo-home:/opt/rustwide/cargo-home:ro,Z" "-v" "/var/lib/crater-agent-workspace/rustup-home:/opt/rustwide/rustup-home:ro,Z" "-e" "SOURCE_DIR=/opt/rustwide/workdir" "-e" "CARGO_TARGET_DIR=/opt/rustwide/target" "-e" "CARGO_INCREMENTAL=0" "-e" "RUST_BACKTRACE=full" "-e" "RUSTFLAGS=--cap-lints=warn" "-e" "RUSTDOCFLAGS=--cap-lints=warn" "-e" "CARGO_HOME=/opt/rustwide/cargo-home" "-e" "RUSTUP_HOME=/opt/rustwide/rustup-home" "-w" "/opt/rustwide/workdir" "-m" "1610612736" "--user" "0:0" "--network" "none" "ghcr.io/rust-lang/crates-build-env/linux@sha256:2788e3201cd34a07e3172128adcd8b3090168a8e3bcc40d7c032b9dda1df7d1c" "/opt/rustwide/cargo-home/bin/cargo" "+1.75.0" "test" "--frozen" "--no-run" "--message-format=json", kill_on_drop: false }`
[INFO] [stdout] fc5b5acb2e833c8734d6ff404c1cf41eaf0b54615215987412a1439f88c159f0
[INFO] running `Command { std: "docker" "start" "-a" "fc5b5acb2e833c8734d6ff404c1cf41eaf0b54615215987412a1439f88c159f0", kill_on_drop: false }`
[INFO] [stderr]    Compiling yngvi v0.2.0 (/opt/rustwide/workdir)
[INFO] [stdout] error[E0432]: unresolved import `yngvi::rtl_433`
[INFO] [stdout]  --> tests/rtl_433.rs:3:12
[INFO] [stdout]   |
[INFO] [stdout] 3 | use yngvi::rtl_433::{rtl_433_file_source, RTL433Reader};
[INFO] [stdout]   |            ^^^^^^^ could not find `rtl_433` in `yngvi`
[INFO] [stdout] 
[INFO] [stdout] 
[INFO] [stdout] error[E0432]: unresolved import `yngvi::display`
[INFO] [stdout]  --> tests/display.rs:3:12
[INFO] [stdout]   |
[INFO] [stdout] 3 | use yngvi::display::DisplayReader;
[INFO] [stdout]   |            ^^^^^^^ could not find `display` in `yngvi`
[INFO] [stdout] 
[INFO] [stdout] 
[INFO] [stdout] error[E0433]: failed to resolve: use of undeclared crate or module `tokio`
[INFO] [stdout]  --> tests/display.rs:5:3
[INFO] [stdout]   |
[INFO] [stdout] 5 | #[tokio::test]
[INFO] [stdout]   |   ^^^^^ use of undeclared crate or module `tokio`
[INFO] [stdout] 
[INFO] [stdout] 
[INFO] [stdout] error[E0433]: failed to resolve: use of undeclared crate or module `tokio`
[INFO] [stdout]  --> tests/rtl_433.rs:5:3
[INFO] [stdout]   |
[INFO] [stdout] 5 | #[tokio::test]
[INFO] [stdout]   |   ^^^^^ use of undeclared crate or module `tokio`
[INFO] [stdout] 
[INFO] [stdout] 
[INFO] [stdout] error[E0432]: unresolved import `yngvi::rtl_433`
[INFO] [stdout]  --> tests/rewrite.rs:2:12
[INFO] [stdout]   |
[INFO] [stdout] 2 | use yngvi::rtl_433::{rtl_433_file_source, RTL433Reader};
[INFO] [stdout]   |            ^^^^^^^ could not find `rtl_433` in `yngvi`
[INFO] [stdout] 
[INFO] [stdout] 
[INFO] [stdout] error[E0433]: failed to resolve: use of undeclared crate or module `tokio`
[INFO] [stdout]  --> tests/rewrite.rs:6:3
[INFO] [stdout]   |
[INFO] [stdout] 6 | #[tokio::test]
[INFO] [stdout]   |   ^^^^^ use of undeclared crate or module `tokio`
[INFO] [stdout] 
[INFO] [stdout] 
[INFO] [stdout] error: aborting due to 2 previous errors
[INFO] [stdout] 
[INFO] [stdout] 
[INFO] [stdout] Some errors have detailed explanations: E0432, E0433.
[INFO] [stdout] 
[INFO] [stdout] For more information about an error, try `rustc --explain E0432`.
[INFO] [stdout] 
[INFO] [stdout] error: aborting due to 2 previous errors
[INFO] [stdout] 
[INFO] [stdout] 
[INFO] [stdout] Some errors have detailed explanations: E0432, E0433.
[INFO] [stdout] 
[INFO] [stdout] For more information about an error, try `rustc --explain E0432`.
[INFO] [stdout] 
[INFO] [stdout] error: aborting due to 2 previous errors
[INFO] [stdout] 
[INFO] [stdout] 
[INFO] [stdout] Some errors have detailed explanations: E0432, E0433.
[INFO] [stdout] 
[INFO] [stdout] For more information about an error, try `rustc --explain E0432`.
[INFO] [stdout] 
[INFO] [stderr] error: could not compile `yngvi` (test "rewrite") due to 3 previous errors
[INFO] [stderr] warning: build failed, waiting for other jobs to finish...
[INFO] [stderr] error: could not compile `yngvi` (test "display") due to 3 previous errors
[INFO] [stderr] error: could not compile `yngvi` (test "rtl_433") due to 3 previous errors
[INFO] running `Command { std: "docker" "inspect" "fc5b5acb2e833c8734d6ff404c1cf41eaf0b54615215987412a1439f88c159f0", kill_on_drop: false }`
[INFO] running `Command { std: "docker" "rm" "-f" "fc5b5acb2e833c8734d6ff404c1cf41eaf0b54615215987412a1439f88c159f0", kill_on_drop: false }`
[INFO] [stdout] fc5b5acb2e833c8734d6ff404c1cf41eaf0b54615215987412a1439f88c159f0
