[INFO] fetching crate yggdrasil-rt 0.0.16...
[INFO] testing yggdrasil-rt-0.0.16 against 1.75.0 for beta-1.76-1
[INFO] extracting crate yggdrasil-rt 0.0.16 into /workspace/builds/worker-7-tc1/source
[INFO] validating manifest of crates.io crate yggdrasil-rt 0.0.16 on toolchain 1.75.0
[INFO] running `Command { std: CARGO_HOME="/workspace/cargo-home" RUSTUP_HOME="/workspace/rustup-home" "/workspace/cargo-home/bin/cargo" "+1.75.0" "metadata" "--manifest-path" "Cargo.toml" "--no-deps", kill_on_drop: false }`
[INFO] started tweaking crates.io crate yggdrasil-rt 0.0.16
[INFO] finished tweaking crates.io crate yggdrasil-rt 0.0.16
[INFO] tweaked toml for crates.io crate yggdrasil-rt 0.0.16 written to /workspace/builds/worker-7-tc1/source/Cargo.toml
[INFO] running `Command { std: CARGO_HOME="/workspace/cargo-home" RUSTUP_HOME="/workspace/rustup-home" "/workspace/cargo-home/bin/cargo" "+1.75.0" "generate-lockfile" "--manifest-path" "Cargo.toml", kill_on_drop: false }`
[INFO] [stderr]     Updating crates.io index
[INFO] running `Command { std: CARGO_HOME="/workspace/cargo-home" RUSTUP_HOME="/workspace/rustup-home" "/workspace/cargo-home/bin/cargo" "+1.75.0" "fetch" "--manifest-path" "Cargo.toml", kill_on_drop: false }`
[INFO] [stderr]  Downloading crates ...
[INFO] [stderr]   Downloaded daachorse v1.0.0
[INFO] running `Command { std: "docker" "create" "-v" "/var/lib/crater-agent-workspace/builds/worker-7-tc1/target:/opt/rustwide/target:rw,Z" "-v" "/var/lib/crater-agent-workspace/builds/worker-7-tc1/source:/opt/rustwide/workdir:ro,Z" "-v" "/var/lib/crater-agent-workspace/cargo-home:/opt/rustwide/cargo-home:ro,Z" "-v" "/var/lib/crater-agent-workspace/rustup-home:/opt/rustwide/rustup-home:ro,Z" "-e" "SOURCE_DIR=/opt/rustwide/workdir" "-e" "CARGO_TARGET_DIR=/opt/rustwide/target" "-e" "CARGO_HOME=/opt/rustwide/cargo-home" "-e" "RUSTUP_HOME=/opt/rustwide/rustup-home" "-w" "/opt/rustwide/workdir" "-m" "1610612736" "--user" "0:0" "--network" "none" "ghcr.io/rust-lang/crates-build-env/linux@sha256:2788e3201cd34a07e3172128adcd8b3090168a8e3bcc40d7c032b9dda1df7d1c" "/opt/rustwide/cargo-home/bin/cargo" "+1.75.0" "metadata" "--no-deps" "--format-version=1", kill_on_drop: false }`
[INFO] [stdout] fb84b2f2c1d318c1852c51dec42697fb610a7801fba50de4b94bf8077b2c33ad
[INFO] running `Command { std: "docker" "start" "-a" "fb84b2f2c1d318c1852c51dec42697fb610a7801fba50de4b94bf8077b2c33ad", kill_on_drop: false }`
[INFO] running `Command { std: "docker" "inspect" "fb84b2f2c1d318c1852c51dec42697fb610a7801fba50de4b94bf8077b2c33ad", kill_on_drop: false }`
[INFO] running `Command { std: "docker" "rm" "-f" "fb84b2f2c1d318c1852c51dec42697fb610a7801fba50de4b94bf8077b2c33ad", kill_on_drop: false }`
[INFO] [stdout] fb84b2f2c1d318c1852c51dec42697fb610a7801fba50de4b94bf8077b2c33ad
[INFO] running `Command { std: "docker" "create" "-v" "/var/lib/crater-agent-workspace/builds/worker-7-tc1/target:/opt/rustwide/target:rw,Z" "-v" "/var/lib/crater-agent-workspace/builds/worker-7-tc1/source:/opt/rustwide/workdir:ro,Z" "-v" "/var/lib/crater-agent-workspace/cargo-home:/opt/rustwide/cargo-home:ro,Z" "-v" "/var/lib/crater-agent-workspace/rustup-home:/opt/rustwide/rustup-home:ro,Z" "-e" "SOURCE_DIR=/opt/rustwide/workdir" "-e" "CARGO_TARGET_DIR=/opt/rustwide/target" "-e" "CARGO_INCREMENTAL=0" "-e" "RUST_BACKTRACE=full" "-e" "RUSTFLAGS=--cap-lints=warn" "-e" "RUSTDOCFLAGS=--cap-lints=warn" "-e" "CARGO_HOME=/opt/rustwide/cargo-home" "-e" "RUSTUP_HOME=/opt/rustwide/rustup-home" "-w" "/opt/rustwide/workdir" "-m" "1610612736" "--user" "0:0" "--network" "none" "ghcr.io/rust-lang/crates-build-env/linux@sha256:2788e3201cd34a07e3172128adcd8b3090168a8e3bcc40d7c032b9dda1df7d1c" "/opt/rustwide/cargo-home/bin/cargo" "+1.75.0" "build" "--frozen" "--message-format=json", kill_on_drop: false }`
[INFO] [stdout] cea7292ce34f30dfff83507a0418065d7addf01121d6c6758435408f10c15247
[INFO] running `Command { std: "docker" "start" "-a" "cea7292ce34f30dfff83507a0418065d7addf01121d6c6758435408f10c15247", kill_on_drop: false }`
[INFO] [stderr]    Compiling memchr v2.7.1
[INFO] [stderr]    Compiling regex-syntax v0.8.2
[INFO] [stderr]    Compiling daachorse v1.0.0
[INFO] [stderr]    Compiling aho-corasick v1.1.2
[INFO] [stderr]    Compiling regex-automata v0.4.3
[INFO] [stderr]    Compiling yggdrasil-rt v0.0.16 (/opt/rustwide/workdir)
[INFO] [stderr]     Finished dev [unoptimized + debuginfo] target(s) in 12.02s
[INFO] running `Command { std: "docker" "inspect" "cea7292ce34f30dfff83507a0418065d7addf01121d6c6758435408f10c15247", kill_on_drop: false }`
[INFO] running `Command { std: "docker" "rm" "-f" "cea7292ce34f30dfff83507a0418065d7addf01121d6c6758435408f10c15247", kill_on_drop: false }`
[INFO] [stdout] cea7292ce34f30dfff83507a0418065d7addf01121d6c6758435408f10c15247
[INFO] running `Command { std: "docker" "create" "-v" "/var/lib/crater-agent-workspace/builds/worker-7-tc1/target:/opt/rustwide/target:rw,Z" "-v" "/var/lib/crater-agent-workspace/builds/worker-7-tc1/source:/opt/rustwide/workdir:ro,Z" "-v" "/var/lib/crater-agent-workspace/cargo-home:/opt/rustwide/cargo-home:ro,Z" "-v" "/var/lib/crater-agent-workspace/rustup-home:/opt/rustwide/rustup-home:ro,Z" "-e" "SOURCE_DIR=/opt/rustwide/workdir" "-e" "CARGO_TARGET_DIR=/opt/rustwide/target" "-e" "CARGO_INCREMENTAL=0" "-e" "RUST_BACKTRACE=full" "-e" "RUSTFLAGS=--cap-lints=warn" "-e" "RUSTDOCFLAGS=--cap-lints=warn" "-e" "CARGO_HOME=/opt/rustwide/cargo-home" "-e" "RUSTUP_HOME=/opt/rustwide/rustup-home" "-w" "/opt/rustwide/workdir" "-m" "1610612736" "--user" "0:0" "--network" "none" "ghcr.io/rust-lang/crates-build-env/linux@sha256:2788e3201cd34a07e3172128adcd8b3090168a8e3bcc40d7c032b9dda1df7d1c" "/opt/rustwide/cargo-home/bin/cargo" "+1.75.0" "test" "--frozen" "--no-run" "--message-format=json", kill_on_drop: false }`
[INFO] [stdout] 1995fd774e4b0d14c5739c685d1b0170dd97fa531d9a4c87dc5e79b5798cad9c
[INFO] running `Command { std: "docker" "start" "-a" "1995fd774e4b0d14c5739c685d1b0170dd97fa531d9a4c87dc5e79b5798cad9c", kill_on_drop: false }`
[INFO] [stderr]    Compiling yggdrasil-rt v0.0.16 (/opt/rustwide/workdir)
[INFO] [stdout] error[E0432]: unresolved import `yggdrasil_rt::Either`
[INFO] [stdout]  --> tests/suffix.rs:1:20
[INFO] [stdout]   |
[INFO] [stdout] 1 | use yggdrasil_rt::{Either, State, YggdrasilRule};
[INFO] [stdout]   |                    ^^^^^^ no `Either` in the root
[INFO] [stdout] 
[INFO] [stdout] 
[INFO] [stdout] error[E0432]: unresolved import `yggdrasil_rt::Either`
[INFO] [stdout]  --> tests/suffix.rs:1:20
[INFO] [stdout]   |
[INFO] [stdout] 1 | use yggdrasil_rt::{Either, State, YggdrasilRule};
[INFO] [stdout]   |                    ^^^^^^ no `Either` in the root
[INFO] [stdout] 
[INFO] [stdout] 
[INFO] [stdout] warning: variant `a` should have an upper camel case name
[INFO] [stdout]  --> tests/suffix.rs:7:5
[INFO] [stdout]   |
[INFO] [stdout] 7 |     a,
[INFO] [stdout]   |     ^ help: convert the identifier to upper camel case: `A`
[INFO] [stdout]   |
[INFO] [stdout]   = note: `#[warn(non_camel_case_types)]` on by default
[INFO] [stdout] 
[INFO] [stdout] 
[INFO] [stdout] error: aborting due to previous error
[INFO] [stdout] 
[INFO] [stdout] 
[INFO] [stdout] For more information about this error, try `rustc --explain E0432`.
[INFO] [stdout] 
[INFO] [stderr] error: could not compile `yggdrasil-rt` (test "main") due to 2 previous errors
[INFO] [stderr] warning: build failed, waiting for other jobs to finish...
[INFO] [stdout] error: aborting due to previous error; 1 warning emitted
[INFO] [stdout] 
[INFO] [stdout] 
[INFO] [stdout] For more information about this error, try `rustc --explain E0432`.
[INFO] [stdout] 
[INFO] [stderr] error: could not compile `yggdrasil-rt` (test "suffix") due to 2 previous errors; 1 warning emitted
[INFO] running `Command { std: "docker" "inspect" "1995fd774e4b0d14c5739c685d1b0170dd97fa531d9a4c87dc5e79b5798cad9c", kill_on_drop: false }`
[INFO] running `Command { std: "docker" "rm" "-f" "1995fd774e4b0d14c5739c685d1b0170dd97fa531d9a4c87dc5e79b5798cad9c", kill_on_drop: false }`
[INFO] [stdout] 1995fd774e4b0d14c5739c685d1b0170dd97fa531d9a4c87dc5e79b5798cad9c
[INFO] testing yggdrasil-rt-0.0.16 against beta-2023-12-22 for beta-1.76-1
[INFO] extracting crate yggdrasil-rt 0.0.16 into /workspace/builds/worker-7-tc2/source
[INFO] validating manifest of crates.io crate yggdrasil-rt 0.0.16 on toolchain beta-2023-12-22
[INFO] running `Command { std: CARGO_HOME="/workspace/cargo-home" RUSTUP_HOME="/workspace/rustup-home" "/workspace/cargo-home/bin/cargo" "+beta-2023-12-22" "metadata" "--manifest-path" "Cargo.toml" "--no-deps", kill_on_drop: false }`
[INFO] started tweaking crates.io crate yggdrasil-rt 0.0.16
[INFO] finished tweaking crates.io crate yggdrasil-rt 0.0.16
[INFO] tweaked toml for crates.io crate yggdrasil-rt 0.0.16 written to /workspace/builds/worker-7-tc2/source/Cargo.toml
[INFO] running `Command { std: CARGO_HOME="/workspace/cargo-home" RUSTUP_HOME="/workspace/rustup-home" "/workspace/cargo-home/bin/cargo" "+beta-2023-12-22" "generate-lockfile" "--manifest-path" "Cargo.toml", kill_on_drop: false }`
[INFO] [stderr]     Updating crates.io index
[INFO] running `Command { std: CARGO_HOME="/workspace/cargo-home" RUSTUP_HOME="/workspace/rustup-home" "/workspace/cargo-home/bin/cargo" "+beta-2023-12-22" "fetch" "--manifest-path" "Cargo.toml", kill_on_drop: false }`
[INFO] running `Command { std: "docker" "create" "-v" "/var/lib/crater-agent-workspace/builds/worker-7-tc2/target:/opt/rustwide/target:rw,Z" "-v" "/var/lib/crater-agent-workspace/builds/worker-7-tc2/source:/opt/rustwide/workdir:ro,Z" "-v" "/var/lib/crater-agent-workspace/cargo-home:/opt/rustwide/cargo-home:ro,Z" "-v" "/var/lib/crater-agent-workspace/rustup-home:/opt/rustwide/rustup-home:ro,Z" "-e" "SOURCE_DIR=/opt/rustwide/workdir" "-e" "CARGO_TARGET_DIR=/opt/rustwide/target" "-e" "CARGO_HOME=/opt/rustwide/cargo-home" "-e" "RUSTUP_HOME=/opt/rustwide/rustup-home" "-w" "/opt/rustwide/workdir" "-m" "1610612736" "--user" "0:0" "--network" "none" "ghcr.io/rust-lang/crates-build-env/linux@sha256:2788e3201cd34a07e3172128adcd8b3090168a8e3bcc40d7c032b9dda1df7d1c" "/opt/rustwide/cargo-home/bin/cargo" "+beta-2023-12-22" "metadata" "--no-deps" "--format-version=1", kill_on_drop: false }`
[INFO] [stdout] eeab8f29ed8fac01e2a15066a20c415518ad034d98db974a7b458c22bdb3b7b4
[INFO] running `Command { std: "docker" "start" "-a" "eeab8f29ed8fac01e2a15066a20c415518ad034d98db974a7b458c22bdb3b7b4", kill_on_drop: false }`
[INFO] running `Command { std: "docker" "inspect" "eeab8f29ed8fac01e2a15066a20c415518ad034d98db974a7b458c22bdb3b7b4", kill_on_drop: false }`
[INFO] running `Command { std: "docker" "rm" "-f" "eeab8f29ed8fac01e2a15066a20c415518ad034d98db974a7b458c22bdb3b7b4", kill_on_drop: false }`
[INFO] [stdout] eeab8f29ed8fac01e2a15066a20c415518ad034d98db974a7b458c22bdb3b7b4
[INFO] running `Command { std: "docker" "create" "-v" "/var/lib/crater-agent-workspace/builds/worker-7-tc2/target:/opt/rustwide/target:rw,Z" "-v" "/var/lib/crater-agent-workspace/builds/worker-7-tc2/source:/opt/rustwide/workdir:ro,Z" "-v" "/var/lib/crater-agent-workspace/cargo-home:/opt/rustwide/cargo-home:ro,Z" "-v" "/var/lib/crater-agent-workspace/rustup-home:/opt/rustwide/rustup-home:ro,Z" "-e" "SOURCE_DIR=/opt/rustwide/workdir" "-e" "CARGO_TARGET_DIR=/opt/rustwide/target" "-e" "CARGO_INCREMENTAL=0" "-e" "RUST_BACKTRACE=full" "-e" "RUSTFLAGS=--cap-lints=warn" "-e" "RUSTDOCFLAGS=--cap-lints=warn" "-e" "CARGO_HOME=/opt/rustwide/cargo-home" "-e" "RUSTUP_HOME=/opt/rustwide/rustup-home" "-w" "/opt/rustwide/workdir" "-m" "1610612736" "--user" "0:0" "--network" "none" "ghcr.io/rust-lang/crates-build-env/linux@sha256:2788e3201cd34a07e3172128adcd8b3090168a8e3bcc40d7c032b9dda1df7d1c" "/opt/rustwide/cargo-home/bin/cargo" "+beta-2023-12-22" "build" "--frozen" "--message-format=json", kill_on_drop: false }`
[INFO] [stdout] 8db969e15b19f91bfd8d444a55b0b820abb9fe603766595aa3ea645972cb748f
[INFO] running `Command { std: "docker" "start" "-a" "8db969e15b19f91bfd8d444a55b0b820abb9fe603766595aa3ea645972cb748f", kill_on_drop: false }`
[INFO] [stderr]    Compiling memchr v2.7.1
[INFO] [stderr]    Compiling regex-syntax v0.8.2
[INFO] [stderr]    Compiling daachorse v1.0.0
[INFO] [stderr]    Compiling aho-corasick v1.1.2
[INFO] [stderr]    Compiling regex-automata v0.4.3
[INFO] [stderr]    Compiling yggdrasil-rt v0.0.16 (/opt/rustwide/workdir)
[INFO] [stderr]     Finished dev [unoptimized + debuginfo] target(s) in 10.45s
[INFO] running `Command { std: "docker" "inspect" "8db969e15b19f91bfd8d444a55b0b820abb9fe603766595aa3ea645972cb748f", kill_on_drop: false }`
[INFO] running `Command { std: "docker" "rm" "-f" "8db969e15b19f91bfd8d444a55b0b820abb9fe603766595aa3ea645972cb748f", kill_on_drop: false }`
[INFO] [stdout] 8db969e15b19f91bfd8d444a55b0b820abb9fe603766595aa3ea645972cb748f
[INFO] running `Command { std: "docker" "create" "-v" "/var/lib/crater-agent-workspace/builds/worker-7-tc2/target:/opt/rustwide/target:rw,Z" "-v" "/var/lib/crater-agent-workspace/builds/worker-7-tc2/source:/opt/rustwide/workdir:ro,Z" "-v" "/var/lib/crater-agent-workspace/cargo-home:/opt/rustwide/cargo-home:ro,Z" "-v" "/var/lib/crater-agent-workspace/rustup-home:/opt/rustwide/rustup-home:ro,Z" "-e" "SOURCE_DIR=/opt/rustwide/workdir" "-e" "CARGO_TARGET_DIR=/opt/rustwide/target" "-e" "CARGO_INCREMENTAL=0" "-e" "RUST_BACKTRACE=full" "-e" "RUSTFLAGS=--cap-lints=warn" "-e" "RUSTDOCFLAGS=--cap-lints=warn" "-e" "CARGO_HOME=/opt/rustwide/cargo-home" "-e" "RUSTUP_HOME=/opt/rustwide/rustup-home" "-w" "/opt/rustwide/workdir" "-m" "1610612736" "--user" "0:0" "--network" "none" "ghcr.io/rust-lang/crates-build-env/linux@sha256:2788e3201cd34a07e3172128adcd8b3090168a8e3bcc40d7c032b9dda1df7d1c" "/opt/rustwide/cargo-home/bin/cargo" "+beta-2023-12-22" "test" "--frozen" "--no-run" "--message-format=json", kill_on_drop: false }`
[INFO] [stdout] 3bfc76a5426df40992dd0190a3adeb47de9d78eeef6cc23650bc988e51b4292e
[INFO] running `Command { std: "docker" "start" "-a" "3bfc76a5426df40992dd0190a3adeb47de9d78eeef6cc23650bc988e51b4292e", kill_on_drop: false }`
[INFO] [stderr]    Compiling yggdrasil-rt v0.0.16 (/opt/rustwide/workdir)
[INFO] [stdout] error[E0432]: unresolved import `yggdrasil_rt::Either`
[INFO] [stdout]  --> tests/suffix.rs:1:20
[INFO] [stdout]   |
[INFO] [stdout] 1 | use yggdrasil_rt::{Either, State, YggdrasilRule};
[INFO] [stdout]   |                    ^^^^^^ no `Either` in the root
[INFO] [stdout] 
[INFO] [stdout] 
[INFO] [stdout] error[E0432]: unresolved import `yggdrasil_rt::Either`
[INFO] [stdout]  --> tests/suffix.rs:1:20
[INFO] [stdout]   |
[INFO] [stdout] 1 | use yggdrasil_rt::{Either, State, YggdrasilRule};
[INFO] [stdout]   |                    ^^^^^^ no `Either` in the root
[INFO] [stdout] 
[INFO] [stdout] 
[INFO] [stdout] warning: variant `a` should have an upper camel case name
[INFO] [stdout]  --> tests/suffix.rs:7:5
[INFO] [stdout]   |
[INFO] [stdout] 7 |     a,
[INFO] [stdout]   |     ^ help: convert the identifier to upper camel case: `A`
[INFO] [stdout]   |
[INFO] [stdout]   = note: `#[warn(non_camel_case_types)]` on by default
[INFO] [stdout] 
[INFO] [stdout] 
[INFO] [stdout] error: aborting due to 1 previous error; 1 warning emitted
[INFO] [stdout] 
[INFO] [stdout] 
[INFO] [stdout] For more information about this error, try `rustc --explain E0432`.
[INFO] [stdout] 
[INFO] [stderr] error: could not compile `yggdrasil-rt` (test "suffix") due to 2 previous errors; 1 warning emitted
[INFO] [stderr] warning: build failed, waiting for other jobs to finish...
[INFO] [stdout] error: aborting due to 1 previous error
[INFO] [stdout] 
[INFO] [stdout] 
[INFO] [stdout] For more information about this error, try `rustc --explain E0432`.
[INFO] [stdout] 
[INFO] [stderr] error: could not compile `yggdrasil-rt` (test "main") due to 2 previous errors
[INFO] running `Command { std: "docker" "inspect" "3bfc76a5426df40992dd0190a3adeb47de9d78eeef6cc23650bc988e51b4292e", kill_on_drop: false }`
[INFO] running `Command { std: "docker" "rm" "-f" "3bfc76a5426df40992dd0190a3adeb47de9d78eeef6cc23650bc988e51b4292e", kill_on_drop: false }`
[INFO] [stdout] 3bfc76a5426df40992dd0190a3adeb47de9d78eeef6cc23650bc988e51b4292e
