[INFO] fetching crate yew-router-nested 0.16.1...
[INFO] testing yew-router-nested-0.16.1 against 1.75.0 for beta-1.76-1
[INFO] extracting crate yew-router-nested 0.16.1 into /workspace/builds/worker-2-tc1/source
[INFO] validating manifest of crates.io crate yew-router-nested 0.16.1 on toolchain 1.75.0
[INFO] running `Command { std: CARGO_HOME="/workspace/cargo-home" RUSTUP_HOME="/workspace/rustup-home" "/workspace/cargo-home/bin/cargo" "+1.75.0" "metadata" "--manifest-path" "Cargo.toml" "--no-deps", kill_on_drop: false }`
[INFO] started tweaking crates.io crate yew-router-nested 0.16.1
[INFO] finished tweaking crates.io crate yew-router-nested 0.16.1
[INFO] tweaked toml for crates.io crate yew-router-nested 0.16.1 written to /workspace/builds/worker-2-tc1/source/Cargo.toml
[INFO] running `Command { std: CARGO_HOME="/workspace/cargo-home" RUSTUP_HOME="/workspace/rustup-home" "/workspace/cargo-home/bin/cargo" "+1.75.0" "generate-lockfile" "--manifest-path" "Cargo.toml", kill_on_drop: false }`
[INFO] [stderr]     Updating crates.io index
[INFO] running `Command { std: CARGO_HOME="/workspace/cargo-home" RUSTUP_HOME="/workspace/rustup-home" "/workspace/cargo-home/bin/cargo" "+1.75.0" "fetch" "--manifest-path" "Cargo.toml", kill_on_drop: false }`
[INFO] [stderr]  Downloading crates ...
[INFO] [stderr]   Downloaded yew v0.19.3
[INFO] [stderr]   Downloaded yew-agent v0.1.0
[INFO] [stderr]   Downloaded yew-router-nested-route-parser v0.16.1
[INFO] [stderr]   Downloaded yew-router-nested-macro v0.16.1
[INFO] [stderr]   Downloaded yew-macro v0.19.3
[INFO] [stderr]   Downloaded gloo v0.4.2
[INFO] running `Command { std: "docker" "create" "-v" "/var/lib/crater-agent-workspace/builds/worker-2-tc1/target:/opt/rustwide/target:rw,Z" "-v" "/var/lib/crater-agent-workspace/builds/worker-2-tc1/source:/opt/rustwide/workdir:ro,Z" "-v" "/var/lib/crater-agent-workspace/cargo-home:/opt/rustwide/cargo-home:ro,Z" "-v" "/var/lib/crater-agent-workspace/rustup-home:/opt/rustwide/rustup-home:ro,Z" "-e" "SOURCE_DIR=/opt/rustwide/workdir" "-e" "CARGO_TARGET_DIR=/opt/rustwide/target" "-e" "CARGO_HOME=/opt/rustwide/cargo-home" "-e" "RUSTUP_HOME=/opt/rustwide/rustup-home" "-w" "/opt/rustwide/workdir" "-m" "1610612736" "--user" "0:0" "--network" "none" "ghcr.io/rust-lang/crates-build-env/linux@sha256:2788e3201cd34a07e3172128adcd8b3090168a8e3bcc40d7c032b9dda1df7d1c" "/opt/rustwide/cargo-home/bin/cargo" "+1.75.0" "metadata" "--no-deps" "--format-version=1", kill_on_drop: false }`
[INFO] [stdout] 377e390106b8b7a0d16cd70a2f0014795dc2f9b7a13ed4124eb2502997c54b1d
[INFO] running `Command { std: "docker" "start" "-a" "377e390106b8b7a0d16cd70a2f0014795dc2f9b7a13ed4124eb2502997c54b1d", kill_on_drop: false }`
[INFO] running `Command { std: "docker" "inspect" "377e390106b8b7a0d16cd70a2f0014795dc2f9b7a13ed4124eb2502997c54b1d", kill_on_drop: false }`
[INFO] running `Command { std: "docker" "rm" "-f" "377e390106b8b7a0d16cd70a2f0014795dc2f9b7a13ed4124eb2502997c54b1d", kill_on_drop: false }`
[INFO] [stdout] 377e390106b8b7a0d16cd70a2f0014795dc2f9b7a13ed4124eb2502997c54b1d
[INFO] running `Command { std: "docker" "create" "-v" "/var/lib/crater-agent-workspace/builds/worker-2-tc1/target:/opt/rustwide/target:rw,Z" "-v" "/var/lib/crater-agent-workspace/builds/worker-2-tc1/source:/opt/rustwide/workdir:ro,Z" "-v" "/var/lib/crater-agent-workspace/cargo-home:/opt/rustwide/cargo-home:ro,Z" "-v" "/var/lib/crater-agent-workspace/rustup-home:/opt/rustwide/rustup-home:ro,Z" "-e" "SOURCE_DIR=/opt/rustwide/workdir" "-e" "CARGO_TARGET_DIR=/opt/rustwide/target" "-e" "CARGO_INCREMENTAL=0" "-e" "RUST_BACKTRACE=full" "-e" "RUSTFLAGS=--cap-lints=warn" "-e" "RUSTDOCFLAGS=--cap-lints=warn" "-e" "CARGO_HOME=/opt/rustwide/cargo-home" "-e" "RUSTUP_HOME=/opt/rustwide/rustup-home" "-w" "/opt/rustwide/workdir" "-m" "1610612736" "--user" "0:0" "--network" "none" "ghcr.io/rust-lang/crates-build-env/linux@sha256:2788e3201cd34a07e3172128adcd8b3090168a8e3bcc40d7c032b9dda1df7d1c" "/opt/rustwide/cargo-home/bin/cargo" "+1.75.0" "build" "--frozen" "--message-format=json", kill_on_drop: false }`
[INFO] [stdout] f616f447f035fdc78dc19e90556cdac07e17814ec540fa44f53d89e874ba8427
[INFO] running `Command { std: "docker" "start" "-a" "f616f447f035fdc78dc19e90556cdac07e17814ec540fa44f53d89e874ba8427", kill_on_drop: false }`
[INFO] [stderr]    Compiling wasm-bindgen-shared v0.2.89
[INFO] [stderr]    Compiling once_cell v1.19.0
[INFO] [stderr]    Compiling bumpalo v3.14.0
[INFO] [stderr]    Compiling wasm-bindgen v0.2.89
[INFO] [stderr]    Compiling version_check v0.9.4
[INFO] [stderr]    Compiling autocfg v1.1.0
[INFO] [stderr]    Compiling serde v1.0.194
[INFO] [stderr]    Compiling lexical-core v0.7.6
[INFO] [stderr]    Compiling arrayvec v0.5.2
[INFO] [stderr]    Compiling static_assertions v1.1.0
[INFO] [stderr]    Compiling bitflags v1.3.2
[INFO] [stderr]    Compiling memchr v2.7.1
[INFO] [stderr]    Compiling hashbrown v0.12.3
[INFO] [stderr]    Compiling boolinator v2.4.0
[INFO] [stderr]    Compiling lazy_static v1.4.0
[INFO] [stderr]    Compiling syn v2.0.48
[INFO] [stderr]    Compiling scoped-tls-hkt v0.1.4
[INFO] [stderr]    Compiling anymap2 v0.13.0
[INFO] [stderr]    Compiling cfg-match v0.2.1
[INFO] [stderr]    Compiling proc-macro-error-attr v1.0.4
[INFO] [stderr]    Compiling proc-macro-error v1.0.4
[INFO] [stderr]    Compiling nom v5.1.3
[INFO] [stderr]    Compiling indexmap v1.9.3
[INFO] [stderr]    Compiling slab v0.4.9
[INFO] [stderr]    Compiling yew-macro v0.19.3
[INFO] [stderr]    Compiling wasm-bindgen-backend v0.2.89
[INFO] [stderr]    Compiling serde_derive v1.0.194
[INFO] [stderr]    Compiling thiserror-impl v1.0.56
[INFO] [stderr]    Compiling yew-router-nested-route-parser v0.16.1
[INFO] [stderr]    Compiling wasm-bindgen-macro-support v0.2.89
[INFO] [stderr]    Compiling yew-router-nested-macro v0.16.1
[INFO] [stderr]    Compiling wasm-bindgen-macro v0.2.89
[INFO] [stderr]    Compiling thiserror v1.0.56
[INFO] [stderr]    Compiling js-sys v0.3.66
[INFO] [stderr]    Compiling console_error_panic_hook v0.1.7
[INFO] [stderr]    Compiling web-sys v0.3.66
[INFO] [stderr]    Compiling gloo-timers v0.2.6
[INFO] [stderr]    Compiling wasm-bindgen-futures v0.4.39
[INFO] [stderr]    Compiling serde_json v1.0.111
[INFO] [stderr]    Compiling bincode v1.3.3
[INFO] [stderr]    Compiling gloo-utils v0.1.7
[INFO] [stderr]    Compiling gloo-events v0.1.2
[INFO] [stderr]    Compiling gloo-dialogs v0.1.1
[INFO] [stderr]    Compiling gloo-render v0.1.1
[INFO] [stderr]    Compiling gloo-storage v0.2.2
[INFO] [stderr]    Compiling gloo-console v0.2.3
[INFO] [stderr]    Compiling gloo-file v0.2.3
[INFO] [stderr]    Compiling gloo v0.4.2
[INFO] [stderr]    Compiling yew v0.19.3
[INFO] [stderr]    Compiling yew-agent v0.1.0
[INFO] [stderr]    Compiling yew-router-nested v0.16.1 (/opt/rustwide/workdir)
[INFO] [stdout] warning: unnecessary parentheses around match arm expression
[INFO] [stdout]   --> src/service.rs:59:36
[INFO] [stdout]    |
[INFO] [stdout] 59 |             feature = "web_sys" => ({
[INFO] [stdout]    |                                    ^
[INFO] [stdout] ...
[INFO] [stdout] 65 |             }),
[INFO] [stdout]    |              ^
[INFO] [stdout]    |
[INFO] [stdout]    = note: `#[warn(unused_parens)]` on by default
[INFO] [stdout] help: remove these parentheses
[INFO] [stdout]    |
[INFO] [stdout] 59 ~             feature = "web_sys" => {
[INFO] [stdout] 60 |                 let window = web_sys::window().unwrap();
[INFO] [stdout]  ...
[INFO] [stdout] 64 |                 )
[INFO] [stdout] 65 ~             },
[INFO] [stdout]    |
[INFO] [stdout] 
[INFO] [stdout] 
[INFO] [stdout] warning: unnecessary parentheses around match arm expression
[INFO] [stdout]    --> src/service.rs:157:36
[INFO] [stdout]     |
[INFO] [stdout] 157 |             feature = "web_sys" => ({
[INFO] [stdout]     |                                    ^
[INFO] [stdout] 158 |                 let _ = self.history.push_state_with_url(&Value::from_str(&state_string), "", Some(route));
[INFO] [stdout] 159 |             }),
[INFO] [stdout]     |              ^
[INFO] [stdout]     |
[INFO] [stdout] help: remove these parentheses
[INFO] [stdout]     |
[INFO] [stdout] 157 ~             feature = "web_sys" => {
[INFO] [stdout] 158 |                 let _ = self.history.push_state_with_url(&Value::from_str(&state_string), "", Some(route));
[INFO] [stdout] 159 ~             },
[INFO] [stdout]     |
[INFO] [stdout] 
[INFO] [stdout] 
[INFO] [stdout] warning: unnecessary parentheses around match arm expression
[INFO] [stdout]    --> src/service.rs:174:36
[INFO] [stdout]     |
[INFO] [stdout] 174 |             feature = "web_sys" => ({
[INFO] [stdout]     |                                    ^
[INFO] [stdout] 175 |                 let _ = self.history.replace_state_with_url(&Value::from_str(&state_string), "", Some(route));
[INFO] [stdout] 176 |             }),
[INFO] [stdout]     |              ^
[INFO] [stdout]     |
[INFO] [stdout] help: remove these parentheses
[INFO] [stdout]     |
[INFO] [stdout] 174 ~             feature = "web_sys" => {
[INFO] [stdout] 175 |                 let _ = self.history.replace_state_with_url(&Value::from_str(&state_string), "", Some(route));
[INFO] [stdout] 176 ~             },
[INFO] [stdout]     |
[INFO] [stdout] 
[INFO] [stdout] 
[INFO] [stdout] warning: unused import: `alias::*`
[INFO] [stdout]    --> src/lib.rs:111:9
[INFO] [stdout]     |
[INFO] [stdout] 111 | pub use alias::*;
[INFO] [stdout]     |         ^^^^^^^^
[INFO] [stdout]     |
[INFO] [stdout]     = note: `#[warn(unused_imports)]` on by default
[INFO] [stdout] 
[INFO] [stdout] 
[INFO] [stdout] warning: 4 warnings emitted
[INFO] [stdout] 
[INFO] [stdout] 
[INFO] [stderr]     Finished dev [unoptimized + debuginfo] target(s) in 16.65s
[INFO] running `Command { std: "docker" "inspect" "f616f447f035fdc78dc19e90556cdac07e17814ec540fa44f53d89e874ba8427", kill_on_drop: false }`
[INFO] running `Command { std: "docker" "rm" "-f" "f616f447f035fdc78dc19e90556cdac07e17814ec540fa44f53d89e874ba8427", kill_on_drop: false }`
[INFO] [stdout] f616f447f035fdc78dc19e90556cdac07e17814ec540fa44f53d89e874ba8427
[INFO] running `Command { std: "docker" "create" "-v" "/var/lib/crater-agent-workspace/builds/worker-2-tc1/target:/opt/rustwide/target:rw,Z" "-v" "/var/lib/crater-agent-workspace/builds/worker-2-tc1/source:/opt/rustwide/workdir:ro,Z" "-v" "/var/lib/crater-agent-workspace/cargo-home:/opt/rustwide/cargo-home:ro,Z" "-v" "/var/lib/crater-agent-workspace/rustup-home:/opt/rustwide/rustup-home:ro,Z" "-e" "SOURCE_DIR=/opt/rustwide/workdir" "-e" "CARGO_TARGET_DIR=/opt/rustwide/target" "-e" "CARGO_INCREMENTAL=0" "-e" "RUST_BACKTRACE=full" "-e" "RUSTFLAGS=--cap-lints=warn" "-e" "RUSTDOCFLAGS=--cap-lints=warn" "-e" "CARGO_HOME=/opt/rustwide/cargo-home" "-e" "RUSTUP_HOME=/opt/rustwide/rustup-home" "-w" "/opt/rustwide/workdir" "-m" "1610612736" "--user" "0:0" "--network" "none" "ghcr.io/rust-lang/crates-build-env/linux@sha256:2788e3201cd34a07e3172128adcd8b3090168a8e3bcc40d7c032b9dda1df7d1c" "/opt/rustwide/cargo-home/bin/cargo" "+1.75.0" "test" "--frozen" "--no-run" "--message-format=json", kill_on_drop: false }`
[INFO] [stdout] 2c57bf176f507de20780c02740d4fe565883125f56584524430a34a7ee7b7b0f
[INFO] running `Command { std: "docker" "start" "-a" "2c57bf176f507de20780c02740d4fe565883125f56584524430a34a7ee7b7b0f", kill_on_drop: false }`
[INFO] [stderr]    Compiling uuid v0.8.2
[INFO] [stdout] warning: unnecessary parentheses around match arm expression
[INFO] [stdout]   --> src/service.rs:59:36
[INFO] [stdout]    |
[INFO] [stdout] 59 |             feature = "web_sys" => ({
[INFO] [stdout]    |                                    ^
[INFO] [stdout] ...
[INFO] [stdout] 65 |             }),
[INFO] [stdout]    |              ^
[INFO] [stdout]    |
[INFO] [stdout]    = note: `#[warn(unused_parens)]` on by default
[INFO] [stdout] help: remove these parentheses
[INFO] [stdout]    |
[INFO] [stdout] 59 ~             feature = "web_sys" => {
[INFO] [stdout] 60 |                 let window = web_sys::window().unwrap();
[INFO] [stdout]  ...
[INFO] [stdout] 64 |                 )
[INFO] [stdout] 65 ~             },
[INFO] [stdout]    |
[INFO] [stdout] 
[INFO] [stdout] 
[INFO] [stdout] warning: unnecessary parentheses around match arm expression
[INFO] [stdout]    --> src/service.rs:157:36
[INFO] [stdout]     |
[INFO] [stdout] 157 |             feature = "web_sys" => ({
[INFO] [stdout]     |                                    ^
[INFO] [stdout] 158 |                 let _ = self.history.push_state_with_url(&Value::from_str(&state_string), "", Some(route));
[INFO] [stdout] 159 |             }),
[INFO] [stdout]     |              ^
[INFO] [stdout]     |
[INFO] [stdout] help: remove these parentheses
[INFO] [stdout]     |
[INFO] [stdout] 157 ~             feature = "web_sys" => {
[INFO] [stdout] 158 |                 let _ = self.history.push_state_with_url(&Value::from_str(&state_string), "", Some(route));
[INFO] [stdout] 159 ~             },
[INFO] [stdout]     |
[INFO] [stdout] 
[INFO] [stdout] 
[INFO] [stdout] warning: unnecessary parentheses around match arm expression
[INFO] [stdout]    --> src/service.rs:174:36
[INFO] [stdout]     |
[INFO] [stdout] 174 |             feature = "web_sys" => ({
[INFO] [stdout]     |                                    ^
[INFO] [stdout] 175 |                 let _ = self.history.replace_state_with_url(&Value::from_str(&state_string), "", Some(route));
[INFO] [stdout] 176 |             }),
[INFO] [stdout]     |              ^
[INFO] [stdout]     |
[INFO] [stdout] help: remove these parentheses
[INFO] [stdout]     |
[INFO] [stdout] 174 ~             feature = "web_sys" => {
[INFO] [stdout] 175 |                 let _ = self.history.replace_state_with_url(&Value::from_str(&state_string), "", Some(route));
[INFO] [stdout] 176 ~             },
[INFO] [stdout]     |
[INFO] [stdout] 
[INFO] [stdout] 
[INFO] [stdout] warning: unused import: `alias::*`
[INFO] [stdout]    --> src/lib.rs:111:9
[INFO] [stdout]     |
[INFO] [stdout] 111 | pub use alias::*;
[INFO] [stdout]     |         ^^^^^^^^
[INFO] [stdout]     |
[INFO] [stdout]     = note: `#[warn(unused_imports)]` on by default
[INFO] [stdout] 
[INFO] [stdout] 
[INFO] [stdout] warning: 4 warnings emitted
[INFO] [stdout] 
[INFO] [stdout] 
[INFO] [stderr]    Compiling yew-router-nested v0.16.1 (/opt/rustwide/workdir)
[INFO] [stdout] error[E0433]: failed to resolve: use of undeclared crate or module `yew_router`
[INFO] [stdout]  --> tests/example.rs:1:5
[INFO] [stdout]   |
[INFO] [stdout] 1 | use yew_router::{route::Route, switch::Permissive, Switch};
[INFO] [stdout]   |     ^^^^^^^^^^ use of undeclared crate or module `yew_router`
[INFO] [stdout] 
[INFO] [stdout] 
[INFO] [stdout] error[E0432]: unresolved import `yew_router`
[INFO] [stdout]  --> tests/example.rs:1:5
[INFO] [stdout]   |
[INFO] [stdout] 1 | use yew_router::{route::Route, switch::Permissive, Switch};
[INFO] [stdout]   |     ^^^^^^^^^^ use of undeclared crate or module `yew_router`
[INFO] [stdout] 
[INFO] [stdout] 
[INFO] [stdout] error: cannot determine resolution for the derive macro `Switch`
[INFO] [stdout]  --> tests/example.rs:3:39
[INFO] [stdout]   |
[INFO] [stdout] 3 | #[derive(Clone, Debug, Eq, PartialEq, Switch)]
[INFO] [stdout]   |                                       ^^^^^^
[INFO] [stdout]   |
[INFO] [stdout]   = note: import resolution is stuck, try simplifying macro imports
[INFO] [stdout] 
[INFO] [stdout] 
[INFO] [stdout] error: cannot find attribute `to` in this scope
[INFO] [stdout]  --> tests/example.rs:5:7
[INFO] [stdout]   |
[INFO] [stdout] 5 |     #[to = "/left"]
[INFO] [stdout]   |       ^^
[INFO] [stdout]   |
[INFO] [stdout] help: consider importing this attribute macro
[INFO] [stdout]   |
[INFO] [stdout] 1 + use yew_router_macro::to;
[INFO] [stdout]   |
[INFO] [stdout] 
[INFO] [stdout] 
[INFO] [stdout] error: cannot find attribute `to` in this scope
[INFO] [stdout]  --> tests/example.rs:7:7
[INFO] [stdout]   |
[INFO] [stdout] 7 |     #[to = "/right"]
[INFO] [stdout]   |       ^^
[INFO] [stdout]   |
[INFO] [stdout] help: consider importing this attribute macro
[INFO] [stdout]   |
[INFO] [stdout] 1 + use yew_router_macro::to;
[INFO] [stdout]   |
[INFO] [stdout] 
[INFO] [stdout] 
[INFO] [stdout] error: cannot determine resolution for the derive macro `Switch`
[INFO] [stdout]   --> tests/example.rs:11:39
[INFO] [stdout]    |
[INFO] [stdout] 11 | #[derive(Clone, Debug, Eq, PartialEq, Switch)]
[INFO] [stdout]    |                                       ^^^^^^
[INFO] [stdout]    |
[INFO] [stdout]    = note: import resolution is stuck, try simplifying macro imports
[INFO] [stdout] 
[INFO] [stdout] 
[INFO] [stdout] error: cannot find attribute `to` in this scope
[INFO] [stdout]   --> tests/example.rs:12:3
[INFO] [stdout]    |
[INFO] [stdout] 12 | #[to = "/single/{number}"]
[INFO] [stdout]    |   ^^
[INFO] [stdout]    |
[INFO] [stdout] help: consider importing this attribute macro
[INFO] [stdout]    |
[INFO] [stdout] 1  + use yew_router_macro::to;
[INFO] [stdout]    |
[INFO] [stdout] 
[INFO] [stdout] 
[INFO] [stdout] error: cannot determine resolution for the derive macro `Switch`
[INFO] [stdout]   --> tests/example.rs:17:39
[INFO] [stdout]    |
[INFO] [stdout] 17 | #[derive(Clone, Debug, Eq, PartialEq, Switch)]
[INFO] [stdout]    |                                       ^^^^^^
[INFO] [stdout]    |
[INFO] [stdout]    = note: import resolution is stuck, try simplifying macro imports
[INFO] [stdout] 
[INFO] [stdout] 
[INFO] [stdout] error: cannot find attribute `to` in this scope
[INFO] [stdout]   --> tests/example.rs:18:3
[INFO] [stdout]    |
[INFO] [stdout] 18 | #[to = "/othersingle/{number}"]
[INFO] [stdout]    |   ^^
[INFO] [stdout]    |
[INFO] [stdout] help: consider importing this attribute macro
[INFO] [stdout]    |
[INFO] [stdout] 1  + use yew_router_macro::to;
[INFO] [stdout]    |
[INFO] [stdout] 
[INFO] [stdout] 
[INFO] [stdout] error: cannot determine resolution for the derive macro `Switch`
[INFO] [stdout]   --> tests/example.rs:20:39
[INFO] [stdout]    |
[INFO] [stdout] 20 | #[derive(Clone, Debug, Eq, PartialEq, Switch)]
[INFO] [stdout]    |                                       ^^^^^^
[INFO] [stdout]    |
[INFO] [stdout]    = note: import resolution is stuck, try simplifying macro imports
[INFO] [stdout] 
[INFO] [stdout] 
[INFO] [stdout] error: cannot find attribute `to` in this scope
[INFO] [stdout]   --> tests/example.rs:21:3
[INFO] [stdout]    |
[INFO] [stdout] 21 | #[to = "{*:path}#{route}"]
[INFO] [stdout]    |   ^^
[INFO] [stdout]    |
[INFO] [stdout] help: consider importing this attribute macro
[INFO] [stdout]    |
[INFO] [stdout] 1  + use yew_router_macro::to;
[INFO] [stdout]    |
[INFO] [stdout] 
[INFO] [stdout] 
[INFO] [stdout] error: cannot determine resolution for the derive macro `Switch`
[INFO] [stdout]   --> tests/example.rs:27:35
[INFO] [stdout]    |
[INFO] [stdout] 27 | #[derive(Clone, Debug, PartialEq, Switch)]
[INFO] [stdout]    |                                   ^^^^^^
[INFO] [stdout]    |
[INFO] [stdout]    = note: import resolution is stuck, try simplifying macro imports
[INFO] [stdout] 
[INFO] [stdout] 
[INFO] [stdout] error: cannot find attribute `to` in this scope
[INFO] [stdout]   --> tests/example.rs:29:7
[INFO] [stdout]    |
[INFO] [stdout] 29 |     #[to = "/some/route"]
[INFO] [stdout]    |       ^^
[INFO] [stdout]    |
[INFO] [stdout] help: consider importing this attribute macro
[INFO] [stdout]    |
[INFO] [stdout] 1  + use yew_router_macro::to;
[INFO] [stdout]    |
[INFO] [stdout] 
[INFO] [stdout] 
[INFO] [stdout] error: cannot find attribute `to` in this scope
[INFO] [stdout]   --> tests/example.rs:31:7
[INFO] [stdout]    |
[INFO] [stdout] 31 |     #[to = "/some/{thing}/{other}"]
[INFO] [stdout]    |       ^^
[INFO] [stdout]    |
[INFO] [stdout] help: consider importing this attribute macro
[INFO] [stdout]    |
[INFO] [stdout] 1  + use yew_router_macro::to;
[INFO] [stdout]    |
[INFO] [stdout] 
[INFO] [stdout] 
[INFO] [stdout] error: cannot find attribute `to` in this scope
[INFO] [stdout]   --> tests/example.rs:34:7
[INFO] [stdout]    |
[INFO] [stdout] 34 |     #[to = "/another/{}"] // Tuple-enums don't need names in the capture groups.
[INFO] [stdout]    |       ^^
[INFO] [stdout]    |
[INFO] [stdout] help: consider importing this attribute macro
[INFO] [stdout]    |
[INFO] [stdout] 1  + use yew_router_macro::to;
[INFO] [stdout]    |
[INFO] [stdout] 
[INFO] [stdout] 
[INFO] [stdout] error: cannot find attribute `to` in this scope
[INFO] [stdout]   --> tests/example.rs:36:7
[INFO] [stdout]    |
[INFO] [stdout] 36 |     #[to = "/doot/{}/{something}"]
[INFO] [stdout]    |       ^^
[INFO] [stdout]    |
[INFO] [stdout] help: consider importing this attribute macro
[INFO] [stdout]    |
[INFO] [stdout] 1  + use yew_router_macro::to;
[INFO] [stdout]    |
[INFO] [stdout] 
[INFO] [stdout] 
[INFO] [stdout] error: cannot find attribute `to` in this scope
[INFO] [stdout]   --> tests/example.rs:39:7
[INFO] [stdout]    |
[INFO] [stdout] 39 |     #[to = "/inner"]
[INFO] [stdout]    |       ^^
[INFO] [stdout]    |
[INFO] [stdout] help: consider importing this attribute macro
[INFO] [stdout]    |
[INFO] [stdout] 1  + use yew_router_macro::to;
[INFO] [stdout]    |
[INFO] [stdout] 
[INFO] [stdout] 
[INFO] [stdout] error: cannot find attribute `rest` in this scope
[INFO] [stdout]   --> tests/example.rs:40:7
[INFO] [stdout]    |
[INFO] [stdout] 40 |     #[rest] // same as /inner{*}
[INFO] [stdout]    |       ^^^^
[INFO] [stdout]   --> /rustc/82e1608dfa6e0b5569232559e3d385fea5a93112/library/core/src/macros/mod.rs:1601:5
[INFO] [stdout]    |
[INFO] [stdout]    = note: similarly named attribute macro `test` defined here
[INFO] [stdout]    |
[INFO] [stdout] help: an attribute macro with a similar name exists
[INFO] [stdout]    |
[INFO] [stdout] 40 |     #[test] // same as /inner{*}
[INFO] [stdout]    |       ~~~~
[INFO] [stdout] help: consider importing this attribute macro
[INFO] [stdout]    |
[INFO] [stdout] 1  + use yew_router_macro::rest;
[INFO] [stdout]    |
[INFO] [stdout] 
[INFO] [stdout] 
[INFO] [stdout] warning: unnecessary parentheses around match arm expression
[INFO] [stdout]   --> src/service.rs:59:36
[INFO] [stdout]    |
[INFO] [stdout] 59 |             feature = "web_sys" => ({
[INFO] [stdout]    |                                    ^
[INFO] [stdout] ...
[INFO] [stdout] 65 |             }),
[INFO] [stdout]    |              ^
[INFO] [stdout]    |
[INFO] [stdout]    = note: `#[warn(unused_parens)]` on by default
[INFO] [stdout] help: remove these parentheses
[INFO] [stdout]    |
[INFO] [stdout] 59 ~             feature = "web_sys" => {
[INFO] [stdout] 60 |                 let window = web_sys::window().unwrap();
[INFO] [stdout]  ...
[INFO] [stdout] 64 |                 )
[INFO] [stdout] 65 ~             },
[INFO] [stdout]    |
[INFO] [stdout] 
[INFO] [stdout] 
[INFO] [stdout] error: cannot find attribute `rest` in this scope
[INFO] [stdout]   --> tests/example.rs:42:7
[INFO] [stdout]    |
[INFO] [stdout] 42 |     #[rest] // Rest delegates the remaining input to the next attribute
[INFO] [stdout]    |       ^^^^
[INFO] [stdout]   --> /rustc/82e1608dfa6e0b5569232559e3d385fea5a93112/library/core/src/macros/mod.rs:1601:5
[INFO] [stdout]    |
[INFO] [stdout]    = note: similarly named attribute macro `test` defined here
[INFO] [stdout]    |
[INFO] [stdout] help: an attribute macro with a similar name exists
[INFO] [stdout]    |
[INFO] [stdout] 42 |     #[test] // Rest delegates the remaining input to the next attribute
[INFO] [stdout]    |       ~~~~
[INFO] [stdout] help: consider importing this attribute macro
[INFO] [stdout]    |
[INFO] [stdout] 1  + use yew_router_macro::rest;
[INFO] [stdout]    |
[INFO] [stdout] 
[INFO] [stdout] 
[INFO] [stdout] warning: unnecessary parentheses around match arm expression
[INFO] [stdout]    --> src/service.rs:157:36
[INFO] [stdout]     |
[INFO] [stdout] 157 |             feature = "web_sys" => ({
[INFO] [stdout]     |                                    ^
[INFO] [stdout] 158 |                 let _ = self.history.push_state_with_url(&Value::from_str(&state_string), "", Some(route));
[INFO] [stdout] 159 |             }),
[INFO] [stdout]     |              ^
[INFO] [stdout]     |
[INFO] [stdout] help: remove these parentheses
[INFO] [stdout]     |
[INFO] [stdout] 157 ~             feature = "web_sys" => {
[INFO] [stdout] 158 |                 let _ = self.history.push_state_with_url(&Value::from_str(&state_string), "", Some(route));
[INFO] [stdout] 159 ~             },
[INFO] [stdout]     |
[INFO] [stdout] 
[INFO] [stdout] 
[INFO] [stdout] warning: unnecessary parentheses around match arm expression
[INFO] [stdout]    --> src/service.rs:174:36
[INFO] [stdout]     |
[INFO] [stdout] 174 |             feature = "web_sys" => ({
[INFO] [stdout]     |                                    ^
[INFO] [stdout] 175 |                 let _ = self.history.replace_state_with_url(&Value::from_str(&state_string), "", Some(route));
[INFO] [stdout] 176 |             }),
[INFO] [stdout]     |              ^
[INFO] [stdout]     |
[INFO] [stdout] help: remove these parentheses
[INFO] [stdout]     |
[INFO] [stdout] 174 ~             feature = "web_sys" => {
[INFO] [stdout] 175 |                 let _ = self.history.replace_state_with_url(&Value::from_str(&state_string), "", Some(route));
[INFO] [stdout] 176 ~             },
[INFO] [stdout]     |
[INFO] [stdout] 
[INFO] [stdout] 
[INFO] [stdout] warning: unused import: `alias::*`
[INFO] [stdout]    --> src/lib.rs:111:9
[INFO] [stdout]     |
[INFO] [stdout] 111 | pub use alias::*;
[INFO] [stdout]     |         ^^^^^^^^
[INFO] [stdout]     |
[INFO] [stdout]     = note: `#[warn(unused_imports)]` on by default
[INFO] [stdout] 
[INFO] [stdout] 
[INFO] [stdout] error: cannot find attribute `rest` in this scope
[INFO] [stdout]   --> tests/example.rs:44:7
[INFO] [stdout]    |
[INFO] [stdout] 44 |     #[rest]
[INFO] [stdout]    |       ^^^^
[INFO] [stdout]   --> /rustc/82e1608dfa6e0b5569232559e3d385fea5a93112/library/core/src/macros/mod.rs:1601:5
[INFO] [stdout]    |
[INFO] [stdout]    = note: similarly named attribute macro `test` defined here
[INFO] [stdout]    |
[INFO] [stdout] help: an attribute macro with a similar name exists
[INFO] [stdout]    |
[INFO] [stdout] 44 |     #[test]
[INFO] [stdout]    |       ~~~~
[INFO] [stdout] help: consider importing this attribute macro
[INFO] [stdout]    |
[INFO] [stdout] 1  + use yew_router_macro::rest;
[INFO] [stdout]    |
[INFO] [stdout] 
[INFO] [stdout] 
[INFO] [stdout] error: cannot find attribute `to` in this scope
[INFO] [stdout]   --> tests/example.rs:47:7
[INFO] [stdout]    |
[INFO] [stdout] 47 |     #[to = "/option/{}"]
[INFO] [stdout]    |       ^^
[INFO] [stdout]    |
[INFO] [stdout] help: consider importing this attribute macro
[INFO] [stdout]    |
[INFO] [stdout] 1  + use yew_router_macro::to;
[INFO] [stdout]    |
[INFO] [stdout] 
[INFO] [stdout] 
[INFO] [stdout] error: cannot find attribute `to` in this scope
[INFO] [stdout]   --> tests/example.rs:50:7
[INFO] [stdout]    |
[INFO] [stdout] 50 |     #[to = "/missing/capture"]
[INFO] [stdout]    |       ^^
[INFO] [stdout]    |
[INFO] [stdout] help: consider importing this attribute macro
[INFO] [stdout]    |
[INFO] [stdout] 1  + use yew_router_macro::to;
[INFO] [stdout]    |
[INFO] [stdout] 
[INFO] [stdout] 
[INFO] [stdout] error: aborting due to 22 previous errors
[INFO] [stdout] 
[INFO] [stdout] 
[INFO] [stdout] Some errors have detailed explanations: E0432, E0433.
[INFO] [stdout] 
[INFO] [stdout] For more information about an error, try `rustc --explain E0432`.
[INFO] [stdout] 
[INFO] [stderr] error: could not compile `yew-router-nested` (test "example") due to 23 previous errors
[INFO] [stderr] warning: build failed, waiting for other jobs to finish...
[INFO] [stdout] warning: 4 warnings emitted
[INFO] [stdout] 
[INFO] [stdout] 
[INFO] running `Command { std: "docker" "inspect" "2c57bf176f507de20780c02740d4fe565883125f56584524430a34a7ee7b7b0f", kill_on_drop: false }`
[INFO] running `Command { std: "docker" "rm" "-f" "2c57bf176f507de20780c02740d4fe565883125f56584524430a34a7ee7b7b0f", kill_on_drop: false }`
[INFO] [stdout] 2c57bf176f507de20780c02740d4fe565883125f56584524430a34a7ee7b7b0f
[INFO] testing yew-router-nested-0.16.1 against beta-2023-12-22 for beta-1.76-1
[INFO] extracting crate yew-router-nested 0.16.1 into /workspace/builds/worker-2-tc2/source
[INFO] validating manifest of crates.io crate yew-router-nested 0.16.1 on toolchain beta-2023-12-22
[INFO] running `Command { std: CARGO_HOME="/workspace/cargo-home" RUSTUP_HOME="/workspace/rustup-home" "/workspace/cargo-home/bin/cargo" "+beta-2023-12-22" "metadata" "--manifest-path" "Cargo.toml" "--no-deps", kill_on_drop: false }`
[INFO] started tweaking crates.io crate yew-router-nested 0.16.1
[INFO] finished tweaking crates.io crate yew-router-nested 0.16.1
[INFO] tweaked toml for crates.io crate yew-router-nested 0.16.1 written to /workspace/builds/worker-2-tc2/source/Cargo.toml
[INFO] running `Command { std: CARGO_HOME="/workspace/cargo-home" RUSTUP_HOME="/workspace/rustup-home" "/workspace/cargo-home/bin/cargo" "+beta-2023-12-22" "generate-lockfile" "--manifest-path" "Cargo.toml", kill_on_drop: false }`
[INFO] [stderr]     Updating crates.io index
[INFO] running `Command { std: CARGO_HOME="/workspace/cargo-home" RUSTUP_HOME="/workspace/rustup-home" "/workspace/cargo-home/bin/cargo" "+beta-2023-12-22" "fetch" "--manifest-path" "Cargo.toml", kill_on_drop: false }`
[INFO] running `Command { std: "docker" "create" "-v" "/var/lib/crater-agent-workspace/builds/worker-2-tc2/target:/opt/rustwide/target:rw,Z" "-v" "/var/lib/crater-agent-workspace/builds/worker-2-tc2/source:/opt/rustwide/workdir:ro,Z" "-v" "/var/lib/crater-agent-workspace/cargo-home:/opt/rustwide/cargo-home:ro,Z" "-v" "/var/lib/crater-agent-workspace/rustup-home:/opt/rustwide/rustup-home:ro,Z" "-e" "SOURCE_DIR=/opt/rustwide/workdir" "-e" "CARGO_TARGET_DIR=/opt/rustwide/target" "-e" "CARGO_HOME=/opt/rustwide/cargo-home" "-e" "RUSTUP_HOME=/opt/rustwide/rustup-home" "-w" "/opt/rustwide/workdir" "-m" "1610612736" "--user" "0:0" "--network" "none" "ghcr.io/rust-lang/crates-build-env/linux@sha256:2788e3201cd34a07e3172128adcd8b3090168a8e3bcc40d7c032b9dda1df7d1c" "/opt/rustwide/cargo-home/bin/cargo" "+beta-2023-12-22" "metadata" "--no-deps" "--format-version=1", kill_on_drop: false }`
[INFO] [stdout] 5de53c5cc73924aae83a2bc35e54043482b91ede4044092ba52ad6795cdec5cd
[INFO] running `Command { std: "docker" "start" "-a" "5de53c5cc73924aae83a2bc35e54043482b91ede4044092ba52ad6795cdec5cd", kill_on_drop: false }`
[INFO] running `Command { std: "docker" "inspect" "5de53c5cc73924aae83a2bc35e54043482b91ede4044092ba52ad6795cdec5cd", kill_on_drop: false }`
[INFO] running `Command { std: "docker" "rm" "-f" "5de53c5cc73924aae83a2bc35e54043482b91ede4044092ba52ad6795cdec5cd", kill_on_drop: false }`
[INFO] [stdout] 5de53c5cc73924aae83a2bc35e54043482b91ede4044092ba52ad6795cdec5cd
[INFO] running `Command { std: "docker" "create" "-v" "/var/lib/crater-agent-workspace/builds/worker-2-tc2/target:/opt/rustwide/target:rw,Z" "-v" "/var/lib/crater-agent-workspace/builds/worker-2-tc2/source:/opt/rustwide/workdir:ro,Z" "-v" "/var/lib/crater-agent-workspace/cargo-home:/opt/rustwide/cargo-home:ro,Z" "-v" "/var/lib/crater-agent-workspace/rustup-home:/opt/rustwide/rustup-home:ro,Z" "-e" "SOURCE_DIR=/opt/rustwide/workdir" "-e" "CARGO_TARGET_DIR=/opt/rustwide/target" "-e" "CARGO_INCREMENTAL=0" "-e" "RUST_BACKTRACE=full" "-e" "RUSTFLAGS=--cap-lints=warn" "-e" "RUSTDOCFLAGS=--cap-lints=warn" "-e" "CARGO_HOME=/opt/rustwide/cargo-home" "-e" "RUSTUP_HOME=/opt/rustwide/rustup-home" "-w" "/opt/rustwide/workdir" "-m" "1610612736" "--user" "0:0" "--network" "none" "ghcr.io/rust-lang/crates-build-env/linux@sha256:2788e3201cd34a07e3172128adcd8b3090168a8e3bcc40d7c032b9dda1df7d1c" "/opt/rustwide/cargo-home/bin/cargo" "+beta-2023-12-22" "build" "--frozen" "--message-format=json", kill_on_drop: false }`
[INFO] [stdout] 46899ecfba6b715b8c5505bf024b39575d39b78ebb6f070bdd76e92c70043084
[INFO] running `Command { std: "docker" "start" "-a" "46899ecfba6b715b8c5505bf024b39575d39b78ebb6f070bdd76e92c70043084", kill_on_drop: false }`
[INFO] [stderr]    Compiling wasm-bindgen-shared v0.2.89
[INFO] [stderr]    Compiling bumpalo v3.14.0
[INFO] [stderr]    Compiling once_cell v1.19.0
[INFO] [stderr]    Compiling wasm-bindgen v0.2.89
[INFO] [stderr]    Compiling version_check v0.9.4
[INFO] [stderr]    Compiling autocfg v1.1.0
[INFO] [stderr]    Compiling lexical-core v0.7.6
[INFO] [stderr]    Compiling arrayvec v0.5.2
[INFO] [stderr]    Compiling static_assertions v1.1.0
[INFO] [stderr]    Compiling serde v1.0.194
[INFO] [stderr]    Compiling bitflags v1.3.2
[INFO] [stderr]    Compiling memchr v2.7.1
[INFO] [stderr]    Compiling syn v2.0.48
[INFO] [stderr]    Compiling hashbrown v0.12.3
[INFO] [stderr]    Compiling boolinator v2.4.0
[INFO] [stderr]    Compiling lazy_static v1.4.0
[INFO] [stderr]    Compiling scoped-tls-hkt v0.1.4
[INFO] [stderr]    Compiling anymap2 v0.13.0
[INFO] [stderr]    Compiling cfg-match v0.2.1
[INFO] [stderr]    Compiling proc-macro-error-attr v1.0.4
[INFO] [stderr]    Compiling proc-macro-error v1.0.4
[INFO] [stderr]    Compiling nom v5.1.3
[INFO] [stderr]    Compiling indexmap v1.9.3
[INFO] [stderr]    Compiling slab v0.4.9
[INFO] [stderr]    Compiling yew-macro v0.19.3
[INFO] [stderr]    Compiling wasm-bindgen-backend v0.2.89
[INFO] [stderr]    Compiling yew-router-nested-route-parser v0.16.1
[INFO] [stderr]    Compiling serde_derive v1.0.194
[INFO] [stderr]    Compiling thiserror-impl v1.0.56
[INFO] [stderr]    Compiling yew-router-nested-macro v0.16.1
[INFO] [stderr]    Compiling wasm-bindgen-macro-support v0.2.89
[INFO] [stderr]    Compiling wasm-bindgen-macro v0.2.89
[INFO] [stderr]    Compiling thiserror v1.0.56
[INFO] [stderr]    Compiling js-sys v0.3.66
[INFO] [stderr]    Compiling console_error_panic_hook v0.1.7
[INFO] [stderr]    Compiling web-sys v0.3.66
[INFO] [stderr]    Compiling gloo-timers v0.2.6
[INFO] [stderr]    Compiling wasm-bindgen-futures v0.4.39
[INFO] [stderr]    Compiling serde_json v1.0.111
[INFO] [stderr]    Compiling bincode v1.3.3
[INFO] [stderr]    Compiling gloo-utils v0.1.7
[INFO] [stderr]    Compiling gloo-events v0.1.2
[INFO] [stderr]    Compiling gloo-dialogs v0.1.1
[INFO] [stderr]    Compiling gloo-render v0.1.1
[INFO] [stderr]    Compiling gloo-console v0.2.3
[INFO] [stderr]    Compiling gloo-storage v0.2.2
[INFO] [stderr]    Compiling gloo-file v0.2.3
[INFO] [stderr]    Compiling gloo v0.4.2
[INFO] [stderr]    Compiling yew v0.19.3
[INFO] [stderr]    Compiling yew-agent v0.1.0
[INFO] [stderr]    Compiling yew-router-nested v0.16.1 (/opt/rustwide/workdir)
[INFO] [stdout] warning: unnecessary parentheses around match arm expression
[INFO] [stdout]   --> src/service.rs:59:36
[INFO] [stdout]    |
[INFO] [stdout] 59 |             feature = "web_sys" => ({
[INFO] [stdout]    |                                    ^
[INFO] [stdout] ...
[INFO] [stdout] 65 |             }),
[INFO] [stdout]    |              ^
[INFO] [stdout]    |
[INFO] [stdout]    = note: `#[warn(unused_parens)]` on by default
[INFO] [stdout] help: remove these parentheses
[INFO] [stdout]    |
[INFO] [stdout] 59 ~             feature = "web_sys" => {
[INFO] [stdout] 60 |                 let window = web_sys::window().unwrap();
[INFO] [stdout]  ...
[INFO] [stdout] 64 |                 )
[INFO] [stdout] 65 ~             },
[INFO] [stdout]    |
[INFO] [stdout] 
[INFO] [stdout] 
[INFO] [stdout] warning: unnecessary parentheses around match arm expression
[INFO] [stdout]    --> src/service.rs:157:36
[INFO] [stdout]     |
[INFO] [stdout] 157 |             feature = "web_sys" => ({
[INFO] [stdout]     |                                    ^
[INFO] [stdout] 158 |                 let _ = self.history.push_state_with_url(&Value::from_str(&state_string), "", Some(route));
[INFO] [stdout] 159 |             }),
[INFO] [stdout]     |              ^
[INFO] [stdout]     |
[INFO] [stdout] help: remove these parentheses
[INFO] [stdout]     |
[INFO] [stdout] 157 ~             feature = "web_sys" => {
[INFO] [stdout] 158 |                 let _ = self.history.push_state_with_url(&Value::from_str(&state_string), "", Some(route));
[INFO] [stdout] 159 ~             },
[INFO] [stdout]     |
[INFO] [stdout] 
[INFO] [stdout] 
[INFO] [stdout] warning: unnecessary parentheses around match arm expression
[INFO] [stdout]    --> src/service.rs:174:36
[INFO] [stdout]     |
[INFO] [stdout] 174 |             feature = "web_sys" => ({
[INFO] [stdout]     |                                    ^
[INFO] [stdout] 175 |                 let _ = self.history.replace_state_with_url(&Value::from_str(&state_string), "", Some(route));
[INFO] [stdout] 176 |             }),
[INFO] [stdout]     |              ^
[INFO] [stdout]     |
[INFO] [stdout] help: remove these parentheses
[INFO] [stdout]     |
[INFO] [stdout] 174 ~             feature = "web_sys" => {
[INFO] [stdout] 175 |                 let _ = self.history.replace_state_with_url(&Value::from_str(&state_string), "", Some(route));
[INFO] [stdout] 176 ~             },
[INFO] [stdout]     |
[INFO] [stdout] 
[INFO] [stdout] 
[INFO] [stdout] warning: unused import: `alias::*`
[INFO] [stdout]    --> src/lib.rs:111:9
[INFO] [stdout]     |
[INFO] [stdout] 111 | pub use alias::*;
[INFO] [stdout]     |         ^^^^^^^^
[INFO] [stdout]     |
[INFO] [stdout]     = note: `#[warn(unused_imports)]` on by default
[INFO] [stdout] 
[INFO] [stdout] 
[INFO] [stdout] warning: 4 warnings emitted
[INFO] [stdout] 
[INFO] [stdout] 
[INFO] [stderr]     Finished dev [unoptimized + debuginfo] target(s) in 15.71s
[INFO] running `Command { std: "docker" "inspect" "46899ecfba6b715b8c5505bf024b39575d39b78ebb6f070bdd76e92c70043084", kill_on_drop: false }`
[INFO] running `Command { std: "docker" "rm" "-f" "46899ecfba6b715b8c5505bf024b39575d39b78ebb6f070bdd76e92c70043084", kill_on_drop: false }`
[INFO] [stdout] 46899ecfba6b715b8c5505bf024b39575d39b78ebb6f070bdd76e92c70043084
[INFO] running `Command { std: "docker" "create" "-v" "/var/lib/crater-agent-workspace/builds/worker-2-tc2/target:/opt/rustwide/target:rw,Z" "-v" "/var/lib/crater-agent-workspace/builds/worker-2-tc2/source:/opt/rustwide/workdir:ro,Z" "-v" "/var/lib/crater-agent-workspace/cargo-home:/opt/rustwide/cargo-home:ro,Z" "-v" "/var/lib/crater-agent-workspace/rustup-home:/opt/rustwide/rustup-home:ro,Z" "-e" "SOURCE_DIR=/opt/rustwide/workdir" "-e" "CARGO_TARGET_DIR=/opt/rustwide/target" "-e" "CARGO_INCREMENTAL=0" "-e" "RUST_BACKTRACE=full" "-e" "RUSTFLAGS=--cap-lints=warn" "-e" "RUSTDOCFLAGS=--cap-lints=warn" "-e" "CARGO_HOME=/opt/rustwide/cargo-home" "-e" "RUSTUP_HOME=/opt/rustwide/rustup-home" "-w" "/opt/rustwide/workdir" "-m" "1610612736" "--user" "0:0" "--network" "none" "ghcr.io/rust-lang/crates-build-env/linux@sha256:2788e3201cd34a07e3172128adcd8b3090168a8e3bcc40d7c032b9dda1df7d1c" "/opt/rustwide/cargo-home/bin/cargo" "+beta-2023-12-22" "test" "--frozen" "--no-run" "--message-format=json", kill_on_drop: false }`
[INFO] [stdout] 692b73fca1ccc7fc9a3498c12ea23273de8302b4ef2971528c14f9313e150bcc
[INFO] running `Command { std: "docker" "start" "-a" "692b73fca1ccc7fc9a3498c12ea23273de8302b4ef2971528c14f9313e150bcc", kill_on_drop: false }`
[INFO] [stderr]    Compiling uuid v0.8.2
[INFO] [stdout] warning: unnecessary parentheses around match arm expression
[INFO] [stdout]   --> src/service.rs:59:36
[INFO] [stdout]    |
[INFO] [stdout] 59 |             feature = "web_sys" => ({
[INFO] [stdout]    |                                    ^
[INFO] [stdout] ...
[INFO] [stdout] 65 |             }),
[INFO] [stdout]    |              ^
[INFO] [stdout]    |
[INFO] [stdout]    = note: `#[warn(unused_parens)]` on by default
[INFO] [stdout] help: remove these parentheses
[INFO] [stdout]    |
[INFO] [stdout] 59 ~             feature = "web_sys" => {
[INFO] [stdout] 60 |                 let window = web_sys::window().unwrap();
[INFO] [stdout]  ...
[INFO] [stdout] 64 |                 )
[INFO] [stdout] 65 ~             },
[INFO] [stdout]    |
[INFO] [stdout] 
[INFO] [stdout] 
[INFO] [stdout] warning: unnecessary parentheses around match arm expression
[INFO] [stdout]    --> src/service.rs:157:36
[INFO] [stdout]     |
[INFO] [stdout] 157 |             feature = "web_sys" => ({
[INFO] [stdout]     |                                    ^
[INFO] [stdout] 158 |                 let _ = self.history.push_state_with_url(&Value::from_str(&state_string), "", Some(route));
[INFO] [stdout] 159 |             }),
[INFO] [stdout]     |              ^
[INFO] [stdout]     |
[INFO] [stdout] help: remove these parentheses
[INFO] [stdout]     |
[INFO] [stdout] 157 ~             feature = "web_sys" => {
[INFO] [stdout] 158 |                 let _ = self.history.push_state_with_url(&Value::from_str(&state_string), "", Some(route));
[INFO] [stdout] 159 ~             },
[INFO] [stdout]     |
[INFO] [stdout] 
[INFO] [stdout] 
[INFO] [stdout] warning: unnecessary parentheses around match arm expression
[INFO] [stdout]    --> src/service.rs:174:36
[INFO] [stdout]     |
[INFO] [stdout] 174 |             feature = "web_sys" => ({
[INFO] [stdout]     |                                    ^
[INFO] [stdout] 175 |                 let _ = self.history.replace_state_with_url(&Value::from_str(&state_string), "", Some(route));
[INFO] [stdout] 176 |             }),
[INFO] [stdout]     |              ^
[INFO] [stdout]     |
[INFO] [stdout] help: remove these parentheses
[INFO] [stdout]     |
[INFO] [stdout] 174 ~             feature = "web_sys" => {
[INFO] [stdout] 175 |                 let _ = self.history.replace_state_with_url(&Value::from_str(&state_string), "", Some(route));
[INFO] [stdout] 176 ~             },
[INFO] [stdout]     |
[INFO] [stdout] 
[INFO] [stdout] 
[INFO] [stdout] warning: unused import: `alias::*`
[INFO] [stdout]    --> src/lib.rs:111:9
[INFO] [stdout]     |
[INFO] [stdout] 111 | pub use alias::*;
[INFO] [stdout]     |         ^^^^^^^^
[INFO] [stdout]     |
[INFO] [stdout]     = note: `#[warn(unused_imports)]` on by default
[INFO] [stdout] 
[INFO] [stdout] 
[INFO] [stdout] warning: 4 warnings emitted
[INFO] [stdout] 
[INFO] [stdout] 
[INFO] [stderr]    Compiling yew-router-nested v0.16.1 (/opt/rustwide/workdir)
[INFO] [stdout] error[E0433]: failed to resolve: use of undeclared crate or module `yew_router`
[INFO] [stdout]  --> tests/example.rs:1:5
[INFO] [stdout]   |
[INFO] [stdout] 1 | use yew_router::{route::Route, switch::Permissive, Switch};
[INFO] [stdout]   |     ^^^^^^^^^^ use of undeclared crate or module `yew_router`
[INFO] [stdout] 
[INFO] [stdout] 
[INFO] [stdout] error[E0432]: unresolved import `yew_router`
[INFO] [stdout]  --> tests/example.rs:1:5
[INFO] [stdout]   |
[INFO] [stdout] 1 | use yew_router::{route::Route, switch::Permissive, Switch};
[INFO] [stdout]   |     ^^^^^^^^^^ use of undeclared crate or module `yew_router`
[INFO] [stdout] 
[INFO] [stdout] 
[INFO] [stdout] error: cannot determine resolution for the derive macro `Switch`
[INFO] [stdout]  --> tests/example.rs:3:39
[INFO] [stdout]   |
[INFO] [stdout] 3 | #[derive(Clone, Debug, Eq, PartialEq, Switch)]
[INFO] [stdout]   |                                       ^^^^^^
[INFO] [stdout]   |
[INFO] [stdout]   = note: import resolution is stuck, try simplifying macro imports
[INFO] [stdout] 
[INFO] [stdout] 
[INFO] [stdout] error: cannot find attribute `to` in this scope
[INFO] [stdout]  --> tests/example.rs:5:7
[INFO] [stdout]   |
[INFO] [stdout] 5 |     #[to = "/left"]
[INFO] [stdout]   |       ^^
[INFO] [stdout]   |
[INFO] [stdout] help: consider importing this attribute macro
[INFO] [stdout]   |
[INFO] [stdout] 1 + use yew_router_macro::to;
[INFO] [stdout]   |
[INFO] [stdout] 
[INFO] [stdout] 
[INFO] [stdout] error: cannot find attribute `to` in this scope
[INFO] [stdout]  --> tests/example.rs:7:7
[INFO] [stdout]   |
[INFO] [stdout] 7 |     #[to = "/right"]
[INFO] [stdout]   |       ^^
[INFO] [stdout]   |
[INFO] [stdout] help: consider importing this attribute macro
[INFO] [stdout]   |
[INFO] [stdout] 1 + use yew_router_macro::to;
[INFO] [stdout]   |
[INFO] [stdout] 
[INFO] [stdout] 
[INFO] [stdout] error: cannot determine resolution for the derive macro `Switch`
[INFO] [stdout]   --> tests/example.rs:11:39
[INFO] [stdout]    |
[INFO] [stdout] 11 | #[derive(Clone, Debug, Eq, PartialEq, Switch)]
[INFO] [stdout]    |                                       ^^^^^^
[INFO] [stdout]    |
[INFO] [stdout]    = note: import resolution is stuck, try simplifying macro imports
[INFO] [stdout] 
[INFO] [stdout] 
[INFO] [stdout] error: cannot find attribute `to` in this scope
[INFO] [stdout]   --> tests/example.rs:12:3
[INFO] [stdout]    |
[INFO] [stdout] 12 | #[to = "/single/{number}"]
[INFO] [stdout]    |   ^^
[INFO] [stdout]    |
[INFO] [stdout] help: consider importing this attribute macro
[INFO] [stdout]    |
[INFO] [stdout] 1  + use yew_router_macro::to;
[INFO] [stdout]    |
[INFO] [stdout] 
[INFO] [stdout] 
[INFO] [stdout] error: cannot determine resolution for the derive macro `Switch`
[INFO] [stdout]   --> tests/example.rs:17:39
[INFO] [stdout]    |
[INFO] [stdout] 17 | #[derive(Clone, Debug, Eq, PartialEq, Switch)]
[INFO] [stdout]    |                                       ^^^^^^
[INFO] [stdout]    |
[INFO] [stdout]    = note: import resolution is stuck, try simplifying macro imports
[INFO] [stdout] 
[INFO] [stdout] 
[INFO] [stdout] error: cannot find attribute `to` in this scope
[INFO] [stdout]   --> tests/example.rs:18:3
[INFO] [stdout]    |
[INFO] [stdout] 18 | #[to = "/othersingle/{number}"]
[INFO] [stdout]    |   ^^
[INFO] [stdout]    |
[INFO] [stdout] help: consider importing this attribute macro
[INFO] [stdout]    |
[INFO] [stdout] 1  + use yew_router_macro::to;
[INFO] [stdout]    |
[INFO] [stdout] 
[INFO] [stdout] 
[INFO] [stdout] error: cannot determine resolution for the derive macro `Switch`
[INFO] [stdout]   --> tests/example.rs:20:39
[INFO] [stdout]    |
[INFO] [stdout] 20 | #[derive(Clone, Debug, Eq, PartialEq, Switch)]
[INFO] [stdout]    |                                       ^^^^^^
[INFO] [stdout]    |
[INFO] [stdout]    = note: import resolution is stuck, try simplifying macro imports
[INFO] [stdout] 
[INFO] [stdout] 
[INFO] [stdout] error: cannot find attribute `to` in this scope
[INFO] [stdout]   --> tests/example.rs:21:3
[INFO] [stdout]    |
[INFO] [stdout] 21 | #[to = "{*:path}#{route}"]
[INFO] [stdout]    |   ^^
[INFO] [stdout]    |
[INFO] [stdout] help: consider importing this attribute macro
[INFO] [stdout]    |
[INFO] [stdout] 1  + use yew_router_macro::to;
[INFO] [stdout]    |
[INFO] [stdout] 
[INFO] [stdout] 
[INFO] [stdout] error: cannot determine resolution for the derive macro `Switch`
[INFO] [stdout]   --> tests/example.rs:27:35
[INFO] [stdout]    |
[INFO] [stdout] 27 | #[derive(Clone, Debug, PartialEq, Switch)]
[INFO] [stdout]    |                                   ^^^^^^
[INFO] [stdout]    |
[INFO] [stdout]    = note: import resolution is stuck, try simplifying macro imports
[INFO] [stdout] 
[INFO] [stdout] 
[INFO] [stdout] error: cannot find attribute `to` in this scope
[INFO] [stdout]   --> tests/example.rs:29:7
[INFO] [stdout]    |
[INFO] [stdout] 29 |     #[to = "/some/route"]
[INFO] [stdout]    |       ^^
[INFO] [stdout]    |
[INFO] [stdout] help: consider importing this attribute macro
[INFO] [stdout]    |
[INFO] [stdout] 1  + use yew_router_macro::to;
[INFO] [stdout]    |
[INFO] [stdout] 
[INFO] [stdout] 
[INFO] [stdout] error: cannot find attribute `to` in this scope
[INFO] [stdout]   --> tests/example.rs:31:7
[INFO] [stdout]    |
[INFO] [stdout] 31 |     #[to = "/some/{thing}/{other}"]
[INFO] [stdout]    |       ^^
[INFO] [stdout]    |
[INFO] [stdout] help: consider importing this attribute macro
[INFO] [stdout]    |
[INFO] [stdout] 1  + use yew_router_macro::to;
[INFO] [stdout]    |
[INFO] [stdout] 
[INFO] [stdout] 
[INFO] [stdout] error: cannot find attribute `to` in this scope
[INFO] [stdout]   --> tests/example.rs:34:7
[INFO] [stdout]    |
[INFO] [stdout] 34 |     #[to = "/another/{}"] // Tuple-enums don't need names in the capture groups.
[INFO] [stdout]    |       ^^
[INFO] [stdout]    |
[INFO] [stdout] help: consider importing this attribute macro
[INFO] [stdout]    |
[INFO] [stdout] 1  + use yew_router_macro::to;
[INFO] [stdout]    |
[INFO] [stdout] 
[INFO] [stdout] 
[INFO] [stdout] error: cannot find attribute `to` in this scope
[INFO] [stdout]   --> tests/example.rs:36:7
[INFO] [stdout]    |
[INFO] [stdout] 36 |     #[to = "/doot/{}/{something}"]
[INFO] [stdout]    |       ^^
[INFO] [stdout]    |
[INFO] [stdout] help: consider importing this attribute macro
[INFO] [stdout]    |
[INFO] [stdout] 1  + use yew_router_macro::to;
[INFO] [stdout]    |
[INFO] [stdout] 
[INFO] [stdout] 
[INFO] [stdout] error: cannot find attribute `to` in this scope
[INFO] [stdout]   --> tests/example.rs:39:7
[INFO] [stdout]    |
[INFO] [stdout] 39 |     #[to = "/inner"]
[INFO] [stdout]    |       ^^
[INFO] [stdout]    |
[INFO] [stdout] help: consider importing this attribute macro
[INFO] [stdout]    |
[INFO] [stdout] 1  + use yew_router_macro::to;
[INFO] [stdout]    |
[INFO] [stdout] 
[INFO] [stdout] 
[INFO] [stdout] error: cannot find attribute `rest` in this scope
[INFO] [stdout]   --> tests/example.rs:40:7
[INFO] [stdout]    |
[INFO] [stdout] 40 |     #[rest] // same as /inner{*}
[INFO] [stdout]    |       ^^^^
[INFO] [stdout]   --> /rustc/0e09125c6c3c2fd70d7de961bcf0e51575235fad/library/core/src/macros/mod.rs:1601:5
[INFO] [stdout]    |
[INFO] [stdout]    = note: similarly named attribute macro `test` defined here
[INFO] [stdout]    |
[INFO] [stdout] help: an attribute macro with a similar name exists
[INFO] [stdout]    |
[INFO] [stdout] 40 |     #[test] // same as /inner{*}
[INFO] [stdout]    |       ~~~~
[INFO] [stdout] help: consider importing this attribute macro
[INFO] [stdout]    |
[INFO] [stdout] 1  + use yew_router_macro::rest;
[INFO] [stdout]    |
[INFO] [stdout] 
[INFO] [stdout] 
[INFO] [stdout] error: cannot find attribute `rest` in this scope
[INFO] [stdout]   --> tests/example.rs:42:7
[INFO] [stdout]    |
[INFO] [stdout] 42 |     #[rest] // Rest delegates the remaining input to the next attribute
[INFO] [stdout]    |       ^^^^
[INFO] [stdout]   --> /rustc/0e09125c6c3c2fd70d7de961bcf0e51575235fad/library/core/src/macros/mod.rs:1601:5
[INFO] [stdout]    |
[INFO] [stdout]    = note: similarly named attribute macro `test` defined here
[INFO] [stdout]    |
[INFO] [stdout] help: an attribute macro with a similar name exists
[INFO] [stdout]    |
[INFO] [stdout] 42 |     #[test] // Rest delegates the remaining input to the next attribute
[INFO] [stdout]    |       ~~~~
[INFO] [stdout] help: consider importing this attribute macro
[INFO] [stdout]    |
[INFO] [stdout] 1  + use yew_router_macro::rest;
[INFO] [stdout]    |
[INFO] [stdout] 
[INFO] [stdout] 
[INFO] [stdout] error: cannot find attribute `rest` in this scope
[INFO] [stdout]   --> tests/example.rs:44:7
[INFO] [stdout]    |
[INFO] [stdout] 44 |     #[rest]
[INFO] [stdout]    |       ^^^^
[INFO] [stdout]   --> /rustc/0e09125c6c3c2fd70d7de961bcf0e51575235fad/library/core/src/macros/mod.rs:1601:5
[INFO] [stdout]    |
[INFO] [stdout]    = note: similarly named attribute macro `test` defined here
[INFO] [stdout]    |
[INFO] [stdout] help: an attribute macro with a similar name exists
[INFO] [stdout]    |
[INFO] [stdout] 44 |     #[test]
[INFO] [stdout]    |       ~~~~
[INFO] [stdout] help: consider importing this attribute macro
[INFO] [stdout]    |
[INFO] [stdout] 1  + use yew_router_macro::rest;
[INFO] [stdout]    |
[INFO] [stdout] 
[INFO] [stdout] 
[INFO] [stdout] error: cannot find attribute `to` in this scope
[INFO] [stdout]   --> tests/example.rs:47:7
[INFO] [stdout]    |
[INFO] [stdout] 47 |     #[to = "/option/{}"]
[INFO] [stdout]    |       ^^
[INFO] [stdout]    |
[INFO] [stdout] help: consider importing this attribute macro
[INFO] [stdout]    |
[INFO] [stdout] 1  + use yew_router_macro::to;
[INFO] [stdout]    |
[INFO] [stdout] 
[INFO] [stdout] 
[INFO] [stdout] error: cannot find attribute `to` in this scope
[INFO] [stdout]   --> tests/example.rs:50:7
[INFO] [stdout]    |
[INFO] [stdout] 50 |     #[to = "/missing/capture"]
[INFO] [stdout]    |       ^^
[INFO] [stdout]    |
[INFO] [stdout] help: consider importing this attribute macro
[INFO] [stdout]    |
[INFO] [stdout] 1  + use yew_router_macro::to;
[INFO] [stdout]    |
[INFO] [stdout] 
[INFO] [stdout] 
[INFO] [stdout] warning: unnecessary parentheses around match arm expression
[INFO] [stdout]   --> src/service.rs:59:36
[INFO] [stdout]    |
[INFO] [stdout] 59 |             feature = "web_sys" => ({
[INFO] [stdout]    |                                    ^
[INFO] [stdout] ...
[INFO] [stdout] 65 |             }),
[INFO] [stdout]    |              ^
[INFO] [stdout]    |
[INFO] [stdout]    = note: `#[warn(unused_parens)]` on by default
[INFO] [stdout] help: remove these parentheses
[INFO] [stdout]    |
[INFO] [stdout] 59 ~             feature = "web_sys" => {
[INFO] [stdout] 60 |                 let window = web_sys::window().unwrap();
[INFO] [stdout]  ...
[INFO] [stdout] 64 |                 )
[INFO] [stdout] 65 ~             },
[INFO] [stdout]    |
[INFO] [stdout] 
[INFO] [stdout] 
[INFO] [stdout] warning: unnecessary parentheses around match arm expression
[INFO] [stdout]    --> src/service.rs:157:36
[INFO] [stdout]     |
[INFO] [stdout] 157 |             feature = "web_sys" => ({
[INFO] [stdout]     |                                    ^
[INFO] [stdout] 158 |                 let _ = self.history.push_state_with_url(&Value::from_str(&state_string), "", Some(route));
[INFO] [stdout] 159 |             }),
[INFO] [stdout]     |              ^
[INFO] [stdout]     |
[INFO] [stdout] help: remove these parentheses
[INFO] [stdout]     |
[INFO] [stdout] 157 ~             feature = "web_sys" => {
[INFO] [stdout] 158 |                 let _ = self.history.push_state_with_url(&Value::from_str(&state_string), "", Some(route));
[INFO] [stdout] 159 ~             },
[INFO] [stdout]     |
[INFO] [stdout] 
[INFO] [stdout] 
[INFO] [stdout] warning: unnecessary parentheses around match arm expression
[INFO] [stdout]    --> src/service.rs:174:36
[INFO] [stdout]     |
[INFO] [stdout] 174 |             feature = "web_sys" => ({
[INFO] [stdout]     |                                    ^
[INFO] [stdout] 175 |                 let _ = self.history.replace_state_with_url(&Value::from_str(&state_string), "", Some(route));
[INFO] [stdout] 176 |             }),
[INFO] [stdout]     |              ^
[INFO] [stdout]     |
[INFO] [stdout] help: remove these parentheses
[INFO] [stdout]     |
[INFO] [stdout] 174 ~             feature = "web_sys" => {
[INFO] [stdout] 175 |                 let _ = self.history.replace_state_with_url(&Value::from_str(&state_string), "", Some(route));
[INFO] [stdout] 176 ~             },
[INFO] [stdout]     |
[INFO] [stdout] 
[INFO] [stdout] 
[INFO] [stdout] warning: unused import: `alias::*`
[INFO] [stdout]    --> src/lib.rs:111:9
[INFO] [stdout]     |
[INFO] [stdout] 111 | pub use alias::*;
[INFO] [stdout]     |         ^^^^^^^^
[INFO] [stdout]     |
[INFO] [stdout]     = note: `#[warn(unused_imports)]` on by default
[INFO] [stdout] 
[INFO] [stdout] 
[INFO] [stdout] error: aborting due to 22 previous errors
[INFO] [stdout] 
[INFO] [stdout] 
[INFO] [stdout] Some errors have detailed explanations: E0432, E0433.
[INFO] [stdout] 
[INFO] [stdout] For more information about an error, try `rustc --explain E0432`.
[INFO] [stdout] 
[INFO] [stderr] error: could not compile `yew-router-nested` (test "example") due to 23 previous errors
[INFO] [stderr] warning: build failed, waiting for other jobs to finish...
[INFO] [stdout] warning: 4 warnings emitted
[INFO] [stdout] 
[INFO] [stdout] 
[INFO] running `Command { std: "docker" "inspect" "692b73fca1ccc7fc9a3498c12ea23273de8302b4ef2971528c14f9313e150bcc", kill_on_drop: false }`
[INFO] running `Command { std: "docker" "rm" "-f" "692b73fca1ccc7fc9a3498c12ea23273de8302b4ef2971528c14f9313e150bcc", kill_on_drop: false }`
[INFO] [stdout] 692b73fca1ccc7fc9a3498c12ea23273de8302b4ef2971528c14f9313e150bcc
