[INFO] fetching crate yew-router-min-macro 0.8.0...
[INFO] testing yew-router-min-macro-0.8.0 against 1.75.0 for beta-1.76-1
[INFO] extracting crate yew-router-min-macro 0.8.0 into /workspace/builds/worker-7-tc1/source
[INFO] validating manifest of crates.io crate yew-router-min-macro 0.8.0 on toolchain 1.75.0
[INFO] running `Command { std: CARGO_HOME="/workspace/cargo-home" RUSTUP_HOME="/workspace/rustup-home" "/workspace/cargo-home/bin/cargo" "+1.75.0" "metadata" "--manifest-path" "Cargo.toml" "--no-deps", kill_on_drop: false }`
[INFO] started tweaking crates.io crate yew-router-min-macro 0.8.0
[INFO] finished tweaking crates.io crate yew-router-min-macro 0.8.0
[INFO] tweaked toml for crates.io crate yew-router-min-macro 0.8.0 written to /workspace/builds/worker-7-tc1/source/Cargo.toml
[INFO] running `Command { std: CARGO_HOME="/workspace/cargo-home" RUSTUP_HOME="/workspace/rustup-home" "/workspace/cargo-home/bin/cargo" "+1.75.0" "generate-lockfile" "--manifest-path" "Cargo.toml", kill_on_drop: false }`
[INFO] [stderr]     Updating crates.io index
[INFO] running `Command { std: CARGO_HOME="/workspace/cargo-home" RUSTUP_HOME="/workspace/rustup-home" "/workspace/cargo-home/bin/cargo" "+1.75.0" "fetch" "--manifest-path" "Cargo.toml", kill_on_drop: false }`
[INFO] [stderr]  Downloading crates ...
[INFO] [stderr]   Downloaded yew-router-min-route-parser v0.8.0
[INFO] running `Command { std: "docker" "create" "-v" "/var/lib/crater-agent-workspace/builds/worker-7-tc1/target:/opt/rustwide/target:rw,Z" "-v" "/var/lib/crater-agent-workspace/builds/worker-7-tc1/source:/opt/rustwide/workdir:ro,Z" "-v" "/var/lib/crater-agent-workspace/cargo-home:/opt/rustwide/cargo-home:ro,Z" "-v" "/var/lib/crater-agent-workspace/rustup-home:/opt/rustwide/rustup-home:ro,Z" "-e" "SOURCE_DIR=/opt/rustwide/workdir" "-e" "CARGO_TARGET_DIR=/opt/rustwide/target" "-e" "CARGO_HOME=/opt/rustwide/cargo-home" "-e" "RUSTUP_HOME=/opt/rustwide/rustup-home" "-w" "/opt/rustwide/workdir" "-m" "1610612736" "--user" "0:0" "--network" "none" "ghcr.io/rust-lang/crates-build-env/linux@sha256:2788e3201cd34a07e3172128adcd8b3090168a8e3bcc40d7c032b9dda1df7d1c" "/opt/rustwide/cargo-home/bin/cargo" "+1.75.0" "metadata" "--no-deps" "--format-version=1", kill_on_drop: false }`
[INFO] [stdout] 8cc5f3731f4852b7048973c4122baf1f506e9b3fa0c27072960758436a8de731
[INFO] running `Command { std: "docker" "start" "-a" "8cc5f3731f4852b7048973c4122baf1f506e9b3fa0c27072960758436a8de731", kill_on_drop: false }`
[INFO] running `Command { std: "docker" "inspect" "8cc5f3731f4852b7048973c4122baf1f506e9b3fa0c27072960758436a8de731", kill_on_drop: false }`
[INFO] running `Command { std: "docker" "rm" "-f" "8cc5f3731f4852b7048973c4122baf1f506e9b3fa0c27072960758436a8de731", kill_on_drop: false }`
[INFO] [stdout] 8cc5f3731f4852b7048973c4122baf1f506e9b3fa0c27072960758436a8de731
[INFO] running `Command { std: "docker" "create" "-v" "/var/lib/crater-agent-workspace/builds/worker-7-tc1/target:/opt/rustwide/target:rw,Z" "-v" "/var/lib/crater-agent-workspace/builds/worker-7-tc1/source:/opt/rustwide/workdir:ro,Z" "-v" "/var/lib/crater-agent-workspace/cargo-home:/opt/rustwide/cargo-home:ro,Z" "-v" "/var/lib/crater-agent-workspace/rustup-home:/opt/rustwide/rustup-home:ro,Z" "-e" "SOURCE_DIR=/opt/rustwide/workdir" "-e" "CARGO_TARGET_DIR=/opt/rustwide/target" "-e" "CARGO_INCREMENTAL=0" "-e" "RUST_BACKTRACE=full" "-e" "RUSTFLAGS=--cap-lints=warn" "-e" "RUSTDOCFLAGS=--cap-lints=warn" "-e" "CARGO_HOME=/opt/rustwide/cargo-home" "-e" "RUSTUP_HOME=/opt/rustwide/rustup-home" "-w" "/opt/rustwide/workdir" "-m" "1610612736" "--user" "0:0" "--network" "none" "ghcr.io/rust-lang/crates-build-env/linux@sha256:2788e3201cd34a07e3172128adcd8b3090168a8e3bcc40d7c032b9dda1df7d1c" "/opt/rustwide/cargo-home/bin/cargo" "+1.75.0" "build" "--frozen" "--message-format=json", kill_on_drop: false }`
[INFO] [stdout] 5cf3d28823433e58992795caa9ee79df8e981632123b75e41235effd95ff7080
[INFO] running `Command { std: "docker" "start" "-a" "5cf3d28823433e58992795caa9ee79df8e981632123b75e41235effd95ff7080", kill_on_drop: false }`
[INFO] [stderr]    Compiling proc-macro2 v1.0.75
[INFO] [stderr]    Compiling lexical-core v0.7.6
[INFO] [stderr]    Compiling version_check v0.9.4
[INFO] [stderr]    Compiling bitflags v1.3.2
[INFO] [stderr]    Compiling cfg-if v1.0.0
[INFO] [stderr]    Compiling ryu v1.0.16
[INFO] [stderr]    Compiling arrayvec v0.5.2
[INFO] [stderr]    Compiling unicode-ident v1.0.12
[INFO] [stderr]    Compiling static_assertions v1.1.0
[INFO] [stderr]    Compiling memchr v2.7.1
[INFO] [stderr]    Compiling syn v1.0.109
[INFO] [stderr]    Compiling log v0.4.20
[INFO] [stderr]    Compiling nom v5.1.3
[INFO] [stderr]    Compiling quote v1.0.35
[INFO] [stderr]    Compiling yew-router-min-route-parser v0.8.0
[INFO] [stderr]    Compiling yew-router-min-macro v0.8.0 (/opt/rustwide/workdir)
[INFO] [stdout] error[E0432]: unresolved import `syn::export`
[INFO] [stdout]  --> src/switch.rs:7:5
[INFO] [stdout]   |
[INFO] [stdout] 7 |     export::TokenStream2, parse_macro_input, Data, DeriveInput, Fields, GenericParam, Generics,
[INFO] [stdout]   |     ^^^^^^ could not find `export` in `syn`
[INFO] [stdout] 
[INFO] [stdout] 
[INFO] [stdout] error[E0432]: unresolved import `syn::export`
[INFO] [stdout]  --> src/switch/enum_impl.rs:4:11
[INFO] [stdout]   |
[INFO] [stdout] 4 | use syn::{export::TokenStream2, Field, Fields, Generics, Ident, Type};
[INFO] [stdout]   |           ^^^^^^ could not find `export` in `syn`
[INFO] [stdout] 
[INFO] [stdout] 
[INFO] [stdout] error[E0432]: unresolved import `syn::export`
[INFO] [stdout]  --> src/switch/shadow.rs:2:10
[INFO] [stdout]   |
[INFO] [stdout] 2 | use syn::export::TokenStream2;
[INFO] [stdout]   |          ^^^^^^ could not find `export` in `syn`
[INFO] [stdout] 
[INFO] [stdout] 
[INFO] [stdout] error[E0432]: unresolved import `syn::export`
[INFO] [stdout]  --> src/switch/struct_impl.rs:5:5
[INFO] [stdout]   |
[INFO] [stdout] 5 |     export::{TokenStream, TokenStream2},
[INFO] [stdout]   |     ^^^^^^ could not find `export` in `syn`
[INFO] [stdout] 
[INFO] [stdout] 
[INFO] [stdout] error: aborting due to 4 previous errors
[INFO] [stdout] 
[INFO] [stdout] 
[INFO] [stdout] For more information about this error, try `rustc --explain E0432`.
[INFO] [stdout] 
[INFO] [stderr] error: could not compile `yew-router-min-macro` (lib) due to 5 previous errors
[INFO] running `Command { std: "docker" "inspect" "5cf3d28823433e58992795caa9ee79df8e981632123b75e41235effd95ff7080", kill_on_drop: false }`
[INFO] running `Command { std: "docker" "rm" "-f" "5cf3d28823433e58992795caa9ee79df8e981632123b75e41235effd95ff7080", kill_on_drop: false }`
[INFO] [stdout] 5cf3d28823433e58992795caa9ee79df8e981632123b75e41235effd95ff7080
