[INFO] fetching crate yew-macro 0.21.0...
[INFO] testing yew-macro-0.21.0 against 1.75.0 for beta-1.76-1
[INFO] extracting crate yew-macro 0.21.0 into /workspace/builds/worker-1-tc1/source
[INFO] validating manifest of crates.io crate yew-macro 0.21.0 on toolchain 1.75.0
[INFO] running `Command { std: CARGO_HOME="/workspace/cargo-home" RUSTUP_HOME="/workspace/rustup-home" "/workspace/cargo-home/bin/cargo" "+1.75.0" "metadata" "--manifest-path" "Cargo.toml" "--no-deps", kill_on_drop: false }`
[INFO] started tweaking crates.io crate yew-macro 0.21.0
[INFO] finished tweaking crates.io crate yew-macro 0.21.0
[INFO] tweaked toml for crates.io crate yew-macro 0.21.0 written to /workspace/builds/worker-1-tc1/source/Cargo.toml
[INFO] running `Command { std: CARGO_HOME="/workspace/cargo-home" RUSTUP_HOME="/workspace/rustup-home" "/workspace/cargo-home/bin/cargo" "+1.75.0" "generate-lockfile" "--manifest-path" "Cargo.toml", kill_on_drop: false }`
[INFO] [stderr]     Updating crates.io index
[INFO] running `Command { std: CARGO_HOME="/workspace/cargo-home" RUSTUP_HOME="/workspace/rustup-home" "/workspace/cargo-home/bin/cargo" "+1.75.0" "fetch" "--manifest-path" "Cargo.toml", kill_on_drop: false }`
[INFO] running `Command { std: "docker" "create" "-v" "/var/lib/crater-agent-workspace/builds/worker-1-tc1/target:/opt/rustwide/target:rw,Z" "-v" "/var/lib/crater-agent-workspace/builds/worker-1-tc1/source:/opt/rustwide/workdir:ro,Z" "-v" "/var/lib/crater-agent-workspace/cargo-home:/opt/rustwide/cargo-home:ro,Z" "-v" "/var/lib/crater-agent-workspace/rustup-home:/opt/rustwide/rustup-home:ro,Z" "-e" "SOURCE_DIR=/opt/rustwide/workdir" "-e" "CARGO_TARGET_DIR=/opt/rustwide/target" "-e" "CARGO_HOME=/opt/rustwide/cargo-home" "-e" "RUSTUP_HOME=/opt/rustwide/rustup-home" "-w" "/opt/rustwide/workdir" "-m" "1610612736" "--user" "0:0" "--network" "none" "ghcr.io/rust-lang/crates-build-env/linux@sha256:2788e3201cd34a07e3172128adcd8b3090168a8e3bcc40d7c032b9dda1df7d1c" "/opt/rustwide/cargo-home/bin/cargo" "+1.75.0" "metadata" "--no-deps" "--format-version=1", kill_on_drop: false }`
[INFO] [stdout] 4ef24f2f16daea9746e8d9cbb0f5530804dcc78a3d818beb91875b7aee949036
[INFO] running `Command { std: "docker" "start" "-a" "4ef24f2f16daea9746e8d9cbb0f5530804dcc78a3d818beb91875b7aee949036", kill_on_drop: false }`
[INFO] running `Command { std: "docker" "inspect" "4ef24f2f16daea9746e8d9cbb0f5530804dcc78a3d818beb91875b7aee949036", kill_on_drop: false }`
[INFO] running `Command { std: "docker" "rm" "-f" "4ef24f2f16daea9746e8d9cbb0f5530804dcc78a3d818beb91875b7aee949036", kill_on_drop: false }`
[INFO] [stdout] 4ef24f2f16daea9746e8d9cbb0f5530804dcc78a3d818beb91875b7aee949036
[INFO] running `Command { std: "docker" "create" "-v" "/var/lib/crater-agent-workspace/builds/worker-1-tc1/target:/opt/rustwide/target:rw,Z" "-v" "/var/lib/crater-agent-workspace/builds/worker-1-tc1/source:/opt/rustwide/workdir:ro,Z" "-v" "/var/lib/crater-agent-workspace/cargo-home:/opt/rustwide/cargo-home:ro,Z" "-v" "/var/lib/crater-agent-workspace/rustup-home:/opt/rustwide/rustup-home:ro,Z" "-e" "SOURCE_DIR=/opt/rustwide/workdir" "-e" "CARGO_TARGET_DIR=/opt/rustwide/target" "-e" "CARGO_INCREMENTAL=0" "-e" "RUST_BACKTRACE=full" "-e" "RUSTFLAGS=--cap-lints=warn" "-e" "RUSTDOCFLAGS=--cap-lints=warn" "-e" "CARGO_HOME=/opt/rustwide/cargo-home" "-e" "RUSTUP_HOME=/opt/rustwide/rustup-home" "-w" "/opt/rustwide/workdir" "-m" "1610612736" "--user" "0:0" "--network" "none" "ghcr.io/rust-lang/crates-build-env/linux@sha256:2788e3201cd34a07e3172128adcd8b3090168a8e3bcc40d7c032b9dda1df7d1c" "/opt/rustwide/cargo-home/bin/cargo" "+1.75.0" "build" "--frozen" "--message-format=json", kill_on_drop: false }`
[INFO] [stdout] 8cd2cd1a762fc88bfaa67c31a5d3b68ff57432d3a409b64014f2f051a444488c
[INFO] running `Command { std: "docker" "start" "-a" "8cd2cd1a762fc88bfaa67c31a5d3b68ff57432d3a409b64014f2f051a444488c", kill_on_drop: false }`
[INFO] [stderr]    Compiling syn v1.0.109
[INFO] [stderr]    Compiling prettyplease v0.2.16
[INFO] [stderr]    Compiling boolinator v2.4.0
[INFO] [stderr]    Compiling once_cell v1.19.0
[INFO] [stderr]    Compiling syn v2.0.48
[INFO] [stderr]    Compiling proc-macro-error v1.0.4
[INFO] [stderr]    Compiling yew-macro v0.21.0 (/opt/rustwide/workdir)
[INFO] [stderr]     Finished dev [unoptimized + debuginfo] target(s) in 4.85s
[INFO] running `Command { std: "docker" "inspect" "8cd2cd1a762fc88bfaa67c31a5d3b68ff57432d3a409b64014f2f051a444488c", kill_on_drop: false }`
[INFO] running `Command { std: "docker" "rm" "-f" "8cd2cd1a762fc88bfaa67c31a5d3b68ff57432d3a409b64014f2f051a444488c", kill_on_drop: false }`
[INFO] [stdout] 8cd2cd1a762fc88bfaa67c31a5d3b68ff57432d3a409b64014f2f051a444488c
[INFO] running `Command { std: "docker" "create" "-v" "/var/lib/crater-agent-workspace/builds/worker-1-tc1/target:/opt/rustwide/target:rw,Z" "-v" "/var/lib/crater-agent-workspace/builds/worker-1-tc1/source:/opt/rustwide/workdir:ro,Z" "-v" "/var/lib/crater-agent-workspace/cargo-home:/opt/rustwide/cargo-home:ro,Z" "-v" "/var/lib/crater-agent-workspace/rustup-home:/opt/rustwide/rustup-home:ro,Z" "-e" "SOURCE_DIR=/opt/rustwide/workdir" "-e" "CARGO_TARGET_DIR=/opt/rustwide/target" "-e" "CARGO_INCREMENTAL=0" "-e" "RUST_BACKTRACE=full" "-e" "RUSTFLAGS=--cap-lints=warn" "-e" "RUSTDOCFLAGS=--cap-lints=warn" "-e" "CARGO_HOME=/opt/rustwide/cargo-home" "-e" "RUSTUP_HOME=/opt/rustwide/rustup-home" "-w" "/opt/rustwide/workdir" "-m" "1610612736" "--user" "0:0" "--network" "none" "ghcr.io/rust-lang/crates-build-env/linux@sha256:2788e3201cd34a07e3172128adcd8b3090168a8e3bcc40d7c032b9dda1df7d1c" "/opt/rustwide/cargo-home/bin/cargo" "+1.75.0" "test" "--frozen" "--no-run" "--message-format=json", kill_on_drop: false }`
[INFO] [stdout] 20aac172a4a9326fba3af221e190433af2148d503e92d63bfbf84bd67307d764
[INFO] running `Command { std: "docker" "start" "-a" "20aac172a4a9326fba3af221e190433af2148d503e92d63bfbf84bd67307d764", kill_on_drop: false }`
[INFO] [stderr]    Compiling proc-macro2 v1.0.75
[INFO] [stderr]    Compiling unicode-ident v1.0.12
[INFO] [stderr]    Compiling serde v1.0.194
[INFO] [stderr]    Compiling serde_json v1.0.111
[INFO] [stderr]    Compiling itoa v1.0.10
[INFO] [stderr]    Compiling trybuild v1.0.87
[INFO] [stderr]    Compiling ryu v1.0.16
[INFO] [stderr]    Compiling rustversion v1.0.14
[INFO] [stderr]    Compiling boolinator v2.4.0
[INFO] [stderr]    Compiling glob v0.3.1
[INFO] [stderr]    Compiling syn v1.0.109
[INFO] [stderr]    Compiling prettyplease v0.2.16
[INFO] [stderr]    Compiling proc-macro-error v1.0.4
[INFO] [stderr]    Compiling quote v1.0.35
[INFO] [stderr]    Compiling syn v2.0.48
[INFO] [stderr]    Compiling proc-macro-error-attr v1.0.4
[INFO] [stderr]    Compiling basic-toml v0.1.8
[INFO] [stderr]    Compiling serde_derive v1.0.194
[INFO] [stderr]    Compiling yew-macro v0.21.0 (/opt/rustwide/workdir)
[INFO] [stdout] error[E0433]: failed to resolve: use of undeclared crate or module `yew`
[INFO] [stdout]   --> tests/props_macro_test.rs:11:14
[INFO] [stdout]    |
[INFO] [stdout] 11 |     #[derive(yew::Properties, PartialEq)]
[INFO] [stdout]    |              ^^^ use of undeclared crate or module `yew`
[INFO] [stdout] 
[INFO] [stdout] 
[INFO] [stdout] error[E0433]: failed to resolve: use of undeclared crate or module `yew`
[INFO] [stdout]   --> tests/props_macro_test.rs:19:17
[INFO] [stdout]    |
[INFO] [stdout] 19 |     let props = yew::props!(Props {
[INFO] [stdout]    |                 ^^^ use of undeclared crate or module `yew`
[INFO] [stdout] 
[INFO] [stdout] 
[INFO] [stdout] error[E0432]: unresolved import `yew`
[INFO] [stdout]  --> tests/html_macro_test.rs:1:5
[INFO] [stdout]   |
[INFO] [stdout] 1 | use yew::{html, html_nested};
[INFO] [stdout]   |     ^^^ use of undeclared crate or module `yew`
[INFO] [stdout] 
[INFO] [stdout] 
[INFO] [stdout] error: cannot determine resolution for the macro `html`
[INFO] [stdout]   --> tests/html_macro_test.rs:18:13
[INFO] [stdout]    |
[INFO] [stdout] 18 |     let _ = html! {
[INFO] [stdout]    |             ^^^^
[INFO] [stdout]    |
[INFO] [stdout]    = note: import resolution is stuck, try simplifying macro imports
[INFO] [stdout] 
[INFO] [stdout] 
[INFO] [stdout] error: cannot determine resolution for the macro `html`
[INFO] [stdout]   --> tests/html_macro_test.rs:28:13
[INFO] [stdout]    |
[INFO] [stdout] 28 |     let _ = html! {
[INFO] [stdout]    |             ^^^^
[INFO] [stdout]    |
[INFO] [stdout]    = note: import resolution is stuck, try simplifying macro imports
[INFO] [stdout] 
[INFO] [stdout] 
[INFO] [stdout] error: cannot determine resolution for the macro `html_nested`
[INFO] [stdout]   --> tests/html_macro_test.rs:37:17
[INFO] [stdout]    |
[INFO] [stdout] 37 |     let _node = html_nested! {
[INFO] [stdout]    |                 ^^^^^^^^^^^
[INFO] [stdout]    |
[INFO] [stdout]    = note: import resolution is stuck, try simplifying macro imports
[INFO] [stdout] 
[INFO] [stdout] 
[INFO] [stdout] error: cannot determine resolution for the macro `html_nested`
[INFO] [stdout]   --> tests/html_macro_test.rs:40:17
[INFO] [stdout]    |
[INFO] [stdout] 40 |     let _node = html_nested! {
[INFO] [stdout]    |                 ^^^^^^^^^^^
[INFO] [stdout]    |
[INFO] [stdout]    = note: import resolution is stuck, try simplifying macro imports
[INFO] [stdout] 
[INFO] [stdout] 
[INFO] [stdout] error: aborting due to 2 previous errors
[INFO] [stdout] 
[INFO] [stdout] 
[INFO] [stdout] For more information about this error, try `rustc --explain E0433`.
[INFO] [stdout] 
[INFO] [stdout] error: aborting due to 5 previous errors
[INFO] [stdout] 
[INFO] [stdout] 
[INFO] [stdout] For more information about this error, try `rustc --explain E0432`.
[INFO] [stdout] 
[INFO] [stderr] error: could not compile `yew-macro` (test "props_macro_test") due to 3 previous errors
[INFO] [stderr] warning: build failed, waiting for other jobs to finish...
[INFO] [stderr] error: could not compile `yew-macro` (test "html_macro_test") due to 6 previous errors
[INFO] running `Command { std: "docker" "inspect" "20aac172a4a9326fba3af221e190433af2148d503e92d63bfbf84bd67307d764", kill_on_drop: false }`
[INFO] running `Command { std: "docker" "rm" "-f" "20aac172a4a9326fba3af221e190433af2148d503e92d63bfbf84bd67307d764", kill_on_drop: false }`
[INFO] [stdout] 20aac172a4a9326fba3af221e190433af2148d503e92d63bfbf84bd67307d764
[INFO] testing yew-macro-0.21.0 against beta-2023-12-22 for beta-1.76-1
[INFO] extracting crate yew-macro 0.21.0 into /workspace/builds/worker-1-tc2/source
[INFO] validating manifest of crates.io crate yew-macro 0.21.0 on toolchain beta-2023-12-22
[INFO] running `Command { std: CARGO_HOME="/workspace/cargo-home" RUSTUP_HOME="/workspace/rustup-home" "/workspace/cargo-home/bin/cargo" "+beta-2023-12-22" "metadata" "--manifest-path" "Cargo.toml" "--no-deps", kill_on_drop: false }`
[INFO] started tweaking crates.io crate yew-macro 0.21.0
[INFO] finished tweaking crates.io crate yew-macro 0.21.0
[INFO] tweaked toml for crates.io crate yew-macro 0.21.0 written to /workspace/builds/worker-1-tc2/source/Cargo.toml
[INFO] running `Command { std: CARGO_HOME="/workspace/cargo-home" RUSTUP_HOME="/workspace/rustup-home" "/workspace/cargo-home/bin/cargo" "+beta-2023-12-22" "generate-lockfile" "--manifest-path" "Cargo.toml", kill_on_drop: false }`
[INFO] [stderr]     Updating crates.io index
[INFO] running `Command { std: CARGO_HOME="/workspace/cargo-home" RUSTUP_HOME="/workspace/rustup-home" "/workspace/cargo-home/bin/cargo" "+beta-2023-12-22" "fetch" "--manifest-path" "Cargo.toml", kill_on_drop: false }`
[INFO] running `Command { std: "docker" "create" "-v" "/var/lib/crater-agent-workspace/builds/worker-1-tc2/target:/opt/rustwide/target:rw,Z" "-v" "/var/lib/crater-agent-workspace/builds/worker-1-tc2/source:/opt/rustwide/workdir:ro,Z" "-v" "/var/lib/crater-agent-workspace/cargo-home:/opt/rustwide/cargo-home:ro,Z" "-v" "/var/lib/crater-agent-workspace/rustup-home:/opt/rustwide/rustup-home:ro,Z" "-e" "SOURCE_DIR=/opt/rustwide/workdir" "-e" "CARGO_TARGET_DIR=/opt/rustwide/target" "-e" "CARGO_HOME=/opt/rustwide/cargo-home" "-e" "RUSTUP_HOME=/opt/rustwide/rustup-home" "-w" "/opt/rustwide/workdir" "-m" "1610612736" "--user" "0:0" "--network" "none" "ghcr.io/rust-lang/crates-build-env/linux@sha256:2788e3201cd34a07e3172128adcd8b3090168a8e3bcc40d7c032b9dda1df7d1c" "/opt/rustwide/cargo-home/bin/cargo" "+beta-2023-12-22" "metadata" "--no-deps" "--format-version=1", kill_on_drop: false }`
[INFO] [stdout] 94d06e09b88f05348bceee230bcd45cca25658d933348a2fe17be2c0c38ba11f
[INFO] running `Command { std: "docker" "start" "-a" "94d06e09b88f05348bceee230bcd45cca25658d933348a2fe17be2c0c38ba11f", kill_on_drop: false }`
[INFO] running `Command { std: "docker" "inspect" "94d06e09b88f05348bceee230bcd45cca25658d933348a2fe17be2c0c38ba11f", kill_on_drop: false }`
[INFO] running `Command { std: "docker" "rm" "-f" "94d06e09b88f05348bceee230bcd45cca25658d933348a2fe17be2c0c38ba11f", kill_on_drop: false }`
[INFO] [stdout] 94d06e09b88f05348bceee230bcd45cca25658d933348a2fe17be2c0c38ba11f
[INFO] running `Command { std: "docker" "create" "-v" "/var/lib/crater-agent-workspace/builds/worker-1-tc2/target:/opt/rustwide/target:rw,Z" "-v" "/var/lib/crater-agent-workspace/builds/worker-1-tc2/source:/opt/rustwide/workdir:ro,Z" "-v" "/var/lib/crater-agent-workspace/cargo-home:/opt/rustwide/cargo-home:ro,Z" "-v" "/var/lib/crater-agent-workspace/rustup-home:/opt/rustwide/rustup-home:ro,Z" "-e" "SOURCE_DIR=/opt/rustwide/workdir" "-e" "CARGO_TARGET_DIR=/opt/rustwide/target" "-e" "CARGO_INCREMENTAL=0" "-e" "RUST_BACKTRACE=full" "-e" "RUSTFLAGS=--cap-lints=warn" "-e" "RUSTDOCFLAGS=--cap-lints=warn" "-e" "CARGO_HOME=/opt/rustwide/cargo-home" "-e" "RUSTUP_HOME=/opt/rustwide/rustup-home" "-w" "/opt/rustwide/workdir" "-m" "1610612736" "--user" "0:0" "--network" "none" "ghcr.io/rust-lang/crates-build-env/linux@sha256:2788e3201cd34a07e3172128adcd8b3090168a8e3bcc40d7c032b9dda1df7d1c" "/opt/rustwide/cargo-home/bin/cargo" "+beta-2023-12-22" "build" "--frozen" "--message-format=json", kill_on_drop: false }`
[INFO] [stdout] bb5e35dc12582ae7051d0cbef7d81808cea59c26a718e3ee07b76d99a0507e40
[INFO] running `Command { std: "docker" "start" "-a" "bb5e35dc12582ae7051d0cbef7d81808cea59c26a718e3ee07b76d99a0507e40", kill_on_drop: false }`
[INFO] [stderr]    Compiling syn v1.0.109
[INFO] [stderr]    Compiling prettyplease v0.2.16
[INFO] [stderr]    Compiling once_cell v1.19.0
[INFO] [stderr]    Compiling boolinator v2.4.0
[INFO] [stderr]    Compiling syn v2.0.48
[INFO] [stderr]    Compiling proc-macro-error v1.0.4
[INFO] [stderr]    Compiling yew-macro v0.21.0 (/opt/rustwide/workdir)
[INFO] [stderr]     Finished dev [unoptimized + debuginfo] target(s) in 7.58s
[INFO] running `Command { std: "docker" "inspect" "bb5e35dc12582ae7051d0cbef7d81808cea59c26a718e3ee07b76d99a0507e40", kill_on_drop: false }`
[INFO] running `Command { std: "docker" "rm" "-f" "bb5e35dc12582ae7051d0cbef7d81808cea59c26a718e3ee07b76d99a0507e40", kill_on_drop: false }`
[INFO] [stdout] bb5e35dc12582ae7051d0cbef7d81808cea59c26a718e3ee07b76d99a0507e40
[INFO] running `Command { std: "docker" "create" "-v" "/var/lib/crater-agent-workspace/builds/worker-1-tc2/target:/opt/rustwide/target:rw,Z" "-v" "/var/lib/crater-agent-workspace/builds/worker-1-tc2/source:/opt/rustwide/workdir:ro,Z" "-v" "/var/lib/crater-agent-workspace/cargo-home:/opt/rustwide/cargo-home:ro,Z" "-v" "/var/lib/crater-agent-workspace/rustup-home:/opt/rustwide/rustup-home:ro,Z" "-e" "SOURCE_DIR=/opt/rustwide/workdir" "-e" "CARGO_TARGET_DIR=/opt/rustwide/target" "-e" "CARGO_INCREMENTAL=0" "-e" "RUST_BACKTRACE=full" "-e" "RUSTFLAGS=--cap-lints=warn" "-e" "RUSTDOCFLAGS=--cap-lints=warn" "-e" "CARGO_HOME=/opt/rustwide/cargo-home" "-e" "RUSTUP_HOME=/opt/rustwide/rustup-home" "-w" "/opt/rustwide/workdir" "-m" "1610612736" "--user" "0:0" "--network" "none" "ghcr.io/rust-lang/crates-build-env/linux@sha256:2788e3201cd34a07e3172128adcd8b3090168a8e3bcc40d7c032b9dda1df7d1c" "/opt/rustwide/cargo-home/bin/cargo" "+beta-2023-12-22" "test" "--frozen" "--no-run" "--message-format=json", kill_on_drop: false }`
[INFO] [stdout] c0f01cb432ee18d000235968553413cfbca72f2c4aa58b5bb418a304d8af2298
[INFO] running `Command { std: "docker" "start" "-a" "c0f01cb432ee18d000235968553413cfbca72f2c4aa58b5bb418a304d8af2298", kill_on_drop: false }`
[INFO] [stderr]    Compiling proc-macro2 v1.0.75
[INFO] [stderr]    Compiling unicode-ident v1.0.12
[INFO] [stderr]    Compiling serde v1.0.194
[INFO] [stderr]    Compiling serde_json v1.0.111
[INFO] [stderr]    Compiling rustversion v1.0.14
[INFO] [stderr]    Compiling trybuild v1.0.87
[INFO] [stderr]    Compiling itoa v1.0.10
[INFO] [stderr]    Compiling ryu v1.0.16
[INFO] [stderr]    Compiling glob v0.3.1
[INFO] [stderr]    Compiling boolinator v2.4.0
[INFO] [stderr]    Compiling syn v1.0.109
[INFO] [stderr]    Compiling prettyplease v0.2.16
[INFO] [stderr]    Compiling proc-macro-error v1.0.4
[INFO] [stderr]    Compiling quote v1.0.35
[INFO] [stderr]    Compiling syn v2.0.48
[INFO] [stderr]    Compiling proc-macro-error-attr v1.0.4
[INFO] [stderr]    Compiling basic-toml v0.1.8
[INFO] [stderr]    Compiling serde_derive v1.0.194
[INFO] [stderr]    Compiling yew-macro v0.21.0 (/opt/rustwide/workdir)
[INFO] [stdout] error[E0433]: failed to resolve: use of undeclared crate or module `yew`
[INFO] [stdout]   --> tests/props_macro_test.rs:11:14
[INFO] [stdout]    |
[INFO] [stdout] 11 |     #[derive(yew::Properties, PartialEq)]
[INFO] [stdout]    |              ^^^ use of undeclared crate or module `yew`
[INFO] [stdout] 
[INFO] [stdout] 
[INFO] [stdout] error[E0433]: failed to resolve: use of undeclared crate or module `yew`
[INFO] [stdout]   --> tests/props_macro_test.rs:19:17
[INFO] [stdout]    |
[INFO] [stdout] 19 |     let props = yew::props!(Props {
[INFO] [stdout]    |                 ^^^ use of undeclared crate or module `yew`
[INFO] [stdout] 
[INFO] [stdout] 
[INFO] [stdout] error[E0432]: unresolved import `yew`
[INFO] [stdout]  --> tests/html_macro_test.rs:1:5
[INFO] [stdout]   |
[INFO] [stdout] 1 | use yew::{html, html_nested};
[INFO] [stdout]   |     ^^^ use of undeclared crate or module `yew`
[INFO] [stdout] 
[INFO] [stdout] 
[INFO] [stdout] error: cannot determine resolution for the macro `html`
[INFO] [stdout]   --> tests/html_macro_test.rs:18:13
[INFO] [stdout]    |
[INFO] [stdout] 18 |     let _ = html! {
[INFO] [stdout]    |             ^^^^
[INFO] [stdout]    |
[INFO] [stdout]    = note: import resolution is stuck, try simplifying macro imports
[INFO] [stdout] 
[INFO] [stdout] 
[INFO] [stdout] error: cannot determine resolution for the macro `html`
[INFO] [stdout]   --> tests/html_macro_test.rs:28:13
[INFO] [stdout]    |
[INFO] [stdout] 28 |     let _ = html! {
[INFO] [stdout]    |             ^^^^
[INFO] [stdout]    |
[INFO] [stdout]    = note: import resolution is stuck, try simplifying macro imports
[INFO] [stdout] 
[INFO] [stdout] 
[INFO] [stdout] error: cannot determine resolution for the macro `html_nested`
[INFO] [stdout]   --> tests/html_macro_test.rs:37:17
[INFO] [stdout]    |
[INFO] [stdout] 37 |     let _node = html_nested! {
[INFO] [stdout]    |                 ^^^^^^^^^^^
[INFO] [stdout]    |
[INFO] [stdout]    = note: import resolution is stuck, try simplifying macro imports
[INFO] [stdout] 
[INFO] [stdout] 
[INFO] [stdout] error: cannot determine resolution for the macro `html_nested`
[INFO] [stdout]   --> tests/html_macro_test.rs:40:17
[INFO] [stdout]    |
[INFO] [stdout] 40 |     let _node = html_nested! {
[INFO] [stdout]    |                 ^^^^^^^^^^^
[INFO] [stdout]    |
[INFO] [stdout]    = note: import resolution is stuck, try simplifying macro imports
[INFO] [stdout] 
[INFO] [stdout] 
[INFO] [stdout] error: aborting due to 5 previous errors
[INFO] [stdout] 
[INFO] [stdout] 
[INFO] [stdout] For more information about this error, try `rustc --explain E0432`.
[INFO] [stdout] 
[INFO] [stdout] error: aborting due to 2 previous errors
[INFO] [stdout] 
[INFO] [stdout] 
[INFO] [stderr] error: could not compile `yew-macro` (test "html_macro_test") due to 6 previous errors
[INFO] [stderr] warning: build failed, waiting for other jobs to finish...
[INFO] [stdout] For more information about this error, try `rustc --explain E0433`.
[INFO] [stdout] 
[INFO] [stderr] error: could not compile `yew-macro` (test "props_macro_test") due to 3 previous errors
[INFO] running `Command { std: "docker" "inspect" "c0f01cb432ee18d000235968553413cfbca72f2c4aa58b5bb418a304d8af2298", kill_on_drop: false }`
[INFO] running `Command { std: "docker" "rm" "-f" "c0f01cb432ee18d000235968553413cfbca72f2c4aa58b5bb418a304d8af2298", kill_on_drop: false }`
[INFO] [stdout] c0f01cb432ee18d000235968553413cfbca72f2c4aa58b5bb418a304d8af2298
