[INFO] fetching crate yap 0.12.0...
[INFO] testing yap-0.12.0 against 1.75.0 for beta-1.76-1
[INFO] extracting crate yap 0.12.0 into /workspace/builds/worker-2-tc1/source
[INFO] validating manifest of crates.io crate yap 0.12.0 on toolchain 1.75.0
[INFO] running `Command { std: CARGO_HOME="/workspace/cargo-home" RUSTUP_HOME="/workspace/rustup-home" "/workspace/cargo-home/bin/cargo" "+1.75.0" "metadata" "--manifest-path" "Cargo.toml" "--no-deps", kill_on_drop: false }`
[INFO] started tweaking crates.io crate yap 0.12.0
[INFO] finished tweaking crates.io crate yap 0.12.0
[INFO] tweaked toml for crates.io crate yap 0.12.0 written to /workspace/builds/worker-2-tc1/source/Cargo.toml
[INFO] crate crates.io crate yap 0.12.0 already has a lockfile, it will not be regenerated
[INFO] running `Command { std: CARGO_HOME="/workspace/cargo-home" RUSTUP_HOME="/workspace/rustup-home" "/workspace/cargo-home/bin/cargo" "+1.75.0" "fetch" "--manifest-path" "Cargo.toml", kill_on_drop: false }`
[INFO] running `Command { std: "docker" "create" "-v" "/var/lib/crater-agent-workspace/builds/worker-2-tc1/target:/opt/rustwide/target:rw,Z" "-v" "/var/lib/crater-agent-workspace/builds/worker-2-tc1/source:/opt/rustwide/workdir:ro,Z" "-v" "/var/lib/crater-agent-workspace/cargo-home:/opt/rustwide/cargo-home:ro,Z" "-v" "/var/lib/crater-agent-workspace/rustup-home:/opt/rustwide/rustup-home:ro,Z" "-e" "SOURCE_DIR=/opt/rustwide/workdir" "-e" "CARGO_TARGET_DIR=/opt/rustwide/target" "-e" "CARGO_HOME=/opt/rustwide/cargo-home" "-e" "RUSTUP_HOME=/opt/rustwide/rustup-home" "-w" "/opt/rustwide/workdir" "-m" "1610612736" "--user" "0:0" "--network" "none" "ghcr.io/rust-lang/crates-build-env/linux@sha256:2788e3201cd34a07e3172128adcd8b3090168a8e3bcc40d7c032b9dda1df7d1c" "/opt/rustwide/cargo-home/bin/cargo" "+1.75.0" "metadata" "--no-deps" "--format-version=1", kill_on_drop: false }`
[INFO] [stdout] c72ea5bd09822a01f36affacf464b493e3c6a2bd6a4ba0058624c029960a309e
[INFO] running `Command { std: "docker" "start" "-a" "c72ea5bd09822a01f36affacf464b493e3c6a2bd6a4ba0058624c029960a309e", kill_on_drop: false }`
[INFO] running `Command { std: "docker" "inspect" "c72ea5bd09822a01f36affacf464b493e3c6a2bd6a4ba0058624c029960a309e", kill_on_drop: false }`
[INFO] running `Command { std: "docker" "rm" "-f" "c72ea5bd09822a01f36affacf464b493e3c6a2bd6a4ba0058624c029960a309e", kill_on_drop: false }`
[INFO] [stdout] c72ea5bd09822a01f36affacf464b493e3c6a2bd6a4ba0058624c029960a309e
[INFO] running `Command { std: "docker" "create" "-v" "/var/lib/crater-agent-workspace/builds/worker-2-tc1/target:/opt/rustwide/target:rw,Z" "-v" "/var/lib/crater-agent-workspace/builds/worker-2-tc1/source:/opt/rustwide/workdir:ro,Z" "-v" "/var/lib/crater-agent-workspace/cargo-home:/opt/rustwide/cargo-home:ro,Z" "-v" "/var/lib/crater-agent-workspace/rustup-home:/opt/rustwide/rustup-home:ro,Z" "-e" "SOURCE_DIR=/opt/rustwide/workdir" "-e" "CARGO_TARGET_DIR=/opt/rustwide/target" "-e" "CARGO_INCREMENTAL=0" "-e" "RUST_BACKTRACE=full" "-e" "RUSTFLAGS=--cap-lints=warn" "-e" "RUSTDOCFLAGS=--cap-lints=warn" "-e" "CARGO_HOME=/opt/rustwide/cargo-home" "-e" "RUSTUP_HOME=/opt/rustwide/rustup-home" "-w" "/opt/rustwide/workdir" "-m" "1610612736" "--user" "0:0" "--network" "none" "ghcr.io/rust-lang/crates-build-env/linux@sha256:2788e3201cd34a07e3172128adcd8b3090168a8e3bcc40d7c032b9dda1df7d1c" "/opt/rustwide/cargo-home/bin/cargo" "+1.75.0" "build" "--frozen" "--message-format=json", kill_on_drop: false }`
[INFO] [stdout] bc08fcb1f50cc7d67678701d3d5d9cc021f4614d24496547332a69bb55141212
[INFO] running `Command { std: "docker" "start" "-a" "bc08fcb1f50cc7d67678701d3d5d9cc021f4614d24496547332a69bb55141212", kill_on_drop: false }`
[INFO] [stderr]    Compiling yap v0.12.0 (/opt/rustwide/workdir)
[INFO] [stderr]     Finished dev [unoptimized + debuginfo] target(s) in 0.15s
[INFO] running `Command { std: "docker" "inspect" "bc08fcb1f50cc7d67678701d3d5d9cc021f4614d24496547332a69bb55141212", kill_on_drop: false }`
[INFO] running `Command { std: "docker" "rm" "-f" "bc08fcb1f50cc7d67678701d3d5d9cc021f4614d24496547332a69bb55141212", kill_on_drop: false }`
[INFO] [stdout] bc08fcb1f50cc7d67678701d3d5d9cc021f4614d24496547332a69bb55141212
[INFO] running `Command { std: "docker" "create" "-v" "/var/lib/crater-agent-workspace/builds/worker-2-tc1/target:/opt/rustwide/target:rw,Z" "-v" "/var/lib/crater-agent-workspace/builds/worker-2-tc1/source:/opt/rustwide/workdir:ro,Z" "-v" "/var/lib/crater-agent-workspace/cargo-home:/opt/rustwide/cargo-home:ro,Z" "-v" "/var/lib/crater-agent-workspace/rustup-home:/opt/rustwide/rustup-home:ro,Z" "-e" "SOURCE_DIR=/opt/rustwide/workdir" "-e" "CARGO_TARGET_DIR=/opt/rustwide/target" "-e" "CARGO_INCREMENTAL=0" "-e" "RUST_BACKTRACE=full" "-e" "RUSTFLAGS=--cap-lints=warn" "-e" "RUSTDOCFLAGS=--cap-lints=warn" "-e" "CARGO_HOME=/opt/rustwide/cargo-home" "-e" "RUSTUP_HOME=/opt/rustwide/rustup-home" "-w" "/opt/rustwide/workdir" "-m" "1610612736" "--user" "0:0" "--network" "none" "ghcr.io/rust-lang/crates-build-env/linux@sha256:2788e3201cd34a07e3172128adcd8b3090168a8e3bcc40d7c032b9dda1df7d1c" "/opt/rustwide/cargo-home/bin/cargo" "+1.75.0" "test" "--frozen" "--no-run" "--message-format=json", kill_on_drop: false }`
[INFO] [stdout] 5ce9eae2a708cc1cae468f20c7b98edbb15ed1f69968127fe317beb64600a6a6
[INFO] running `Command { std: "docker" "start" "-a" "5ce9eae2a708cc1cae468f20c7b98edbb15ed1f69968127fe317beb64600a6a6", kill_on_drop: false }`
[INFO] [stderr]    Compiling proc-macro2 v1.0.69
[INFO] [stderr]    Compiling regex-syntax v0.6.29
[INFO] [stderr]    Compiling beef v0.5.2
[INFO] [stderr]    Compiling fnv v1.0.7
[INFO] [stderr]    Compiling quote v1.0.33
[INFO] [stderr]    Compiling syn v1.0.109
[INFO] [stderr]    Compiling logos-derive v0.12.1
[INFO] [stderr]    Compiling logos v0.12.1
[INFO] [stderr]    Compiling yap v0.12.0 (/opt/rustwide/workdir)
[INFO] [stdout] error[E0412]: cannot find type `String` in this scope
[INFO] [stdout]   --> src/tokens/slice.rs:95:32
[INFO] [stdout]    |
[INFO] [stdout] 95 |         let n = s.parse::<u16, String>().unwrap();
[INFO] [stdout]    |                                ^^^^^^ not found in this scope
[INFO] [stdout]    |
[INFO] [stdout] help: you might be missing a type parameter
[INFO] [stdout]    |
[INFO] [stdout] 83 |     fn test_parse_success<String>() {
[INFO] [stdout]    |                          ++++++++
[INFO] [stdout] 
[INFO] [stdout] 
[INFO] [stdout] error[E0412]: cannot find type `String` in this scope
[INFO] [stdout]   --> src/tokens/slice.rs:97:32
[INFO] [stdout]    |
[INFO] [stdout] 97 |         assert_eq!(s.collect::<String>(), "");
[INFO] [stdout]    |                                ^^^^^^ not found in this scope
[INFO] [stdout]    |
[INFO] [stdout] help: you might be missing a type parameter
[INFO] [stdout]    |
[INFO] [stdout] 83 |     fn test_parse_success<String>() {
[INFO] [stdout]    |                          ++++++++
[INFO] [stdout] 
[INFO] [stdout] 
[INFO] [stdout] error[E0412]: cannot find type `String` in this scope
[INFO] [stdout]    --> src/tokens/slice.rs:101:35
[INFO] [stdout]     |
[INFO] [stdout] 101 |         assert_eq!(toks.collect::<String>(), "bc");
[INFO] [stdout]     |                                   ^^^^^^ not found in this scope
[INFO] [stdout]     |
[INFO] [stdout] help: you might be missing a type parameter
[INFO] [stdout]     |
[INFO] [stdout] 83  |     fn test_parse_success<String>() {
[INFO] [stdout]     |                          ++++++++
[INFO] [stdout] 
[INFO] [stdout] 
[INFO] [stdout] error[E0412]: cannot find type `String` in this scope
[INFO] [stdout]    --> src/tokens/slice.rs:118:23
[INFO] [stdout]     |
[INFO] [stdout] 118 |         s.parse::<u8, String>().unwrap_err();
[INFO] [stdout]     |                       ^^^^^^ not found in this scope
[INFO] [stdout]     |
[INFO] [stdout] help: you might be missing a type parameter
[INFO] [stdout]     |
[INFO] [stdout] 105 |     fn test_parse_failure<String>() {
[INFO] [stdout]     |                          ++++++++
[INFO] [stdout] 
[INFO] [stdout] 
[INFO] [stdout] error[E0412]: cannot find type `String` in this scope
[INFO] [stdout]    --> src/tokens/slice.rs:119:32
[INFO] [stdout]     |
[INFO] [stdout] 119 |         assert_eq!(s.collect::<String>(), "345");
[INFO] [stdout]     |                                ^^^^^^ not found in this scope
[INFO] [stdout]     |
[INFO] [stdout] help: you might be missing a type parameter
[INFO] [stdout]     |
[INFO] [stdout] 105 |     fn test_parse_failure<String>() {
[INFO] [stdout]     |                          ++++++++
[INFO] [stdout] 
[INFO] [stdout] 
[INFO] [stdout] error[E0412]: cannot find type `String` in this scope
[INFO] [stdout]    --> src/tokens/slice.rs:123:35
[INFO] [stdout]     |
[INFO] [stdout] 123 |         assert_eq!(toks.collect::<String>(), "bc");
[INFO] [stdout]     |                                   ^^^^^^ not found in this scope
[INFO] [stdout]     |
[INFO] [stdout] help: you might be missing a type parameter
[INFO] [stdout]     |
[INFO] [stdout] 105 |     fn test_parse_failure<String>() {
[INFO] [stdout]     |                          ++++++++
[INFO] [stdout] 
[INFO] [stdout] 
[INFO] [stdout] error[E0412]: cannot find type `String` in this scope
[INFO] [stdout]    --> src/tokens/take.rs:115:33
[INFO] [stdout]     |
[INFO] [stdout] 115 |         let n = tw.parse::<u16, String>().unwrap();
[INFO] [stdout]     |                                 ^^^^^^ not found in this scope
[INFO] [stdout]     |
[INFO] [stdout] help: you might be missing a type parameter
[INFO] [stdout]     |
[INFO] [stdout] 110 |     fn test_parse_success<String>() {
[INFO] [stdout]     |                          ++++++++
[INFO] [stdout] 
[INFO] [stdout] 
[INFO] [stdout] error[E0412]: cannot find type `String` in this scope
[INFO] [stdout]    --> src/tokens/take.rs:117:33
[INFO] [stdout]     |
[INFO] [stdout] 117 |         assert_eq!(tw.collect::<String>(), "");
[INFO] [stdout]     |                                 ^^^^^^ not found in this scope
[INFO] [stdout]     |
[INFO] [stdout] help: you might be missing a type parameter
[INFO] [stdout]     |
[INFO] [stdout] 110 |     fn test_parse_success<String>() {
[INFO] [stdout]     |                          ++++++++
[INFO] [stdout] 
[INFO] [stdout] 
[INFO] [stdout] error[E0412]: cannot find type `String` in this scope
[INFO] [stdout]    --> src/tokens/take.rs:126:24
[INFO] [stdout]     |
[INFO] [stdout] 126 |         tw.parse::<u8, String>().unwrap_err();
[INFO] [stdout]     |                        ^^^^^^ not found in this scope
[INFO] [stdout]     |
[INFO] [stdout] help: you might be missing a type parameter
[INFO] [stdout]     |
[INFO] [stdout] 121 |     fn test_parse_failure<String>() {
[INFO] [stdout]     |                          ++++++++
[INFO] [stdout] 
[INFO] [stdout] 
[INFO] [stdout] error[E0412]: cannot find type `String` in this scope
[INFO] [stdout]    --> src/tokens/take.rs:127:33
[INFO] [stdout]     |
[INFO] [stdout] 127 |         assert_eq!(tw.collect::<String>(), "345");
[INFO] [stdout]     |                                 ^^^^^^ not found in this scope
[INFO] [stdout]     |
[INFO] [stdout] help: you might be missing a type parameter
[INFO] [stdout]     |
[INFO] [stdout] 121 |     fn test_parse_failure<String>() {
[INFO] [stdout]     |                          ++++++++
[INFO] [stdout] 
[INFO] [stdout] 
[INFO] [stdout] error[E0412]: cannot find type `String` in this scope
[INFO] [stdout]    --> src/tokens/take.rs:135:20
[INFO] [stdout]     |
[INFO] [stdout] 135 |             let s: String = toks.take(6).take_while(|t| t.is_numeric()).collect();
[INFO] [stdout]     |                    ^^^^^^ not found in this scope
[INFO] [stdout] 
[INFO] [stdout] 
[INFO] [stdout] error[E0412]: cannot find type `String` in this scope
[INFO] [stdout]    --> src/tokens/take.rs:138:39
[INFO] [stdout]     |
[INFO] [stdout] 138 |             assert_eq!(toks.collect::<String>(), "abc+");
[INFO] [stdout]     |                                       ^^^^^^ not found in this scope
[INFO] [stdout]     |
[INFO] [stdout] help: you might be missing a type parameter
[INFO] [stdout]     |
[INFO] [stdout] 134 |         fn take_while<String>(mut toks: impl Tokens<Item = char>) {
[INFO] [stdout]     |                      ++++++++
[INFO] [stdout] 
[INFO] [stdout] 
[INFO] [stdout] error[E0412]: cannot find type `String` in this scope
[INFO] [stdout]    --> src/tokens/take.rs:141:20
[INFO] [stdout]     |
[INFO] [stdout] 141 |             let s: String = toks.take(6).take(4).collect();
[INFO] [stdout]     |                    ^^^^^^ not found in this scope
[INFO] [stdout] 
[INFO] [stdout] 
[INFO] [stdout] error[E0412]: cannot find type `String` in this scope
[INFO] [stdout]    --> src/tokens/take.rs:144:39
[INFO] [stdout]     |
[INFO] [stdout] 144 |             assert_eq!(toks.collect::<String>(), "bc+");
[INFO] [stdout]     |                                       ^^^^^^ not found in this scope
[INFO] [stdout]     |
[INFO] [stdout] help: you might be missing a type parameter
[INFO] [stdout]     |
[INFO] [stdout] 140 |         fn take<String>(mut toks: impl Tokens<Item = char>) {
[INFO] [stdout]     |                ++++++++
[INFO] [stdout] 
[INFO] [stdout] 
[INFO] [stdout] error[E0412]: cannot find type `String` in this scope
[INFO] [stdout]    --> src/tokens/take_while.rs:116:33
[INFO] [stdout]     |
[INFO] [stdout] 116 |         let n = tw.parse::<u16, String>().unwrap();
[INFO] [stdout]     |                                 ^^^^^^ not found in this scope
[INFO] [stdout]     |
[INFO] [stdout] help: you might be missing a type parameter
[INFO] [stdout]     |
[INFO] [stdout] 111 |     fn test_parse_success<String>() {
[INFO] [stdout]     |                          ++++++++
[INFO] [stdout] 
[INFO] [stdout] 
[INFO] [stdout] error[E0412]: cannot find type `String` in this scope
[INFO] [stdout]    --> src/tokens/take_while.rs:118:33
[INFO] [stdout]     |
[INFO] [stdout] 118 |         assert_eq!(tw.collect::<String>(), "");
[INFO] [stdout]     |                                 ^^^^^^ not found in this scope
[INFO] [stdout]     |
[INFO] [stdout] help: you might be missing a type parameter
[INFO] [stdout]     |
[INFO] [stdout] 111 |     fn test_parse_success<String>() {
[INFO] [stdout]     |                          ++++++++
[INFO] [stdout] 
[INFO] [stdout] 
[INFO] [stdout] error[E0412]: cannot find type `String` in this scope
[INFO] [stdout]    --> src/tokens/take_while.rs:127:24
[INFO] [stdout]     |
[INFO] [stdout] 127 |         tw.parse::<u8, String>().unwrap_err();
[INFO] [stdout]     |                        ^^^^^^ not found in this scope
[INFO] [stdout]     |
[INFO] [stdout] help: you might be missing a type parameter
[INFO] [stdout]     |
[INFO] [stdout] 122 |     fn test_parse_failure<String>() {
[INFO] [stdout]     |                          ++++++++
[INFO] [stdout] 
[INFO] [stdout] 
[INFO] [stdout] error[E0412]: cannot find type `String` in this scope
[INFO] [stdout]    --> src/tokens/take_while.rs:128:33
[INFO] [stdout]     |
[INFO] [stdout] 128 |         assert_eq!(tw.collect::<String>(), "345");
[INFO] [stdout]     |                                 ^^^^^^ not found in this scope
[INFO] [stdout]     |
[INFO] [stdout] help: you might be missing a type parameter
[INFO] [stdout]     |
[INFO] [stdout] 122 |     fn test_parse_failure<String>() {
[INFO] [stdout]     |                          ++++++++
[INFO] [stdout] 
[INFO] [stdout] 
[INFO] [stdout] error[E0412]: cannot find type `String` in this scope
[INFO] [stdout]    --> src/tokens/take_while.rs:136:20
[INFO] [stdout]     |
[INFO] [stdout] 136 |             let s: String = toks
[INFO] [stdout]     |                    ^^^^^^ not found in this scope
[INFO] [stdout] 
[INFO] [stdout] 
[INFO] [stdout] error[E0412]: cannot find type `String` in this scope
[INFO] [stdout]    --> src/tokens/take_while.rs:142:39
[INFO] [stdout]     |
[INFO] [stdout] 142 |             assert_eq!(toks.collect::<String>(), "abc+");
[INFO] [stdout]     |                                       ^^^^^^ not found in this scope
[INFO] [stdout]     |
[INFO] [stdout] help: you might be missing a type parameter
[INFO] [stdout]     |
[INFO] [stdout] 135 |         fn take_while<String>(mut toks: impl Tokens<Item = char>) {
[INFO] [stdout]     |                      ++++++++
[INFO] [stdout] 
[INFO] [stdout] 
[INFO] [stdout] error[E0412]: cannot find type `String` in this scope
[INFO] [stdout]    --> src/tokens/take_while.rs:145:20
[INFO] [stdout]     |
[INFO] [stdout] 145 |             let s: String = toks.take_while(|t| t.is_alphanumeric()).take(4).collect();
[INFO] [stdout]     |                    ^^^^^^ not found in this scope
[INFO] [stdout] 
[INFO] [stdout] 
[INFO] [stdout] error[E0412]: cannot find type `String` in this scope
[INFO] [stdout]    --> src/tokens/take_while.rs:148:39
[INFO] [stdout]     |
[INFO] [stdout] 148 |             assert_eq!(toks.collect::<String>(), "bc+");
[INFO] [stdout]     |                                       ^^^^^^ not found in this scope
[INFO] [stdout]     |
[INFO] [stdout] help: you might be missing a type parameter
[INFO] [stdout]     |
[INFO] [stdout] 144 |         fn take<String>(mut toks: impl Tokens<Item = char>) {
[INFO] [stdout]     |                ++++++++
[INFO] [stdout] 
[INFO] [stdout] 
[INFO] [stdout] error: aborting due to 22 previous errors
[INFO] [stdout] 
[INFO] [stdout] 
[INFO] [stdout] For more information about this error, try `rustc --explain E0412`.
[INFO] [stdout] 
[INFO] [stderr] error: could not compile `yap` (lib test) due to 23 previous errors
[INFO] running `Command { std: "docker" "inspect" "5ce9eae2a708cc1cae468f20c7b98edbb15ed1f69968127fe317beb64600a6a6", kill_on_drop: false }`
[INFO] running `Command { std: "docker" "rm" "-f" "5ce9eae2a708cc1cae468f20c7b98edbb15ed1f69968127fe317beb64600a6a6", kill_on_drop: false }`
[INFO] [stdout] 5ce9eae2a708cc1cae468f20c7b98edbb15ed1f69968127fe317beb64600a6a6
[INFO] testing yap-0.12.0 against beta-2023-12-22 for beta-1.76-1
[INFO] extracting crate yap 0.12.0 into /workspace/builds/worker-2-tc2/source
[INFO] validating manifest of crates.io crate yap 0.12.0 on toolchain beta-2023-12-22
[INFO] running `Command { std: CARGO_HOME="/workspace/cargo-home" RUSTUP_HOME="/workspace/rustup-home" "/workspace/cargo-home/bin/cargo" "+beta-2023-12-22" "metadata" "--manifest-path" "Cargo.toml" "--no-deps", kill_on_drop: false }`
[INFO] started tweaking crates.io crate yap 0.12.0
[INFO] finished tweaking crates.io crate yap 0.12.0
[INFO] tweaked toml for crates.io crate yap 0.12.0 written to /workspace/builds/worker-2-tc2/source/Cargo.toml
[INFO] crate crates.io crate yap 0.12.0 already has a lockfile, it will not be regenerated
[INFO] running `Command { std: CARGO_HOME="/workspace/cargo-home" RUSTUP_HOME="/workspace/rustup-home" "/workspace/cargo-home/bin/cargo" "+beta-2023-12-22" "fetch" "--manifest-path" "Cargo.toml", kill_on_drop: false }`
[INFO] running `Command { std: "docker" "create" "-v" "/var/lib/crater-agent-workspace/builds/worker-2-tc2/target:/opt/rustwide/target:rw,Z" "-v" "/var/lib/crater-agent-workspace/builds/worker-2-tc2/source:/opt/rustwide/workdir:ro,Z" "-v" "/var/lib/crater-agent-workspace/cargo-home:/opt/rustwide/cargo-home:ro,Z" "-v" "/var/lib/crater-agent-workspace/rustup-home:/opt/rustwide/rustup-home:ro,Z" "-e" "SOURCE_DIR=/opt/rustwide/workdir" "-e" "CARGO_TARGET_DIR=/opt/rustwide/target" "-e" "CARGO_HOME=/opt/rustwide/cargo-home" "-e" "RUSTUP_HOME=/opt/rustwide/rustup-home" "-w" "/opt/rustwide/workdir" "-m" "1610612736" "--user" "0:0" "--network" "none" "ghcr.io/rust-lang/crates-build-env/linux@sha256:2788e3201cd34a07e3172128adcd8b3090168a8e3bcc40d7c032b9dda1df7d1c" "/opt/rustwide/cargo-home/bin/cargo" "+beta-2023-12-22" "metadata" "--no-deps" "--format-version=1", kill_on_drop: false }`
[INFO] [stdout] 49f5f41698759c8c1cc73178fc0779e76592761adc080aebd35941cbc99f4da6
[INFO] running `Command { std: "docker" "start" "-a" "49f5f41698759c8c1cc73178fc0779e76592761adc080aebd35941cbc99f4da6", kill_on_drop: false }`
[INFO] running `Command { std: "docker" "inspect" "49f5f41698759c8c1cc73178fc0779e76592761adc080aebd35941cbc99f4da6", kill_on_drop: false }`
[INFO] running `Command { std: "docker" "rm" "-f" "49f5f41698759c8c1cc73178fc0779e76592761adc080aebd35941cbc99f4da6", kill_on_drop: false }`
[INFO] [stdout] 49f5f41698759c8c1cc73178fc0779e76592761adc080aebd35941cbc99f4da6
[INFO] running `Command { std: "docker" "create" "-v" "/var/lib/crater-agent-workspace/builds/worker-2-tc2/target:/opt/rustwide/target:rw,Z" "-v" "/var/lib/crater-agent-workspace/builds/worker-2-tc2/source:/opt/rustwide/workdir:ro,Z" "-v" "/var/lib/crater-agent-workspace/cargo-home:/opt/rustwide/cargo-home:ro,Z" "-v" "/var/lib/crater-agent-workspace/rustup-home:/opt/rustwide/rustup-home:ro,Z" "-e" "SOURCE_DIR=/opt/rustwide/workdir" "-e" "CARGO_TARGET_DIR=/opt/rustwide/target" "-e" "CARGO_INCREMENTAL=0" "-e" "RUST_BACKTRACE=full" "-e" "RUSTFLAGS=--cap-lints=warn" "-e" "RUSTDOCFLAGS=--cap-lints=warn" "-e" "CARGO_HOME=/opt/rustwide/cargo-home" "-e" "RUSTUP_HOME=/opt/rustwide/rustup-home" "-w" "/opt/rustwide/workdir" "-m" "1610612736" "--user" "0:0" "--network" "none" "ghcr.io/rust-lang/crates-build-env/linux@sha256:2788e3201cd34a07e3172128adcd8b3090168a8e3bcc40d7c032b9dda1df7d1c" "/opt/rustwide/cargo-home/bin/cargo" "+beta-2023-12-22" "build" "--frozen" "--message-format=json", kill_on_drop: false }`
[INFO] [stdout] 28352e6b0683b7bed65a1bc89b065c4f14492ccaed17b9861e10d038385f06e7
[INFO] running `Command { std: "docker" "start" "-a" "28352e6b0683b7bed65a1bc89b065c4f14492ccaed17b9861e10d038385f06e7", kill_on_drop: false }`
[INFO] [stderr]    Compiling yap v0.12.0 (/opt/rustwide/workdir)
[INFO] [stderr]     Finished dev [unoptimized + debuginfo] target(s) in 0.23s
[INFO] running `Command { std: "docker" "inspect" "28352e6b0683b7bed65a1bc89b065c4f14492ccaed17b9861e10d038385f06e7", kill_on_drop: false }`
[INFO] running `Command { std: "docker" "rm" "-f" "28352e6b0683b7bed65a1bc89b065c4f14492ccaed17b9861e10d038385f06e7", kill_on_drop: false }`
[INFO] [stdout] 28352e6b0683b7bed65a1bc89b065c4f14492ccaed17b9861e10d038385f06e7
[INFO] running `Command { std: "docker" "create" "-v" "/var/lib/crater-agent-workspace/builds/worker-2-tc2/target:/opt/rustwide/target:rw,Z" "-v" "/var/lib/crater-agent-workspace/builds/worker-2-tc2/source:/opt/rustwide/workdir:ro,Z" "-v" "/var/lib/crater-agent-workspace/cargo-home:/opt/rustwide/cargo-home:ro,Z" "-v" "/var/lib/crater-agent-workspace/rustup-home:/opt/rustwide/rustup-home:ro,Z" "-e" "SOURCE_DIR=/opt/rustwide/workdir" "-e" "CARGO_TARGET_DIR=/opt/rustwide/target" "-e" "CARGO_INCREMENTAL=0" "-e" "RUST_BACKTRACE=full" "-e" "RUSTFLAGS=--cap-lints=warn" "-e" "RUSTDOCFLAGS=--cap-lints=warn" "-e" "CARGO_HOME=/opt/rustwide/cargo-home" "-e" "RUSTUP_HOME=/opt/rustwide/rustup-home" "-w" "/opt/rustwide/workdir" "-m" "1610612736" "--user" "0:0" "--network" "none" "ghcr.io/rust-lang/crates-build-env/linux@sha256:2788e3201cd34a07e3172128adcd8b3090168a8e3bcc40d7c032b9dda1df7d1c" "/opt/rustwide/cargo-home/bin/cargo" "+beta-2023-12-22" "test" "--frozen" "--no-run" "--message-format=json", kill_on_drop: false }`
[INFO] [stdout] dc41c31848300bc6c5050e3931c9f344d95099439bf5c521bfe15f6ec5a7ae99
[INFO] running `Command { std: "docker" "start" "-a" "dc41c31848300bc6c5050e3931c9f344d95099439bf5c521bfe15f6ec5a7ae99", kill_on_drop: false }`
[INFO] [stderr]    Compiling proc-macro2 v1.0.69
[INFO] [stderr]    Compiling fnv v1.0.7
[INFO] [stderr]    Compiling regex-syntax v0.6.29
[INFO] [stderr]    Compiling beef v0.5.2
[INFO] [stderr]    Compiling quote v1.0.33
[INFO] [stderr]    Compiling syn v1.0.109
[INFO] [stderr]    Compiling logos-derive v0.12.1
[INFO] [stderr]    Compiling logos v0.12.1
[INFO] [stderr]    Compiling yap v0.12.0 (/opt/rustwide/workdir)
[INFO] [stdout] error[E0412]: cannot find type `String` in this scope
[INFO] [stdout]   --> src/tokens/slice.rs:95:32
[INFO] [stdout]    |
[INFO] [stdout] 95 |         let n = s.parse::<u16, String>().unwrap();
[INFO] [stdout]    |                                ^^^^^^ not found in this scope
[INFO] [stdout]    |
[INFO] [stdout] help: you might be missing a type parameter
[INFO] [stdout]    |
[INFO] [stdout] 83 |     fn test_parse_success<String>() {
[INFO] [stdout]    |                          ++++++++
[INFO] [stdout] 
[INFO] [stdout] 
[INFO] [stdout] error[E0412]: cannot find type `String` in this scope
[INFO] [stdout]   --> src/tokens/slice.rs:97:32
[INFO] [stdout]    |
[INFO] [stdout] 97 |         assert_eq!(s.collect::<String>(), "");
[INFO] [stdout]    |                                ^^^^^^ not found in this scope
[INFO] [stdout]    |
[INFO] [stdout] help: you might be missing a type parameter
[INFO] [stdout]    |
[INFO] [stdout] 83 |     fn test_parse_success<String>() {
[INFO] [stdout]    |                          ++++++++
[INFO] [stdout] 
[INFO] [stdout] 
[INFO] [stdout] error[E0412]: cannot find type `String` in this scope
[INFO] [stdout]    --> src/tokens/slice.rs:101:35
[INFO] [stdout]     |
[INFO] [stdout] 101 |         assert_eq!(toks.collect::<String>(), "bc");
[INFO] [stdout]     |                                   ^^^^^^ not found in this scope
[INFO] [stdout]     |
[INFO] [stdout] help: you might be missing a type parameter
[INFO] [stdout]     |
[INFO] [stdout] 83  |     fn test_parse_success<String>() {
[INFO] [stdout]     |                          ++++++++
[INFO] [stdout] 
[INFO] [stdout] 
[INFO] [stdout] error[E0412]: cannot find type `String` in this scope
[INFO] [stdout]    --> src/tokens/slice.rs:118:23
[INFO] [stdout]     |
[INFO] [stdout] 118 |         s.parse::<u8, String>().unwrap_err();
[INFO] [stdout]     |                       ^^^^^^ not found in this scope
[INFO] [stdout]     |
[INFO] [stdout] help: you might be missing a type parameter
[INFO] [stdout]     |
[INFO] [stdout] 105 |     fn test_parse_failure<String>() {
[INFO] [stdout]     |                          ++++++++
[INFO] [stdout] 
[INFO] [stdout] 
[INFO] [stdout] error[E0412]: cannot find type `String` in this scope
[INFO] [stdout]    --> src/tokens/slice.rs:119:32
[INFO] [stdout]     |
[INFO] [stdout] 119 |         assert_eq!(s.collect::<String>(), "345");
[INFO] [stdout]     |                                ^^^^^^ not found in this scope
[INFO] [stdout]     |
[INFO] [stdout] help: you might be missing a type parameter
[INFO] [stdout]     |
[INFO] [stdout] 105 |     fn test_parse_failure<String>() {
[INFO] [stdout]     |                          ++++++++
[INFO] [stdout] 
[INFO] [stdout] 
[INFO] [stdout] error[E0412]: cannot find type `String` in this scope
[INFO] [stdout]    --> src/tokens/slice.rs:123:35
[INFO] [stdout]     |
[INFO] [stdout] 123 |         assert_eq!(toks.collect::<String>(), "bc");
[INFO] [stdout]     |                                   ^^^^^^ not found in this scope
[INFO] [stdout]     |
[INFO] [stdout] help: you might be missing a type parameter
[INFO] [stdout]     |
[INFO] [stdout] 105 |     fn test_parse_failure<String>() {
[INFO] [stdout]     |                          ++++++++
[INFO] [stdout] 
[INFO] [stdout] 
[INFO] [stdout] error[E0412]: cannot find type `String` in this scope
[INFO] [stdout]    --> src/tokens/take.rs:115:33
[INFO] [stdout]     |
[INFO] [stdout] 115 |         let n = tw.parse::<u16, String>().unwrap();
[INFO] [stdout]     |                                 ^^^^^^ not found in this scope
[INFO] [stdout]     |
[INFO] [stdout] help: you might be missing a type parameter
[INFO] [stdout]     |
[INFO] [stdout] 110 |     fn test_parse_success<String>() {
[INFO] [stdout]     |                          ++++++++
[INFO] [stdout] 
[INFO] [stdout] 
[INFO] [stdout] error[E0412]: cannot find type `String` in this scope
[INFO] [stdout]    --> src/tokens/take.rs:117:33
[INFO] [stdout]     |
[INFO] [stdout] 117 |         assert_eq!(tw.collect::<String>(), "");
[INFO] [stdout]     |                                 ^^^^^^ not found in this scope
[INFO] [stdout]     |
[INFO] [stdout] help: you might be missing a type parameter
[INFO] [stdout]     |
[INFO] [stdout] 110 |     fn test_parse_success<String>() {
[INFO] [stdout]     |                          ++++++++
[INFO] [stdout] 
[INFO] [stdout] 
[INFO] [stdout] error[E0412]: cannot find type `String` in this scope
[INFO] [stdout]    --> src/tokens/take.rs:126:24
[INFO] [stdout]     |
[INFO] [stdout] 126 |         tw.parse::<u8, String>().unwrap_err();
[INFO] [stdout]     |                        ^^^^^^ not found in this scope
[INFO] [stdout]     |
[INFO] [stdout] help: you might be missing a type parameter
[INFO] [stdout]     |
[INFO] [stdout] 121 |     fn test_parse_failure<String>() {
[INFO] [stdout]     |                          ++++++++
[INFO] [stdout] 
[INFO] [stdout] 
[INFO] [stdout] error[E0412]: cannot find type `String` in this scope
[INFO] [stdout]    --> src/tokens/take.rs:127:33
[INFO] [stdout]     |
[INFO] [stdout] 127 |         assert_eq!(tw.collect::<String>(), "345");
[INFO] [stdout]     |                                 ^^^^^^ not found in this scope
[INFO] [stdout]     |
[INFO] [stdout] help: you might be missing a type parameter
[INFO] [stdout]     |
[INFO] [stdout] 121 |     fn test_parse_failure<String>() {
[INFO] [stdout]     |                          ++++++++
[INFO] [stdout] 
[INFO] [stdout] 
[INFO] [stdout] error[E0412]: cannot find type `String` in this scope
[INFO] [stdout]    --> src/tokens/take.rs:135:20
[INFO] [stdout]     |
[INFO] [stdout] 135 |             let s: String = toks.take(6).take_while(|t| t.is_numeric()).collect();
[INFO] [stdout]     |                    ^^^^^^ not found in this scope
[INFO] [stdout] 
[INFO] [stdout] 
[INFO] [stdout] error[E0412]: cannot find type `String` in this scope
[INFO] [stdout]    --> src/tokens/take.rs:138:39
[INFO] [stdout]     |
[INFO] [stdout] 138 |             assert_eq!(toks.collect::<String>(), "abc+");
[INFO] [stdout]     |                                       ^^^^^^ not found in this scope
[INFO] [stdout]     |
[INFO] [stdout] help: you might be missing a type parameter
[INFO] [stdout]     |
[INFO] [stdout] 134 |         fn take_while<String>(mut toks: impl Tokens<Item = char>) {
[INFO] [stdout]     |                      ++++++++
[INFO] [stdout] 
[INFO] [stdout] 
[INFO] [stdout] error[E0412]: cannot find type `String` in this scope
[INFO] [stdout]    --> src/tokens/take.rs:141:20
[INFO] [stdout]     |
[INFO] [stdout] 141 |             let s: String = toks.take(6).take(4).collect();
[INFO] [stdout]     |                    ^^^^^^ not found in this scope
[INFO] [stdout] 
[INFO] [stdout] 
[INFO] [stdout] error[E0412]: cannot find type `String` in this scope
[INFO] [stdout]    --> src/tokens/take.rs:144:39
[INFO] [stdout]     |
[INFO] [stdout] 144 |             assert_eq!(toks.collect::<String>(), "bc+");
[INFO] [stdout]     |                                       ^^^^^^ not found in this scope
[INFO] [stdout]     |
[INFO] [stdout] help: you might be missing a type parameter
[INFO] [stdout]     |
[INFO] [stdout] 140 |         fn take<String>(mut toks: impl Tokens<Item = char>) {
[INFO] [stdout]     |                ++++++++
[INFO] [stdout] 
[INFO] [stdout] 
[INFO] [stdout] error[E0412]: cannot find type `String` in this scope
[INFO] [stdout]    --> src/tokens/take_while.rs:116:33
[INFO] [stdout]     |
[INFO] [stdout] 116 |         let n = tw.parse::<u16, String>().unwrap();
[INFO] [stdout]     |                                 ^^^^^^ not found in this scope
[INFO] [stdout]     |
[INFO] [stdout] help: you might be missing a type parameter
[INFO] [stdout]     |
[INFO] [stdout] 111 |     fn test_parse_success<String>() {
[INFO] [stdout]     |                          ++++++++
[INFO] [stdout] 
[INFO] [stdout] 
[INFO] [stdout] error[E0412]: cannot find type `String` in this scope
[INFO] [stdout]    --> src/tokens/take_while.rs:118:33
[INFO] [stdout]     |
[INFO] [stdout] 118 |         assert_eq!(tw.collect::<String>(), "");
[INFO] [stdout]     |                                 ^^^^^^ not found in this scope
[INFO] [stdout]     |
[INFO] [stdout] help: you might be missing a type parameter
[INFO] [stdout]     |
[INFO] [stdout] 111 |     fn test_parse_success<String>() {
[INFO] [stdout]     |                          ++++++++
[INFO] [stdout] 
[INFO] [stdout] 
[INFO] [stdout] error[E0412]: cannot find type `String` in this scope
[INFO] [stdout]    --> src/tokens/take_while.rs:127:24
[INFO] [stdout]     |
[INFO] [stdout] 127 |         tw.parse::<u8, String>().unwrap_err();
[INFO] [stdout]     |                        ^^^^^^ not found in this scope
[INFO] [stdout]     |
[INFO] [stdout] help: you might be missing a type parameter
[INFO] [stdout]     |
[INFO] [stdout] 122 |     fn test_parse_failure<String>() {
[INFO] [stdout]     |                          ++++++++
[INFO] [stdout] 
[INFO] [stdout] 
[INFO] [stdout] error[E0412]: cannot find type `String` in this scope
[INFO] [stdout]    --> src/tokens/take_while.rs:128:33
[INFO] [stdout]     |
[INFO] [stdout] 128 |         assert_eq!(tw.collect::<String>(), "345");
[INFO] [stdout]     |                                 ^^^^^^ not found in this scope
[INFO] [stdout]     |
[INFO] [stdout] help: you might be missing a type parameter
[INFO] [stdout]     |
[INFO] [stdout] 122 |     fn test_parse_failure<String>() {
[INFO] [stdout]     |                          ++++++++
[INFO] [stdout] 
[INFO] [stdout] 
[INFO] [stdout] error[E0412]: cannot find type `String` in this scope
[INFO] [stdout]    --> src/tokens/take_while.rs:136:20
[INFO] [stdout]     |
[INFO] [stdout] 136 |             let s: String = toks
[INFO] [stdout]     |                    ^^^^^^ not found in this scope
[INFO] [stdout] 
[INFO] [stdout] 
[INFO] [stdout] error[E0412]: cannot find type `String` in this scope
[INFO] [stdout]    --> src/tokens/take_while.rs:142:39
[INFO] [stdout]     |
[INFO] [stdout] 142 |             assert_eq!(toks.collect::<String>(), "abc+");
[INFO] [stdout]     |                                       ^^^^^^ not found in this scope
[INFO] [stdout]     |
[INFO] [stdout] help: you might be missing a type parameter
[INFO] [stdout]     |
[INFO] [stdout] 135 |         fn take_while<String>(mut toks: impl Tokens<Item = char>) {
[INFO] [stdout]     |                      ++++++++
[INFO] [stdout] 
[INFO] [stdout] 
[INFO] [stdout] error[E0412]: cannot find type `String` in this scope
[INFO] [stdout]    --> src/tokens/take_while.rs:145:20
[INFO] [stdout]     |
[INFO] [stdout] 145 |             let s: String = toks.take_while(|t| t.is_alphanumeric()).take(4).collect();
[INFO] [stdout]     |                    ^^^^^^ not found in this scope
[INFO] [stdout] 
[INFO] [stdout] 
[INFO] [stdout] error[E0412]: cannot find type `String` in this scope
[INFO] [stdout]    --> src/tokens/take_while.rs:148:39
[INFO] [stdout]     |
[INFO] [stdout] 148 |             assert_eq!(toks.collect::<String>(), "bc+");
[INFO] [stdout]     |                                       ^^^^^^ not found in this scope
[INFO] [stdout]     |
[INFO] [stdout] help: you might be missing a type parameter
[INFO] [stdout]     |
[INFO] [stdout] 144 |         fn take<String>(mut toks: impl Tokens<Item = char>) {
[INFO] [stdout]     |                ++++++++
[INFO] [stdout] 
[INFO] [stdout] 
[INFO] [stdout] error: aborting due to 22 previous errors
[INFO] [stdout] 
[INFO] [stdout] 
[INFO] [stderr] error: could not compile `yap` (lib test) due to 23 previous errors
[INFO] [stdout] For more information about this error, try `rustc --explain E0412`.
[INFO] [stdout] 
[INFO] running `Command { std: "docker" "inspect" "dc41c31848300bc6c5050e3931c9f344d95099439bf5c521bfe15f6ec5a7ae99", kill_on_drop: false }`
[INFO] running `Command { std: "docker" "rm" "-f" "dc41c31848300bc6c5050e3931c9f344d95099439bf5c521bfe15f6ec5a7ae99", kill_on_drop: false }`
[INFO] [stdout] dc41c31848300bc6c5050e3931c9f344d95099439bf5c521bfe15f6ec5a7ae99
