[INFO] fetching crate yakui-widgets 0.2.0...
[INFO] testing yakui-widgets-0.2.0 against 1.75.0 for beta-1.76-1
[INFO] extracting crate yakui-widgets 0.2.0 into /workspace/builds/worker-0-tc1/source
[INFO] validating manifest of crates.io crate yakui-widgets 0.2.0 on toolchain 1.75.0
[INFO] running `Command { std: CARGO_HOME="/workspace/cargo-home" RUSTUP_HOME="/workspace/rustup-home" "/workspace/cargo-home/bin/cargo" "+1.75.0" "metadata" "--manifest-path" "Cargo.toml" "--no-deps", kill_on_drop: false }`
[INFO] started tweaking crates.io crate yakui-widgets 0.2.0
[INFO] finished tweaking crates.io crate yakui-widgets 0.2.0
[INFO] tweaked toml for crates.io crate yakui-widgets 0.2.0 written to /workspace/builds/worker-0-tc1/source/Cargo.toml
[INFO] running `Command { std: CARGO_HOME="/workspace/cargo-home" RUSTUP_HOME="/workspace/rustup-home" "/workspace/cargo-home/bin/cargo" "+1.75.0" "generate-lockfile" "--manifest-path" "Cargo.toml", kill_on_drop: false }`
[INFO] [stderr]     Updating crates.io index
[INFO] running `Command { std: CARGO_HOME="/workspace/cargo-home" RUSTUP_HOME="/workspace/rustup-home" "/workspace/cargo-home/bin/cargo" "+1.75.0" "fetch" "--manifest-path" "Cargo.toml", kill_on_drop: false }`
[INFO] [stderr]  Downloading crates ...
[INFO] [stderr]   Downloaded thunderdome v0.5.1
[INFO] [stderr]   Downloaded yakui-core v0.2.0
[INFO] [stderr]   Downloaded smol_str v0.1.24
[INFO] running `Command { std: "docker" "create" "-v" "/var/lib/crater-agent-workspace/builds/worker-0-tc1/target:/opt/rustwide/target:rw,Z" "-v" "/var/lib/crater-agent-workspace/builds/worker-0-tc1/source:/opt/rustwide/workdir:ro,Z" "-v" "/var/lib/crater-agent-workspace/cargo-home:/opt/rustwide/cargo-home:ro,Z" "-v" "/var/lib/crater-agent-workspace/rustup-home:/opt/rustwide/rustup-home:ro,Z" "-e" "SOURCE_DIR=/opt/rustwide/workdir" "-e" "CARGO_TARGET_DIR=/opt/rustwide/target" "-e" "CARGO_HOME=/opt/rustwide/cargo-home" "-e" "RUSTUP_HOME=/opt/rustwide/rustup-home" "-w" "/opt/rustwide/workdir" "-m" "1610612736" "--user" "0:0" "--network" "none" "ghcr.io/rust-lang/crates-build-env/linux@sha256:2788e3201cd34a07e3172128adcd8b3090168a8e3bcc40d7c032b9dda1df7d1c" "/opt/rustwide/cargo-home/bin/cargo" "+1.75.0" "metadata" "--no-deps" "--format-version=1", kill_on_drop: false }`
[INFO] [stdout] d3146d96f1a9b038d3e75323bfb9e4e151304be22002678b0da35270a0c83975
[INFO] running `Command { std: "docker" "start" "-a" "d3146d96f1a9b038d3e75323bfb9e4e151304be22002678b0da35270a0c83975", kill_on_drop: false }`
[INFO] running `Command { std: "docker" "inspect" "d3146d96f1a9b038d3e75323bfb9e4e151304be22002678b0da35270a0c83975", kill_on_drop: false }`
[INFO] running `Command { std: "docker" "rm" "-f" "d3146d96f1a9b038d3e75323bfb9e4e151304be22002678b0da35270a0c83975", kill_on_drop: false }`
[INFO] [stdout] d3146d96f1a9b038d3e75323bfb9e4e151304be22002678b0da35270a0c83975
[INFO] running `Command { std: "docker" "create" "-v" "/var/lib/crater-agent-workspace/builds/worker-0-tc1/target:/opt/rustwide/target:rw,Z" "-v" "/var/lib/crater-agent-workspace/builds/worker-0-tc1/source:/opt/rustwide/workdir:ro,Z" "-v" "/var/lib/crater-agent-workspace/cargo-home:/opt/rustwide/cargo-home:ro,Z" "-v" "/var/lib/crater-agent-workspace/rustup-home:/opt/rustwide/rustup-home:ro,Z" "-e" "SOURCE_DIR=/opt/rustwide/workdir" "-e" "CARGO_TARGET_DIR=/opt/rustwide/target" "-e" "CARGO_INCREMENTAL=0" "-e" "RUST_BACKTRACE=full" "-e" "RUSTFLAGS=--cap-lints=warn" "-e" "RUSTDOCFLAGS=--cap-lints=warn" "-e" "CARGO_HOME=/opt/rustwide/cargo-home" "-e" "RUSTUP_HOME=/opt/rustwide/rustup-home" "-w" "/opt/rustwide/workdir" "-m" "1610612736" "--user" "0:0" "--network" "none" "ghcr.io/rust-lang/crates-build-env/linux@sha256:2788e3201cd34a07e3172128adcd8b3090168a8e3bcc40d7c032b9dda1df7d1c" "/opt/rustwide/cargo-home/bin/cargo" "+1.75.0" "build" "--frozen" "--message-format=json", kill_on_drop: false }`
[INFO] [stdout] 5beec02bfd44d431297c86c2602d0eae4c3096c0a9d4ce1fdb49db10bb1ccc4c
[INFO] running `Command { std: "docker" "start" "-a" "5beec02bfd44d431297c86c2602d0eae4c3096c0a9d4ce1fdb49db10bb1ccc4c", kill_on_drop: false }`
[INFO] [stderr]    Compiling rand_core v0.6.4
[INFO] [stderr]    Compiling siphasher v0.3.11
[INFO] [stderr]    Compiling syn v1.0.109
[INFO] [stderr]    Compiling serde v1.0.194
[INFO] [stderr]    Compiling num-traits v0.2.17
[INFO] [stderr]    Compiling ahash v0.8.7
[INFO] [stderr]    Compiling once_cell v1.19.0
[INFO] [stderr]    Compiling rand v0.8.5
[INFO] [stderr]    Compiling phf_shared v0.11.2
[INFO] [stderr]    Compiling palette v0.6.1
[INFO] [stderr]    Compiling zerocopy v0.7.32
[INFO] [stderr]    Compiling profiling-procmacros v1.0.13
[INFO] [stderr]    Compiling keyboard-types v0.6.2
[INFO] [stderr]    Compiling phf_generator v0.11.2
[INFO] [stderr]    Compiling phf_macros v0.11.2
[INFO] [stderr]    Compiling glam v0.21.3
[INFO] [stderr]    Compiling hashbrown v0.13.2
[INFO] [stderr]    Compiling profiling v1.0.13
[INFO] [stderr]    Compiling anymap v0.12.1
[INFO] [stderr]    Compiling ttf-parser v0.15.2
[INFO] [stderr]    Compiling thunderdome v0.5.1
[INFO] [stderr]    Compiling approx v0.5.1
[INFO] [stderr]    Compiling phf v0.11.2
[INFO] [stderr]    Compiling fontdue v0.7.3
[INFO] [stderr]    Compiling toml v0.5.11
[INFO] [stderr]    Compiling smol_str v0.1.24
[INFO] [stderr]    Compiling find-crate v0.6.3
[INFO] [stderr]    Compiling palette_derive v0.6.1
[INFO] [stderr]    Compiling yakui-core v0.2.0
[INFO] [stderr]    Compiling yakui-widgets v0.2.0 (/opt/rustwide/workdir)
[INFO] [stderr]     Finished dev [unoptimized + debuginfo] target(s) in 6.86s
[INFO] running `Command { std: "docker" "inspect" "5beec02bfd44d431297c86c2602d0eae4c3096c0a9d4ce1fdb49db10bb1ccc4c", kill_on_drop: false }`
[INFO] running `Command { std: "docker" "rm" "-f" "5beec02bfd44d431297c86c2602d0eae4c3096c0a9d4ce1fdb49db10bb1ccc4c", kill_on_drop: false }`
[INFO] [stdout] 5beec02bfd44d431297c86c2602d0eae4c3096c0a9d4ce1fdb49db10bb1ccc4c
[INFO] running `Command { std: "docker" "create" "-v" "/var/lib/crater-agent-workspace/builds/worker-0-tc1/target:/opt/rustwide/target:rw,Z" "-v" "/var/lib/crater-agent-workspace/builds/worker-0-tc1/source:/opt/rustwide/workdir:ro,Z" "-v" "/var/lib/crater-agent-workspace/cargo-home:/opt/rustwide/cargo-home:ro,Z" "-v" "/var/lib/crater-agent-workspace/rustup-home:/opt/rustwide/rustup-home:ro,Z" "-e" "SOURCE_DIR=/opt/rustwide/workdir" "-e" "CARGO_TARGET_DIR=/opt/rustwide/target" "-e" "CARGO_INCREMENTAL=0" "-e" "RUST_BACKTRACE=full" "-e" "RUSTFLAGS=--cap-lints=warn" "-e" "RUSTDOCFLAGS=--cap-lints=warn" "-e" "CARGO_HOME=/opt/rustwide/cargo-home" "-e" "RUSTUP_HOME=/opt/rustwide/rustup-home" "-w" "/opt/rustwide/workdir" "-m" "1610612736" "--user" "0:0" "--network" "none" "ghcr.io/rust-lang/crates-build-env/linux@sha256:2788e3201cd34a07e3172128adcd8b3090168a8e3bcc40d7c032b9dda1df7d1c" "/opt/rustwide/cargo-home/bin/cargo" "+1.75.0" "test" "--frozen" "--no-run" "--message-format=json", kill_on_drop: false }`
[INFO] [stdout] 4b5fb142fe630cec125acce71b05989c5dda9524a32f15e936c5c9461230f873
[INFO] running `Command { std: "docker" "start" "-a" "4b5fb142fe630cec125acce71b05989c5dda9524a32f15e936c5c9461230f873", kill_on_drop: false }`
[INFO] [stderr]    Compiling linked-hash-map v0.5.6
[INFO] [stderr]    Compiling similar v2.4.0
[INFO] [stderr]    Compiling console v0.15.7
[INFO] [stderr]    Compiling yaml-rust v0.4.5
[INFO] [stderr]    Compiling insta v1.34.0
[INFO] [stderr]    Compiling yakui-widgets v0.2.0 (/opt/rustwide/workdir)
[INFO] [stdout] error[E0432]: unresolved import `yakui`
[INFO] [stdout]  --> tests/snapshot.rs:1:5
[INFO] [stdout]   |
[INFO] [stdout] 1 | use yakui::{Constraints, CrossAxisAlignment, MainAxisAlignment, MainAxisSize, Vec2};
[INFO] [stdout]   |     ^^^^^ use of undeclared crate or module `yakui`
[INFO] [stdout] 
[INFO] [stdout] 
[INFO] [stdout] error[E0432]: unresolved import `yakui_test`
[INFO] [stdout]  --> tests/snapshot.rs:4:5
[INFO] [stdout]   |
[INFO] [stdout] 4 | use yakui_test::{run, Test};
[INFO] [stdout]   |     ^^^^^^^^^^ use of undeclared crate or module `yakui_test`
[INFO] [stdout] 
[INFO] [stdout] 
[INFO] [stdout] error: cannot determine resolution for the macro `run`
[INFO] [stdout]   --> tests/snapshot.rs:13:5
[INFO] [stdout]    |
[INFO] [stdout] 13 |     run!({
[INFO] [stdout]    |     ^^^
[INFO] [stdout]    |
[INFO] [stdout]    = note: import resolution is stuck, try simplifying macro imports
[INFO] [stdout] 
[INFO] [stdout] 
[INFO] [stdout] error: cannot determine resolution for the macro `run`
[INFO] [stdout]   --> tests/snapshot.rs:20:5
[INFO] [stdout]    |
[INFO] [stdout] 20 |     run!({
[INFO] [stdout]    |     ^^^
[INFO] [stdout]    |
[INFO] [stdout]    = note: import resolution is stuck, try simplifying macro imports
[INFO] [stdout] 
[INFO] [stdout] 
[INFO] [stdout] error: cannot determine resolution for the macro `run`
[INFO] [stdout]   --> tests/snapshot.rs:31:5
[INFO] [stdout]    |
[INFO] [stdout] 31 |     run!({
[INFO] [stdout]    |     ^^^
[INFO] [stdout]    |
[INFO] [stdout]    = note: import resolution is stuck, try simplifying macro imports
[INFO] [stdout] 
[INFO] [stdout] 
[INFO] [stdout] error: cannot determine resolution for the macro `run`
[INFO] [stdout]   --> tests/snapshot.rs:42:5
[INFO] [stdout]    |
[INFO] [stdout] 42 |     run!({
[INFO] [stdout]    |     ^^^
[INFO] [stdout]    |
[INFO] [stdout]    = note: import resolution is stuck, try simplifying macro imports
[INFO] [stdout] 
[INFO] [stdout] 
[INFO] [stdout] error: cannot determine resolution for the macro `run`
[INFO] [stdout]   --> tests/snapshot.rs:55:5
[INFO] [stdout]    |
[INFO] [stdout] 55 |     run!({
[INFO] [stdout]    |     ^^^
[INFO] [stdout]    |
[INFO] [stdout]    = note: import resolution is stuck, try simplifying macro imports
[INFO] [stdout] 
[INFO] [stdout] 
[INFO] [stdout] error: cannot determine resolution for the macro `run`
[INFO] [stdout]   --> tests/snapshot.rs:68:5
[INFO] [stdout]    |
[INFO] [stdout] 68 |     run!({
[INFO] [stdout]    |     ^^^
[INFO] [stdout]    |
[INFO] [stdout]    = note: import resolution is stuck, try simplifying macro imports
[INFO] [stdout] 
[INFO] [stdout] 
[INFO] [stdout] error: cannot determine resolution for the macro `run`
[INFO] [stdout]   --> tests/snapshot.rs:81:5
[INFO] [stdout]    |
[INFO] [stdout] 81 |     run!({
[INFO] [stdout]    |     ^^^
[INFO] [stdout]    |
[INFO] [stdout]    = note: import resolution is stuck, try simplifying macro imports
[INFO] [stdout] 
[INFO] [stdout] 
[INFO] [stdout] error: cannot determine resolution for the macro `run`
[INFO] [stdout]   --> tests/snapshot.rs:94:5
[INFO] [stdout]    |
[INFO] [stdout] 94 |     run!({
[INFO] [stdout]    |     ^^^
[INFO] [stdout]    |
[INFO] [stdout]    = note: import resolution is stuck, try simplifying macro imports
[INFO] [stdout] 
[INFO] [stdout] 
[INFO] [stdout] error: cannot determine resolution for the macro `run`
[INFO] [stdout]    --> tests/snapshot.rs:107:5
[INFO] [stdout]     |
[INFO] [stdout] 107 |     run!({
[INFO] [stdout]     |     ^^^
[INFO] [stdout]     |
[INFO] [stdout]     = note: import resolution is stuck, try simplifying macro imports
[INFO] [stdout] 
[INFO] [stdout] 
[INFO] [stdout] error: cannot determine resolution for the macro `run`
[INFO] [stdout]    --> tests/snapshot.rs:120:5
[INFO] [stdout]     |
[INFO] [stdout] 120 |     run!({
[INFO] [stdout]     |     ^^^
[INFO] [stdout]     |
[INFO] [stdout]     = note: import resolution is stuck, try simplifying macro imports
[INFO] [stdout] 
[INFO] [stdout] 
[INFO] [stdout] error: cannot determine resolution for the macro `run`
[INFO] [stdout]    --> tests/snapshot.rs:133:5
[INFO] [stdout]     |
[INFO] [stdout] 133 |     run!({
[INFO] [stdout]     |     ^^^
[INFO] [stdout]     |
[INFO] [stdout]     = note: import resolution is stuck, try simplifying macro imports
[INFO] [stdout] 
[INFO] [stdout] 
[INFO] [stdout] error: cannot determine resolution for the macro `run`
[INFO] [stdout]    --> tests/snapshot.rs:148:5
[INFO] [stdout]     |
[INFO] [stdout] 148 |     run!({
[INFO] [stdout]     |     ^^^
[INFO] [stdout]     |
[INFO] [stdout]     = note: import resolution is stuck, try simplifying macro imports
[INFO] [stdout] 
[INFO] [stdout] 
[INFO] [stdout] error: cannot determine resolution for the macro `run`
[INFO] [stdout]    --> tests/snapshot.rs:161:5
[INFO] [stdout]     |
[INFO] [stdout] 161 |     run!({
[INFO] [stdout]     |     ^^^
[INFO] [stdout]     |
[INFO] [stdout]     = note: import resolution is stuck, try simplifying macro imports
[INFO] [stdout] 
[INFO] [stdout] 
[INFO] [stdout] error: cannot determine resolution for the macro `run`
[INFO] [stdout]    --> tests/snapshot.rs:174:5
[INFO] [stdout]     |
[INFO] [stdout] 174 |     run!({
[INFO] [stdout]     |     ^^^
[INFO] [stdout]     |
[INFO] [stdout]     = note: import resolution is stuck, try simplifying macro imports
[INFO] [stdout] 
[INFO] [stdout] 
[INFO] [stdout] error: cannot determine resolution for the macro `run`
[INFO] [stdout]    --> tests/snapshot.rs:187:5
[INFO] [stdout]     |
[INFO] [stdout] 187 |     run!({
[INFO] [stdout]     |     ^^^
[INFO] [stdout]     |
[INFO] [stdout]     = note: import resolution is stuck, try simplifying macro imports
[INFO] [stdout] 
[INFO] [stdout] 
[INFO] [stdout] error: cannot determine resolution for the macro `run`
[INFO] [stdout]    --> tests/snapshot.rs:200:5
[INFO] [stdout]     |
[INFO] [stdout] 200 |     run!({
[INFO] [stdout]     |     ^^^
[INFO] [stdout]     |
[INFO] [stdout]     = note: import resolution is stuck, try simplifying macro imports
[INFO] [stdout] 
[INFO] [stdout] 
[INFO] [stdout] error: cannot determine resolution for the macro `run`
[INFO] [stdout]    --> tests/snapshot.rs:213:5
[INFO] [stdout]     |
[INFO] [stdout] 213 |     run!({
[INFO] [stdout]     |     ^^^
[INFO] [stdout]     |
[INFO] [stdout]     = note: import resolution is stuck, try simplifying macro imports
[INFO] [stdout] 
[INFO] [stdout] 
[INFO] [stdout] error: cannot determine resolution for the macro `run`
[INFO] [stdout]    --> tests/snapshot.rs:226:5
[INFO] [stdout]     |
[INFO] [stdout] 226 |     run!({
[INFO] [stdout]     |     ^^^
[INFO] [stdout]     |
[INFO] [stdout]     = note: import resolution is stuck, try simplifying macro imports
[INFO] [stdout] 
[INFO] [stdout] 
[INFO] [stdout] error: cannot determine resolution for the macro `run`
[INFO] [stdout]    --> tests/snapshot.rs:241:5
[INFO] [stdout]     |
[INFO] [stdout] 241 |     run!({
[INFO] [stdout]     |     ^^^
[INFO] [stdout]     |
[INFO] [stdout]     = note: import resolution is stuck, try simplifying macro imports
[INFO] [stdout] 
[INFO] [stdout] 
[INFO] [stdout] error: cannot determine resolution for the macro `run`
[INFO] [stdout]    --> tests/snapshot.rs:255:5
[INFO] [stdout]     |
[INFO] [stdout] 255 |     run!({
[INFO] [stdout]     |     ^^^
[INFO] [stdout]     |
[INFO] [stdout]     = note: import resolution is stuck, try simplifying macro imports
[INFO] [stdout] 
[INFO] [stdout] 
[INFO] [stdout] error: cannot determine resolution for the macro `run`
[INFO] [stdout]    --> tests/snapshot.rs:264:5
[INFO] [stdout]     |
[INFO] [stdout] 264 |     run!({
[INFO] [stdout]     |     ^^^
[INFO] [stdout]     |
[INFO] [stdout]     = note: import resolution is stuck, try simplifying macro imports
[INFO] [stdout] 
[INFO] [stdout] 
[INFO] [stdout] error: cannot determine resolution for the macro `run`
[INFO] [stdout]    --> tests/snapshot.rs:273:5
[INFO] [stdout]     |
[INFO] [stdout] 273 |     run!({
[INFO] [stdout]     |     ^^^
[INFO] [stdout]     |
[INFO] [stdout]     = note: import resolution is stuck, try simplifying macro imports
[INFO] [stdout] 
[INFO] [stdout] 
[INFO] [stdout] error: cannot determine resolution for the macro `run`
[INFO] [stdout]    --> tests/snapshot.rs:284:5
[INFO] [stdout]     |
[INFO] [stdout] 284 |     run!({
[INFO] [stdout]     |     ^^^
[INFO] [stdout]     |
[INFO] [stdout]     = note: import resolution is stuck, try simplifying macro imports
[INFO] [stdout] 
[INFO] [stdout] 
[INFO] [stdout] error: cannot determine resolution for the macro `run`
[INFO] [stdout]    --> tests/snapshot.rs:299:5
[INFO] [stdout]     |
[INFO] [stdout] 299 |     run!({
[INFO] [stdout]     |     ^^^
[INFO] [stdout]     |
[INFO] [stdout]     = note: import resolution is stuck, try simplifying macro imports
[INFO] [stdout] 
[INFO] [stdout] 
[INFO] [stdout] error: cannot determine resolution for the macro `run`
[INFO] [stdout]    --> tests/snapshot.rs:310:5
[INFO] [stdout]     |
[INFO] [stdout] 310 |     run!({
[INFO] [stdout]     |     ^^^
[INFO] [stdout]     |
[INFO] [stdout]     = note: import resolution is stuck, try simplifying macro imports
[INFO] [stdout] 
[INFO] [stdout] 
[INFO] [stdout] error: cannot determine resolution for the macro `run`
[INFO] [stdout]    --> tests/snapshot.rs:324:5
[INFO] [stdout]     |
[INFO] [stdout] 324 |     run!({
[INFO] [stdout]     |     ^^^
[INFO] [stdout]     |
[INFO] [stdout]     = note: import resolution is stuck, try simplifying macro imports
[INFO] [stdout] 
[INFO] [stdout] 
[INFO] [stdout] error: cannot determine resolution for the macro `run`
[INFO] [stdout]    --> tests/snapshot.rs:337:5
[INFO] [stdout]     |
[INFO] [stdout] 337 |     run!({
[INFO] [stdout]     |     ^^^
[INFO] [stdout]     |
[INFO] [stdout]     = note: import resolution is stuck, try simplifying macro imports
[INFO] [stdout] 
[INFO] [stdout] 
[INFO] [stdout] warning: unused import: `yakui_core::Alignment`
[INFO] [stdout]  --> tests/snapshot.rs:3:5
[INFO] [stdout]   |
[INFO] [stdout] 3 | use yakui_core::Alignment;
[INFO] [stdout]   |     ^^^^^^^^^^^^^^^^^^^^^
[INFO] [stdout]   |
[INFO] [stdout]   = note: `#[warn(unused_imports)]` on by default
[INFO] [stdout] 
[INFO] [stdout] 
[INFO] [stdout] warning: unused imports: `Button`, `List`, `UnconstrainedBox`
[INFO] [stdout]  --> tests/snapshot.rs:5:30
[INFO] [stdout]   |
[INFO] [stdout] 5 | use yakui_widgets::widgets::{Button, List, Pad, UnconstrainedBox};
[INFO] [stdout]   |                              ^^^^^^  ^^^^       ^^^^^^^^^^^^^^^^
[INFO] [stdout] 
[INFO] [stdout] 
[INFO] [stdout] warning: unused imports: `align`, `button`, `center`, `checkbox`, `colored_box_container`, `column`, `constrained`, `expanded`, `pad`, `row`, `text`
[INFO] [stdout]  --> tests/snapshot.rs:7:5
[INFO] [stdout]   |
[INFO] [stdout] 7 |     align, button, center, checkbox, colored_box, colored_box_container, column, constrained,
[INFO] [stdout]   |     ^^^^^  ^^^^^^  ^^^^^^  ^^^^^^^^               ^^^^^^^^^^^^^^^^^^^^^  ^^^^^^  ^^^^^^^^^^^
[INFO] [stdout] 8 |     expanded, pad, row, text,
[INFO] [stdout]   |     ^^^^^^^^  ^^^  ^^^  ^^^^
[INFO] [stdout] 
[INFO] [stdout] 
[INFO] [stdout] error: aborting due to 29 previous errors; 3 warnings emitted
[INFO] [stdout] 
[INFO] [stdout] 
[INFO] [stdout] For more information about this error, try `rustc --explain E0432`.
[INFO] [stdout] 
[INFO] [stderr] error: could not compile `yakui-widgets` (test "snapshot") due to 30 previous errors; 3 warnings emitted
[INFO] [stderr] warning: build failed, waiting for other jobs to finish...
[INFO] running `Command { std: "docker" "inspect" "4b5fb142fe630cec125acce71b05989c5dda9524a32f15e936c5c9461230f873", kill_on_drop: false }`
[INFO] running `Command { std: "docker" "rm" "-f" "4b5fb142fe630cec125acce71b05989c5dda9524a32f15e936c5c9461230f873", kill_on_drop: false }`
[INFO] [stdout] 4b5fb142fe630cec125acce71b05989c5dda9524a32f15e936c5c9461230f873
[INFO] testing yakui-widgets-0.2.0 against beta-2023-12-22 for beta-1.76-1
[INFO] extracting crate yakui-widgets 0.2.0 into /workspace/builds/worker-0-tc2/source
[INFO] validating manifest of crates.io crate yakui-widgets 0.2.0 on toolchain beta-2023-12-22
[INFO] running `Command { std: CARGO_HOME="/workspace/cargo-home" RUSTUP_HOME="/workspace/rustup-home" "/workspace/cargo-home/bin/cargo" "+beta-2023-12-22" "metadata" "--manifest-path" "Cargo.toml" "--no-deps", kill_on_drop: false }`
[INFO] started tweaking crates.io crate yakui-widgets 0.2.0
[INFO] finished tweaking crates.io crate yakui-widgets 0.2.0
[INFO] tweaked toml for crates.io crate yakui-widgets 0.2.0 written to /workspace/builds/worker-0-tc2/source/Cargo.toml
[INFO] running `Command { std: CARGO_HOME="/workspace/cargo-home" RUSTUP_HOME="/workspace/rustup-home" "/workspace/cargo-home/bin/cargo" "+beta-2023-12-22" "generate-lockfile" "--manifest-path" "Cargo.toml", kill_on_drop: false }`
[INFO] [stderr]     Updating crates.io index
[INFO] running `Command { std: CARGO_HOME="/workspace/cargo-home" RUSTUP_HOME="/workspace/rustup-home" "/workspace/cargo-home/bin/cargo" "+beta-2023-12-22" "fetch" "--manifest-path" "Cargo.toml", kill_on_drop: false }`
[INFO] running `Command { std: "docker" "create" "-v" "/var/lib/crater-agent-workspace/builds/worker-0-tc2/target:/opt/rustwide/target:rw,Z" "-v" "/var/lib/crater-agent-workspace/builds/worker-0-tc2/source:/opt/rustwide/workdir:ro,Z" "-v" "/var/lib/crater-agent-workspace/cargo-home:/opt/rustwide/cargo-home:ro,Z" "-v" "/var/lib/crater-agent-workspace/rustup-home:/opt/rustwide/rustup-home:ro,Z" "-e" "SOURCE_DIR=/opt/rustwide/workdir" "-e" "CARGO_TARGET_DIR=/opt/rustwide/target" "-e" "CARGO_HOME=/opt/rustwide/cargo-home" "-e" "RUSTUP_HOME=/opt/rustwide/rustup-home" "-w" "/opt/rustwide/workdir" "-m" "1610612736" "--user" "0:0" "--network" "none" "ghcr.io/rust-lang/crates-build-env/linux@sha256:2788e3201cd34a07e3172128adcd8b3090168a8e3bcc40d7c032b9dda1df7d1c" "/opt/rustwide/cargo-home/bin/cargo" "+beta-2023-12-22" "metadata" "--no-deps" "--format-version=1", kill_on_drop: false }`
[INFO] [stdout] b5de93bdc7815f667d250dd138dac3c568f614fe345696b8936baa222a103edf
[INFO] running `Command { std: "docker" "start" "-a" "b5de93bdc7815f667d250dd138dac3c568f614fe345696b8936baa222a103edf", kill_on_drop: false }`
[INFO] running `Command { std: "docker" "inspect" "b5de93bdc7815f667d250dd138dac3c568f614fe345696b8936baa222a103edf", kill_on_drop: false }`
[INFO] running `Command { std: "docker" "rm" "-f" "b5de93bdc7815f667d250dd138dac3c568f614fe345696b8936baa222a103edf", kill_on_drop: false }`
[INFO] [stdout] b5de93bdc7815f667d250dd138dac3c568f614fe345696b8936baa222a103edf
[INFO] running `Command { std: "docker" "create" "-v" "/var/lib/crater-agent-workspace/builds/worker-0-tc2/target:/opt/rustwide/target:rw,Z" "-v" "/var/lib/crater-agent-workspace/builds/worker-0-tc2/source:/opt/rustwide/workdir:ro,Z" "-v" "/var/lib/crater-agent-workspace/cargo-home:/opt/rustwide/cargo-home:ro,Z" "-v" "/var/lib/crater-agent-workspace/rustup-home:/opt/rustwide/rustup-home:ro,Z" "-e" "SOURCE_DIR=/opt/rustwide/workdir" "-e" "CARGO_TARGET_DIR=/opt/rustwide/target" "-e" "CARGO_INCREMENTAL=0" "-e" "RUST_BACKTRACE=full" "-e" "RUSTFLAGS=--cap-lints=warn" "-e" "RUSTDOCFLAGS=--cap-lints=warn" "-e" "CARGO_HOME=/opt/rustwide/cargo-home" "-e" "RUSTUP_HOME=/opt/rustwide/rustup-home" "-w" "/opt/rustwide/workdir" "-m" "1610612736" "--user" "0:0" "--network" "none" "ghcr.io/rust-lang/crates-build-env/linux@sha256:2788e3201cd34a07e3172128adcd8b3090168a8e3bcc40d7c032b9dda1df7d1c" "/opt/rustwide/cargo-home/bin/cargo" "+beta-2023-12-22" "build" "--frozen" "--message-format=json", kill_on_drop: false }`
[INFO] [stdout] 4ac9cfae6443fab31b9b9f6738f1f5620fd140110e1319e69c9e618ec9fb61c5
[INFO] running `Command { std: "docker" "start" "-a" "4ac9cfae6443fab31b9b9f6738f1f5620fd140110e1319e69c9e618ec9fb61c5", kill_on_drop: false }`
[INFO] [stderr]    Compiling rand_core v0.6.4
[INFO] [stderr]    Compiling siphasher v0.3.11
[INFO] [stderr]    Compiling syn v1.0.109
[INFO] [stderr]    Compiling serde v1.0.194
[INFO] [stderr]    Compiling num-traits v0.2.17
[INFO] [stderr]    Compiling ahash v0.8.7
[INFO] [stderr]    Compiling palette v0.6.1
[INFO] [stderr]    Compiling once_cell v1.19.0
[INFO] [stderr]    Compiling rand v0.8.5
[INFO] [stderr]    Compiling phf_shared v0.11.2
[INFO] [stderr]    Compiling zerocopy v0.7.32
[INFO] [stderr]    Compiling profiling-procmacros v1.0.13
[INFO] [stderr]    Compiling keyboard-types v0.6.2
[INFO] [stderr]    Compiling phf_generator v0.11.2
[INFO] [stderr]    Compiling phf_macros v0.11.2
[INFO] [stderr]    Compiling hashbrown v0.13.2
[INFO] [stderr]    Compiling ttf-parser v0.15.2
[INFO] [stderr]    Compiling profiling v1.0.13
[INFO] [stderr]    Compiling anymap v0.12.1
[INFO] [stderr]    Compiling thunderdome v0.5.1
[INFO] [stderr]    Compiling glam v0.21.3
[INFO] [stderr]    Compiling approx v0.5.1
[INFO] [stderr]    Compiling fontdue v0.7.3
[INFO] [stderr]    Compiling phf v0.11.2
[INFO] [stderr]    Compiling toml v0.5.11
[INFO] [stderr]    Compiling smol_str v0.1.24
[INFO] [stderr]    Compiling find-crate v0.6.3
[INFO] [stderr]    Compiling palette_derive v0.6.1
[INFO] [stderr]    Compiling yakui-core v0.2.0
[INFO] [stderr]    Compiling yakui-widgets v0.2.0 (/opt/rustwide/workdir)
[INFO] [stderr]     Finished dev [unoptimized + debuginfo] target(s) in 7.02s
[INFO] running `Command { std: "docker" "inspect" "4ac9cfae6443fab31b9b9f6738f1f5620fd140110e1319e69c9e618ec9fb61c5", kill_on_drop: false }`
[INFO] running `Command { std: "docker" "rm" "-f" "4ac9cfae6443fab31b9b9f6738f1f5620fd140110e1319e69c9e618ec9fb61c5", kill_on_drop: false }`
[INFO] [stdout] 4ac9cfae6443fab31b9b9f6738f1f5620fd140110e1319e69c9e618ec9fb61c5
[INFO] running `Command { std: "docker" "create" "-v" "/var/lib/crater-agent-workspace/builds/worker-0-tc2/target:/opt/rustwide/target:rw,Z" "-v" "/var/lib/crater-agent-workspace/builds/worker-0-tc2/source:/opt/rustwide/workdir:ro,Z" "-v" "/var/lib/crater-agent-workspace/cargo-home:/opt/rustwide/cargo-home:ro,Z" "-v" "/var/lib/crater-agent-workspace/rustup-home:/opt/rustwide/rustup-home:ro,Z" "-e" "SOURCE_DIR=/opt/rustwide/workdir" "-e" "CARGO_TARGET_DIR=/opt/rustwide/target" "-e" "CARGO_INCREMENTAL=0" "-e" "RUST_BACKTRACE=full" "-e" "RUSTFLAGS=--cap-lints=warn" "-e" "RUSTDOCFLAGS=--cap-lints=warn" "-e" "CARGO_HOME=/opt/rustwide/cargo-home" "-e" "RUSTUP_HOME=/opt/rustwide/rustup-home" "-w" "/opt/rustwide/workdir" "-m" "1610612736" "--user" "0:0" "--network" "none" "ghcr.io/rust-lang/crates-build-env/linux@sha256:2788e3201cd34a07e3172128adcd8b3090168a8e3bcc40d7c032b9dda1df7d1c" "/opt/rustwide/cargo-home/bin/cargo" "+beta-2023-12-22" "test" "--frozen" "--no-run" "--message-format=json", kill_on_drop: false }`
[INFO] [stdout] 87ce0997c44f1371a5002ec60b26f7b3d8b7ae20ff8531cb42db693bfe01f00d
[INFO] running `Command { std: "docker" "start" "-a" "87ce0997c44f1371a5002ec60b26f7b3d8b7ae20ff8531cb42db693bfe01f00d", kill_on_drop: false }`
[INFO] [stderr]    Compiling linked-hash-map v0.5.6
[INFO] [stderr]    Compiling console v0.15.7
[INFO] [stderr]    Compiling similar v2.4.0
[INFO] [stderr]    Compiling yaml-rust v0.4.5
[INFO] [stderr]    Compiling insta v1.34.0
[INFO] [stderr]    Compiling yakui-widgets v0.2.0 (/opt/rustwide/workdir)
[INFO] [stdout] error[E0432]: unresolved import `yakui`
[INFO] [stdout]  --> tests/snapshot.rs:1:5
[INFO] [stdout]   |
[INFO] [stdout] 1 | use yakui::{Constraints, CrossAxisAlignment, MainAxisAlignment, MainAxisSize, Vec2};
[INFO] [stdout]   |     ^^^^^ use of undeclared crate or module `yakui`
[INFO] [stdout] 
[INFO] [stdout] 
[INFO] [stdout] error[E0432]: unresolved import `yakui_test`
[INFO] [stdout]  --> tests/snapshot.rs:4:5
[INFO] [stdout]   |
[INFO] [stdout] 4 | use yakui_test::{run, Test};
[INFO] [stdout]   |     ^^^^^^^^^^ use of undeclared crate or module `yakui_test`
[INFO] [stdout] 
[INFO] [stdout] 
[INFO] [stdout] error: cannot determine resolution for the macro `run`
[INFO] [stdout]   --> tests/snapshot.rs:13:5
[INFO] [stdout]    |
[INFO] [stdout] 13 |     run!({
[INFO] [stdout]    |     ^^^
[INFO] [stdout]    |
[INFO] [stdout]    = note: import resolution is stuck, try simplifying macro imports
[INFO] [stdout] 
[INFO] [stdout] 
[INFO] [stdout] error: cannot determine resolution for the macro `run`
[INFO] [stdout]   --> tests/snapshot.rs:20:5
[INFO] [stdout]    |
[INFO] [stdout] 20 |     run!({
[INFO] [stdout]    |     ^^^
[INFO] [stdout]    |
[INFO] [stdout]    = note: import resolution is stuck, try simplifying macro imports
[INFO] [stdout] 
[INFO] [stdout] 
[INFO] [stdout] error: cannot determine resolution for the macro `run`
[INFO] [stdout]   --> tests/snapshot.rs:31:5
[INFO] [stdout]    |
[INFO] [stdout] 31 |     run!({
[INFO] [stdout]    |     ^^^
[INFO] [stdout]    |
[INFO] [stdout]    = note: import resolution is stuck, try simplifying macro imports
[INFO] [stdout] 
[INFO] [stdout] 
[INFO] [stdout] error: cannot determine resolution for the macro `run`
[INFO] [stdout]   --> tests/snapshot.rs:42:5
[INFO] [stdout]    |
[INFO] [stdout] 42 |     run!({
[INFO] [stdout]    |     ^^^
[INFO] [stdout]    |
[INFO] [stdout]    = note: import resolution is stuck, try simplifying macro imports
[INFO] [stdout] 
[INFO] [stdout] 
[INFO] [stdout] error: cannot determine resolution for the macro `run`
[INFO] [stdout]   --> tests/snapshot.rs:55:5
[INFO] [stdout]    |
[INFO] [stdout] 55 |     run!({
[INFO] [stdout]    |     ^^^
[INFO] [stdout]    |
[INFO] [stdout]    = note: import resolution is stuck, try simplifying macro imports
[INFO] [stdout] 
[INFO] [stdout] 
[INFO] [stdout] error: cannot determine resolution for the macro `run`
[INFO] [stdout]   --> tests/snapshot.rs:68:5
[INFO] [stdout]    |
[INFO] [stdout] 68 |     run!({
[INFO] [stdout]    |     ^^^
[INFO] [stdout]    |
[INFO] [stdout]    = note: import resolution is stuck, try simplifying macro imports
[INFO] [stdout] 
[INFO] [stdout] 
[INFO] [stdout] error: cannot determine resolution for the macro `run`
[INFO] [stdout]   --> tests/snapshot.rs:81:5
[INFO] [stdout]    |
[INFO] [stdout] 81 |     run!({
[INFO] [stdout]    |     ^^^
[INFO] [stdout]    |
[INFO] [stdout]    = note: import resolution is stuck, try simplifying macro imports
[INFO] [stdout] 
[INFO] [stdout] 
[INFO] [stdout] error: cannot determine resolution for the macro `run`
[INFO] [stdout]   --> tests/snapshot.rs:94:5
[INFO] [stdout]    |
[INFO] [stdout] 94 |     run!({
[INFO] [stdout]    |     ^^^
[INFO] [stdout]    |
[INFO] [stdout]    = note: import resolution is stuck, try simplifying macro imports
[INFO] [stdout] 
[INFO] [stdout] 
[INFO] [stdout] error: cannot determine resolution for the macro `run`
[INFO] [stdout]    --> tests/snapshot.rs:107:5
[INFO] [stdout]     |
[INFO] [stdout] 107 |     run!({
[INFO] [stdout]     |     ^^^
[INFO] [stdout]     |
[INFO] [stdout]     = note: import resolution is stuck, try simplifying macro imports
[INFO] [stdout] 
[INFO] [stdout] 
[INFO] [stdout] error: cannot determine resolution for the macro `run`
[INFO] [stdout]    --> tests/snapshot.rs:120:5
[INFO] [stdout]     |
[INFO] [stdout] 120 |     run!({
[INFO] [stdout]     |     ^^^
[INFO] [stdout]     |
[INFO] [stdout]     = note: import resolution is stuck, try simplifying macro imports
[INFO] [stdout] 
[INFO] [stdout] 
[INFO] [stdout] error: cannot determine resolution for the macro `run`
[INFO] [stdout]    --> tests/snapshot.rs:133:5
[INFO] [stdout]     |
[INFO] [stdout] 133 |     run!({
[INFO] [stdout]     |     ^^^
[INFO] [stdout]     |
[INFO] [stdout]     = note: import resolution is stuck, try simplifying macro imports
[INFO] [stdout] 
[INFO] [stdout] 
[INFO] [stdout] error: cannot determine resolution for the macro `run`
[INFO] [stdout]    --> tests/snapshot.rs:148:5
[INFO] [stdout]     |
[INFO] [stdout] 148 |     run!({
[INFO] [stdout]     |     ^^^
[INFO] [stdout]     |
[INFO] [stdout]     = note: import resolution is stuck, try simplifying macro imports
[INFO] [stdout] 
[INFO] [stdout] 
[INFO] [stdout] error: cannot determine resolution for the macro `run`
[INFO] [stdout]    --> tests/snapshot.rs:161:5
[INFO] [stdout]     |
[INFO] [stdout] 161 |     run!({
[INFO] [stdout]     |     ^^^
[INFO] [stdout]     |
[INFO] [stdout]     = note: import resolution is stuck, try simplifying macro imports
[INFO] [stdout] 
[INFO] [stdout] 
[INFO] [stdout] error: cannot determine resolution for the macro `run`
[INFO] [stdout]    --> tests/snapshot.rs:174:5
[INFO] [stdout]     |
[INFO] [stdout] 174 |     run!({
[INFO] [stdout]     |     ^^^
[INFO] [stdout]     |
[INFO] [stdout]     = note: import resolution is stuck, try simplifying macro imports
[INFO] [stdout] 
[INFO] [stdout] 
[INFO] [stdout] error: cannot determine resolution for the macro `run`
[INFO] [stdout]    --> tests/snapshot.rs:187:5
[INFO] [stdout]     |
[INFO] [stdout] 187 |     run!({
[INFO] [stdout]     |     ^^^
[INFO] [stdout]     |
[INFO] [stdout]     = note: import resolution is stuck, try simplifying macro imports
[INFO] [stdout] 
[INFO] [stdout] 
[INFO] [stdout] error: cannot determine resolution for the macro `run`
[INFO] [stdout]    --> tests/snapshot.rs:200:5
[INFO] [stdout]     |
[INFO] [stdout] 200 |     run!({
[INFO] [stdout]     |     ^^^
[INFO] [stdout]     |
[INFO] [stdout]     = note: import resolution is stuck, try simplifying macro imports
[INFO] [stdout] 
[INFO] [stdout] 
[INFO] [stdout] error: cannot determine resolution for the macro `run`
[INFO] [stdout]    --> tests/snapshot.rs:213:5
[INFO] [stdout]     |
[INFO] [stdout] 213 |     run!({
[INFO] [stdout]     |     ^^^
[INFO] [stdout]     |
[INFO] [stdout]     = note: import resolution is stuck, try simplifying macro imports
[INFO] [stdout] 
[INFO] [stdout] 
[INFO] [stdout] error: cannot determine resolution for the macro `run`
[INFO] [stdout]    --> tests/snapshot.rs:226:5
[INFO] [stdout]     |
[INFO] [stdout] 226 |     run!({
[INFO] [stdout]     |     ^^^
[INFO] [stdout]     |
[INFO] [stdout]     = note: import resolution is stuck, try simplifying macro imports
[INFO] [stdout] 
[INFO] [stdout] 
[INFO] [stdout] error: cannot determine resolution for the macro `run`
[INFO] [stdout]    --> tests/snapshot.rs:241:5
[INFO] [stdout]     |
[INFO] [stdout] 241 |     run!({
[INFO] [stdout]     |     ^^^
[INFO] [stdout]     |
[INFO] [stdout]     = note: import resolution is stuck, try simplifying macro imports
[INFO] [stdout] 
[INFO] [stdout] 
[INFO] [stdout] error: cannot determine resolution for the macro `run`
[INFO] [stdout]    --> tests/snapshot.rs:255:5
[INFO] [stdout]     |
[INFO] [stdout] 255 |     run!({
[INFO] [stdout]     |     ^^^
[INFO] [stdout]     |
[INFO] [stdout]     = note: import resolution is stuck, try simplifying macro imports
[INFO] [stdout] 
[INFO] [stdout] 
[INFO] [stdout] error: cannot determine resolution for the macro `run`
[INFO] [stdout]    --> tests/snapshot.rs:264:5
[INFO] [stdout]     |
[INFO] [stdout] 264 |     run!({
[INFO] [stdout]     |     ^^^
[INFO] [stdout]     |
[INFO] [stdout]     = note: import resolution is stuck, try simplifying macro imports
[INFO] [stdout] 
[INFO] [stdout] 
[INFO] [stdout] error: cannot determine resolution for the macro `run`
[INFO] [stdout]    --> tests/snapshot.rs:273:5
[INFO] [stdout]     |
[INFO] [stdout] 273 |     run!({
[INFO] [stdout]     |     ^^^
[INFO] [stdout]     |
[INFO] [stdout]     = note: import resolution is stuck, try simplifying macro imports
[INFO] [stdout] 
[INFO] [stdout] 
[INFO] [stdout] error: cannot determine resolution for the macro `run`
[INFO] [stdout]    --> tests/snapshot.rs:284:5
[INFO] [stdout]     |
[INFO] [stdout] 284 |     run!({
[INFO] [stdout]     |     ^^^
[INFO] [stdout]     |
[INFO] [stdout]     = note: import resolution is stuck, try simplifying macro imports
[INFO] [stdout] 
[INFO] [stdout] 
[INFO] [stdout] error: cannot determine resolution for the macro `run`
[INFO] [stdout]    --> tests/snapshot.rs:299:5
[INFO] [stdout]     |
[INFO] [stdout] 299 |     run!({
[INFO] [stdout]     |     ^^^
[INFO] [stdout]     |
[INFO] [stdout]     = note: import resolution is stuck, try simplifying macro imports
[INFO] [stdout] 
[INFO] [stdout] 
[INFO] [stdout] error: cannot determine resolution for the macro `run`
[INFO] [stdout]    --> tests/snapshot.rs:310:5
[INFO] [stdout]     |
[INFO] [stdout] 310 |     run!({
[INFO] [stdout]     |     ^^^
[INFO] [stdout]     |
[INFO] [stdout]     = note: import resolution is stuck, try simplifying macro imports
[INFO] [stdout] 
[INFO] [stdout] 
[INFO] [stdout] error: cannot determine resolution for the macro `run`
[INFO] [stdout]    --> tests/snapshot.rs:324:5
[INFO] [stdout]     |
[INFO] [stdout] 324 |     run!({
[INFO] [stdout]     |     ^^^
[INFO] [stdout]     |
[INFO] [stdout]     = note: import resolution is stuck, try simplifying macro imports
[INFO] [stdout] 
[INFO] [stdout] 
[INFO] [stdout] error: cannot determine resolution for the macro `run`
[INFO] [stdout]    --> tests/snapshot.rs:337:5
[INFO] [stdout]     |
[INFO] [stdout] 337 |     run!({
[INFO] [stdout]     |     ^^^
[INFO] [stdout]     |
[INFO] [stdout]     = note: import resolution is stuck, try simplifying macro imports
[INFO] [stdout] 
[INFO] [stdout] 
[INFO] [stdout] warning: unused import: `yakui_core::Alignment`
[INFO] [stdout]  --> tests/snapshot.rs:3:5
[INFO] [stdout]   |
[INFO] [stdout] 3 | use yakui_core::Alignment;
[INFO] [stdout]   |     ^^^^^^^^^^^^^^^^^^^^^
[INFO] [stdout]   |
[INFO] [stdout]   = note: `#[warn(unused_imports)]` on by default
[INFO] [stdout] 
[INFO] [stdout] 
[INFO] [stdout] warning: unused imports: `Button`, `List`, `UnconstrainedBox`
[INFO] [stdout]  --> tests/snapshot.rs:5:30
[INFO] [stdout]   |
[INFO] [stdout] 5 | use yakui_widgets::widgets::{Button, List, Pad, UnconstrainedBox};
[INFO] [stdout]   |                              ^^^^^^  ^^^^       ^^^^^^^^^^^^^^^^
[INFO] [stdout] 
[INFO] [stdout] 
[INFO] [stdout] warning: unused imports: `align`, `button`, `center`, `checkbox`, `colored_box_container`, `column`, `constrained`, `expanded`, `pad`, `row`, `text`
[INFO] [stdout]  --> tests/snapshot.rs:7:5
[INFO] [stdout]   |
[INFO] [stdout] 7 |     align, button, center, checkbox, colored_box, colored_box_container, column, constrained,
[INFO] [stdout]   |     ^^^^^  ^^^^^^  ^^^^^^  ^^^^^^^^               ^^^^^^^^^^^^^^^^^^^^^  ^^^^^^  ^^^^^^^^^^^
[INFO] [stdout] 8 |     expanded, pad, row, text,
[INFO] [stdout]   |     ^^^^^^^^  ^^^  ^^^  ^^^^
[INFO] [stdout] 
[INFO] [stdout] 
[INFO] [stdout] error: aborting due to 29 previous errors; 3 warnings emitted
[INFO] [stdout] 
[INFO] [stdout] 
[INFO] [stdout] For more information about this error, try `rustc --explain E0432`.
[INFO] [stdout] 
[INFO] [stderr] error: could not compile `yakui-widgets` (test "snapshot") due to 30 previous errors; 3 warnings emitted
[INFO] [stderr] warning: build failed, waiting for other jobs to finish...
[INFO] running `Command { std: "docker" "inspect" "87ce0997c44f1371a5002ec60b26f7b3d8b7ae20ff8531cb42db693bfe01f00d", kill_on_drop: false }`
[INFO] running `Command { std: "docker" "rm" "-f" "87ce0997c44f1371a5002ec60b26f7b3d8b7ae20ff8531cb42db693bfe01f00d", kill_on_drop: false }`
[INFO] [stdout] 87ce0997c44f1371a5002ec60b26f7b3d8b7ae20ff8531cb42db693bfe01f00d
