[INFO] fetching crate ya-runtime-sdk 0.4.0...
[INFO] testing ya-runtime-sdk-0.4.0 against 1.75.0 for beta-1.76-1
[INFO] extracting crate ya-runtime-sdk 0.4.0 into /workspace/builds/worker-6-tc1/source
[INFO] validating manifest of crates.io crate ya-runtime-sdk 0.4.0 on toolchain 1.75.0
[INFO] running `Command { std: CARGO_HOME="/workspace/cargo-home" RUSTUP_HOME="/workspace/rustup-home" "/workspace/cargo-home/bin/cargo" "+1.75.0" "metadata" "--manifest-path" "Cargo.toml" "--no-deps", kill_on_drop: false }`
[INFO] started tweaking crates.io crate ya-runtime-sdk 0.4.0
[INFO] finished tweaking crates.io crate ya-runtime-sdk 0.4.0
[INFO] tweaked toml for crates.io crate ya-runtime-sdk 0.4.0 written to /workspace/builds/worker-6-tc1/source/Cargo.toml
[INFO] running `Command { std: CARGO_HOME="/workspace/cargo-home" RUSTUP_HOME="/workspace/rustup-home" "/workspace/cargo-home/bin/cargo" "+1.75.0" "generate-lockfile" "--manifest-path" "Cargo.toml", kill_on_drop: false }`
[INFO] [stderr]     Updating crates.io index
[INFO] running `Command { std: CARGO_HOME="/workspace/cargo-home" RUSTUP_HOME="/workspace/rustup-home" "/workspace/cargo-home/bin/cargo" "+1.75.0" "fetch" "--manifest-path" "Cargo.toml", kill_on_drop: false }`
[INFO] [stderr]  Downloading crates ...
[INFO] [stderr]   Downloaded ya-runtime-sdk-derive v0.1.0
[INFO] [stderr]   Downloaded ya-runtime-api v0.6.0
[INFO] running `Command { std: "docker" "create" "-v" "/var/lib/crater-agent-workspace/builds/worker-6-tc1/target:/opt/rustwide/target:rw,Z" "-v" "/var/lib/crater-agent-workspace/builds/worker-6-tc1/source:/opt/rustwide/workdir:ro,Z" "-v" "/var/lib/crater-agent-workspace/cargo-home:/opt/rustwide/cargo-home:ro,Z" "-v" "/var/lib/crater-agent-workspace/rustup-home:/opt/rustwide/rustup-home:ro,Z" "-e" "SOURCE_DIR=/opt/rustwide/workdir" "-e" "CARGO_TARGET_DIR=/opt/rustwide/target" "-e" "CARGO_HOME=/opt/rustwide/cargo-home" "-e" "RUSTUP_HOME=/opt/rustwide/rustup-home" "-w" "/opt/rustwide/workdir" "-m" "1610612736" "--user" "0:0" "--network" "none" "ghcr.io/rust-lang/crates-build-env/linux@sha256:2788e3201cd34a07e3172128adcd8b3090168a8e3bcc40d7c032b9dda1df7d1c" "/opt/rustwide/cargo-home/bin/cargo" "+1.75.0" "metadata" "--no-deps" "--format-version=1", kill_on_drop: false }`
[INFO] [stdout] f499f861f1b1c1beed6672bcfdf213748e0eec9ed50e11de95f80e150e343a08
[INFO] running `Command { std: "docker" "start" "-a" "f499f861f1b1c1beed6672bcfdf213748e0eec9ed50e11de95f80e150e343a08", kill_on_drop: false }`
[INFO] running `Command { std: "docker" "inspect" "f499f861f1b1c1beed6672bcfdf213748e0eec9ed50e11de95f80e150e343a08", kill_on_drop: false }`
[INFO] running `Command { std: "docker" "rm" "-f" "f499f861f1b1c1beed6672bcfdf213748e0eec9ed50e11de95f80e150e343a08", kill_on_drop: false }`
[INFO] [stdout] f499f861f1b1c1beed6672bcfdf213748e0eec9ed50e11de95f80e150e343a08
[INFO] running `Command { std: "docker" "create" "-v" "/var/lib/crater-agent-workspace/builds/worker-6-tc1/target:/opt/rustwide/target:rw,Z" "-v" "/var/lib/crater-agent-workspace/builds/worker-6-tc1/source:/opt/rustwide/workdir:ro,Z" "-v" "/var/lib/crater-agent-workspace/cargo-home:/opt/rustwide/cargo-home:ro,Z" "-v" "/var/lib/crater-agent-workspace/rustup-home:/opt/rustwide/rustup-home:ro,Z" "-e" "SOURCE_DIR=/opt/rustwide/workdir" "-e" "CARGO_TARGET_DIR=/opt/rustwide/target" "-e" "CARGO_INCREMENTAL=0" "-e" "RUST_BACKTRACE=full" "-e" "RUSTFLAGS=--cap-lints=warn" "-e" "RUSTDOCFLAGS=--cap-lints=warn" "-e" "CARGO_HOME=/opt/rustwide/cargo-home" "-e" "RUSTUP_HOME=/opt/rustwide/rustup-home" "-w" "/opt/rustwide/workdir" "-m" "1610612736" "--user" "0:0" "--network" "none" "ghcr.io/rust-lang/crates-build-env/linux@sha256:2788e3201cd34a07e3172128adcd8b3090168a8e3bcc40d7c032b9dda1df7d1c" "/opt/rustwide/cargo-home/bin/cargo" "+1.75.0" "build" "--frozen" "--message-format=json", kill_on_drop: false }`
[INFO] [stdout] f45e7697df0045a75baf0e3a799d6f37063939621607324687274ecbdc68fa12
[INFO] running `Command { std: "docker" "start" "-a" "f45e7697df0045a75baf0e3a799d6f37063939621607324687274ecbdc68fa12", kill_on_drop: false }`
[INFO] [stderr]    Compiling rustix v0.38.28
[INFO] [stderr]    Compiling bytes v1.5.0
[INFO] [stderr]    Compiling regex-syntax v0.8.2
[INFO] [stderr]    Compiling serde v1.0.194
[INFO] [stderr]    Compiling futures-channel v0.3.30
[INFO] [stderr]    Compiling syn v2.0.48
[INFO] [stderr]    Compiling heck v0.4.1
[INFO] [stderr]    Compiling cmake v0.1.50
[INFO] [stderr]    Compiling prost-derive v0.10.1
[INFO] [stderr]    Compiling log v0.4.20
[INFO] [stderr]    Compiling tracing-core v0.1.32
[INFO] [stderr]    Compiling unicode-width v0.1.11
[INFO] [stderr]    Compiling strsim v0.8.0
[INFO] [stderr]    Compiling ansi_term v0.12.1
[INFO] [stderr]    Compiling vec_map v0.8.2
[INFO] [stderr]    Compiling structopt-derive v0.4.18
[INFO] [stderr]    Compiling textwrap v0.11.0
[INFO] [stderr]    Compiling dirs-sys v0.3.7
[INFO] [stderr]    Compiling unsafe-libyaml v0.2.10
[INFO] [stderr]    Compiling clap v2.34.0
[INFO] [stderr]    Compiling directories v4.0.1
[INFO] [stderr]    Compiling tracing v0.1.40
[INFO] [stderr]    Compiling regex-automata v0.4.3
[INFO] [stderr]    Compiling prost v0.10.4
[INFO] [stderr]    Compiling prost-types v0.10.1
[INFO] [stderr]    Compiling which v4.4.2
[INFO] [stderr]    Compiling tempfile v3.9.0
[INFO] [stderr]    Compiling structopt v0.3.26
[INFO] [stderr]    Compiling prost-build v0.10.4
[INFO] [stderr]    Compiling regex v1.10.2
[INFO] [stderr]    Compiling serde_derive v1.0.194
[INFO] [stderr]    Compiling futures-macro v0.3.30
[INFO] [stderr]    Compiling tokio-macros v2.2.0
[INFO] [stderr]    Compiling tokio v1.35.1
[INFO] [stderr]    Compiling futures-util v0.3.30
[INFO] [stderr]    Compiling ya-runtime-api v0.6.0
[INFO] [stderr]    Compiling tokio-util v0.7.10
[INFO] [stderr]    Compiling futures-executor v0.3.30
[INFO] [stderr]    Compiling futures v0.3.30
[INFO] [stderr]    Compiling serde_json v1.0.111
[INFO] [stderr]    Compiling toml v0.5.11
[INFO] [stderr]    Compiling serde_yaml v0.9.30
[INFO] [stderr]    Compiling ya-runtime-sdk v0.4.0 (/opt/rustwide/workdir)
[INFO] [stderr]     Finished dev [unoptimized + debuginfo] target(s) in 11.55s
[INFO] running `Command { std: "docker" "inspect" "f45e7697df0045a75baf0e3a799d6f37063939621607324687274ecbdc68fa12", kill_on_drop: false }`
[INFO] running `Command { std: "docker" "rm" "-f" "f45e7697df0045a75baf0e3a799d6f37063939621607324687274ecbdc68fa12", kill_on_drop: false }`
[INFO] [stdout] f45e7697df0045a75baf0e3a799d6f37063939621607324687274ecbdc68fa12
[INFO] running `Command { std: "docker" "create" "-v" "/var/lib/crater-agent-workspace/builds/worker-6-tc1/target:/opt/rustwide/target:rw,Z" "-v" "/var/lib/crater-agent-workspace/builds/worker-6-tc1/source:/opt/rustwide/workdir:ro,Z" "-v" "/var/lib/crater-agent-workspace/cargo-home:/opt/rustwide/cargo-home:ro,Z" "-v" "/var/lib/crater-agent-workspace/rustup-home:/opt/rustwide/rustup-home:ro,Z" "-e" "SOURCE_DIR=/opt/rustwide/workdir" "-e" "CARGO_TARGET_DIR=/opt/rustwide/target" "-e" "CARGO_INCREMENTAL=0" "-e" "RUST_BACKTRACE=full" "-e" "RUSTFLAGS=--cap-lints=warn" "-e" "RUSTDOCFLAGS=--cap-lints=warn" "-e" "CARGO_HOME=/opt/rustwide/cargo-home" "-e" "RUSTUP_HOME=/opt/rustwide/rustup-home" "-w" "/opt/rustwide/workdir" "-m" "1610612736" "--user" "0:0" "--network" "none" "ghcr.io/rust-lang/crates-build-env/linux@sha256:2788e3201cd34a07e3172128adcd8b3090168a8e3bcc40d7c032b9dda1df7d1c" "/opt/rustwide/cargo-home/bin/cargo" "+1.75.0" "test" "--frozen" "--no-run" "--message-format=json", kill_on_drop: false }`
[INFO] [stdout] 076c45cf5c1d41aaf331d2387fd9807a9fa3a89fa0301fd5b246ca8e0f8089c9
[INFO] running `Command { std: "docker" "start" "-a" "076c45cf5c1d41aaf331d2387fd9807a9fa3a89fa0301fd5b246ca8e0f8089c9", kill_on_drop: false }`
[INFO] [stderr]    Compiling rand v0.4.6
[INFO] [stderr]    Compiling remove_dir_all v0.5.3
[INFO] [stderr]    Compiling tempdir v0.3.7
[INFO] [stderr]    Compiling ya-runtime-sdk v0.4.0 (/opt/rustwide/workdir)
[INFO] [stdout] error[E0433]: failed to resolve: could not find `RuntimeDef` in `ya_runtime_sdk`
[INFO] [stdout]   --> tests/context.rs:67:26
[INFO] [stdout]    |
[INFO] [stdout] 67 | #[derive(ya_runtime_sdk::RuntimeDef, Default)]
[INFO] [stdout]    |                          ^^^^^^^^^^ could not find `RuntimeDef` in `ya_runtime_sdk`
[INFO] [stdout] 
[INFO] [stdout] 
[INFO] [stdout] error: cannot find attribute `conf` in this scope
[INFO] [stdout]   --> tests/context.rs:68:3
[INFO] [stdout]    |
[INFO] [stdout] 68 | #[conf(Conf)]
[INFO] [stdout]    |   ^^^^
[INFO] [stdout] 
[INFO] [stdout] 
[INFO] [stdout] error: cannot find attribute `cli` in this scope
[INFO] [stdout]   --> tests/context.rs:69:3
[INFO] [stdout]    |
[INFO] [stdout] 69 | #[cli(Cli)]
[INFO] [stdout]    |   ^^^
[INFO] [stdout]    |
[INFO] [stdout] note: `cli` is imported here, but it is a module, not an attribute
[INFO] [stdout]   --> tests/context.rs:5:5
[INFO] [stdout]    |
[INFO] [stdout] 5  | use ya_runtime_sdk::*;
[INFO] [stdout]    |     ^^^^^^^^^^^^^^^^^
[INFO] [stdout] 
[INFO] [stdout] 
[INFO] [stdout] error[E0277]: the trait bound `Runtime: ya_runtime_sdk::RuntimeDef` is not satisfied
[INFO] [stdout]   --> tests/context.rs:47:31
[INFO] [stdout]    |
[INFO] [stdout] 47 | impl ya_runtime_sdk::env::Env<RuntimeCli> for Env {
[INFO] [stdout]    |                               ^^^^^^^^^^ the trait `ya_runtime_sdk::RuntimeDef` is not implemented for `Runtime`
[INFO] [stdout] 
[INFO] [stdout] 
[INFO] [stdout] error[E0277]: the trait bound `Runtime: ya_runtime_sdk::RuntimeDef` is not satisfied
[INFO] [stdout]   --> tests/context.rs:71:21
[INFO] [stdout]    |
[INFO] [stdout] 71 | impl_empty_runtime!(Runtime);
[INFO] [stdout]    |                     ^^^^^^^ the trait `ya_runtime_sdk::RuntimeDef` is not implemented for `Runtime`
[INFO] [stdout]    |
[INFO] [stdout] note: required by a bound in `ya_runtime_sdk::Runtime`
[INFO] [stdout]   --> /opt/rustwide/workdir/src/runtime.rs:23:20
[INFO] [stdout]    |
[INFO] [stdout] 23 | pub trait Runtime: RuntimeDef {
[INFO] [stdout]    |                    ^^^^^^^^^^ required by this bound in `Runtime`
[INFO] [stdout] 
[INFO] [stdout] 
[INFO] [stdout] error: aborting due to 5 previous errors
[INFO] [stdout] 
[INFO] [stdout] 
[INFO] [stdout] Some errors have detailed explanations: E0277, E0433.
[INFO] [stdout] 
[INFO] [stdout] For more information about an error, try `rustc --explain E0277`.
[INFO] [stdout] 
[INFO] [stderr] error: could not compile `ya-runtime-sdk` (test "context") due to 6 previous errors
[INFO] [stderr] warning: build failed, waiting for other jobs to finish...
[INFO] running `Command { std: "docker" "inspect" "076c45cf5c1d41aaf331d2387fd9807a9fa3a89fa0301fd5b246ca8e0f8089c9", kill_on_drop: false }`
[INFO] running `Command { std: "docker" "rm" "-f" "076c45cf5c1d41aaf331d2387fd9807a9fa3a89fa0301fd5b246ca8e0f8089c9", kill_on_drop: false }`
[INFO] [stdout] 076c45cf5c1d41aaf331d2387fd9807a9fa3a89fa0301fd5b246ca8e0f8089c9
[INFO] testing ya-runtime-sdk-0.4.0 against beta-2023-12-22 for beta-1.76-1
[INFO] extracting crate ya-runtime-sdk 0.4.0 into /workspace/builds/worker-6-tc2/source
[INFO] validating manifest of crates.io crate ya-runtime-sdk 0.4.0 on toolchain beta-2023-12-22
[INFO] running `Command { std: CARGO_HOME="/workspace/cargo-home" RUSTUP_HOME="/workspace/rustup-home" "/workspace/cargo-home/bin/cargo" "+beta-2023-12-22" "metadata" "--manifest-path" "Cargo.toml" "--no-deps", kill_on_drop: false }`
[INFO] started tweaking crates.io crate ya-runtime-sdk 0.4.0
[INFO] finished tweaking crates.io crate ya-runtime-sdk 0.4.0
[INFO] tweaked toml for crates.io crate ya-runtime-sdk 0.4.0 written to /workspace/builds/worker-6-tc2/source/Cargo.toml
[INFO] running `Command { std: CARGO_HOME="/workspace/cargo-home" RUSTUP_HOME="/workspace/rustup-home" "/workspace/cargo-home/bin/cargo" "+beta-2023-12-22" "generate-lockfile" "--manifest-path" "Cargo.toml", kill_on_drop: false }`
[INFO] [stderr]     Updating crates.io index
[INFO] running `Command { std: CARGO_HOME="/workspace/cargo-home" RUSTUP_HOME="/workspace/rustup-home" "/workspace/cargo-home/bin/cargo" "+beta-2023-12-22" "fetch" "--manifest-path" "Cargo.toml", kill_on_drop: false }`
[INFO] running `Command { std: "docker" "create" "-v" "/var/lib/crater-agent-workspace/builds/worker-6-tc2/target:/opt/rustwide/target:rw,Z" "-v" "/var/lib/crater-agent-workspace/builds/worker-6-tc2/source:/opt/rustwide/workdir:ro,Z" "-v" "/var/lib/crater-agent-workspace/cargo-home:/opt/rustwide/cargo-home:ro,Z" "-v" "/var/lib/crater-agent-workspace/rustup-home:/opt/rustwide/rustup-home:ro,Z" "-e" "SOURCE_DIR=/opt/rustwide/workdir" "-e" "CARGO_TARGET_DIR=/opt/rustwide/target" "-e" "CARGO_HOME=/opt/rustwide/cargo-home" "-e" "RUSTUP_HOME=/opt/rustwide/rustup-home" "-w" "/opt/rustwide/workdir" "-m" "1610612736" "--user" "0:0" "--network" "none" "ghcr.io/rust-lang/crates-build-env/linux@sha256:2788e3201cd34a07e3172128adcd8b3090168a8e3bcc40d7c032b9dda1df7d1c" "/opt/rustwide/cargo-home/bin/cargo" "+beta-2023-12-22" "metadata" "--no-deps" "--format-version=1", kill_on_drop: false }`
[INFO] [stdout] 0672cdfaf9bdec31a0dd3d05d3f6c74adf8f1261b51403e3897bb14a46f1ed0a
[INFO] running `Command { std: "docker" "start" "-a" "0672cdfaf9bdec31a0dd3d05d3f6c74adf8f1261b51403e3897bb14a46f1ed0a", kill_on_drop: false }`
[INFO] running `Command { std: "docker" "inspect" "0672cdfaf9bdec31a0dd3d05d3f6c74adf8f1261b51403e3897bb14a46f1ed0a", kill_on_drop: false }`
[INFO] running `Command { std: "docker" "rm" "-f" "0672cdfaf9bdec31a0dd3d05d3f6c74adf8f1261b51403e3897bb14a46f1ed0a", kill_on_drop: false }`
[INFO] [stdout] 0672cdfaf9bdec31a0dd3d05d3f6c74adf8f1261b51403e3897bb14a46f1ed0a
[INFO] running `Command { std: "docker" "create" "-v" "/var/lib/crater-agent-workspace/builds/worker-6-tc2/target:/opt/rustwide/target:rw,Z" "-v" "/var/lib/crater-agent-workspace/builds/worker-6-tc2/source:/opt/rustwide/workdir:ro,Z" "-v" "/var/lib/crater-agent-workspace/cargo-home:/opt/rustwide/cargo-home:ro,Z" "-v" "/var/lib/crater-agent-workspace/rustup-home:/opt/rustwide/rustup-home:ro,Z" "-e" "SOURCE_DIR=/opt/rustwide/workdir" "-e" "CARGO_TARGET_DIR=/opt/rustwide/target" "-e" "CARGO_INCREMENTAL=0" "-e" "RUST_BACKTRACE=full" "-e" "RUSTFLAGS=--cap-lints=warn" "-e" "RUSTDOCFLAGS=--cap-lints=warn" "-e" "CARGO_HOME=/opt/rustwide/cargo-home" "-e" "RUSTUP_HOME=/opt/rustwide/rustup-home" "-w" "/opt/rustwide/workdir" "-m" "1610612736" "--user" "0:0" "--network" "none" "ghcr.io/rust-lang/crates-build-env/linux@sha256:2788e3201cd34a07e3172128adcd8b3090168a8e3bcc40d7c032b9dda1df7d1c" "/opt/rustwide/cargo-home/bin/cargo" "+beta-2023-12-22" "build" "--frozen" "--message-format=json", kill_on_drop: false }`
[INFO] [stdout] cd76693dbcdc590a473a75ee51550e462d9fee20a313fbeae62e90fd61285286
[INFO] running `Command { std: "docker" "start" "-a" "cd76693dbcdc590a473a75ee51550e462d9fee20a313fbeae62e90fd61285286", kill_on_drop: false }`
[INFO] [stderr]    Compiling rustix v0.38.28
[INFO] [stderr]    Compiling bytes v1.5.0
[INFO] [stderr]    Compiling serde v1.0.194
[INFO] [stderr]    Compiling regex-syntax v0.8.2
[INFO] [stderr]    Compiling futures-channel v0.3.30
[INFO] [stderr]    Compiling heck v0.4.1
[INFO] [stderr]    Compiling syn v2.0.48
[INFO] [stderr]    Compiling log v0.4.20
[INFO] [stderr]    Compiling cmake v0.1.50
[INFO] [stderr]    Compiling prost-derive v0.10.1
[INFO] [stderr]    Compiling tracing-core v0.1.32
[INFO] [stderr]    Compiling unicode-width v0.1.11
[INFO] [stderr]    Compiling vec_map v0.8.2
[INFO] [stderr]    Compiling ansi_term v0.12.1
[INFO] [stderr]    Compiling strsim v0.8.0
[INFO] [stderr]    Compiling structopt-derive v0.4.18
[INFO] [stderr]    Compiling textwrap v0.11.0
[INFO] [stderr]    Compiling dirs-sys v0.3.7
[INFO] [stderr]    Compiling unsafe-libyaml v0.2.10
[INFO] [stderr]    Compiling tracing v0.1.40
[INFO] [stderr]    Compiling directories v4.0.1
[INFO] [stderr]    Compiling clap v2.34.0
[INFO] [stderr]    Compiling regex-automata v0.4.3
[INFO] [stderr]    Compiling prost v0.10.4
[INFO] [stderr]    Compiling which v4.4.2
[INFO] [stderr]    Compiling tempfile v3.9.0
[INFO] [stderr]    Compiling prost-types v0.10.1
[INFO] [stderr]    Compiling prost-build v0.10.4
[INFO] [stderr]    Compiling structopt v0.3.26
[INFO] [stderr]    Compiling regex v1.10.2
[INFO] [stderr]    Compiling serde_derive v1.0.194
[INFO] [stderr]    Compiling futures-macro v0.3.30
[INFO] [stderr]    Compiling tokio-macros v2.2.0
[INFO] [stderr]    Compiling ya-runtime-api v0.6.0
[INFO] [stderr]    Compiling tokio v1.35.1
[INFO] [stderr]    Compiling futures-util v0.3.30
[INFO] [stderr]    Compiling futures-executor v0.3.30
[INFO] [stderr]    Compiling tokio-util v0.7.10
[INFO] [stderr]    Compiling futures v0.3.30
[INFO] [stderr]    Compiling serde_json v1.0.111
[INFO] [stderr]    Compiling toml v0.5.11
[INFO] [stderr]    Compiling serde_yaml v0.9.30
[INFO] [stderr]    Compiling ya-runtime-sdk v0.4.0 (/opt/rustwide/workdir)
[INFO] [stderr]     Finished dev [unoptimized + debuginfo] target(s) in 11.08s
[INFO] running `Command { std: "docker" "inspect" "cd76693dbcdc590a473a75ee51550e462d9fee20a313fbeae62e90fd61285286", kill_on_drop: false }`
[INFO] running `Command { std: "docker" "rm" "-f" "cd76693dbcdc590a473a75ee51550e462d9fee20a313fbeae62e90fd61285286", kill_on_drop: false }`
[INFO] [stdout] cd76693dbcdc590a473a75ee51550e462d9fee20a313fbeae62e90fd61285286
[INFO] running `Command { std: "docker" "create" "-v" "/var/lib/crater-agent-workspace/builds/worker-6-tc2/target:/opt/rustwide/target:rw,Z" "-v" "/var/lib/crater-agent-workspace/builds/worker-6-tc2/source:/opt/rustwide/workdir:ro,Z" "-v" "/var/lib/crater-agent-workspace/cargo-home:/opt/rustwide/cargo-home:ro,Z" "-v" "/var/lib/crater-agent-workspace/rustup-home:/opt/rustwide/rustup-home:ro,Z" "-e" "SOURCE_DIR=/opt/rustwide/workdir" "-e" "CARGO_TARGET_DIR=/opt/rustwide/target" "-e" "CARGO_INCREMENTAL=0" "-e" "RUST_BACKTRACE=full" "-e" "RUSTFLAGS=--cap-lints=warn" "-e" "RUSTDOCFLAGS=--cap-lints=warn" "-e" "CARGO_HOME=/opt/rustwide/cargo-home" "-e" "RUSTUP_HOME=/opt/rustwide/rustup-home" "-w" "/opt/rustwide/workdir" "-m" "1610612736" "--user" "0:0" "--network" "none" "ghcr.io/rust-lang/crates-build-env/linux@sha256:2788e3201cd34a07e3172128adcd8b3090168a8e3bcc40d7c032b9dda1df7d1c" "/opt/rustwide/cargo-home/bin/cargo" "+beta-2023-12-22" "test" "--frozen" "--no-run" "--message-format=json", kill_on_drop: false }`
[INFO] [stdout] 6a0f5d5fe5906e978b46b695bbc65dc8687dc809732a5c6eb701e0944f465abb
[INFO] running `Command { std: "docker" "start" "-a" "6a0f5d5fe5906e978b46b695bbc65dc8687dc809732a5c6eb701e0944f465abb", kill_on_drop: false }`
[INFO] [stderr]    Compiling rand v0.4.6
[INFO] [stderr]    Compiling remove_dir_all v0.5.3
[INFO] [stderr]    Compiling tempdir v0.3.7
[INFO] [stderr]    Compiling ya-runtime-sdk v0.4.0 (/opt/rustwide/workdir)
[INFO] [stdout] error[E0433]: failed to resolve: could not find `RuntimeDef` in `ya_runtime_sdk`
[INFO] [stdout]   --> tests/context.rs:67:26
[INFO] [stdout]    |
[INFO] [stdout] 67 | #[derive(ya_runtime_sdk::RuntimeDef, Default)]
[INFO] [stdout]    |                          ^^^^^^^^^^ could not find `RuntimeDef` in `ya_runtime_sdk`
[INFO] [stdout] 
[INFO] [stdout] 
[INFO] [stdout] error: cannot find attribute `conf` in this scope
[INFO] [stdout]   --> tests/context.rs:68:3
[INFO] [stdout]    |
[INFO] [stdout] 68 | #[conf(Conf)]
[INFO] [stdout]    |   ^^^^
[INFO] [stdout] 
[INFO] [stdout] 
[INFO] [stdout] error: cannot find attribute `cli` in this scope
[INFO] [stdout]   --> tests/context.rs:69:3
[INFO] [stdout]    |
[INFO] [stdout] 69 | #[cli(Cli)]
[INFO] [stdout]    |   ^^^
[INFO] [stdout]    |
[INFO] [stdout] note: `cli` is imported here, but it is a module, not an attribute
[INFO] [stdout]   --> tests/context.rs:5:5
[INFO] [stdout]    |
[INFO] [stdout] 5  | use ya_runtime_sdk::*;
[INFO] [stdout]    |     ^^^^^^^^^^^^^^^^^
[INFO] [stdout] 
[INFO] [stdout] 
[INFO] [stdout] error[E0277]: the trait bound `Runtime: ya_runtime_sdk::RuntimeDef` is not satisfied
[INFO] [stdout]   --> tests/context.rs:47:31
[INFO] [stdout]    |
[INFO] [stdout] 47 | impl ya_runtime_sdk::env::Env<RuntimeCli> for Env {
[INFO] [stdout]    |                               ^^^^^^^^^^ the trait `ya_runtime_sdk::RuntimeDef` is not implemented for `Runtime`
[INFO] [stdout] 
[INFO] [stdout] 
[INFO] [stdout] error[E0277]: the trait bound `Runtime: ya_runtime_sdk::RuntimeDef` is not satisfied
[INFO] [stdout]   --> tests/context.rs:71:21
[INFO] [stdout]    |
[INFO] [stdout] 71 | impl_empty_runtime!(Runtime);
[INFO] [stdout]    |                     ^^^^^^^ the trait `ya_runtime_sdk::RuntimeDef` is not implemented for `Runtime`
[INFO] [stdout]    |
[INFO] [stdout] note: required by a bound in `ya_runtime_sdk::Runtime`
[INFO] [stdout]   --> /opt/rustwide/workdir/src/runtime.rs:23:20
[INFO] [stdout]    |
[INFO] [stdout] 23 | pub trait Runtime: RuntimeDef {
[INFO] [stdout]    |                    ^^^^^^^^^^ required by this bound in `Runtime`
[INFO] [stdout] 
[INFO] [stdout] 
[INFO] [stdout] error: aborting due to 5 previous errors
[INFO] [stdout] 
[INFO] [stdout] 
[INFO] [stdout] Some errors have detailed explanations: E0277, E0433.
[INFO] [stdout] 
[INFO] [stdout] For more information about an error, try `rustc --explain E0277`.
[INFO] [stdout] 
[INFO] [stderr] error: could not compile `ya-runtime-sdk` (test "context") due to 6 previous errors
[INFO] [stderr] warning: build failed, waiting for other jobs to finish...
[INFO] running `Command { std: "docker" "inspect" "6a0f5d5fe5906e978b46b695bbc65dc8687dc809732a5c6eb701e0944f465abb", kill_on_drop: false }`
[INFO] running `Command { std: "docker" "rm" "-f" "6a0f5d5fe5906e978b46b695bbc65dc8687dc809732a5c6eb701e0944f465abb", kill_on_drop: false }`
[INFO] [stdout] 6a0f5d5fe5906e978b46b695bbc65dc8687dc809732a5c6eb701e0944f465abb
