[INFO] fetching crate ya-relay-proto 0.4.2...
[INFO] testing ya-relay-proto-0.4.2 against 1.75.0 for beta-1.76-1
[INFO] extracting crate ya-relay-proto 0.4.2 into /workspace/builds/worker-3-tc1/source
[INFO] validating manifest of crates.io crate ya-relay-proto 0.4.2 on toolchain 1.75.0
[INFO] running `Command { std: CARGO_HOME="/workspace/cargo-home" RUSTUP_HOME="/workspace/rustup-home" "/workspace/cargo-home/bin/cargo" "+1.75.0" "metadata" "--manifest-path" "Cargo.toml" "--no-deps", kill_on_drop: false }`
[INFO] started tweaking crates.io crate ya-relay-proto 0.4.2
[INFO] finished tweaking crates.io crate ya-relay-proto 0.4.2
[INFO] tweaked toml for crates.io crate ya-relay-proto 0.4.2 written to /workspace/builds/worker-3-tc1/source/Cargo.toml
[INFO] running `Command { std: CARGO_HOME="/workspace/cargo-home" RUSTUP_HOME="/workspace/rustup-home" "/workspace/cargo-home/bin/cargo" "+1.75.0" "generate-lockfile" "--manifest-path" "Cargo.toml", kill_on_drop: false }`
[INFO] [stderr]     Updating crates.io index
[INFO] running `Command { std: CARGO_HOME="/workspace/cargo-home" RUSTUP_HOME="/workspace/rustup-home" "/workspace/cargo-home/bin/cargo" "+1.75.0" "fetch" "--manifest-path" "Cargo.toml", kill_on_drop: false }`
[INFO] [stderr]  Downloading crates ...
[INFO] [stderr]   Downloaded ya-relay-util v0.1.0
[INFO] running `Command { std: "docker" "create" "-v" "/var/lib/crater-agent-workspace/builds/worker-3-tc1/target:/opt/rustwide/target:rw,Z" "-v" "/var/lib/crater-agent-workspace/builds/worker-3-tc1/source:/opt/rustwide/workdir:ro,Z" "-v" "/var/lib/crater-agent-workspace/cargo-home:/opt/rustwide/cargo-home:ro,Z" "-v" "/var/lib/crater-agent-workspace/rustup-home:/opt/rustwide/rustup-home:ro,Z" "-e" "SOURCE_DIR=/opt/rustwide/workdir" "-e" "CARGO_TARGET_DIR=/opt/rustwide/target" "-e" "CARGO_HOME=/opt/rustwide/cargo-home" "-e" "RUSTUP_HOME=/opt/rustwide/rustup-home" "-w" "/opt/rustwide/workdir" "-m" "1610612736" "--user" "0:0" "--network" "none" "ghcr.io/rust-lang/crates-build-env/linux@sha256:2788e3201cd34a07e3172128adcd8b3090168a8e3bcc40d7c032b9dda1df7d1c" "/opt/rustwide/cargo-home/bin/cargo" "+1.75.0" "metadata" "--no-deps" "--format-version=1", kill_on_drop: false }`
[INFO] [stdout] 65f5d396f9689219514e4233d50e89afccda66b4f818b35c54babaec993ec7cb
[INFO] running `Command { std: "docker" "start" "-a" "65f5d396f9689219514e4233d50e89afccda66b4f818b35c54babaec993ec7cb", kill_on_drop: false }`
[INFO] running `Command { std: "docker" "inspect" "65f5d396f9689219514e4233d50e89afccda66b4f818b35c54babaec993ec7cb", kill_on_drop: false }`
[INFO] running `Command { std: "docker" "rm" "-f" "65f5d396f9689219514e4233d50e89afccda66b4f818b35c54babaec993ec7cb", kill_on_drop: false }`
[INFO] [stdout] 65f5d396f9689219514e4233d50e89afccda66b4f818b35c54babaec993ec7cb
[INFO] running `Command { std: "docker" "create" "-v" "/var/lib/crater-agent-workspace/builds/worker-3-tc1/target:/opt/rustwide/target:rw,Z" "-v" "/var/lib/crater-agent-workspace/builds/worker-3-tc1/source:/opt/rustwide/workdir:ro,Z" "-v" "/var/lib/crater-agent-workspace/cargo-home:/opt/rustwide/cargo-home:ro,Z" "-v" "/var/lib/crater-agent-workspace/rustup-home:/opt/rustwide/rustup-home:ro,Z" "-e" "SOURCE_DIR=/opt/rustwide/workdir" "-e" "CARGO_TARGET_DIR=/opt/rustwide/target" "-e" "CARGO_INCREMENTAL=0" "-e" "RUST_BACKTRACE=full" "-e" "RUSTFLAGS=--cap-lints=warn" "-e" "RUSTDOCFLAGS=--cap-lints=warn" "-e" "CARGO_HOME=/opt/rustwide/cargo-home" "-e" "RUSTUP_HOME=/opt/rustwide/rustup-home" "-w" "/opt/rustwide/workdir" "-m" "1610612736" "--user" "0:0" "--network" "none" "ghcr.io/rust-lang/crates-build-env/linux@sha256:2788e3201cd34a07e3172128adcd8b3090168a8e3bcc40d7c032b9dda1df7d1c" "/opt/rustwide/cargo-home/bin/cargo" "+1.75.0" "build" "--frozen" "--message-format=json", kill_on_drop: false }`
[INFO] [stdout] 868724b94d0ff9f2aaab5021be118303ee8c39f87df5777ba9d9e60cc8a37cc4
[INFO] running `Command { std: "docker" "start" "-a" "868724b94d0ff9f2aaab5021be118303ee8c39f87df5777ba9d9e60cc8a37cc4", kill_on_drop: false }`
[INFO] [stderr]    Compiling libc v0.2.151
[INFO] [stderr]    Compiling either v1.9.0
[INFO] [stderr]    Compiling syn v1.0.109
[INFO] [stderr]    Compiling rustix v0.38.28
[INFO] [stderr]    Compiling anyhow v1.0.79
[INFO] [stderr]    Compiling linux-raw-sys v0.4.12
[INFO] [stderr]    Compiling bitflags v2.4.1
[INFO] [stderr]    Compiling home v0.5.9
[INFO] [stderr]    Compiling hashbrown v0.14.3
[INFO] [stderr]    Compiling regex-syntax v0.8.2
[INFO] [stderr]    Compiling equivalent v1.0.1
[INFO] [stderr]    Compiling syn v2.0.48
[INFO] [stderr]    Compiling futures-core v0.3.30
[INFO] [stderr]    Compiling futures-sink v0.3.30
[INFO] [stderr]    Compiling fastrand v2.0.1
[INFO] [stderr]    Compiling log v0.4.20
[INFO] [stderr]    Compiling lazy_static v1.4.0
[INFO] [stderr]    Compiling futures-channel v0.3.30
[INFO] [stderr]    Compiling multimap v0.8.3
[INFO] [stderr]    Compiling tracing-core v0.1.32
[INFO] [stderr]    Compiling thiserror v1.0.56
[INFO] [stderr]    Compiling itertools v0.10.5
[INFO] [stderr]    Compiling convert_case v0.4.0
[INFO] [stderr]    Compiling tracing v0.1.40
[INFO] [stderr]    Compiling indexmap v2.1.0
[INFO] [stderr]    Compiling petgraph v0.6.4
[INFO] [stderr]    Compiling regex-automata v0.4.3
[INFO] [stderr]    Compiling cc v1.0.83
[INFO] [stderr]    Compiling getrandom v0.2.11
[INFO] [stderr]    Compiling rand_core v0.6.4
[INFO] [stderr]    Compiling rand_chacha v0.3.1
[INFO] [stderr]    Compiling which v4.4.2
[INFO] [stderr]    Compiling tempfile v3.9.0
[INFO] [stderr]    Compiling rand v0.8.5
[INFO] [stderr]    Compiling cmake v0.1.50
[INFO] [stderr]    Compiling prost-build v0.10.4
[INFO] [stderr]    Compiling prost-derive v0.10.1
[INFO] [stderr]    Compiling derive_more v0.99.17
[INFO] [stderr]    Compiling regex v1.10.2
[INFO] [stderr]    Compiling futures-macro v0.3.30
[INFO] [stderr]    Compiling tokio-macros v2.2.0
[INFO] [stderr]    Compiling thiserror-impl v1.0.56
[INFO] [stderr]    Compiling tokio v1.35.1
[INFO] [stderr]    Compiling futures-util v0.3.30
[INFO] [stderr]    Compiling prost v0.10.4
[INFO] [stderr]    Compiling prost-types v0.10.1
[INFO] [stderr]    Compiling ya-relay-util v0.1.0
[INFO] [stderr]    Compiling tokio-util v0.7.10
[INFO] [stderr]    Compiling ya-relay-proto v0.4.2 (/opt/rustwide/workdir)
[INFO] [stderr]    Compiling futures-executor v0.3.30
[INFO] [stderr]    Compiling futures v0.3.30
[INFO] [stderr]     Finished dev [unoptimized + debuginfo] target(s) in 6.18s
[INFO] running `Command { std: "docker" "inspect" "868724b94d0ff9f2aaab5021be118303ee8c39f87df5777ba9d9e60cc8a37cc4", kill_on_drop: false }`
[INFO] running `Command { std: "docker" "rm" "-f" "868724b94d0ff9f2aaab5021be118303ee8c39f87df5777ba9d9e60cc8a37cc4", kill_on_drop: false }`
[INFO] [stdout] 868724b94d0ff9f2aaab5021be118303ee8c39f87df5777ba9d9e60cc8a37cc4
[INFO] running `Command { std: "docker" "create" "-v" "/var/lib/crater-agent-workspace/builds/worker-3-tc1/target:/opt/rustwide/target:rw,Z" "-v" "/var/lib/crater-agent-workspace/builds/worker-3-tc1/source:/opt/rustwide/workdir:ro,Z" "-v" "/var/lib/crater-agent-workspace/cargo-home:/opt/rustwide/cargo-home:ro,Z" "-v" "/var/lib/crater-agent-workspace/rustup-home:/opt/rustwide/rustup-home:ro,Z" "-e" "SOURCE_DIR=/opt/rustwide/workdir" "-e" "CARGO_TARGET_DIR=/opt/rustwide/target" "-e" "CARGO_INCREMENTAL=0" "-e" "RUST_BACKTRACE=full" "-e" "RUSTFLAGS=--cap-lints=warn" "-e" "RUSTDOCFLAGS=--cap-lints=warn" "-e" "CARGO_HOME=/opt/rustwide/cargo-home" "-e" "RUSTUP_HOME=/opt/rustwide/rustup-home" "-w" "/opt/rustwide/workdir" "-m" "1610612736" "--user" "0:0" "--network" "none" "ghcr.io/rust-lang/crates-build-env/linux@sha256:2788e3201cd34a07e3172128adcd8b3090168a8e3bcc40d7c032b9dda1df7d1c" "/opt/rustwide/cargo-home/bin/cargo" "+1.75.0" "test" "--frozen" "--no-run" "--message-format=json", kill_on_drop: false }`
[INFO] [stdout] 09c710ce229f523a38d2022e8f02e3b573e9d89cfded2b774d083b6ac4c41f4d
[INFO] running `Command { std: "docker" "start" "-a" "09c710ce229f523a38d2022e8f02e3b573e9d89cfded2b774d083b6ac4c41f4d", kill_on_drop: false }`
[INFO] [stderr]    Compiling ya-relay-proto v0.4.2 (/opt/rustwide/workdir)
[INFO] [stdout] error: The #[tokio::test] macro requires rt or rt-multi-thread.
[INFO] [stdout]   --> src/codec/datagram.rs:92:5
[INFO] [stdout]    |
[INFO] [stdout] 92 |     #[tokio::test]
[INFO] [stdout]    |     ^^^^^^^^^^^^^^
[INFO] [stdout]    |
[INFO] [stdout]    = note: this error originates in the attribute macro `tokio::test` (in Nightly builds, run with -Z macro-backtrace for more info)
[INFO] [stdout] 
[INFO] [stdout] 
[INFO] [stdout] error: The #[tokio::test] macro requires rt or rt-multi-thread.
[INFO] [stdout]    --> src/codec/forward.rs:250:5
[INFO] [stdout]     |
[INFO] [stdout] 250 |     #[tokio::test]
[INFO] [stdout]     |     ^^^^^^^^^^^^^^
[INFO] [stdout]     |
[INFO] [stdout]     = note: this error originates in the attribute macro `tokio::test` (in Nightly builds, run with -Z macro-backtrace for more info)
[INFO] [stdout] 
[INFO] [stdout] 
[INFO] [stdout] error: The #[tokio::test] macro requires rt or rt-multi-thread.
[INFO] [stdout]    --> src/codec/stream.rs:336:5
[INFO] [stdout]     |
[INFO] [stdout] 336 |     #[tokio::test]
[INFO] [stdout]     |     ^^^^^^^^^^^^^^
[INFO] [stdout]     |
[INFO] [stdout]     = note: this error originates in the attribute macro `tokio::test` (in Nightly builds, run with -Z macro-backtrace for more info)
[INFO] [stdout] 
[INFO] [stdout] 
[INFO] [stdout] error: The #[tokio::test] macro requires rt or rt-multi-thread.
[INFO] [stdout]    --> src/codec/stream.rs:396:5
[INFO] [stdout]     |
[INFO] [stdout] 396 |     #[tokio::test]
[INFO] [stdout]     |     ^^^^^^^^^^^^^^
[INFO] [stdout]     |
[INFO] [stdout]     = note: this error originates in the attribute macro `tokio::test` (in Nightly builds, run with -Z macro-backtrace for more info)
[INFO] [stdout] 
[INFO] [stdout] 
[INFO] [stdout] error[E0425]: cannot find function `spawn` in module `tokio::task`
[INFO] [stdout]    --> src/codec/forward.rs:230:22
[INFO] [stdout]     |
[INFO] [stdout] 230 |         tokio::task::spawn(async move {
[INFO] [stdout]     |                      ^^^^^ not found in `tokio::task`
[INFO] [stdout]     |
[INFO] [stdout] note: found an item that was configured out
[INFO] [stdout]    --> /opt/rustwide/cargo-home/registry/src/index.crates.io-6f17d22bba15001f/tokio-1.35.1/src/task/mod.rs:326:9
[INFO] [stdout]     |
[INFO] [stdout] 326 |     mod spawn;
[INFO] [stdout]     |         ^^^^^
[INFO] [stdout]     = note: the item is gated behind the `rt` feature
[INFO] [stdout] note: found an item that was configured out
[INFO] [stdout]    --> /opt/rustwide/cargo-home/registry/src/index.crates.io-6f17d22bba15001f/tokio-1.35.1/src/task/mod.rs:327:20
[INFO] [stdout]     |
[INFO] [stdout] 327 |     pub use spawn::spawn;
[INFO] [stdout]     |                    ^^^^^
[INFO] [stdout]     = note: the item is gated behind the `rt` feature
[INFO] [stdout] help: consider importing this function
[INFO] [stdout]     |
[INFO] [stdout] 213 +     use std::thread::spawn;
[INFO] [stdout]     |
[INFO] [stdout] help: if you import `spawn`, refer to it directly
[INFO] [stdout]     |
[INFO] [stdout] 230 -         tokio::task::spawn(async move {
[INFO] [stdout] 230 +         spawn(async move {
[INFO] [stdout]     |
[INFO] [stdout] 
[INFO] [stdout] 
[INFO] [stdout] error[E0425]: cannot find function `spawn` in module `tokio::task`
[INFO] [stdout]    --> src/codec/forward.rs:235:22
[INFO] [stdout]     |
[INFO] [stdout] 235 |         tokio::task::spawn(async move {
[INFO] [stdout]     |                      ^^^^^ not found in `tokio::task`
[INFO] [stdout]     |
[INFO] [stdout] note: found an item that was configured out
[INFO] [stdout]    --> /opt/rustwide/cargo-home/registry/src/index.crates.io-6f17d22bba15001f/tokio-1.35.1/src/task/mod.rs:326:9
[INFO] [stdout]     |
[INFO] [stdout] 326 |     mod spawn;
[INFO] [stdout]     |         ^^^^^
[INFO] [stdout]     = note: the item is gated behind the `rt` feature
[INFO] [stdout] note: found an item that was configured out
[INFO] [stdout]    --> /opt/rustwide/cargo-home/registry/src/index.crates.io-6f17d22bba15001f/tokio-1.35.1/src/task/mod.rs:327:20
[INFO] [stdout]     |
[INFO] [stdout] 327 |     pub use spawn::spawn;
[INFO] [stdout]     |                    ^^^^^
[INFO] [stdout]     = note: the item is gated behind the `rt` feature
[INFO] [stdout] help: consider importing this function
[INFO] [stdout]     |
[INFO] [stdout] 213 +     use std::thread::spawn;
[INFO] [stdout]     |
[INFO] [stdout] help: if you import `spawn`, refer to it directly
[INFO] [stdout]     |
[INFO] [stdout] 235 -         tokio::task::spawn(async move {
[INFO] [stdout] 235 +         spawn(async move {
[INFO] [stdout]     |
[INFO] [stdout] 
[INFO] [stdout] 
[INFO] [stdout] error[E0425]: cannot find function `spawn` in module `tokio::task`
[INFO] [stdout]    --> src/codec/stream.rs:304:22
[INFO] [stdout]     |
[INFO] [stdout] 304 |         tokio::task::spawn(async move {
[INFO] [stdout]     |                      ^^^^^ not found in `tokio::task`
[INFO] [stdout]     |
[INFO] [stdout] note: found an item that was configured out
[INFO] [stdout]    --> /opt/rustwide/cargo-home/registry/src/index.crates.io-6f17d22bba15001f/tokio-1.35.1/src/task/mod.rs:326:9
[INFO] [stdout]     |
[INFO] [stdout] 326 |     mod spawn;
[INFO] [stdout]     |         ^^^^^
[INFO] [stdout]     = note: the item is gated behind the `rt` feature
[INFO] [stdout] note: found an item that was configured out
[INFO] [stdout]    --> /opt/rustwide/cargo-home/registry/src/index.crates.io-6f17d22bba15001f/tokio-1.35.1/src/task/mod.rs:327:20
[INFO] [stdout]     |
[INFO] [stdout] 327 |     pub use spawn::spawn;
[INFO] [stdout]     |                    ^^^^^
[INFO] [stdout]     = note: the item is gated behind the `rt` feature
[INFO] [stdout] help: consider importing this function
[INFO] [stdout]     |
[INFO] [stdout] 283 +     use std::thread::spawn;
[INFO] [stdout]     |
[INFO] [stdout] help: if you import `spawn`, refer to it directly
[INFO] [stdout]     |
[INFO] [stdout] 304 -         tokio::task::spawn(async move {
[INFO] [stdout] 304 +         spawn(async move {
[INFO] [stdout]     |
[INFO] [stdout] 
[INFO] [stdout] 
[INFO] [stdout] error[E0425]: cannot find function `spawn` in module `tokio::task`
[INFO] [stdout]    --> src/codec/stream.rs:309:22
[INFO] [stdout]     |
[INFO] [stdout] 309 |         tokio::task::spawn(async move {
[INFO] [stdout]     |                      ^^^^^ not found in `tokio::task`
[INFO] [stdout]     |
[INFO] [stdout] note: found an item that was configured out
[INFO] [stdout]    --> /opt/rustwide/cargo-home/registry/src/index.crates.io-6f17d22bba15001f/tokio-1.35.1/src/task/mod.rs:326:9
[INFO] [stdout]     |
[INFO] [stdout] 326 |     mod spawn;
[INFO] [stdout]     |         ^^^^^
[INFO] [stdout]     = note: the item is gated behind the `rt` feature
[INFO] [stdout] note: found an item that was configured out
[INFO] [stdout]    --> /opt/rustwide/cargo-home/registry/src/index.crates.io-6f17d22bba15001f/tokio-1.35.1/src/task/mod.rs:327:20
[INFO] [stdout]     |
[INFO] [stdout] 327 |     pub use spawn::spawn;
[INFO] [stdout]     |                    ^^^^^
[INFO] [stdout]     = note: the item is gated behind the `rt` feature
[INFO] [stdout] help: consider importing this function
[INFO] [stdout]     |
[INFO] [stdout] 283 +     use std::thread::spawn;
[INFO] [stdout]     |
[INFO] [stdout] help: if you import `spawn`, refer to it directly
[INFO] [stdout]     |
[INFO] [stdout] 309 -         tokio::task::spawn(async move {
[INFO] [stdout] 309 +         spawn(async move {
[INFO] [stdout]     |
[INFO] [stdout] 
[INFO] [stdout] 
[INFO] [stdout] warning: unused import: `Encoder`
[INFO] [stdout]   --> src/codec/datagram.rs:62:38
[INFO] [stdout]    |
[INFO] [stdout] 62 |     use tokio_util::codec::{Decoder, Encoder};
[INFO] [stdout]    |                                      ^^^^^^^
[INFO] [stdout]    |
[INFO] [stdout]    = note: `#[warn(unused_imports)]` on by default
[INFO] [stdout] 
[INFO] [stdout] 
[INFO] [stdout] warning: unused import: `crate::codec`
[INFO] [stdout]   --> src/codec/datagram.rs:64:9
[INFO] [stdout]    |
[INFO] [stdout] 64 |     use crate::codec;
[INFO] [stdout]    |         ^^^^^^^^^^^^
[INFO] [stdout] 
[INFO] [stdout] 
[INFO] [stdout] warning: unused import: `rand::Rng`
[INFO] [stdout]    --> src/codec/forward.rs:215:9
[INFO] [stdout]     |
[INFO] [stdout] 215 |     use rand::Rng;
[INFO] [stdout]     |         ^^^^^^^^^
[INFO] [stdout] 
[INFO] [stdout] 
[INFO] [stdout] error: aborting due to 8 previous errors; 3 warnings emitted
[INFO] [stdout] 
[INFO] [stdout] 
[INFO] [stdout] For more information about this error, try `rustc --explain E0425`.
[INFO] [stdout] 
[INFO] [stderr] error: could not compile `ya-relay-proto` (lib test) due to 9 previous errors; 3 warnings emitted
[INFO] running `Command { std: "docker" "inspect" "09c710ce229f523a38d2022e8f02e3b573e9d89cfded2b774d083b6ac4c41f4d", kill_on_drop: false }`
[INFO] running `Command { std: "docker" "rm" "-f" "09c710ce229f523a38d2022e8f02e3b573e9d89cfded2b774d083b6ac4c41f4d", kill_on_drop: false }`
[INFO] [stdout] 09c710ce229f523a38d2022e8f02e3b573e9d89cfded2b774d083b6ac4c41f4d
