[INFO] fetching crate xynth 0.1.0...
[INFO] testing xynth-0.1.0 against 1.75.0 for beta-1.76-1
[INFO] extracting crate xynth 0.1.0 into /workspace/builds/worker-0-tc1/source
[INFO] validating manifest of crates.io crate xynth 0.1.0 on toolchain 1.75.0
[INFO] running `Command { std: CARGO_HOME="/workspace/cargo-home" RUSTUP_HOME="/workspace/rustup-home" "/workspace/cargo-home/bin/cargo" "+1.75.0" "metadata" "--manifest-path" "Cargo.toml" "--no-deps", kill_on_drop: false }`
[INFO] removed /workspace/builds/worker-0-tc1/source/.cargo/config.toml
[INFO] started tweaking crates.io crate xynth 0.1.0
[INFO] finished tweaking crates.io crate xynth 0.1.0
[INFO] tweaked toml for crates.io crate xynth 0.1.0 written to /workspace/builds/worker-0-tc1/source/Cargo.toml
[INFO] running `Command { std: CARGO_HOME="/workspace/cargo-home" RUSTUP_HOME="/workspace/rustup-home" "/workspace/cargo-home/bin/cargo" "+1.75.0" "generate-lockfile" "--manifest-path" "Cargo.toml", kill_on_drop: false }`
[INFO] running `Command { std: CARGO_HOME="/workspace/cargo-home" RUSTUP_HOME="/workspace/rustup-home" "/workspace/cargo-home/bin/cargo" "+1.75.0" "fetch" "--manifest-path" "Cargo.toml", kill_on_drop: false }`
[INFO] running `Command { std: "docker" "create" "-v" "/var/lib/crater-agent-workspace/builds/worker-0-tc1/target:/opt/rustwide/target:rw,Z" "-v" "/var/lib/crater-agent-workspace/builds/worker-0-tc1/source:/opt/rustwide/workdir:ro,Z" "-v" "/var/lib/crater-agent-workspace/cargo-home:/opt/rustwide/cargo-home:ro,Z" "-v" "/var/lib/crater-agent-workspace/rustup-home:/opt/rustwide/rustup-home:ro,Z" "-e" "SOURCE_DIR=/opt/rustwide/workdir" "-e" "CARGO_TARGET_DIR=/opt/rustwide/target" "-e" "CARGO_HOME=/opt/rustwide/cargo-home" "-e" "RUSTUP_HOME=/opt/rustwide/rustup-home" "-w" "/opt/rustwide/workdir" "-m" "1610612736" "--user" "0:0" "--network" "none" "ghcr.io/rust-lang/crates-build-env/linux@sha256:2788e3201cd34a07e3172128adcd8b3090168a8e3bcc40d7c032b9dda1df7d1c" "/opt/rustwide/cargo-home/bin/cargo" "+1.75.0" "metadata" "--no-deps" "--format-version=1", kill_on_drop: false }`
[INFO] [stdout] 6b06c909aebd199686cebe3f251b1610207e65afaea08cf31f4cb02cd234509a
[INFO] running `Command { std: "docker" "start" "-a" "6b06c909aebd199686cebe3f251b1610207e65afaea08cf31f4cb02cd234509a", kill_on_drop: false }`
[INFO] running `Command { std: "docker" "inspect" "6b06c909aebd199686cebe3f251b1610207e65afaea08cf31f4cb02cd234509a", kill_on_drop: false }`
[INFO] running `Command { std: "docker" "rm" "-f" "6b06c909aebd199686cebe3f251b1610207e65afaea08cf31f4cb02cd234509a", kill_on_drop: false }`
[INFO] [stdout] 6b06c909aebd199686cebe3f251b1610207e65afaea08cf31f4cb02cd234509a
[INFO] running `Command { std: "docker" "create" "-v" "/var/lib/crater-agent-workspace/builds/worker-0-tc1/target:/opt/rustwide/target:rw,Z" "-v" "/var/lib/crater-agent-workspace/builds/worker-0-tc1/source:/opt/rustwide/workdir:ro,Z" "-v" "/var/lib/crater-agent-workspace/cargo-home:/opt/rustwide/cargo-home:ro,Z" "-v" "/var/lib/crater-agent-workspace/rustup-home:/opt/rustwide/rustup-home:ro,Z" "-e" "SOURCE_DIR=/opt/rustwide/workdir" "-e" "CARGO_TARGET_DIR=/opt/rustwide/target" "-e" "CARGO_INCREMENTAL=0" "-e" "RUST_BACKTRACE=full" "-e" "RUSTFLAGS=--cap-lints=warn" "-e" "RUSTDOCFLAGS=--cap-lints=warn" "-e" "CARGO_HOME=/opt/rustwide/cargo-home" "-e" "RUSTUP_HOME=/opt/rustwide/rustup-home" "-w" "/opt/rustwide/workdir" "-m" "1610612736" "--user" "0:0" "--network" "none" "ghcr.io/rust-lang/crates-build-env/linux@sha256:2788e3201cd34a07e3172128adcd8b3090168a8e3bcc40d7c032b9dda1df7d1c" "/opt/rustwide/cargo-home/bin/cargo" "+1.75.0" "build" "--frozen" "--message-format=json", kill_on_drop: false }`
[INFO] [stdout] f8073c14d2888bcb3342002f5c99e8af03a6c4e0f70a347fef2c0c0402933a2e
[INFO] running `Command { std: "docker" "start" "-a" "f8073c14d2888bcb3342002f5c99e8af03a6c4e0f70a347fef2c0c0402933a2e", kill_on_drop: false }`
[INFO] [stderr]    Compiling xynth v0.1.0 (/opt/rustwide/workdir)
[INFO] [stdout] error[E0432]: unresolved import `crate::avx2`
[INFO] [stdout]  --> src/opcode.rs:1:12
[INFO] [stdout]   |
[INFO] [stdout] 1 | use crate::avx2::*;
[INFO] [stdout]   |            ^^^^ could not find `avx2` in the crate root
[INFO] [stdout] 
[INFO] [stdout] 
[INFO] [stdout] error[E0412]: cannot find type `m256i` in this scope
[INFO] [stdout]   --> src/opcode.rs:14:27
[INFO] [stdout]    |
[INFO] [stdout] 14 | pub fn enc(inst: u128) -> m256i {
[INFO] [stdout]    |                           ^^^^^ not found in this scope
[INFO] [stdout] 
[INFO] [stdout] 
[INFO] [stdout] error[E0412]: cannot find type `m256i` in this scope
[INFO] [stdout]   --> src/opcode.rs:15:16
[INFO] [stdout]    |
[INFO] [stdout] 15 |     let state: m256i = m256i::from_u128_one(inst);
[INFO] [stdout]    |                ^^^^^ not found in this scope
[INFO] [stdout] 
[INFO] [stdout] 
[INFO] [stdout] error[E0412]: cannot find type `m256i` in this scope
[INFO] [stdout]   --> src/opcode.rs:22:27
[INFO] [stdout]    |
[INFO] [stdout] 22 | pub fn dec(inst: u128) -> m256i {
[INFO] [stdout]    |                           ^^^^^ not found in this scope
[INFO] [stdout] 
[INFO] [stdout] 
[INFO] [stdout] error[E0412]: cannot find type `m256i` in this scope
[INFO] [stdout]   --> src/opcode.rs:23:16
[INFO] [stdout]    |
[INFO] [stdout] 23 |     let state: m256i = m256i::from_u128_one(inst);
[INFO] [stdout]    |                ^^^^^ not found in this scope
[INFO] [stdout] 
[INFO] [stdout] 
[INFO] [stdout] error[E0412]: cannot find type `m256i` in this scope
[INFO] [stdout]   --> src/opcode.rs:30:27
[INFO] [stdout]    |
[INFO] [stdout] 30 | pub fn add(inst: u128) -> m256i {
[INFO] [stdout]    |                           ^^^^^ not found in this scope
[INFO] [stdout] 
[INFO] [stdout] 
[INFO] [stdout] error[E0412]: cannot find type `m256i` in this scope
[INFO] [stdout]   --> src/opcode.rs:31:16
[INFO] [stdout]    |
[INFO] [stdout] 31 |     let halfr: m256i = m256i::from_u128_one((inst << 64) >> 64);
[INFO] [stdout]    |                ^^^^^ not found in this scope
[INFO] [stdout] 
[INFO] [stdout] 
[INFO] [stdout] error[E0412]: cannot find type `m256i` in this scope
[INFO] [stdout]   --> src/opcode.rs:32:16
[INFO] [stdout]    |
[INFO] [stdout] 32 |     let halfl: m256i = m256i::from_u128_one((inst >> 64) << 64);
[INFO] [stdout]    |                ^^^^^ not found in this scope
[INFO] [stdout] 
[INFO] [stdout] 
[INFO] [stdout] error[E0412]: cannot find type `m256i` in this scope
[INFO] [stdout]   --> src/opcode.rs:36:27
[INFO] [stdout]    |
[INFO] [stdout] 36 | pub fn sub(inst: u128) -> m256i {
[INFO] [stdout]    |                           ^^^^^ not found in this scope
[INFO] [stdout] 
[INFO] [stdout] 
[INFO] [stdout] error[E0412]: cannot find type `m256i` in this scope
[INFO] [stdout]   --> src/opcode.rs:37:16
[INFO] [stdout]    |
[INFO] [stdout] 37 |     let halfr: m256i = m256i::from_u128_one((inst << 64) >> 64);
[INFO] [stdout]    |                ^^^^^ not found in this scope
[INFO] [stdout] 
[INFO] [stdout] 
[INFO] [stdout] error[E0412]: cannot find type `m256i` in this scope
[INFO] [stdout]   --> src/opcode.rs:38:16
[INFO] [stdout]    |
[INFO] [stdout] 38 |     let halfl: m256i = m256i::from_u128_one((inst >> 64) << 64);
[INFO] [stdout]    |                ^^^^^ not found in this scope
[INFO] [stdout] 
[INFO] [stdout] 
[INFO] [stdout] error[E0412]: cannot find type `m256i` in this scope
[INFO] [stdout]   --> src/opcode.rs:42:27
[INFO] [stdout]    |
[INFO] [stdout] 42 | pub fn mul(inst: u128) -> m256i {
[INFO] [stdout]    |                           ^^^^^ not found in this scope
[INFO] [stdout] 
[INFO] [stdout] 
[INFO] [stdout] error[E0412]: cannot find type `m256i` in this scope
[INFO] [stdout]   --> src/opcode.rs:43:16
[INFO] [stdout]    |
[INFO] [stdout] 43 |     let halfr: m256i = m256i::from_u128_one((inst << 64) >> 64);
[INFO] [stdout]    |                ^^^^^ not found in this scope
[INFO] [stdout] 
[INFO] [stdout] 
[INFO] [stdout] error[E0412]: cannot find type `m256i` in this scope
[INFO] [stdout]   --> src/opcode.rs:44:16
[INFO] [stdout]    |
[INFO] [stdout] 44 |     let halfl: m256i = m256i::from_u128_one((inst >> 64) << 64);
[INFO] [stdout]    |                ^^^^^ not found in this scope
[INFO] [stdout] 
[INFO] [stdout] 
[INFO] [stdout] error[E0412]: cannot find type `m256d` in this scope
[INFO] [stdout]   --> src/opcode.rs:48:27
[INFO] [stdout]    |
[INFO] [stdout] 48 | pub fn div(inst: u128) -> m256d {
[INFO] [stdout]    |                           ^^^^^ not found in this scope
[INFO] [stdout] 
[INFO] [stdout] 
[INFO] [stdout] error[E0412]: cannot find type `m256d` in this scope
[INFO] [stdout]   --> src/opcode.rs:49:16
[INFO] [stdout]    |
[INFO] [stdout] 49 |     let halfr: m256d = m256d::from_u128_one((inst << 64) >> 64);
[INFO] [stdout]    |                ^^^^^ not found in this scope
[INFO] [stdout] 
[INFO] [stdout] 
[INFO] [stdout] error[E0412]: cannot find type `m256d` in this scope
[INFO] [stdout]   --> src/opcode.rs:50:16
[INFO] [stdout]    |
[INFO] [stdout] 50 |     let halfl: m256d = m256d::from_u128_one((inst >> 64) << 64);
[INFO] [stdout]    |                ^^^^^ not found in this scope
[INFO] [stdout] 
[INFO] [stdout] 
[INFO] [stdout] error[E0412]: cannot find type `m256i` in this scope
[INFO] [stdout]   --> src/opcode.rs:54:27
[INFO] [stdout]    |
[INFO] [stdout] 54 | pub fn pal(inst: u128) -> m256i {
[INFO] [stdout]    |                           ^^^^^ not found in this scope
[INFO] [stdout] 
[INFO] [stdout] 
[INFO] [stdout] error[E0554]: `#![feature]` may not be used on the stable release channel
[INFO] [stdout]  --> src/lib.rs:2:12
[INFO] [stdout]   |
[INFO] [stdout] 2 | #![feature(stdsimd)]
[INFO] [stdout]   |            ^^^^^^^
[INFO] [stdout] 
[INFO] [stdout] 
[INFO] [stdout] error[E0433]: failed to resolve: use of undeclared crate or module `m256i`
[INFO] [stdout]   --> src/opcode.rs:15:24
[INFO] [stdout]    |
[INFO] [stdout] 15 |     let state: m256i = m256i::from_u128_one(inst);
[INFO] [stdout]    |                        ^^^^^ use of undeclared crate or module `m256i`
[INFO] [stdout] 
[INFO] [stdout] 
[INFO] [stdout] error[E0433]: failed to resolve: use of undeclared crate or module `m256i`
[INFO] [stdout]   --> src/opcode.rs:19:18
[INFO] [stdout]    |
[INFO] [stdout] 19 |     state.aesenc(m256i::from_u8(&seed))
[INFO] [stdout]    |                  ^^^^^ use of undeclared crate or module `m256i`
[INFO] [stdout] 
[INFO] [stdout] 
[INFO] [stdout] error[E0433]: failed to resolve: use of undeclared crate or module `m256i`
[INFO] [stdout]   --> src/opcode.rs:23:24
[INFO] [stdout]    |
[INFO] [stdout] 23 |     let state: m256i = m256i::from_u128_one(inst);
[INFO] [stdout]    |                        ^^^^^ use of undeclared crate or module `m256i`
[INFO] [stdout] 
[INFO] [stdout] 
[INFO] [stdout] error[E0433]: failed to resolve: use of undeclared crate or module `m256i`
[INFO] [stdout]   --> src/opcode.rs:27:18
[INFO] [stdout]    |
[INFO] [stdout] 27 |     state.aesdec(m256i::from_u8(&seed))
[INFO] [stdout]    |                  ^^^^^ use of undeclared crate or module `m256i`
[INFO] [stdout] 
[INFO] [stdout] 
[INFO] [stdout] error[E0433]: failed to resolve: use of undeclared crate or module `m256i`
[INFO] [stdout]   --> src/opcode.rs:31:24
[INFO] [stdout]    |
[INFO] [stdout] 31 |     let halfr: m256i = m256i::from_u128_one((inst << 64) >> 64);
[INFO] [stdout]    |                        ^^^^^ use of undeclared crate or module `m256i`
[INFO] [stdout] 
[INFO] [stdout] 
[INFO] [stdout] error[E0433]: failed to resolve: use of undeclared crate or module `m256i`
[INFO] [stdout]   --> src/opcode.rs:32:24
[INFO] [stdout]    |
[INFO] [stdout] 32 |     let halfl: m256i = m256i::from_u128_one((inst >> 64) << 64);
[INFO] [stdout]    |                        ^^^^^ use of undeclared crate or module `m256i`
[INFO] [stdout] 
[INFO] [stdout] 
[INFO] [stdout] error[E0433]: failed to resolve: use of undeclared crate or module `m256i`
[INFO] [stdout]   --> src/opcode.rs:33:5
[INFO] [stdout]    |
[INFO] [stdout] 33 |     m256i::add(halfl, halfr)
[INFO] [stdout]    |     ^^^^^ use of undeclared crate or module `m256i`
[INFO] [stdout] 
[INFO] [stdout] 
[INFO] [stdout] error[E0433]: failed to resolve: use of undeclared crate or module `m256i`
[INFO] [stdout]   --> src/opcode.rs:37:24
[INFO] [stdout]    |
[INFO] [stdout] 37 |     let halfr: m256i = m256i::from_u128_one((inst << 64) >> 64);
[INFO] [stdout]    |                        ^^^^^ use of undeclared crate or module `m256i`
[INFO] [stdout] 
[INFO] [stdout] 
[INFO] [stdout] error[E0433]: failed to resolve: use of undeclared crate or module `m256i`
[INFO] [stdout]   --> src/opcode.rs:38:24
[INFO] [stdout]    |
[INFO] [stdout] 38 |     let halfl: m256i = m256i::from_u128_one((inst >> 64) << 64);
[INFO] [stdout]    |                        ^^^^^ use of undeclared crate or module `m256i`
[INFO] [stdout] 
[INFO] [stdout] 
[INFO] [stdout] error[E0433]: failed to resolve: use of undeclared crate or module `m256i`
[INFO] [stdout]   --> src/opcode.rs:39:5
[INFO] [stdout]    |
[INFO] [stdout] 39 |     m256i::sub(halfl, halfr)
[INFO] [stdout]    |     ^^^^^ use of undeclared crate or module `m256i`
[INFO] [stdout] 
[INFO] [stdout] 
[INFO] [stdout] error[E0433]: failed to resolve: use of undeclared crate or module `m256i`
[INFO] [stdout]   --> src/opcode.rs:43:24
[INFO] [stdout]    |
[INFO] [stdout] 43 |     let halfr: m256i = m256i::from_u128_one((inst << 64) >> 64);
[INFO] [stdout]    |                        ^^^^^ use of undeclared crate or module `m256i`
[INFO] [stdout] 
[INFO] [stdout] 
[INFO] [stdout] error[E0433]: failed to resolve: use of undeclared crate or module `m256i`
[INFO] [stdout]   --> src/opcode.rs:44:24
[INFO] [stdout]    |
[INFO] [stdout] 44 |     let halfl: m256i = m256i::from_u128_one((inst >> 64) << 64);
[INFO] [stdout]    |                        ^^^^^ use of undeclared crate or module `m256i`
[INFO] [stdout] 
[INFO] [stdout] 
[INFO] [stdout] error[E0433]: failed to resolve: use of undeclared crate or module `m256i`
[INFO] [stdout]   --> src/opcode.rs:45:5
[INFO] [stdout]    |
[INFO] [stdout] 45 |     m256i::mul(halfl, halfr)
[INFO] [stdout]    |     ^^^^^ use of undeclared crate or module `m256i`
[INFO] [stdout] 
[INFO] [stdout] 
[INFO] [stdout] error[E0433]: failed to resolve: use of undeclared crate or module `m256d`
[INFO] [stdout]   --> src/opcode.rs:49:24
[INFO] [stdout]    |
[INFO] [stdout] 49 |     let halfr: m256d = m256d::from_u128_one((inst << 64) >> 64);
[INFO] [stdout]    |                        ^^^^^ use of undeclared crate or module `m256d`
[INFO] [stdout] 
[INFO] [stdout] 
[INFO] [stdout] error[E0433]: failed to resolve: use of undeclared crate or module `m256d`
[INFO] [stdout]   --> src/opcode.rs:50:24
[INFO] [stdout]    |
[INFO] [stdout] 50 |     let halfl: m256d = m256d::from_u128_one((inst >> 64) << 64);
[INFO] [stdout]    |                        ^^^^^ use of undeclared crate or module `m256d`
[INFO] [stdout] 
[INFO] [stdout] 
[INFO] [stdout] error[E0433]: failed to resolve: use of undeclared crate or module `m256d`
[INFO] [stdout]   --> src/opcode.rs:51:5
[INFO] [stdout]    |
[INFO] [stdout] 51 |     m256d::div(halfl, halfr)
[INFO] [stdout]    |     ^^^^^ use of undeclared crate or module `m256d`
[INFO] [stdout] 
[INFO] [stdout] 
[INFO] [stdout] error[E0433]: failed to resolve: use of undeclared crate or module `m256i`
[INFO] [stdout]   --> src/opcode.rs:59:9
[INFO] [stdout]    |
[INFO] [stdout] 59 |         m256i::palindrome_hell(m256i::from_u8(halfl), m256i::from_u8(halfr))
[INFO] [stdout]    |         ^^^^^ use of undeclared crate or module `m256i`
[INFO] [stdout] 
[INFO] [stdout] 
[INFO] [stdout] error[E0433]: failed to resolve: use of undeclared crate or module `m256i`
[INFO] [stdout]   --> src/opcode.rs:59:32
[INFO] [stdout]    |
[INFO] [stdout] 59 |         m256i::palindrome_hell(m256i::from_u8(halfl), m256i::from_u8(halfr))
[INFO] [stdout]    |                                ^^^^^ use of undeclared crate or module `m256i`
[INFO] [stdout] 
[INFO] [stdout] 
[INFO] [stdout] error[E0433]: failed to resolve: use of undeclared crate or module `m256i`
[INFO] [stdout]   --> src/opcode.rs:59:55
[INFO] [stdout]    |
[INFO] [stdout] 59 |         m256i::palindrome_hell(m256i::from_u8(halfl), m256i::from_u8(halfr))
[INFO] [stdout]    |                                                       ^^^^^ use of undeclared crate or module `m256i`
[INFO] [stdout] 
[INFO] [stdout] 
[INFO] [stdout] error[E0433]: failed to resolve: use of undeclared crate or module `m256i`
[INFO] [stdout]   --> src/opcode.rs:62:9
[INFO] [stdout]    |
[INFO] [stdout] 62 |         m256i::palindrome_hell(m256i::from_u8(halfl), m256i::from_u8(halfr))
[INFO] [stdout]    |         ^^^^^ use of undeclared crate or module `m256i`
[INFO] [stdout] 
[INFO] [stdout] 
[INFO] [stdout] error[E0433]: failed to resolve: use of undeclared crate or module `m256i`
[INFO] [stdout]   --> src/opcode.rs:62:32
[INFO] [stdout]    |
[INFO] [stdout] 62 |         m256i::palindrome_hell(m256i::from_u8(halfl), m256i::from_u8(halfr))
[INFO] [stdout]    |                                ^^^^^ use of undeclared crate or module `m256i`
[INFO] [stdout] 
[INFO] [stdout] 
[INFO] [stdout] error[E0433]: failed to resolve: use of undeclared crate or module `m256i`
[INFO] [stdout]   --> src/opcode.rs:62:55
[INFO] [stdout]    |
[INFO] [stdout] 62 |         m256i::palindrome_hell(m256i::from_u8(halfl), m256i::from_u8(halfr))
[INFO] [stdout]    |                                                       ^^^^^ use of undeclared crate or module `m256i`
[INFO] [stdout] 
[INFO] [stdout] 
[INFO] [stdout] error: aborting due to 41 previous errors
[INFO] [stdout] 
[INFO] [stdout] 
[INFO] [stdout] Some errors have detailed explanations: E0412, E0432, E0433, E0554.
[INFO] [stdout] 
[INFO] [stdout] For more information about an error, try `rustc --explain E0412`.
[INFO] [stdout] 
[INFO] [stderr] error: could not compile `xynth` (lib) due to 42 previous errors
[INFO] running `Command { std: "docker" "inspect" "f8073c14d2888bcb3342002f5c99e8af03a6c4e0f70a347fef2c0c0402933a2e", kill_on_drop: false }`
[INFO] running `Command { std: "docker" "rm" "-f" "f8073c14d2888bcb3342002f5c99e8af03a6c4e0f70a347fef2c0c0402933a2e", kill_on_drop: false }`
[INFO] [stdout] f8073c14d2888bcb3342002f5c99e8af03a6c4e0f70a347fef2c0c0402933a2e
