[INFO] fetching crate xxai-tokio-postgres 0.7.15...
[INFO] testing xxai-tokio-postgres-0.7.15 against 1.75.0 for beta-1.76-1
[INFO] extracting crate xxai-tokio-postgres 0.7.15 into /workspace/builds/worker-1-tc1/source
[INFO] validating manifest of crates.io crate xxai-tokio-postgres 0.7.15 on toolchain 1.75.0
[INFO] running `Command { std: CARGO_HOME="/workspace/cargo-home" RUSTUP_HOME="/workspace/rustup-home" "/workspace/cargo-home/bin/cargo" "+1.75.0" "metadata" "--manifest-path" "Cargo.toml" "--no-deps", kill_on_drop: false }`
[INFO] started tweaking crates.io crate xxai-tokio-postgres 0.7.15
[INFO] finished tweaking crates.io crate xxai-tokio-postgres 0.7.15
[INFO] tweaked toml for crates.io crate xxai-tokio-postgres 0.7.15 written to /workspace/builds/worker-1-tc1/source/Cargo.toml
[INFO] running `Command { std: CARGO_HOME="/workspace/cargo-home" RUSTUP_HOME="/workspace/rustup-home" "/workspace/cargo-home/bin/cargo" "+1.75.0" "generate-lockfile" "--manifest-path" "Cargo.toml", kill_on_drop: false }`
[INFO] [stderr]     Updating crates.io index
[INFO] running `Command { std: CARGO_HOME="/workspace/cargo-home" RUSTUP_HOME="/workspace/rustup-home" "/workspace/cargo-home/bin/cargo" "+1.75.0" "fetch" "--manifest-path" "Cargo.toml", kill_on_drop: false }`
[INFO] [stderr]  Downloading crates ...
[INFO] [stderr]   Downloaded eui48 v1.1.0
[INFO] [stderr]   Downloaded geo-types v0.6.2
[INFO] [stderr]   Downloaded xxai-postgres-types v0.2.9
[INFO] [stderr]   Downloaded eui48 v0.4.6
[INFO] running `Command { std: "docker" "create" "-v" "/var/lib/crater-agent-workspace/builds/worker-1-tc1/target:/opt/rustwide/target:rw,Z" "-v" "/var/lib/crater-agent-workspace/builds/worker-1-tc1/source:/opt/rustwide/workdir:ro,Z" "-v" "/var/lib/crater-agent-workspace/cargo-home:/opt/rustwide/cargo-home:ro,Z" "-v" "/var/lib/crater-agent-workspace/rustup-home:/opt/rustwide/rustup-home:ro,Z" "-e" "SOURCE_DIR=/opt/rustwide/workdir" "-e" "CARGO_TARGET_DIR=/opt/rustwide/target" "-e" "CARGO_HOME=/opt/rustwide/cargo-home" "-e" "RUSTUP_HOME=/opt/rustwide/rustup-home" "-w" "/opt/rustwide/workdir" "-m" "1610612736" "--user" "0:0" "--network" "none" "ghcr.io/rust-lang/crates-build-env/linux@sha256:2788e3201cd34a07e3172128adcd8b3090168a8e3bcc40d7c032b9dda1df7d1c" "/opt/rustwide/cargo-home/bin/cargo" "+1.75.0" "metadata" "--no-deps" "--format-version=1", kill_on_drop: false }`
[INFO] [stdout] c26906e485af11a2e2345492ab97e30ca880fd23ea5f3bae785ff5a4f860ce67
[INFO] running `Command { std: "docker" "start" "-a" "c26906e485af11a2e2345492ab97e30ca880fd23ea5f3bae785ff5a4f860ce67", kill_on_drop: false }`
[INFO] running `Command { std: "docker" "inspect" "c26906e485af11a2e2345492ab97e30ca880fd23ea5f3bae785ff5a4f860ce67", kill_on_drop: false }`
[INFO] running `Command { std: "docker" "rm" "-f" "c26906e485af11a2e2345492ab97e30ca880fd23ea5f3bae785ff5a4f860ce67", kill_on_drop: false }`
[INFO] [stdout] c26906e485af11a2e2345492ab97e30ca880fd23ea5f3bae785ff5a4f860ce67
[INFO] running `Command { std: "docker" "create" "-v" "/var/lib/crater-agent-workspace/builds/worker-1-tc1/target:/opt/rustwide/target:rw,Z" "-v" "/var/lib/crater-agent-workspace/builds/worker-1-tc1/source:/opt/rustwide/workdir:ro,Z" "-v" "/var/lib/crater-agent-workspace/cargo-home:/opt/rustwide/cargo-home:ro,Z" "-v" "/var/lib/crater-agent-workspace/rustup-home:/opt/rustwide/rustup-home:ro,Z" "-e" "SOURCE_DIR=/opt/rustwide/workdir" "-e" "CARGO_TARGET_DIR=/opt/rustwide/target" "-e" "CARGO_INCREMENTAL=0" "-e" "RUST_BACKTRACE=full" "-e" "RUSTFLAGS=--cap-lints=warn" "-e" "RUSTDOCFLAGS=--cap-lints=warn" "-e" "CARGO_HOME=/opt/rustwide/cargo-home" "-e" "RUSTUP_HOME=/opt/rustwide/rustup-home" "-w" "/opt/rustwide/workdir" "-m" "1610612736" "--user" "0:0" "--network" "none" "ghcr.io/rust-lang/crates-build-env/linux@sha256:2788e3201cd34a07e3172128adcd8b3090168a8e3bcc40d7c032b9dda1df7d1c" "/opt/rustwide/cargo-home/bin/cargo" "+1.75.0" "build" "--frozen" "--message-format=json", kill_on_drop: false }`
[INFO] [stdout] b1497442040180c54f9d1583635a27c6c11b40a1a4667eed7f298ce2cc0a94b7
[INFO] running `Command { std: "docker" "start" "-a" "b1497442040180c54f9d1583635a27c6c11b40a1a4667eed7f298ce2cc0a94b7", kill_on_drop: false }`
[INFO] [stderr]    Compiling typenum v1.17.0
[INFO] [stderr]    Compiling version_check v0.9.4
[INFO] [stderr]    Compiling cfg-if v1.0.0
[INFO] [stderr]    Compiling autocfg v1.1.0
[INFO] [stderr]    Compiling subtle v2.5.0
[INFO] [stderr]    Compiling tinyvec_macros v0.1.1
[INFO] [stderr]    Compiling bytes v1.5.0
[INFO] [stderr]    Compiling pin-project-lite v0.2.13
[INFO] [stderr]    Compiling getrandom v0.2.11
[INFO] [stderr]    Compiling tinyvec v1.6.0
[INFO] [stderr]    Compiling ppv-lite86 v0.2.17
[INFO] [stderr]    Compiling syn v2.0.48
[INFO] [stderr]    Compiling rand_core v0.6.4
[INFO] [stderr]    Compiling generic-array v0.14.7
[INFO] [stderr]    Compiling slab v0.4.9
[INFO] [stderr]    Compiling rand_chacha v0.3.1
[INFO] [stderr]    Compiling lock_api v0.4.11
[INFO] [stderr]    Compiling futures-core v0.3.30
[INFO] [stderr]    Compiling finl_unicode v1.2.0
[INFO] [stderr]    Compiling cpufeatures v0.2.12
[INFO] [stderr]    Compiling futures-sink v0.3.30
[INFO] [stderr]    Compiling unicode-bidi v0.3.14
[INFO] [stderr]    Compiling parking_lot_core v0.9.9
[INFO] [stderr]    Compiling once_cell v1.19.0
[INFO] [stderr]    Compiling tracing-core v0.1.32
[INFO] [stderr]    Compiling unicode-normalization v0.1.22
[INFO] [stderr]    Compiling rand v0.8.5
[INFO] [stderr]    Compiling socket2 v0.5.5
[INFO] [stderr]    Compiling mio v0.8.10
[INFO] [stderr]    Compiling stringprep v0.1.4
[INFO] [stderr]    Compiling smallvec v1.11.2
[INFO] [stderr]    Compiling fallible-iterator v0.2.0
[INFO] [stderr]    Compiling base64 v0.21.5
[INFO] [stderr]    Compiling async-trait v0.1.77
[INFO] [stderr]    Compiling siphasher v0.3.11
[INFO] [stderr]    Compiling byteorder v1.5.0
[INFO] [stderr]    Compiling scopeguard v1.2.0
[INFO] [stderr]    Compiling memchr v2.7.1
[INFO] [stderr]    Compiling phf_shared v0.11.2
[INFO] [stderr]    Compiling crypto-common v0.1.6
[INFO] [stderr]    Compiling block-buffer v0.10.4
[INFO] [stderr]    Compiling tokio v1.35.1
[INFO] [stderr]    Compiling digest v0.10.7
[INFO] [stderr]    Compiling tracing v0.1.40
[INFO] [stderr]    Compiling pin-utils v0.1.0
[INFO] [stderr]    Compiling futures-task v0.3.30
[INFO] [stderr]    Compiling md-5 v0.10.6
[INFO] [stderr]    Compiling hmac v0.12.1
[INFO] [stderr]    Compiling sha2 v0.10.8
[INFO] [stderr]    Compiling parking_lot v0.12.1
[INFO] [stderr]    Compiling phf v0.11.2
[INFO] [stderr]    Compiling futures-channel v0.3.30
[INFO] [stderr]    Compiling percent-encoding v2.3.1
[INFO] [stderr]    Compiling log v0.4.20
[INFO] [stderr]    Compiling postgres-protocol v0.6.6
[INFO] [stderr]    Compiling xxai-postgres-types v0.2.9
[INFO] [stderr]    Compiling futures-macro v0.3.30
[INFO] [stderr]    Compiling futures-util v0.3.30
[INFO] [stderr]    Compiling tokio-util v0.7.10
[INFO] [stderr]    Compiling xxai-tokio-postgres v0.7.15 (/opt/rustwide/workdir)
[INFO] [stderr]     Finished dev [unoptimized + debuginfo] target(s) in 6.13s
[INFO] running `Command { std: "docker" "inspect" "b1497442040180c54f9d1583635a27c6c11b40a1a4667eed7f298ce2cc0a94b7", kill_on_drop: false }`
[INFO] running `Command { std: "docker" "rm" "-f" "b1497442040180c54f9d1583635a27c6c11b40a1a4667eed7f298ce2cc0a94b7", kill_on_drop: false }`
[INFO] [stdout] b1497442040180c54f9d1583635a27c6c11b40a1a4667eed7f298ce2cc0a94b7
[INFO] running `Command { std: "docker" "create" "-v" "/var/lib/crater-agent-workspace/builds/worker-1-tc1/target:/opt/rustwide/target:rw,Z" "-v" "/var/lib/crater-agent-workspace/builds/worker-1-tc1/source:/opt/rustwide/workdir:ro,Z" "-v" "/var/lib/crater-agent-workspace/cargo-home:/opt/rustwide/cargo-home:ro,Z" "-v" "/var/lib/crater-agent-workspace/rustup-home:/opt/rustwide/rustup-home:ro,Z" "-e" "SOURCE_DIR=/opt/rustwide/workdir" "-e" "CARGO_TARGET_DIR=/opt/rustwide/target" "-e" "CARGO_INCREMENTAL=0" "-e" "RUST_BACKTRACE=full" "-e" "RUSTFLAGS=--cap-lints=warn" "-e" "RUSTDOCFLAGS=--cap-lints=warn" "-e" "CARGO_HOME=/opt/rustwide/cargo-home" "-e" "RUSTUP_HOME=/opt/rustwide/rustup-home" "-w" "/opt/rustwide/workdir" "-m" "1610612736" "--user" "0:0" "--network" "none" "ghcr.io/rust-lang/crates-build-env/linux@sha256:2788e3201cd34a07e3172128adcd8b3090168a8e3bcc40d7c032b9dda1df7d1c" "/opt/rustwide/cargo-home/bin/cargo" "+1.75.0" "test" "--frozen" "--no-run" "--message-format=json", kill_on_drop: false }`
[INFO] [stdout] 7defcd0330337600abadf2f59ab0311dc7671508a90f5e5b14cd81fc32148dfd
[INFO] running `Command { std: "docker" "start" "-a" "7defcd0330337600abadf2f59ab0311dc7671508a90f5e5b14cd81fc32148dfd", kill_on_drop: false }`
[INFO] [stderr]    Compiling libm v0.2.8
[INFO] [stderr]    Compiling num-traits v0.2.17
[INFO] [stderr]    Compiling serde v1.0.194
[INFO] [stderr]    Compiling crossbeam-utils v0.8.18
[INFO] [stderr]    Compiling serde_derive v1.0.194
[INFO] [stderr]    Compiling aho-corasick v1.1.2
[INFO] [stderr]    Compiling standback v0.2.17
[INFO] [stderr]    Compiling proc-macro-hack v0.5.20+deprecated
[INFO] [stderr]    Compiling regex-syntax v0.8.2
[INFO] [stderr]    Compiling syn v1.0.109
[INFO] [stderr]    Compiling rustix v0.38.28
[INFO] [stderr]    Compiling serde_json v1.0.111
[INFO] [stderr]    Compiling either v1.9.0
[INFO] [stderr]    Compiling rayon-core v1.12.0
[INFO] [stderr]    Compiling crossbeam-epoch v0.9.17
[INFO] [stderr]    Compiling bitflags v2.4.1
[INFO] [stderr]    Compiling linux-raw-sys v0.4.12
[INFO] [stderr]    Compiling crossbeam-deque v0.8.4
[INFO] [stderr]    Compiling tokio-macros v2.2.0
[INFO] [stderr]    Compiling num_cpus v1.16.0
[INFO] [stderr]    Compiling regex-automata v0.4.3
[INFO] [stderr]    Compiling const_fn v0.4.9
[INFO] [stderr]    Compiling itoa v1.0.10
[INFO] [stderr]    Compiling anstyle v1.0.4
[INFO] [stderr]    Compiling ryu v1.0.16
[INFO] [stderr]    Compiling ciborium-io v0.2.1
[INFO] [stderr]    Compiling clap_lex v0.6.0
[INFO] [stderr]    Compiling plotters-backend v0.3.5
[INFO] [stderr]    Compiling half v1.8.2
[INFO] [stderr]    Compiling clap_builder v4.4.12
[INFO] [stderr]    Compiling ciborium-ll v0.2.1
[INFO] [stderr]    Compiling plotters-svg v0.3.5
[INFO] [stderr]    Compiling tokio v1.35.1
[INFO] [stderr]    Compiling time-macros-impl v0.1.2
[INFO] [stderr]    Compiling is-terminal v0.4.10
[INFO] [stderr]    Compiling itertools v0.10.5
[INFO] [stderr]    Compiling time v0.2.27
[INFO] [stderr]    Compiling powerfmt v0.2.0
[INFO] [stderr]    Compiling rustc-serialize v0.3.25
[INFO] [stderr]    Compiling log v0.4.20
[INFO] [stderr]    Compiling same-file v1.0.6
[INFO] [stderr]    Compiling regex v1.10.2
[INFO] [stderr]    Compiling cast v0.3.0
[INFO] [stderr]    Compiling clap v4.4.13
[INFO] [stderr]    Compiling walkdir v2.4.0
[INFO] [stderr]    Compiling criterion-plot v0.5.0
[INFO] [stderr]    Compiling deranged v0.3.11
[INFO] [stderr]    Compiling time-macros v0.1.1
[INFO] [stderr]    Compiling rayon v1.8.0
[INFO] [stderr]    Compiling plotters v0.3.5
[INFO] [stderr]    Compiling approx v0.3.2
[INFO] [stderr]    Compiling termcolor v1.4.0
[INFO] [stderr]    Compiling tokio-util v0.7.10
[INFO] [stderr]    Compiling oorandom v11.1.3
[INFO] [stderr]    Compiling anes v0.1.6
[INFO] [stderr]    Compiling humantime v2.1.0
[INFO] [stderr]    Compiling time-core v0.1.2
[INFO] [stderr]    Compiling env_logger v0.10.1
[INFO] [stderr]    Compiling time v0.3.31
[INFO] [stderr]    Compiling xxai-tokio-postgres v0.7.15 (/opt/rustwide/workdir)
[INFO] [stderr]    Compiling ciborium v0.2.1
[INFO] [stderr]    Compiling smol_str v0.1.24
[INFO] [stderr]    Compiling geo-types v0.6.2
[INFO] [stderr]    Compiling eui48 v1.1.0
[INFO] [stderr]    Compiling eui48 v0.4.6
[INFO] [stderr]    Compiling futures-executor v0.3.30
[INFO] [stderr]    Compiling geo-types v0.7.12
[INFO] [stderr]    Compiling chrono v0.4.31
[INFO] [stderr]    Compiling tinytemplate v1.2.1
[INFO] [stderr]    Compiling uuid v0.8.2
[INFO] [stderr]    Compiling bit-vec v0.6.3
[INFO] [stderr]    Compiling criterion v0.5.1
[INFO] [stderr]    Compiling uuid v1.6.1
[INFO] [stdout] error[E0433]: failed to resolve: use of undeclared crate or module `tokio_postgres`
[INFO] [stdout]   --> tests/test/main.rs:15:5
[INFO] [stdout]    |
[INFO] [stdout] 15 | use tokio_postgres::error::SqlState;
[INFO] [stdout]    |     ^^^^^^^^^^^^^^ use of undeclared crate or module `tokio_postgres`
[INFO] [stdout] 
[INFO] [stdout] 
[INFO] [stdout] error[E0433]: failed to resolve: use of undeclared crate or module `tokio_postgres`
[INFO] [stdout]   --> tests/test/main.rs:16:5
[INFO] [stdout]    |
[INFO] [stdout] 16 | use tokio_postgres::tls::{NoTls, NoTlsStream};
[INFO] [stdout]    |     ^^^^^^^^^^^^^^ use of undeclared crate or module `tokio_postgres`
[INFO] [stdout] 
[INFO] [stdout] 
[INFO] [stdout] error[E0433]: failed to resolve: use of undeclared crate or module `tokio_postgres`
[INFO] [stdout]   --> tests/test/main.rs:17:5
[INFO] [stdout]    |
[INFO] [stdout] 17 | use tokio_postgres::types::{Kind, Type};
[INFO] [stdout]    |     ^^^^^^^^^^^^^^ use of undeclared crate or module `tokio_postgres`
[INFO] [stdout] 
[INFO] [stdout] 
[INFO] [stdout] error[E0433]: failed to resolve: use of undeclared crate or module `tokio_postgres`
[INFO] [stdout]  --> tests/test/binary_copy.rs:3:5
[INFO] [stdout]   |
[INFO] [stdout] 3 | use tokio_postgres::binary_copy::{BinaryCopyInWriter, BinaryCopyOutStream};
[INFO] [stdout]   |     ^^^^^^^^^^^^^^ use of undeclared crate or module `tokio_postgres`
[INFO] [stdout] 
[INFO] [stdout] 
[INFO] [stdout] error[E0433]: failed to resolve: use of undeclared crate or module `tokio_postgres`
[INFO] [stdout]  --> tests/test/binary_copy.rs:4:5
[INFO] [stdout]   |
[INFO] [stdout] 4 | use tokio_postgres::types::Type;
[INFO] [stdout]   |     ^^^^^^^^^^^^^^ use of undeclared crate or module `tokio_postgres`
[INFO] [stdout] 
[INFO] [stdout] 
[INFO] [stdout] error[E0433]: failed to resolve: use of undeclared crate or module `tokio_postgres`
[INFO] [stdout]  --> tests/test/parse.rs:2:5
[INFO] [stdout]   |
[INFO] [stdout] 2 | use tokio_postgres::config::{Config, TargetSessionAttrs};
[INFO] [stdout]   |     ^^^^^^^^^^^^^^ use of undeclared crate or module `tokio_postgres`
[INFO] [stdout] 
[INFO] [stdout] 
[INFO] [stdout] error[E0433]: failed to resolve: use of undeclared crate or module `tokio_postgres`
[INFO] [stdout]  --> tests/test/runtime.rs:4:5
[INFO] [stdout]   |
[INFO] [stdout] 4 | use tokio_postgres::error::SqlState;
[INFO] [stdout]   |     ^^^^^^^^^^^^^^ use of undeclared crate or module `tokio_postgres`
[INFO] [stdout] 
[INFO] [stdout] 
[INFO] [stdout] error[E0432]: unresolved import `tokio_postgres`
[INFO] [stdout]   --> tests/test/main.rs:18:5
[INFO] [stdout]    |
[INFO] [stdout] 18 | use tokio_postgres::{
[INFO] [stdout]    |     ^^^^^^^^^^^^^^ use of undeclared crate or module `tokio_postgres`
[INFO] [stdout] 
[INFO] [stdout] 
[INFO] [stdout] error[E0433]: failed to resolve: use of undeclared crate or module `tokio_postgres`
[INFO] [stdout]   --> tests/test/types/mod.rs:11:5
[INFO] [stdout]    |
[INFO] [stdout] 11 | use tokio_postgres::types::{FromSql, FromSqlOwned, IsNull, Kind, PgLsn, ToSql, Type, WrongType};
[INFO] [stdout]    |     ^^^^^^^^^^^^^^ use of undeclared crate or module `tokio_postgres`
[INFO] [stdout] 
[INFO] [stdout] 
[INFO] [stdout] error[E0432]: unresolved import `tokio_postgres`
[INFO] [stdout]  --> tests/test/runtime.rs:5:5
[INFO] [stdout]   |
[INFO] [stdout] 5 | use tokio_postgres::{Client, NoTls};
[INFO] [stdout]   |     ^^^^^^^^^^^^^^ use of undeclared crate or module `tokio_postgres`
[INFO] [stdout] 
[INFO] [stdout] 
[INFO] [stdout] warning: unused import: `std::str::FromStr`
[INFO] [stdout]  --> tests/test/types/mod.rs:9:5
[INFO] [stdout]   |
[INFO] [stdout] 9 | use std::str::FromStr;
[INFO] [stdout]   |     ^^^^^^^^^^^^^^^^^
[INFO] [stdout]   |
[INFO] [stdout]   = note: `#[warn(unused_imports)]` on by default
[INFO] [stdout] 
[INFO] [stdout] 
[INFO] [stdout] error[E0433]: failed to resolve: use of undeclared crate or module `tokio_postgres`
[INFO] [stdout]  --> tests/test/runtime.rs:8:32
[INFO] [stdout]   |
[INFO] [stdout] 8 |     let (client, connection) = tokio_postgres::connect(s, NoTls).await.unwrap();
[INFO] [stdout]   |                                ^^^^^^^^^^^^^^ use of undeclared crate or module `tokio_postgres`
[INFO] [stdout] 
[INFO] [stdout] 
[INFO] [stdout] error[E0433]: failed to resolve: use of undeclared crate or module `tokio_postgres`
[INFO] [stdout]   --> tests/test/runtime.rs:46:5
[INFO] [stdout]    |
[INFO] [stdout] 46 |     tokio_postgres::connect("host=localhost port=5433,5433 user=postgres", NoTls)
[INFO] [stdout]    |     ^^^^^^^^^^^^^^ use of undeclared crate or module `tokio_postgres`
[INFO] [stdout] 
[INFO] [stdout] 
[INFO] [stdout] error[E0433]: failed to resolve: use of undeclared crate or module `tokio_postgres`
[INFO] [stdout]   --> tests/test/runtime.rs:59:5
[INFO] [stdout]    |
[INFO] [stdout] 59 |     tokio_postgres::connect(
[INFO] [stdout]    |     ^^^^^^^^^^^^^^ use of undeclared crate or module `tokio_postgres`
[INFO] [stdout] 
[INFO] [stdout] 
[INFO] [stdout] error[E0433]: failed to resolve: use of undeclared crate or module `tokio_postgres`
[INFO] [stdout]   --> tests/test/runtime.rs:71:13
[INFO] [stdout]    |
[INFO] [stdout] 71 |     let _ = tokio_postgres::connect(
[INFO] [stdout]    |             ^^^^^^^^^^^^^^ use of undeclared crate or module `tokio_postgres`
[INFO] [stdout] 
[INFO] [stdout] 
[INFO] [stdout] error[E0433]: failed to resolve: use of undeclared crate or module `tokio_postgres`
[INFO] [stdout]   --> tests/test/runtime.rs:81:13
[INFO] [stdout]    |
[INFO] [stdout] 81 |     let _ = tokio_postgres::connect(
[INFO] [stdout]    |             ^^^^^^^^^^^^^^ use of undeclared crate or module `tokio_postgres`
[INFO] [stdout] 
[INFO] [stdout] 
[INFO] [stdout] error[E0433]: failed to resolve: use of undeclared crate or module `tokio_postgres`
[INFO] [stdout]   --> tests/test/runtime.rs:91:13
[INFO] [stdout]    |
[INFO] [stdout] 91 |     let _ = tokio_postgres::connect(
[INFO] [stdout]    |             ^^^^^^^^^^^^^^ use of undeclared crate or module `tokio_postgres`
[INFO] [stdout] 
[INFO] [stdout] 
[INFO] [stdout] error[E0433]: failed to resolve: use of undeclared crate or module `tokio_postgres`
[INFO] [stdout]    --> tests/test/runtime.rs:101:13
[INFO] [stdout]     |
[INFO] [stdout] 101 |     let _ = tokio_postgres::connect(
[INFO] [stdout]     |             ^^^^^^^^^^^^^^ use of undeclared crate or module `tokio_postgres`
[INFO] [stdout] 
[INFO] [stdout] 
[INFO] [stdout] error[E0433]: failed to resolve: use of undeclared crate or module `tokio_postgres`
[INFO] [stdout]    --> tests/test/runtime.rs:112:13
[INFO] [stdout]     |
[INFO] [stdout] 112 |     let _ = tokio_postgres::connect(
[INFO] [stdout]     |             ^^^^^^^^^^^^^^ use of undeclared crate or module `tokio_postgres`
[INFO] [stdout] 
[INFO] [stdout] 
[INFO] [stdout] error: aborting due to 18 previous errors; 1 warning emitted
[INFO] [stdout] 
[INFO] [stdout] 
[INFO] [stdout] Some errors have detailed explanations: E0432, E0433.
[INFO] [stdout] 
[INFO] [stdout] For more information about an error, try `rustc --explain E0432`.
[INFO] [stdout] 
[INFO] [stderr] error: could not compile `xxai-tokio-postgres` (test "test") due to 19 previous errors; 1 warning emitted
[INFO] running `Command { std: "docker" "inspect" "7defcd0330337600abadf2f59ab0311dc7671508a90f5e5b14cd81fc32148dfd", kill_on_drop: false }`
[INFO] running `Command { std: "docker" "rm" "-f" "7defcd0330337600abadf2f59ab0311dc7671508a90f5e5b14cd81fc32148dfd", kill_on_drop: false }`
[INFO] [stdout] 7defcd0330337600abadf2f59ab0311dc7671508a90f5e5b14cd81fc32148dfd
[INFO] testing xxai-tokio-postgres-0.7.15 against beta-2023-12-22 for beta-1.76-1
[INFO] extracting crate xxai-tokio-postgres 0.7.15 into /workspace/builds/worker-1-tc2/source
[INFO] validating manifest of crates.io crate xxai-tokio-postgres 0.7.15 on toolchain beta-2023-12-22
[INFO] running `Command { std: CARGO_HOME="/workspace/cargo-home" RUSTUP_HOME="/workspace/rustup-home" "/workspace/cargo-home/bin/cargo" "+beta-2023-12-22" "metadata" "--manifest-path" "Cargo.toml" "--no-deps", kill_on_drop: false }`
[INFO] started tweaking crates.io crate xxai-tokio-postgres 0.7.15
[INFO] finished tweaking crates.io crate xxai-tokio-postgres 0.7.15
[INFO] tweaked toml for crates.io crate xxai-tokio-postgres 0.7.15 written to /workspace/builds/worker-1-tc2/source/Cargo.toml
[INFO] running `Command { std: CARGO_HOME="/workspace/cargo-home" RUSTUP_HOME="/workspace/rustup-home" "/workspace/cargo-home/bin/cargo" "+beta-2023-12-22" "generate-lockfile" "--manifest-path" "Cargo.toml", kill_on_drop: false }`
[INFO] [stderr]     Updating crates.io index
[INFO] running `Command { std: CARGO_HOME="/workspace/cargo-home" RUSTUP_HOME="/workspace/rustup-home" "/workspace/cargo-home/bin/cargo" "+beta-2023-12-22" "fetch" "--manifest-path" "Cargo.toml", kill_on_drop: false }`
[INFO] running `Command { std: "docker" "create" "-v" "/var/lib/crater-agent-workspace/builds/worker-1-tc2/target:/opt/rustwide/target:rw,Z" "-v" "/var/lib/crater-agent-workspace/builds/worker-1-tc2/source:/opt/rustwide/workdir:ro,Z" "-v" "/var/lib/crater-agent-workspace/cargo-home:/opt/rustwide/cargo-home:ro,Z" "-v" "/var/lib/crater-agent-workspace/rustup-home:/opt/rustwide/rustup-home:ro,Z" "-e" "SOURCE_DIR=/opt/rustwide/workdir" "-e" "CARGO_TARGET_DIR=/opt/rustwide/target" "-e" "CARGO_HOME=/opt/rustwide/cargo-home" "-e" "RUSTUP_HOME=/opt/rustwide/rustup-home" "-w" "/opt/rustwide/workdir" "-m" "1610612736" "--user" "0:0" "--network" "none" "ghcr.io/rust-lang/crates-build-env/linux@sha256:2788e3201cd34a07e3172128adcd8b3090168a8e3bcc40d7c032b9dda1df7d1c" "/opt/rustwide/cargo-home/bin/cargo" "+beta-2023-12-22" "metadata" "--no-deps" "--format-version=1", kill_on_drop: false }`
[INFO] [stdout] eccf53a718be43222700a78843a14596c0d887bb530a20ac0a219c1bdbb34ce0
[INFO] running `Command { std: "docker" "start" "-a" "eccf53a718be43222700a78843a14596c0d887bb530a20ac0a219c1bdbb34ce0", kill_on_drop: false }`
[INFO] running `Command { std: "docker" "inspect" "eccf53a718be43222700a78843a14596c0d887bb530a20ac0a219c1bdbb34ce0", kill_on_drop: false }`
[INFO] running `Command { std: "docker" "rm" "-f" "eccf53a718be43222700a78843a14596c0d887bb530a20ac0a219c1bdbb34ce0", kill_on_drop: false }`
[INFO] [stdout] eccf53a718be43222700a78843a14596c0d887bb530a20ac0a219c1bdbb34ce0
[INFO] running `Command { std: "docker" "create" "-v" "/var/lib/crater-agent-workspace/builds/worker-1-tc2/target:/opt/rustwide/target:rw,Z" "-v" "/var/lib/crater-agent-workspace/builds/worker-1-tc2/source:/opt/rustwide/workdir:ro,Z" "-v" "/var/lib/crater-agent-workspace/cargo-home:/opt/rustwide/cargo-home:ro,Z" "-v" "/var/lib/crater-agent-workspace/rustup-home:/opt/rustwide/rustup-home:ro,Z" "-e" "SOURCE_DIR=/opt/rustwide/workdir" "-e" "CARGO_TARGET_DIR=/opt/rustwide/target" "-e" "CARGO_INCREMENTAL=0" "-e" "RUST_BACKTRACE=full" "-e" "RUSTFLAGS=--cap-lints=warn" "-e" "RUSTDOCFLAGS=--cap-lints=warn" "-e" "CARGO_HOME=/opt/rustwide/cargo-home" "-e" "RUSTUP_HOME=/opt/rustwide/rustup-home" "-w" "/opt/rustwide/workdir" "-m" "1610612736" "--user" "0:0" "--network" "none" "ghcr.io/rust-lang/crates-build-env/linux@sha256:2788e3201cd34a07e3172128adcd8b3090168a8e3bcc40d7c032b9dda1df7d1c" "/opt/rustwide/cargo-home/bin/cargo" "+beta-2023-12-22" "build" "--frozen" "--message-format=json", kill_on_drop: false }`
[INFO] [stdout] 45e81cd65fea7211af30df9e9466681de157e1a37ef0517cceff7451ec2b13ae
[INFO] running `Command { std: "docker" "start" "-a" "45e81cd65fea7211af30df9e9466681de157e1a37ef0517cceff7451ec2b13ae", kill_on_drop: false }`
[INFO] [stderr]    Compiling version_check v0.9.4
[INFO] [stderr]    Compiling typenum v1.17.0
[INFO] [stderr]    Compiling cfg-if v1.0.0
[INFO] [stderr]    Compiling autocfg v1.1.0
[INFO] [stderr]    Compiling subtle v2.5.0
[INFO] [stderr]    Compiling tinyvec_macros v0.1.1
[INFO] [stderr]    Compiling pin-project-lite v0.2.13
[INFO] [stderr]    Compiling ppv-lite86 v0.2.17
[INFO] [stderr]    Compiling getrandom v0.2.11
[INFO] [stderr]    Compiling tinyvec v1.6.0
[INFO] [stderr]    Compiling bytes v1.5.0
[INFO] [stderr]    Compiling syn v2.0.48
[INFO] [stderr]    Compiling rand_core v0.6.4
[INFO] [stderr]    Compiling generic-array v0.14.7
[INFO] [stderr]    Compiling lock_api v0.4.11
[INFO] [stderr]    Compiling slab v0.4.9
[INFO] [stderr]    Compiling rand_chacha v0.3.1
[INFO] [stderr]    Compiling once_cell v1.19.0
[INFO] [stderr]    Compiling futures-core v0.3.30
[INFO] [stderr]    Compiling parking_lot_core v0.9.9
[INFO] [stderr]    Compiling futures-sink v0.3.30
[INFO] [stderr]    Compiling finl_unicode v1.2.0
[INFO] [stderr]    Compiling cpufeatures v0.2.12
[INFO] [stderr]    Compiling unicode-bidi v0.3.14
[INFO] [stderr]    Compiling tracing-core v0.1.32
[INFO] [stderr]    Compiling rand v0.8.5
[INFO] [stderr]    Compiling unicode-normalization v0.1.22
[INFO] [stderr]    Compiling mio v0.8.10
[INFO] [stderr]    Compiling socket2 v0.5.5
[INFO] [stderr]    Compiling stringprep v0.1.4
[INFO] [stderr]    Compiling byteorder v1.5.0
[INFO] [stderr]    Compiling async-trait v0.1.77
[INFO] [stderr]    Compiling scopeguard v1.2.0
[INFO] [stderr]    Compiling base64 v0.21.5
[INFO] [stderr]    Compiling smallvec v1.11.2
[INFO] [stderr]    Compiling fallible-iterator v0.2.0
[INFO] [stderr]    Compiling memchr v2.7.1
[INFO] [stderr]    Compiling siphasher v0.3.11
[INFO] [stderr]    Compiling crypto-common v0.1.6
[INFO] [stderr]    Compiling block-buffer v0.10.4
[INFO] [stderr]    Compiling phf_shared v0.11.2
[INFO] [stderr]    Compiling tokio v1.35.1
[INFO] [stderr]    Compiling digest v0.10.7
[INFO] [stderr]    Compiling tracing v0.1.40
[INFO] [stderr]    Compiling futures-task v0.3.30
[INFO] [stderr]    Compiling pin-utils v0.1.0
[INFO] [stderr]    Compiling sha2 v0.10.8
[INFO] [stderr]    Compiling hmac v0.12.1
[INFO] [stderr]    Compiling md-5 v0.10.6
[INFO] [stderr]    Compiling parking_lot v0.12.1
[INFO] [stderr]    Compiling phf v0.11.2
[INFO] [stderr]    Compiling futures-channel v0.3.30
[INFO] [stderr]    Compiling percent-encoding v2.3.1
[INFO] [stderr]    Compiling log v0.4.20
[INFO] [stderr]    Compiling postgres-protocol v0.6.6
[INFO] [stderr]    Compiling xxai-postgres-types v0.2.9
[INFO] [stderr]    Compiling futures-macro v0.3.30
[INFO] [stderr]    Compiling futures-util v0.3.30
[INFO] [stderr]    Compiling tokio-util v0.7.10
[INFO] [stderr]    Compiling xxai-tokio-postgres v0.7.15 (/opt/rustwide/workdir)
[INFO] [stderr]     Finished dev [unoptimized + debuginfo] target(s) in 7.63s
[INFO] running `Command { std: "docker" "inspect" "45e81cd65fea7211af30df9e9466681de157e1a37ef0517cceff7451ec2b13ae", kill_on_drop: false }`
[INFO] running `Command { std: "docker" "rm" "-f" "45e81cd65fea7211af30df9e9466681de157e1a37ef0517cceff7451ec2b13ae", kill_on_drop: false }`
[INFO] [stdout] 45e81cd65fea7211af30df9e9466681de157e1a37ef0517cceff7451ec2b13ae
[INFO] running `Command { std: "docker" "create" "-v" "/var/lib/crater-agent-workspace/builds/worker-1-tc2/target:/opt/rustwide/target:rw,Z" "-v" "/var/lib/crater-agent-workspace/builds/worker-1-tc2/source:/opt/rustwide/workdir:ro,Z" "-v" "/var/lib/crater-agent-workspace/cargo-home:/opt/rustwide/cargo-home:ro,Z" "-v" "/var/lib/crater-agent-workspace/rustup-home:/opt/rustwide/rustup-home:ro,Z" "-e" "SOURCE_DIR=/opt/rustwide/workdir" "-e" "CARGO_TARGET_DIR=/opt/rustwide/target" "-e" "CARGO_INCREMENTAL=0" "-e" "RUST_BACKTRACE=full" "-e" "RUSTFLAGS=--cap-lints=warn" "-e" "RUSTDOCFLAGS=--cap-lints=warn" "-e" "CARGO_HOME=/opt/rustwide/cargo-home" "-e" "RUSTUP_HOME=/opt/rustwide/rustup-home" "-w" "/opt/rustwide/workdir" "-m" "1610612736" "--user" "0:0" "--network" "none" "ghcr.io/rust-lang/crates-build-env/linux@sha256:2788e3201cd34a07e3172128adcd8b3090168a8e3bcc40d7c032b9dda1df7d1c" "/opt/rustwide/cargo-home/bin/cargo" "+beta-2023-12-22" "test" "--frozen" "--no-run" "--message-format=json", kill_on_drop: false }`
[INFO] [stdout] 194c89860ecb30b93adf4a38197cc13f20d5c9cb067f43901eb5e0f5d80996eb
[INFO] running `Command { std: "docker" "start" "-a" "194c89860ecb30b93adf4a38197cc13f20d5c9cb067f43901eb5e0f5d80996eb", kill_on_drop: false }`
[INFO] [stderr]    Compiling libm v0.2.8
[INFO] [stderr]    Compiling num-traits v0.2.17
[INFO] [stderr]    Compiling serde v1.0.194
[INFO] [stderr]    Compiling crossbeam-utils v0.8.18
[INFO] [stderr]    Compiling serde_derive v1.0.194
[INFO] [stderr]    Compiling aho-corasick v1.1.2
[INFO] [stderr]    Compiling standback v0.2.17
[INFO] [stderr]    Compiling rustix v0.38.28
[INFO] [stderr]    Compiling syn v1.0.109
[INFO] [stderr]    Compiling regex-syntax v0.8.2
[INFO] [stderr]    Compiling proc-macro-hack v0.5.20+deprecated
[INFO] [stderr]    Compiling bitflags v2.4.1
[INFO] [stderr]    Compiling serde_json v1.0.111
[INFO] [stderr]    Compiling crossbeam-epoch v0.9.17
[INFO] [stderr]    Compiling rayon-core v1.12.0
[INFO] [stderr]    Compiling either v1.9.0
[INFO] [stderr]    Compiling linux-raw-sys v0.4.12
[INFO] [stderr]    Compiling crossbeam-deque v0.8.4
[INFO] [stderr]    Compiling tokio-macros v2.2.0
[INFO] [stderr]    Compiling num_cpus v1.16.0
[INFO] [stderr]    Compiling regex-automata v0.4.3
[INFO] [stderr]    Compiling plotters-backend v0.3.5
[INFO] [stderr]    Compiling anstyle v1.0.4
[INFO] [stderr]    Compiling ciborium-io v0.2.1
[INFO] [stderr]    Compiling clap_lex v0.6.0
[INFO] [stderr]    Compiling ryu v1.0.16
[INFO] [stderr]    Compiling half v1.8.2
[INFO] [stderr]    Compiling const_fn v0.4.9
[INFO] [stderr]    Compiling itoa v1.0.10
[INFO] [stderr]    Compiling ciborium-ll v0.2.1
[INFO] [stderr]    Compiling clap_builder v4.4.12
[INFO] [stderr]    Compiling plotters-svg v0.3.5
[INFO] [stderr]    Compiling time-macros-impl v0.1.2
[INFO] [stderr]    Compiling is-terminal v0.4.10
[INFO] [stderr]    Compiling tokio v1.35.1
[INFO] [stderr]    Compiling itertools v0.10.5
[INFO] [stderr]    Compiling time v0.2.27
[INFO] [stderr]    Compiling regex v1.10.2
[INFO] [stderr]    Compiling powerfmt v0.2.0
[INFO] [stderr]    Compiling same-file v1.0.6
[INFO] [stderr]    Compiling cast v0.3.0
[INFO] [stderr]    Compiling log v0.4.20
[INFO] [stderr]    Compiling rustc-serialize v0.3.25
[INFO] [stderr]    Compiling criterion-plot v0.5.0
[INFO] [stderr]    Compiling clap v4.4.13
[INFO] [stderr]    Compiling deranged v0.3.11
[INFO] [stderr]    Compiling walkdir v2.4.0
[INFO] [stderr]    Compiling time-macros v0.1.1
[INFO] [stderr]    Compiling rayon v1.8.0
[INFO] [stderr]    Compiling plotters v0.3.5
[INFO] [stderr]    Compiling approx v0.3.2
[INFO] [stderr]    Compiling oorandom v11.1.3
[INFO] [stderr]    Compiling humantime v2.1.0
[INFO] [stderr]    Compiling termcolor v1.4.0
[INFO] [stderr]    Compiling tokio-util v0.7.10
[INFO] [stderr]    Compiling time-core v0.1.2
[INFO] [stderr]    Compiling anes v0.1.6
[INFO] [stderr]    Compiling time v0.3.31
[INFO] [stderr]    Compiling xxai-tokio-postgres v0.7.15 (/opt/rustwide/workdir)
[INFO] [stderr]    Compiling env_logger v0.10.1
[INFO] [stderr]    Compiling geo-types v0.6.2
[INFO] [stderr]    Compiling ciborium v0.2.1
[INFO] [stderr]    Compiling smol_str v0.1.24
[INFO] [stderr]    Compiling eui48 v1.1.0
[INFO] [stderr]    Compiling eui48 v0.4.6
[INFO] [stderr]    Compiling futures-executor v0.3.30
[INFO] [stderr]    Compiling chrono v0.4.31
[INFO] [stderr]    Compiling geo-types v0.7.12
[INFO] [stderr]    Compiling tinytemplate v1.2.1
[INFO] [stderr]    Compiling uuid v1.6.1
[INFO] [stderr]    Compiling criterion v0.5.1
[INFO] [stderr]    Compiling uuid v0.8.2
[INFO] [stderr]    Compiling bit-vec v0.6.3
[INFO] [stdout] error[E0433]: failed to resolve: use of undeclared crate or module `tokio_postgres`
[INFO] [stdout]   --> tests/test/main.rs:15:5
[INFO] [stdout]    |
[INFO] [stdout] 15 | use tokio_postgres::error::SqlState;
[INFO] [stdout]    |     ^^^^^^^^^^^^^^ use of undeclared crate or module `tokio_postgres`
[INFO] [stdout] 
[INFO] [stdout] 
[INFO] [stdout] error[E0433]: failed to resolve: use of undeclared crate or module `tokio_postgres`
[INFO] [stdout]   --> tests/test/main.rs:16:5
[INFO] [stdout]    |
[INFO] [stdout] 16 | use tokio_postgres::tls::{NoTls, NoTlsStream};
[INFO] [stdout]    |     ^^^^^^^^^^^^^^ use of undeclared crate or module `tokio_postgres`
[INFO] [stdout] 
[INFO] [stdout] 
[INFO] [stdout] error[E0433]: failed to resolve: use of undeclared crate or module `tokio_postgres`
[INFO] [stdout]   --> tests/test/main.rs:17:5
[INFO] [stdout]    |
[INFO] [stdout] 17 | use tokio_postgres::types::{Kind, Type};
[INFO] [stdout]    |     ^^^^^^^^^^^^^^ use of undeclared crate or module `tokio_postgres`
[INFO] [stdout] 
[INFO] [stdout] 
[INFO] [stdout] error[E0433]: failed to resolve: use of undeclared crate or module `tokio_postgres`
[INFO] [stdout]  --> tests/test/binary_copy.rs:3:5
[INFO] [stdout]   |
[INFO] [stdout] 3 | use tokio_postgres::binary_copy::{BinaryCopyInWriter, BinaryCopyOutStream};
[INFO] [stdout]   |     ^^^^^^^^^^^^^^ use of undeclared crate or module `tokio_postgres`
[INFO] [stdout] 
[INFO] [stdout] 
[INFO] [stdout] error[E0433]: failed to resolve: use of undeclared crate or module `tokio_postgres`
[INFO] [stdout]  --> tests/test/binary_copy.rs:4:5
[INFO] [stdout]   |
[INFO] [stdout] 4 | use tokio_postgres::types::Type;
[INFO] [stdout]   |     ^^^^^^^^^^^^^^ use of undeclared crate or module `tokio_postgres`
[INFO] [stdout] 
[INFO] [stdout] 
[INFO] [stdout] error[E0433]: failed to resolve: use of undeclared crate or module `tokio_postgres`
[INFO] [stdout]  --> tests/test/parse.rs:2:5
[INFO] [stdout]   |
[INFO] [stdout] 2 | use tokio_postgres::config::{Config, TargetSessionAttrs};
[INFO] [stdout]   |     ^^^^^^^^^^^^^^ use of undeclared crate or module `tokio_postgres`
[INFO] [stdout] 
[INFO] [stdout] 
[INFO] [stdout] error[E0433]: failed to resolve: use of undeclared crate or module `tokio_postgres`
[INFO] [stdout]  --> tests/test/runtime.rs:4:5
[INFO] [stdout]   |
[INFO] [stdout] 4 | use tokio_postgres::error::SqlState;
[INFO] [stdout]   |     ^^^^^^^^^^^^^^ use of undeclared crate or module `tokio_postgres`
[INFO] [stdout] 
[INFO] [stdout] 
[INFO] [stdout] error[E0432]: unresolved import `tokio_postgres`
[INFO] [stdout]   --> tests/test/main.rs:18:5
[INFO] [stdout]    |
[INFO] [stdout] 18 | use tokio_postgres::{
[INFO] [stdout]    |     ^^^^^^^^^^^^^^ use of undeclared crate or module `tokio_postgres`
[INFO] [stdout] 
[INFO] [stdout] 
[INFO] [stdout] error[E0433]: failed to resolve: use of undeclared crate or module `tokio_postgres`
[INFO] [stdout]   --> tests/test/types/mod.rs:11:5
[INFO] [stdout]    |
[INFO] [stdout] 11 | use tokio_postgres::types::{FromSql, FromSqlOwned, IsNull, Kind, PgLsn, ToSql, Type, WrongType};
[INFO] [stdout]    |     ^^^^^^^^^^^^^^ use of undeclared crate or module `tokio_postgres`
[INFO] [stdout] 
[INFO] [stdout] 
[INFO] [stdout] error[E0432]: unresolved import `tokio_postgres`
[INFO] [stdout]  --> tests/test/runtime.rs:5:5
[INFO] [stdout]   |
[INFO] [stdout] 5 | use tokio_postgres::{Client, NoTls};
[INFO] [stdout]   |     ^^^^^^^^^^^^^^ use of undeclared crate or module `tokio_postgres`
[INFO] [stdout] 
[INFO] [stdout] 
[INFO] [stdout] warning: unused import: `std::str::FromStr`
[INFO] [stdout]  --> tests/test/types/mod.rs:9:5
[INFO] [stdout]   |
[INFO] [stdout] 9 | use std::str::FromStr;
[INFO] [stdout]   |     ^^^^^^^^^^^^^^^^^
[INFO] [stdout]   |
[INFO] [stdout]   = note: `#[warn(unused_imports)]` on by default
[INFO] [stdout] 
[INFO] [stdout] 
[INFO] [stdout] error[E0433]: failed to resolve: use of undeclared crate or module `tokio_postgres`
[INFO] [stdout]  --> tests/test/runtime.rs:8:32
[INFO] [stdout]   |
[INFO] [stdout] 8 |     let (client, connection) = tokio_postgres::connect(s, NoTls).await.unwrap();
[INFO] [stdout]   |                                ^^^^^^^^^^^^^^ use of undeclared crate or module `tokio_postgres`
[INFO] [stdout] 
[INFO] [stdout] 
[INFO] [stdout] error[E0433]: failed to resolve: use of undeclared crate or module `tokio_postgres`
[INFO] [stdout]   --> tests/test/runtime.rs:46:5
[INFO] [stdout]    |
[INFO] [stdout] 46 |     tokio_postgres::connect("host=localhost port=5433,5433 user=postgres", NoTls)
[INFO] [stdout]    |     ^^^^^^^^^^^^^^ use of undeclared crate or module `tokio_postgres`
[INFO] [stdout] 
[INFO] [stdout] 
[INFO] [stdout] error[E0433]: failed to resolve: use of undeclared crate or module `tokio_postgres`
[INFO] [stdout]   --> tests/test/runtime.rs:59:5
[INFO] [stdout]    |
[INFO] [stdout] 59 |     tokio_postgres::connect(
[INFO] [stdout]    |     ^^^^^^^^^^^^^^ use of undeclared crate or module `tokio_postgres`
[INFO] [stdout] 
[INFO] [stdout] 
[INFO] [stdout] error[E0433]: failed to resolve: use of undeclared crate or module `tokio_postgres`
[INFO] [stdout]   --> tests/test/runtime.rs:71:13
[INFO] [stdout]    |
[INFO] [stdout] 71 |     let _ = tokio_postgres::connect(
[INFO] [stdout]    |             ^^^^^^^^^^^^^^ use of undeclared crate or module `tokio_postgres`
[INFO] [stdout] 
[INFO] [stdout] 
[INFO] [stdout] error[E0433]: failed to resolve: use of undeclared crate or module `tokio_postgres`
[INFO] [stdout]   --> tests/test/runtime.rs:81:13
[INFO] [stdout]    |
[INFO] [stdout] 81 |     let _ = tokio_postgres::connect(
[INFO] [stdout]    |             ^^^^^^^^^^^^^^ use of undeclared crate or module `tokio_postgres`
[INFO] [stdout] 
[INFO] [stdout] 
[INFO] [stdout] error[E0433]: failed to resolve: use of undeclared crate or module `tokio_postgres`
[INFO] [stdout]   --> tests/test/runtime.rs:91:13
[INFO] [stdout]    |
[INFO] [stdout] 91 |     let _ = tokio_postgres::connect(
[INFO] [stdout]    |             ^^^^^^^^^^^^^^ use of undeclared crate or module `tokio_postgres`
[INFO] [stdout] 
[INFO] [stdout] 
[INFO] [stdout] error[E0433]: failed to resolve: use of undeclared crate or module `tokio_postgres`
[INFO] [stdout]    --> tests/test/runtime.rs:101:13
[INFO] [stdout]     |
[INFO] [stdout] 101 |     let _ = tokio_postgres::connect(
[INFO] [stdout]     |             ^^^^^^^^^^^^^^ use of undeclared crate or module `tokio_postgres`
[INFO] [stdout] 
[INFO] [stdout] 
[INFO] [stdout] error[E0433]: failed to resolve: use of undeclared crate or module `tokio_postgres`
[INFO] [stdout]    --> tests/test/runtime.rs:112:13
[INFO] [stdout]     |
[INFO] [stdout] 112 |     let _ = tokio_postgres::connect(
[INFO] [stdout]     |             ^^^^^^^^^^^^^^ use of undeclared crate or module `tokio_postgres`
[INFO] [stdout] 
[INFO] [stdout] 
[INFO] [stdout] error: aborting due to 18 previous errors; 1 warning emitted
[INFO] [stdout] 
[INFO] [stdout] 
[INFO] [stdout] Some errors have detailed explanations: E0432, E0433.
[INFO] [stdout] 
[INFO] [stdout] For more information about an error, try `rustc --explain E0432`.
[INFO] [stdout] 
[INFO] [stderr] error: could not compile `xxai-tokio-postgres` (test "test") due to 19 previous errors; 1 warning emitted
[INFO] running `Command { std: "docker" "inspect" "194c89860ecb30b93adf4a38197cc13f20d5c9cb067f43901eb5e0f5d80996eb", kill_on_drop: false }`
[INFO] running `Command { std: "docker" "rm" "-f" "194c89860ecb30b93adf4a38197cc13f20d5c9cb067f43901eb5e0f5d80996eb", kill_on_drop: false }`
[INFO] [stdout] 194c89860ecb30b93adf4a38197cc13f20d5c9cb067f43901eb5e0f5d80996eb
