[INFO] fetching crate xvc-walker 0.6.3...
[INFO] testing xvc-walker-0.6.3 against 1.75.0 for beta-1.76-1
[INFO] extracting crate xvc-walker 0.6.3 into /workspace/builds/worker-0-tc1/source
[INFO] validating manifest of crates.io crate xvc-walker 0.6.3 on toolchain 1.75.0
[INFO] running `Command { std: CARGO_HOME="/workspace/cargo-home" RUSTUP_HOME="/workspace/rustup-home" "/workspace/cargo-home/bin/cargo" "+1.75.0" "metadata" "--manifest-path" "Cargo.toml" "--no-deps", kill_on_drop: false }`
[INFO] started tweaking crates.io crate xvc-walker 0.6.3
[INFO] finished tweaking crates.io crate xvc-walker 0.6.3
[INFO] tweaked toml for crates.io crate xvc-walker 0.6.3 written to /workspace/builds/worker-0-tc1/source/Cargo.toml
[INFO] running `Command { std: CARGO_HOME="/workspace/cargo-home" RUSTUP_HOME="/workspace/rustup-home" "/workspace/cargo-home/bin/cargo" "+1.75.0" "generate-lockfile" "--manifest-path" "Cargo.toml", kill_on_drop: false }`
[INFO] [stderr]     Updating crates.io index
[INFO] running `Command { std: CARGO_HOME="/workspace/cargo-home" RUSTUP_HOME="/workspace/rustup-home" "/workspace/cargo-home/bin/cargo" "+1.75.0" "fetch" "--manifest-path" "Cargo.toml", kill_on_drop: false }`
[INFO] [stderr]  Downloading crates ...
[INFO] [stderr]   Downloaded xvc-logging v0.6.4
[INFO] running `Command { std: "docker" "create" "-v" "/var/lib/crater-agent-workspace/builds/worker-0-tc1/target:/opt/rustwide/target:rw,Z" "-v" "/var/lib/crater-agent-workspace/builds/worker-0-tc1/source:/opt/rustwide/workdir:ro,Z" "-v" "/var/lib/crater-agent-workspace/cargo-home:/opt/rustwide/cargo-home:ro,Z" "-v" "/var/lib/crater-agent-workspace/rustup-home:/opt/rustwide/rustup-home:ro,Z" "-e" "SOURCE_DIR=/opt/rustwide/workdir" "-e" "CARGO_TARGET_DIR=/opt/rustwide/target" "-e" "CARGO_HOME=/opt/rustwide/cargo-home" "-e" "RUSTUP_HOME=/opt/rustwide/rustup-home" "-w" "/opt/rustwide/workdir" "-m" "1610612736" "--user" "0:0" "--network" "none" "ghcr.io/rust-lang/crates-build-env/linux@sha256:2788e3201cd34a07e3172128adcd8b3090168a8e3bcc40d7c032b9dda1df7d1c" "/opt/rustwide/cargo-home/bin/cargo" "+1.75.0" "metadata" "--no-deps" "--format-version=1", kill_on_drop: false }`
[INFO] [stdout] c9dd841f63e72fcaa21c545d7758bead78ce571c97f4ee43ba41a5c6661b9807
[INFO] running `Command { std: "docker" "start" "-a" "c9dd841f63e72fcaa21c545d7758bead78ce571c97f4ee43ba41a5c6661b9807", kill_on_drop: false }`
[INFO] running `Command { std: "docker" "inspect" "c9dd841f63e72fcaa21c545d7758bead78ce571c97f4ee43ba41a5c6661b9807", kill_on_drop: false }`
[INFO] running `Command { std: "docker" "rm" "-f" "c9dd841f63e72fcaa21c545d7758bead78ce571c97f4ee43ba41a5c6661b9807", kill_on_drop: false }`
[INFO] [stdout] c9dd841f63e72fcaa21c545d7758bead78ce571c97f4ee43ba41a5c6661b9807
[INFO] running `Command { std: "docker" "create" "-v" "/var/lib/crater-agent-workspace/builds/worker-0-tc1/target:/opt/rustwide/target:rw,Z" "-v" "/var/lib/crater-agent-workspace/builds/worker-0-tc1/source:/opt/rustwide/workdir:ro,Z" "-v" "/var/lib/crater-agent-workspace/cargo-home:/opt/rustwide/cargo-home:ro,Z" "-v" "/var/lib/crater-agent-workspace/rustup-home:/opt/rustwide/rustup-home:ro,Z" "-e" "SOURCE_DIR=/opt/rustwide/workdir" "-e" "CARGO_TARGET_DIR=/opt/rustwide/target" "-e" "CARGO_INCREMENTAL=0" "-e" "RUST_BACKTRACE=full" "-e" "RUSTFLAGS=--cap-lints=warn" "-e" "RUSTDOCFLAGS=--cap-lints=warn" "-e" "CARGO_HOME=/opt/rustwide/cargo-home" "-e" "RUSTUP_HOME=/opt/rustwide/rustup-home" "-w" "/opt/rustwide/workdir" "-m" "1610612736" "--user" "0:0" "--network" "none" "ghcr.io/rust-lang/crates-build-env/linux@sha256:2788e3201cd34a07e3172128adcd8b3090168a8e3bcc40d7c032b9dda1df7d1c" "/opt/rustwide/cargo-home/bin/cargo" "+1.75.0" "build" "--frozen" "--message-format=json", kill_on_drop: false }`
[INFO] [stdout] 664af4cd0d32a4ed1b054735b7b65a92127542fd726e4a4a1b5cc5cfdce582e1
[INFO] running `Command { std: "docker" "start" "-a" "664af4cd0d32a4ed1b054735b7b65a92127542fd726e4a4a1b5cc5cfdce582e1", kill_on_drop: false }`
[INFO] [stderr]    Compiling crossbeam-utils v0.8.18
[INFO] [stderr]    Compiling libc v0.2.151
[INFO] [stderr]    Compiling proc-macro2 v1.0.75
[INFO] [stderr]    Compiling rustix v0.38.28
[INFO] [stderr]    Compiling memchr v2.7.1
[INFO] [stderr]    Compiling bitflags v2.4.1
[INFO] [stderr]    Compiling linux-raw-sys v0.4.12
[INFO] [stderr]    Compiling log v0.4.20
[INFO] [stderr]    Compiling regex-syntax v0.8.2
[INFO] [stderr]    Compiling anyhow v1.0.79
[INFO] [stderr]    Compiling either v1.9.0
[INFO] [stderr]    Compiling walkdir v2.4.0
[INFO] [stderr]    Compiling itertools v0.11.0
[INFO] [stderr]    Compiling aho-corasick v1.1.2
[INFO] [stderr]    Compiling bstr v1.9.0
[INFO] [stderr]    Compiling crossbeam-channel v0.5.10
[INFO] [stderr]    Compiling crossbeam-epoch v0.9.17
[INFO] [stderr]    Compiling crossbeam-queue v0.3.10
[INFO] [stderr]    Compiling quote v1.0.35
[INFO] [stderr]    Compiling syn v2.0.48
[INFO] [stderr]    Compiling crossbeam-deque v0.8.4
[INFO] [stderr]    Compiling inotify-sys v0.1.5
[INFO] [stderr]    Compiling mio v0.8.10
[INFO] [stderr]    Compiling filetime v0.2.23
[INFO] [stderr]    Compiling inotify v0.9.6
[INFO] [stderr]    Compiling crossbeam v0.8.3
[INFO] [stderr]    Compiling notify v6.1.1
[INFO] [stderr]    Compiling is-terminal v0.4.10
[INFO] [stderr]    Compiling colored v1.9.4
[INFO] [stderr]    Compiling fern v0.6.2
[INFO] [stderr]    Compiling regex-automata v0.4.3
[INFO] [stderr]    Compiling xvc-logging v0.6.4
[INFO] [stderr]    Compiling thiserror-impl v1.0.56
[INFO] [stderr]    Compiling thiserror v1.0.56
[INFO] [stderr]    Compiling regex v1.10.2
[INFO] [stderr]    Compiling globset v0.4.14
[INFO] [stderr]    Compiling xvc-walker v0.6.3 (/opt/rustwide/workdir)
[INFO] [stderr]     Finished dev [unoptimized + debuginfo] target(s) in 6.03s
[INFO] running `Command { std: "docker" "inspect" "664af4cd0d32a4ed1b054735b7b65a92127542fd726e4a4a1b5cc5cfdce582e1", kill_on_drop: false }`
[INFO] running `Command { std: "docker" "rm" "-f" "664af4cd0d32a4ed1b054735b7b65a92127542fd726e4a4a1b5cc5cfdce582e1", kill_on_drop: false }`
[INFO] [stdout] 664af4cd0d32a4ed1b054735b7b65a92127542fd726e4a4a1b5cc5cfdce582e1
[INFO] running `Command { std: "docker" "create" "-v" "/var/lib/crater-agent-workspace/builds/worker-0-tc1/target:/opt/rustwide/target:rw,Z" "-v" "/var/lib/crater-agent-workspace/builds/worker-0-tc1/source:/opt/rustwide/workdir:ro,Z" "-v" "/var/lib/crater-agent-workspace/cargo-home:/opt/rustwide/cargo-home:ro,Z" "-v" "/var/lib/crater-agent-workspace/rustup-home:/opt/rustwide/rustup-home:ro,Z" "-e" "SOURCE_DIR=/opt/rustwide/workdir" "-e" "CARGO_TARGET_DIR=/opt/rustwide/target" "-e" "CARGO_INCREMENTAL=0" "-e" "RUST_BACKTRACE=full" "-e" "RUSTFLAGS=--cap-lints=warn" "-e" "RUSTDOCFLAGS=--cap-lints=warn" "-e" "CARGO_HOME=/opt/rustwide/cargo-home" "-e" "RUSTUP_HOME=/opt/rustwide/rustup-home" "-w" "/opt/rustwide/workdir" "-m" "1610612736" "--user" "0:0" "--network" "none" "ghcr.io/rust-lang/crates-build-env/linux@sha256:2788e3201cd34a07e3172128adcd8b3090168a8e3bcc40d7c032b9dda1df7d1c" "/opt/rustwide/cargo-home/bin/cargo" "+1.75.0" "test" "--frozen" "--no-run" "--message-format=json", kill_on_drop: false }`
[INFO] [stdout] c496f9c73854c3418b95b2c57ce75b048e3c24ad74645722f923d0a66a11b8ea
[INFO] running `Command { std: "docker" "start" "-a" "c496f9c73854c3418b95b2c57ce75b048e3c24ad74645722f923d0a66a11b8ea", kill_on_drop: false }`
[INFO] [stderr]    Compiling syn v2.0.48
[INFO] [stderr]    Compiling test-case-core v3.3.1
[INFO] [stderr]    Compiling thiserror-impl v1.0.56
[INFO] [stderr]    Compiling test-case-macros v3.3.1
[INFO] [stderr]    Compiling test-case v3.3.1
[INFO] [stderr]    Compiling thiserror v1.0.56
[INFO] [stderr]    Compiling xvc-walker v0.6.3 (/opt/rustwide/workdir)
[INFO] [stdout] error[E0432]: unresolved import `xvc_test_helper`
[INFO] [stdout]    --> src/lib.rs:883:9
[INFO] [stdout]     |
[INFO] [stdout] 883 |     use xvc_test_helper::*;
[INFO] [stdout]     |         ^^^^^^^^^^^^^^^ use of undeclared crate or module `xvc_test_helper`
[INFO] [stdout] 
[INFO] [stdout] 
[INFO] [stdout] error[E0425]: cannot find function `test_logging` in this scope
[INFO] [stdout]     --> src/lib.rs:1095:9
[INFO] [stdout]      |
[INFO] [stdout] 1095 |         test_logging(LevelFilter::Trace);
[INFO] [stdout]      |         ^^^^^^^^^^^^ not found in this scope
[INFO] [stdout] 
[INFO] [stdout] 
[INFO] [stdout] error[E0425]: cannot find function `seeded_temp_dir` in this scope
[INFO] [stdout]     --> src/lib.rs:1110:33
[INFO] [stdout]      |
[INFO] [stdout] 1110 |         let temp_dir: PathBuf = seeded_temp_dir("xvc-walker", Some(20220615));
[INFO] [stdout]      |                                 ^^^^^^^^^^^^^^^ not found in this scope
[INFO] [stdout] 
[INFO] [stdout] 
[INFO] [stdout] error[E0425]: cannot find function `create_directory_tree` in this scope
[INFO] [stdout]     --> src/lib.rs:1119:13
[INFO] [stdout]      |
[INFO] [stdout] 1119 |             create_directory_tree(&temp_dir, 10, 10, 1000, None)?;
[INFO] [stdout]      |             ^^^^^^^^^^^^^^^^^^^^^ not found in this scope
[INFO] [stdout] 
[INFO] [stdout] 
[INFO] [stdout] error[E0425]: cannot find function `create_directory_tree` in this scope
[INFO] [stdout]     --> src/lib.rs:1122:13
[INFO] [stdout]      |
[INFO] [stdout] 1122 |             create_directory_tree(level_1, 10, 10, 1000, None)?;
[INFO] [stdout]      |             ^^^^^^^^^^^^^^^^^^^^^ not found in this scope
[INFO] [stdout] 
[INFO] [stdout] 
[INFO] [stdout] error[E0425]: cannot find function `create_directory_tree` in this scope
[INFO] [stdout]     --> src/lib.rs:1125:13
[INFO] [stdout]      |
[INFO] [stdout] 1125 |             create_directory_tree(level_2, 10, 10, 1000, None)?;
[INFO] [stdout]      |             ^^^^^^^^^^^^^^^^^^^^^ not found in this scope
[INFO] [stdout] 
[INFO] [stdout] 
[INFO] [stdout] error: aborting due to 6 previous errors
[INFO] [stdout] 
[INFO] [stdout] 
[INFO] [stdout] Some errors have detailed explanations: E0425, E0432.
[INFO] [stdout] 
[INFO] [stdout] For more information about an error, try `rustc --explain E0425`.
[INFO] [stdout] 
[INFO] [stderr] error: could not compile `xvc-walker` (lib test) due to 7 previous errors
[INFO] [stderr] warning: build failed, waiting for other jobs to finish...
[INFO] running `Command { std: "docker" "inspect" "c496f9c73854c3418b95b2c57ce75b048e3c24ad74645722f923d0a66a11b8ea", kill_on_drop: false }`
[INFO] running `Command { std: "docker" "rm" "-f" "c496f9c73854c3418b95b2c57ce75b048e3c24ad74645722f923d0a66a11b8ea", kill_on_drop: false }`
[INFO] [stdout] c496f9c73854c3418b95b2c57ce75b048e3c24ad74645722f923d0a66a11b8ea
[INFO] testing xvc-walker-0.6.3 against beta-2023-12-22 for beta-1.76-1
[INFO] extracting crate xvc-walker 0.6.3 into /workspace/builds/worker-0-tc2/source
[INFO] validating manifest of crates.io crate xvc-walker 0.6.3 on toolchain beta-2023-12-22
[INFO] running `Command { std: CARGO_HOME="/workspace/cargo-home" RUSTUP_HOME="/workspace/rustup-home" "/workspace/cargo-home/bin/cargo" "+beta-2023-12-22" "metadata" "--manifest-path" "Cargo.toml" "--no-deps", kill_on_drop: false }`
[INFO] started tweaking crates.io crate xvc-walker 0.6.3
[INFO] finished tweaking crates.io crate xvc-walker 0.6.3
[INFO] tweaked toml for crates.io crate xvc-walker 0.6.3 written to /workspace/builds/worker-0-tc2/source/Cargo.toml
[INFO] running `Command { std: CARGO_HOME="/workspace/cargo-home" RUSTUP_HOME="/workspace/rustup-home" "/workspace/cargo-home/bin/cargo" "+beta-2023-12-22" "generate-lockfile" "--manifest-path" "Cargo.toml", kill_on_drop: false }`
[INFO] [stderr]     Updating crates.io index
[INFO] running `Command { std: CARGO_HOME="/workspace/cargo-home" RUSTUP_HOME="/workspace/rustup-home" "/workspace/cargo-home/bin/cargo" "+beta-2023-12-22" "fetch" "--manifest-path" "Cargo.toml", kill_on_drop: false }`
[INFO] running `Command { std: "docker" "create" "-v" "/var/lib/crater-agent-workspace/builds/worker-0-tc2/target:/opt/rustwide/target:rw,Z" "-v" "/var/lib/crater-agent-workspace/builds/worker-0-tc2/source:/opt/rustwide/workdir:ro,Z" "-v" "/var/lib/crater-agent-workspace/cargo-home:/opt/rustwide/cargo-home:ro,Z" "-v" "/var/lib/crater-agent-workspace/rustup-home:/opt/rustwide/rustup-home:ro,Z" "-e" "SOURCE_DIR=/opt/rustwide/workdir" "-e" "CARGO_TARGET_DIR=/opt/rustwide/target" "-e" "CARGO_HOME=/opt/rustwide/cargo-home" "-e" "RUSTUP_HOME=/opt/rustwide/rustup-home" "-w" "/opt/rustwide/workdir" "-m" "1610612736" "--user" "0:0" "--network" "none" "ghcr.io/rust-lang/crates-build-env/linux@sha256:2788e3201cd34a07e3172128adcd8b3090168a8e3bcc40d7c032b9dda1df7d1c" "/opt/rustwide/cargo-home/bin/cargo" "+beta-2023-12-22" "metadata" "--no-deps" "--format-version=1", kill_on_drop: false }`
[INFO] [stdout] 2496d7495799fe835dff177c135b06c2053945668d5636bcfec49ddd3586a9fb
[INFO] running `Command { std: "docker" "start" "-a" "2496d7495799fe835dff177c135b06c2053945668d5636bcfec49ddd3586a9fb", kill_on_drop: false }`
[INFO] running `Command { std: "docker" "inspect" "2496d7495799fe835dff177c135b06c2053945668d5636bcfec49ddd3586a9fb", kill_on_drop: false }`
[INFO] running `Command { std: "docker" "rm" "-f" "2496d7495799fe835dff177c135b06c2053945668d5636bcfec49ddd3586a9fb", kill_on_drop: false }`
[INFO] [stdout] 2496d7495799fe835dff177c135b06c2053945668d5636bcfec49ddd3586a9fb
[INFO] running `Command { std: "docker" "create" "-v" "/var/lib/crater-agent-workspace/builds/worker-0-tc2/target:/opt/rustwide/target:rw,Z" "-v" "/var/lib/crater-agent-workspace/builds/worker-0-tc2/source:/opt/rustwide/workdir:ro,Z" "-v" "/var/lib/crater-agent-workspace/cargo-home:/opt/rustwide/cargo-home:ro,Z" "-v" "/var/lib/crater-agent-workspace/rustup-home:/opt/rustwide/rustup-home:ro,Z" "-e" "SOURCE_DIR=/opt/rustwide/workdir" "-e" "CARGO_TARGET_DIR=/opt/rustwide/target" "-e" "CARGO_INCREMENTAL=0" "-e" "RUST_BACKTRACE=full" "-e" "RUSTFLAGS=--cap-lints=warn" "-e" "RUSTDOCFLAGS=--cap-lints=warn" "-e" "CARGO_HOME=/opt/rustwide/cargo-home" "-e" "RUSTUP_HOME=/opt/rustwide/rustup-home" "-w" "/opt/rustwide/workdir" "-m" "1610612736" "--user" "0:0" "--network" "none" "ghcr.io/rust-lang/crates-build-env/linux@sha256:2788e3201cd34a07e3172128adcd8b3090168a8e3bcc40d7c032b9dda1df7d1c" "/opt/rustwide/cargo-home/bin/cargo" "+beta-2023-12-22" "build" "--frozen" "--message-format=json", kill_on_drop: false }`
[INFO] [stdout] 49d8390ea382dd5aad544db6d8fd91e5dde8dcc54e88c5fb5812c5af442383c3
[INFO] running `Command { std: "docker" "start" "-a" "49d8390ea382dd5aad544db6d8fd91e5dde8dcc54e88c5fb5812c5af442383c3", kill_on_drop: false }`
[INFO] [stderr]    Compiling crossbeam-utils v0.8.18
[INFO] [stderr]    Compiling libc v0.2.151
[INFO] [stderr]    Compiling proc-macro2 v1.0.75
[INFO] [stderr]    Compiling rustix v0.38.28
[INFO] [stderr]    Compiling linux-raw-sys v0.4.12
[INFO] [stderr]    Compiling bitflags v2.4.1
[INFO] [stderr]    Compiling log v0.4.20
[INFO] [stderr]    Compiling memchr v2.7.1
[INFO] [stderr]    Compiling regex-syntax v0.8.2
[INFO] [stderr]    Compiling anyhow v1.0.79
[INFO] [stderr]    Compiling either v1.9.0
[INFO] [stderr]    Compiling walkdir v2.4.0
[INFO] [stderr]    Compiling itertools v0.11.0
[INFO] [stderr]    Compiling aho-corasick v1.1.2
[INFO] [stderr]    Compiling bstr v1.9.0
[INFO] [stderr]    Compiling crossbeam-channel v0.5.10
[INFO] [stderr]    Compiling crossbeam-epoch v0.9.17
[INFO] [stderr]    Compiling crossbeam-queue v0.3.10
[INFO] [stderr]    Compiling quote v1.0.35
[INFO] [stderr]    Compiling crossbeam-deque v0.8.4
[INFO] [stderr]    Compiling syn v2.0.48
[INFO] [stderr]    Compiling inotify-sys v0.1.5
[INFO] [stderr]    Compiling filetime v0.2.23
[INFO] [stderr]    Compiling mio v0.8.10
[INFO] [stderr]    Compiling is-terminal v0.4.10
[INFO] [stderr]    Compiling crossbeam v0.8.3
[INFO] [stderr]    Compiling inotify v0.9.6
[INFO] [stderr]    Compiling colored v1.9.4
[INFO] [stderr]    Compiling fern v0.6.2
[INFO] [stderr]    Compiling notify v6.1.1
[INFO] [stderr]    Compiling xvc-logging v0.6.4
[INFO] [stderr]    Compiling regex-automata v0.4.3
[INFO] [stderr]    Compiling thiserror-impl v1.0.56
[INFO] [stderr]    Compiling thiserror v1.0.56
[INFO] [stderr]    Compiling globset v0.4.14
[INFO] [stderr]    Compiling regex v1.10.2
[INFO] [stderr]    Compiling xvc-walker v0.6.3 (/opt/rustwide/workdir)
[INFO] [stderr]     Finished dev [unoptimized + debuginfo] target(s) in 5.07s
[INFO] running `Command { std: "docker" "inspect" "49d8390ea382dd5aad544db6d8fd91e5dde8dcc54e88c5fb5812c5af442383c3", kill_on_drop: false }`
[INFO] running `Command { std: "docker" "rm" "-f" "49d8390ea382dd5aad544db6d8fd91e5dde8dcc54e88c5fb5812c5af442383c3", kill_on_drop: false }`
[INFO] [stdout] 49d8390ea382dd5aad544db6d8fd91e5dde8dcc54e88c5fb5812c5af442383c3
[INFO] running `Command { std: "docker" "create" "-v" "/var/lib/crater-agent-workspace/builds/worker-0-tc2/target:/opt/rustwide/target:rw,Z" "-v" "/var/lib/crater-agent-workspace/builds/worker-0-tc2/source:/opt/rustwide/workdir:ro,Z" "-v" "/var/lib/crater-agent-workspace/cargo-home:/opt/rustwide/cargo-home:ro,Z" "-v" "/var/lib/crater-agent-workspace/rustup-home:/opt/rustwide/rustup-home:ro,Z" "-e" "SOURCE_DIR=/opt/rustwide/workdir" "-e" "CARGO_TARGET_DIR=/opt/rustwide/target" "-e" "CARGO_INCREMENTAL=0" "-e" "RUST_BACKTRACE=full" "-e" "RUSTFLAGS=--cap-lints=warn" "-e" "RUSTDOCFLAGS=--cap-lints=warn" "-e" "CARGO_HOME=/opt/rustwide/cargo-home" "-e" "RUSTUP_HOME=/opt/rustwide/rustup-home" "-w" "/opt/rustwide/workdir" "-m" "1610612736" "--user" "0:0" "--network" "none" "ghcr.io/rust-lang/crates-build-env/linux@sha256:2788e3201cd34a07e3172128adcd8b3090168a8e3bcc40d7c032b9dda1df7d1c" "/opt/rustwide/cargo-home/bin/cargo" "+beta-2023-12-22" "test" "--frozen" "--no-run" "--message-format=json", kill_on_drop: false }`
[INFO] [stdout] ca0f1ec2fe6f69b47184adae8407004e5a827414d9d57ff522259bbf98b361e5
[INFO] running `Command { std: "docker" "start" "-a" "ca0f1ec2fe6f69b47184adae8407004e5a827414d9d57ff522259bbf98b361e5", kill_on_drop: false }`
[INFO] [stderr]    Compiling syn v2.0.48
[INFO] [stderr]    Compiling test-case-core v3.3.1
[INFO] [stderr]    Compiling thiserror-impl v1.0.56
[INFO] [stderr]    Compiling test-case-macros v3.3.1
[INFO] [stderr]    Compiling test-case v3.3.1
[INFO] [stderr]    Compiling thiserror v1.0.56
[INFO] [stderr]    Compiling xvc-walker v0.6.3 (/opt/rustwide/workdir)
[INFO] [stdout] error[E0432]: unresolved import `xvc_test_helper`
[INFO] [stdout]    --> src/lib.rs:883:9
[INFO] [stdout]     |
[INFO] [stdout] 883 |     use xvc_test_helper::*;
[INFO] [stdout]     |         ^^^^^^^^^^^^^^^ use of undeclared crate or module `xvc_test_helper`
[INFO] [stdout] 
[INFO] [stdout] 
[INFO] [stdout] error[E0425]: cannot find function `test_logging` in this scope
[INFO] [stdout]     --> src/lib.rs:1095:9
[INFO] [stdout]      |
[INFO] [stdout] 1095 |         test_logging(LevelFilter::Trace);
[INFO] [stdout]      |         ^^^^^^^^^^^^ not found in this scope
[INFO] [stdout] 
[INFO] [stdout] 
[INFO] [stdout] error[E0425]: cannot find function `seeded_temp_dir` in this scope
[INFO] [stdout]     --> src/lib.rs:1110:33
[INFO] [stdout]      |
[INFO] [stdout] 1110 |         let temp_dir: PathBuf = seeded_temp_dir("xvc-walker", Some(20220615));
[INFO] [stdout]      |                                 ^^^^^^^^^^^^^^^ not found in this scope
[INFO] [stdout] 
[INFO] [stdout] 
[INFO] [stdout] error[E0425]: cannot find function `create_directory_tree` in this scope
[INFO] [stdout]     --> src/lib.rs:1119:13
[INFO] [stdout]      |
[INFO] [stdout] 1119 |             create_directory_tree(&temp_dir, 10, 10, 1000, None)?;
[INFO] [stdout]      |             ^^^^^^^^^^^^^^^^^^^^^ not found in this scope
[INFO] [stdout] 
[INFO] [stdout] 
[INFO] [stdout] error[E0425]: cannot find function `create_directory_tree` in this scope
[INFO] [stdout]     --> src/lib.rs:1122:13
[INFO] [stdout]      |
[INFO] [stdout] 1122 |             create_directory_tree(level_1, 10, 10, 1000, None)?;
[INFO] [stdout]      |             ^^^^^^^^^^^^^^^^^^^^^ not found in this scope
[INFO] [stdout] 
[INFO] [stdout] 
[INFO] [stdout] error[E0425]: cannot find function `create_directory_tree` in this scope
[INFO] [stdout]     --> src/lib.rs:1125:13
[INFO] [stdout]      |
[INFO] [stdout] 1125 |             create_directory_tree(level_2, 10, 10, 1000, None)?;
[INFO] [stdout]      |             ^^^^^^^^^^^^^^^^^^^^^ not found in this scope
[INFO] [stdout] 
[INFO] [stdout] 
[INFO] [stdout] error: aborting due to 6 previous errors
[INFO] [stdout] 
[INFO] [stdout] 
[INFO] [stdout] Some errors have detailed explanations: E0425, E0432.
[INFO] [stdout] 
[INFO] [stdout] For more information about an error, try `rustc --explain E0425`.
[INFO] [stdout] 
[INFO] [stderr] error: could not compile `xvc-walker` (lib test) due to 7 previous errors
[INFO] [stderr] warning: build failed, waiting for other jobs to finish...
[INFO] running `Command { std: "docker" "inspect" "ca0f1ec2fe6f69b47184adae8407004e5a827414d9d57ff522259bbf98b361e5", kill_on_drop: false }`
[INFO] running `Command { std: "docker" "rm" "-f" "ca0f1ec2fe6f69b47184adae8407004e5a827414d9d57ff522259bbf98b361e5", kill_on_drop: false }`
[INFO] [stdout] ca0f1ec2fe6f69b47184adae8407004e5a827414d9d57ff522259bbf98b361e5
