[INFO] fetching crate xtensa-lx6-rt 0.4.0...
[INFO] testing xtensa-lx6-rt-0.4.0 against 1.75.0 for beta-1.76-1
[INFO] extracting crate xtensa-lx6-rt 0.4.0 into /workspace/builds/worker-7-tc1/source
[INFO] validating manifest of crates.io crate xtensa-lx6-rt 0.4.0 on toolchain 1.75.0
[INFO] running `Command { std: CARGO_HOME="/workspace/cargo-home" RUSTUP_HOME="/workspace/rustup-home" "/workspace/cargo-home/bin/cargo" "+1.75.0" "metadata" "--manifest-path" "Cargo.toml" "--no-deps", kill_on_drop: false }`
[INFO] started tweaking crates.io crate xtensa-lx6-rt 0.4.0
[INFO] finished tweaking crates.io crate xtensa-lx6-rt 0.4.0
[INFO] tweaked toml for crates.io crate xtensa-lx6-rt 0.4.0 written to /workspace/builds/worker-7-tc1/source/Cargo.toml
[INFO] running `Command { std: CARGO_HOME="/workspace/cargo-home" RUSTUP_HOME="/workspace/rustup-home" "/workspace/cargo-home/bin/cargo" "+1.75.0" "generate-lockfile" "--manifest-path" "Cargo.toml", kill_on_drop: false }`
[INFO] [stderr]     Updating crates.io index
[INFO] running `Command { std: CARGO_HOME="/workspace/cargo-home" RUSTUP_HOME="/workspace/rustup-home" "/workspace/cargo-home/bin/cargo" "+1.75.0" "fetch" "--manifest-path" "Cargo.toml", kill_on_drop: false }`
[INFO] [stderr]  Downloading crates ...
[INFO] [stderr]   Downloaded r0 v1.0.0
[INFO] [stderr]   Downloaded xtensa-lx6-rt-proc-macros v0.1.0
[INFO] running `Command { std: "docker" "create" "-v" "/var/lib/crater-agent-workspace/builds/worker-7-tc1/target:/opt/rustwide/target:rw,Z" "-v" "/var/lib/crater-agent-workspace/builds/worker-7-tc1/source:/opt/rustwide/workdir:ro,Z" "-v" "/var/lib/crater-agent-workspace/cargo-home:/opt/rustwide/cargo-home:ro,Z" "-v" "/var/lib/crater-agent-workspace/rustup-home:/opt/rustwide/rustup-home:ro,Z" "-e" "SOURCE_DIR=/opt/rustwide/workdir" "-e" "CARGO_TARGET_DIR=/opt/rustwide/target" "-e" "CARGO_HOME=/opt/rustwide/cargo-home" "-e" "RUSTUP_HOME=/opt/rustwide/rustup-home" "-w" "/opt/rustwide/workdir" "-m" "1610612736" "--user" "0:0" "--network" "none" "ghcr.io/rust-lang/crates-build-env/linux@sha256:2788e3201cd34a07e3172128adcd8b3090168a8e3bcc40d7c032b9dda1df7d1c" "/opt/rustwide/cargo-home/bin/cargo" "+1.75.0" "metadata" "--no-deps" "--format-version=1", kill_on_drop: false }`
[INFO] [stdout] 397da285c3f2c5ceefe0c16b37c470c83ac9c850315cd7251c1085f1de5c5a72
[INFO] running `Command { std: "docker" "start" "-a" "397da285c3f2c5ceefe0c16b37c470c83ac9c850315cd7251c1085f1de5c5a72", kill_on_drop: false }`
[INFO] running `Command { std: "docker" "inspect" "397da285c3f2c5ceefe0c16b37c470c83ac9c850315cd7251c1085f1de5c5a72", kill_on_drop: false }`
[INFO] running `Command { std: "docker" "rm" "-f" "397da285c3f2c5ceefe0c16b37c470c83ac9c850315cd7251c1085f1de5c5a72", kill_on_drop: false }`
[INFO] [stdout] 397da285c3f2c5ceefe0c16b37c470c83ac9c850315cd7251c1085f1de5c5a72
[INFO] running `Command { std: "docker" "create" "-v" "/var/lib/crater-agent-workspace/builds/worker-7-tc1/target:/opt/rustwide/target:rw,Z" "-v" "/var/lib/crater-agent-workspace/builds/worker-7-tc1/source:/opt/rustwide/workdir:ro,Z" "-v" "/var/lib/crater-agent-workspace/cargo-home:/opt/rustwide/cargo-home:ro,Z" "-v" "/var/lib/crater-agent-workspace/rustup-home:/opt/rustwide/rustup-home:ro,Z" "-e" "SOURCE_DIR=/opt/rustwide/workdir" "-e" "CARGO_TARGET_DIR=/opt/rustwide/target" "-e" "CARGO_INCREMENTAL=0" "-e" "RUST_BACKTRACE=full" "-e" "RUSTFLAGS=--cap-lints=warn" "-e" "RUSTDOCFLAGS=--cap-lints=warn" "-e" "CARGO_HOME=/opt/rustwide/cargo-home" "-e" "RUSTUP_HOME=/opt/rustwide/rustup-home" "-w" "/opt/rustwide/workdir" "-m" "1610612736" "--user" "0:0" "--network" "none" "ghcr.io/rust-lang/crates-build-env/linux@sha256:2788e3201cd34a07e3172128adcd8b3090168a8e3bcc40d7c032b9dda1df7d1c" "/opt/rustwide/cargo-home/bin/cargo" "+1.75.0" "build" "--frozen" "--message-format=json", kill_on_drop: false }`
[INFO] [stdout] 3e4a2fcefb1f916dd66c3d7422e6ee37055a63ae0f27239c2ef619a9be243068
[INFO] running `Command { std: "docker" "start" "-a" "3e4a2fcefb1f916dd66c3d7422e6ee37055a63ae0f27239c2ef619a9be243068", kill_on_drop: false }`
[INFO] [stderr]    Compiling semver-parser v0.7.0
[INFO] [stderr]    Compiling syn v1.0.109
[INFO] [stderr]    Compiling xtensa-lx6-rt v0.4.0 (/opt/rustwide/workdir)
[INFO] [stderr]    Compiling r0 v1.0.0
[INFO] [stderr]    Compiling semver v0.9.0
[INFO] [stderr]    Compiling rustc_version v0.2.3
[INFO] [stderr]    Compiling bare-metal v0.2.5
[INFO] [stderr]    Compiling xtensa-lx6-rt-proc-macros v0.1.0
[INFO] [stdout] error: cannot find macro `global_asm` in this scope
[INFO] [stdout]  --> src/exception/assembly.rs:1:1
[INFO] [stdout]   |
[INFO] [stdout] 1 | global_asm!(
[INFO] [stdout]   | ^^^^^^^^^^
[INFO] [stdout]   |
[INFO] [stdout] help: consider importing this macro
[INFO] [stdout]   |
[INFO] [stdout] 1 + use core::arch::global_asm;
[INFO] [stdout]   |
[INFO] [stdout] 
[INFO] [stdout] 
[INFO] [stdout] error: cannot find macro `llvm_asm` in this scope
[INFO] [stdout]   --> src/exception/assembly.rs:94:5
[INFO] [stdout]    |
[INFO] [stdout] 94 |     llvm_asm!(
[INFO] [stdout]    |     ^^^^^^^^
[INFO] [stdout] 
[INFO] [stdout] 
[INFO] [stdout] error: cannot find macro `global_asm` in this scope
[INFO] [stdout]    --> src/exception/assembly.rs:195:1
[INFO] [stdout]     |
[INFO] [stdout] 195 | global_asm!(
[INFO] [stdout]     | ^^^^^^^^^^
[INFO] [stdout]     |
[INFO] [stdout] help: consider importing this macro
[INFO] [stdout]     |
[INFO] [stdout] 1   + use core::arch::global_asm;
[INFO] [stdout]     |
[INFO] [stdout] 
[INFO] [stdout] 
[INFO] [stdout] error: cannot find macro `global_asm` in this scope
[INFO] [stdout]    --> src/exception/assembly.rs:212:1
[INFO] [stdout]     |
[INFO] [stdout] 212 | global_asm!(
[INFO] [stdout]     | ^^^^^^^^^^
[INFO] [stdout]     |
[INFO] [stdout] help: consider importing this macro
[INFO] [stdout]     |
[INFO] [stdout] 1   + use core::arch::global_asm;
[INFO] [stdout]     |
[INFO] [stdout] 
[INFO] [stdout] 
[INFO] [stdout] error: cannot find macro `llvm_asm` in this scope
[INFO] [stdout]    --> src/exception/assembly.rs:281:5
[INFO] [stdout]     |
[INFO] [stdout] 281 |     llvm_asm!(
[INFO] [stdout]     |     ^^^^^^^^
[INFO] [stdout] 
[INFO] [stdout] 
[INFO] [stdout] error: cannot find macro `global_asm` in this scope
[INFO] [stdout]    --> src/exception/assembly.rs:371:1
[INFO] [stdout]     |
[INFO] [stdout] 371 | global_asm!(
[INFO] [stdout]     | ^^^^^^^^^^
[INFO] [stdout]     |
[INFO] [stdout] help: consider importing this macro
[INFO] [stdout]     |
[INFO] [stdout] 1   + use core::arch::global_asm;
[INFO] [stdout]     |
[INFO] [stdout] 
[INFO] [stdout] 
[INFO] [stdout] error: cannot find macro `llvm_asm` in this scope
[INFO] [stdout]    --> src/exception/assembly.rs:402:5
[INFO] [stdout]     |
[INFO] [stdout] 402 |     llvm_asm!(
[INFO] [stdout]     |     ^^^^^^^^
[INFO] [stdout] 
[INFO] [stdout] 
[INFO] [stdout] error: cannot find macro `llvm_asm` in this scope
[INFO] [stdout]    --> src/exception/assembly.rs:436:5
[INFO] [stdout]     |
[INFO] [stdout] 436 |     llvm_asm!(
[INFO] [stdout]     |     ^^^^^^^^
[INFO] [stdout] 
[INFO] [stdout] 
[INFO] [stdout] error: cannot find macro `global_asm` in this scope
[INFO] [stdout]    --> src/exception/assembly.rs:452:1
[INFO] [stdout]     |
[INFO] [stdout] 452 | global_asm!(
[INFO] [stdout]     | ^^^^^^^^^^
[INFO] [stdout]     |
[INFO] [stdout] help: consider importing this macro
[INFO] [stdout]     |
[INFO] [stdout] 1   + use core::arch::global_asm;
[INFO] [stdout]     |
[INFO] [stdout] 
[INFO] [stdout] 
[INFO] [stdout] error: cannot find macro `llvm_asm` in this scope
[INFO] [stdout]    --> src/exception/assembly.rs:478:5
[INFO] [stdout]     |
[INFO] [stdout] 478 |     llvm_asm!("HANDLE_INTERRUPT_LEVEL 2");
[INFO] [stdout]     |     ^^^^^^^^
[INFO] [stdout] 
[INFO] [stdout] 
[INFO] [stdout] error: cannot find macro `llvm_asm` in this scope
[INFO] [stdout]    --> src/exception/assembly.rs:489:5
[INFO] [stdout]     |
[INFO] [stdout] 489 |     llvm_asm!("HANDLE_INTERRUPT_LEVEL 3");
[INFO] [stdout]     |     ^^^^^^^^
[INFO] [stdout] 
[INFO] [stdout] 
[INFO] [stdout] error: cannot find macro `llvm_asm` in this scope
[INFO] [stdout]    --> src/exception/assembly.rs:500:5
[INFO] [stdout]     |
[INFO] [stdout] 500 |     llvm_asm!("HANDLE_INTERRUPT_LEVEL 4");
[INFO] [stdout]     |     ^^^^^^^^
[INFO] [stdout] 
[INFO] [stdout] 
[INFO] [stdout] error: cannot find macro `llvm_asm` in this scope
[INFO] [stdout]    --> src/exception/assembly.rs:511:5
[INFO] [stdout]     |
[INFO] [stdout] 511 |     llvm_asm!("HANDLE_INTERRUPT_LEVEL 5");
[INFO] [stdout]     |     ^^^^^^^^
[INFO] [stdout] 
[INFO] [stdout] 
[INFO] [stdout] error: cannot find macro `llvm_asm` in this scope
[INFO] [stdout]    --> src/exception/assembly.rs:522:5
[INFO] [stdout]     |
[INFO] [stdout] 522 |     llvm_asm!("HANDLE_INTERRUPT_LEVEL 6");
[INFO] [stdout]     |     ^^^^^^^^
[INFO] [stdout] 
[INFO] [stdout] 
[INFO] [stdout] error: cannot find macro `llvm_asm` in this scope
[INFO] [stdout]    --> src/exception/assembly.rs:533:5
[INFO] [stdout]     |
[INFO] [stdout] 533 |     llvm_asm!("HANDLE_INTERRUPT_LEVEL 7");
[INFO] [stdout]     |     ^^^^^^^^
[INFO] [stdout] 
[INFO] [stdout] 
[INFO] [stdout] error: cannot find macro `llvm_asm` in this scope
[INFO] [stdout]    --> src/exception.rs:240:5
[INFO] [stdout]     |
[INFO] [stdout] 240 |     llvm_asm!(
[INFO] [stdout]     |     ^^^^^^^^
[INFO] [stdout] 
[INFO] [stdout] 
[INFO] [stdout] error: cannot find macro `llvm_asm` in this scope
[INFO] [stdout]    --> src/exception.rs:256:5
[INFO] [stdout]     |
[INFO] [stdout] 256 |     llvm_asm!(
[INFO] [stdout]     |     ^^^^^^^^
[INFO] [stdout] 
[INFO] [stdout] 
[INFO] [stdout] error: cannot find macro `llvm_asm` in this scope
[INFO] [stdout]    --> src/exception.rs:275:5
[INFO] [stdout]     |
[INFO] [stdout] 275 |     llvm_asm!(
[INFO] [stdout]     |     ^^^^^^^^
[INFO] [stdout] 
[INFO] [stdout] 
[INFO] [stdout] error: cannot find macro `llvm_asm` in this scope
[INFO] [stdout]    --> src/exception.rs:289:5
[INFO] [stdout]     |
[INFO] [stdout] 289 |     llvm_asm!(
[INFO] [stdout]     |     ^^^^^^^^
[INFO] [stdout] 
[INFO] [stdout] 
[INFO] [stdout] error: cannot find macro `llvm_asm` in this scope
[INFO] [stdout]    --> src/exception.rs:301:5
[INFO] [stdout]     |
[INFO] [stdout] 301 |     llvm_asm!(
[INFO] [stdout]     |     ^^^^^^^^
[INFO] [stdout] 
[INFO] [stdout] 
[INFO] [stdout] error: cannot find macro `llvm_asm` in this scope
[INFO] [stdout]    --> src/exception.rs:313:5
[INFO] [stdout]     |
[INFO] [stdout] 313 |     llvm_asm!(
[INFO] [stdout]     |     ^^^^^^^^
[INFO] [stdout] 
[INFO] [stdout] 
[INFO] [stdout] error: cannot find macro `llvm_asm` in this scope
[INFO] [stdout]    --> src/exception.rs:325:5
[INFO] [stdout]     |
[INFO] [stdout] 325 |     llvm_asm!(
[INFO] [stdout]     |     ^^^^^^^^
[INFO] [stdout] 
[INFO] [stdout] 
[INFO] [stdout] error: cannot find macro `llvm_asm` in this scope
[INFO] [stdout]    --> src/exception.rs:337:5
[INFO] [stdout]     |
[INFO] [stdout] 337 |     llvm_asm!(
[INFO] [stdout]     |     ^^^^^^^^
[INFO] [stdout] 
[INFO] [stdout] 
[INFO] [stdout] error: cannot find macro `llvm_asm` in this scope
[INFO] [stdout]    --> src/exception.rs:349:5
[INFO] [stdout]     |
[INFO] [stdout] 349 |     llvm_asm!(
[INFO] [stdout]     |     ^^^^^^^^
[INFO] [stdout] 
[INFO] [stdout] 
[INFO] [stdout] error: cannot find macro `llvm_asm` in this scope
[INFO] [stdout]    --> src/exception.rs:361:5
[INFO] [stdout]     |
[INFO] [stdout] 361 |     llvm_asm!(
[INFO] [stdout]     |     ^^^^^^^^
[INFO] [stdout] 
[INFO] [stdout] 
[INFO] [stdout] error: cannot find macro `llvm_asm` in this scope
[INFO] [stdout]    --> src/exception.rs:376:5
[INFO] [stdout]     |
[INFO] [stdout] 376 |     llvm_asm!(
[INFO] [stdout]     |     ^^^^^^^^
[INFO] [stdout] 
[INFO] [stdout] 
[INFO] [stdout] error: cannot find macro `llvm_asm` in this scope
[INFO] [stdout]    --> src/exception.rs:414:5
[INFO] [stdout]     |
[INFO] [stdout] 414 |     llvm_asm!(
[INFO] [stdout]     |     ^^^^^^^^
[INFO] [stdout] 
[INFO] [stdout] 
[INFO] [stdout] error: cannot find macro `llvm_asm` in this scope
[INFO] [stdout]    --> src/exception.rs:435:5
[INFO] [stdout]     |
[INFO] [stdout] 435 |     llvm_asm!(
[INFO] [stdout]     |     ^^^^^^^^
[INFO] [stdout] 
[INFO] [stdout] 
[INFO] [stdout] error: cannot find macro `llvm_asm` in this scope
[INFO] [stdout]    --> src/exception.rs:456:5
[INFO] [stdout]     |
[INFO] [stdout] 456 |     llvm_asm!(
[INFO] [stdout]     |     ^^^^^^^^
[INFO] [stdout] 
[INFO] [stdout] 
[INFO] [stdout] error: cannot find macro `llvm_asm` in this scope
[INFO] [stdout]    --> src/exception.rs:481:5
[INFO] [stdout]     |
[INFO] [stdout] 481 |     llvm_asm!(
[INFO] [stdout]     |     ^^^^^^^^
[INFO] [stdout] 
[INFO] [stdout] 
[INFO] [stdout] error: cannot find macro `llvm_asm` in this scope
[INFO] [stdout]   --> src/lib.rs:67:5
[INFO] [stdout]    |
[INFO] [stdout] 67 |     llvm_asm!("
[INFO] [stdout]    |     ^^^^^^^^
[INFO] [stdout] 
[INFO] [stdout] 
[INFO] [stdout] error: cannot find macro `llvm_asm` in this scope
[INFO] [stdout]   --> src/lib.rs:78:5
[INFO] [stdout]    |
[INFO] [stdout] 78 |     llvm_asm!("wsr.vecbase $0" ::"r"(base) :: "volatile");
[INFO] [stdout]    |     ^^^^^^^^
[INFO] [stdout] 
[INFO] [stdout] 
[INFO] [stdout] error[E0554]: `#![feature]` may not be used on the stable release channel
[INFO] [stdout]  --> src/lib.rs:2:1
[INFO] [stdout]   |
[INFO] [stdout] 2 | #![feature(llvm_asm)]
[INFO] [stdout]   | ^^^^^^^^^^^^^^^^^^^^^
[INFO] [stdout] 
[INFO] [stdout] 
[INFO] [stdout] error[E0554]: `#![feature]` may not be used on the stable release channel
[INFO] [stdout]  --> src/lib.rs:3:1
[INFO] [stdout]   |
[INFO] [stdout] 3 | #![feature(global_asm)]
[INFO] [stdout]   | ^^^^^^^^^^^^^^^^^^^^^^^
[INFO] [stdout] 
[INFO] [stdout] 
[INFO] [stdout] error[E0554]: `#![feature]` may not be used on the stable release channel
[INFO] [stdout]  --> src/lib.rs:4:1
[INFO] [stdout]   |
[INFO] [stdout] 4 | #![feature(naked_functions)]
[INFO] [stdout]   | ^^^^^^^^^^^^^^^^^^^^^^^^^^^^
[INFO] [stdout] 
[INFO] [stdout] 
[INFO] [stdout] error[E0554]: `#![feature]` may not be used on the stable release channel
[INFO] [stdout]  --> src/lib.rs:2:12
[INFO] [stdout]   |
[INFO] [stdout] 2 | #![feature(llvm_asm)]
[INFO] [stdout]   |            ^^^^^^^^
[INFO] [stdout] 
[INFO] [stdout] 
[INFO] [stdout] error[E0554]: `#![feature]` may not be used on the stable release channel
[INFO] [stdout]  --> src/lib.rs:3:12
[INFO] [stdout]   |
[INFO] [stdout] 3 | #![feature(global_asm)]
[INFO] [stdout]   |            ^^^^^^^^^^
[INFO] [stdout] 
[INFO] [stdout] 
[INFO] [stdout] warning: the feature `global_asm` has been stable since 1.59.0 and no longer requires an attribute to enable
[INFO] [stdout]  --> src/lib.rs:3:12
[INFO] [stdout]   |
[INFO] [stdout] 3 | #![feature(global_asm)]
[INFO] [stdout]   |            ^^^^^^^^^^
[INFO] [stdout]   |
[INFO] [stdout]   = note: `#[warn(stable_features)]` on by default
[INFO] [stdout] 
[INFO] [stdout] 
[INFO] [stdout] error[E0635]: unknown feature `llvm_asm`
[INFO] [stdout]  --> src/lib.rs:2:12
[INFO] [stdout]   |
[INFO] [stdout] 2 | #![feature(llvm_asm)]
[INFO] [stdout]   |            ^^^^^^^^
[INFO] [stdout] 
[INFO] [stdout] 
[INFO] [stdout] error: aborting due to 38 previous errors; 1 warning emitted
[INFO] [stdout] 
[INFO] [stdout] 
[INFO] [stdout] Some errors have detailed explanations: E0554, E0635.
[INFO] [stdout] 
[INFO] [stdout] For more information about an error, try `rustc --explain E0554`.
[INFO] [stdout] 
[INFO] [stderr] error: could not compile `xtensa-lx6-rt` (lib) due to 39 previous errors; 1 warning emitted
[INFO] running `Command { std: "docker" "inspect" "3e4a2fcefb1f916dd66c3d7422e6ee37055a63ae0f27239c2ef619a9be243068", kill_on_drop: false }`
[INFO] running `Command { std: "docker" "rm" "-f" "3e4a2fcefb1f916dd66c3d7422e6ee37055a63ae0f27239c2ef619a9be243068", kill_on_drop: false }`
[INFO] [stdout] 3e4a2fcefb1f916dd66c3d7422e6ee37055a63ae0f27239c2ef619a9be243068
[INFO] testing xtensa-lx6-rt-0.4.0 against beta-2023-12-22 for beta-1.76-1
[INFO] extracting crate xtensa-lx6-rt 0.4.0 into /workspace/builds/worker-7-tc2/source
[INFO] validating manifest of crates.io crate xtensa-lx6-rt 0.4.0 on toolchain beta-2023-12-22
[INFO] running `Command { std: CARGO_HOME="/workspace/cargo-home" RUSTUP_HOME="/workspace/rustup-home" "/workspace/cargo-home/bin/cargo" "+beta-2023-12-22" "metadata" "--manifest-path" "Cargo.toml" "--no-deps", kill_on_drop: false }`
[INFO] started tweaking crates.io crate xtensa-lx6-rt 0.4.0
[INFO] finished tweaking crates.io crate xtensa-lx6-rt 0.4.0
[INFO] tweaked toml for crates.io crate xtensa-lx6-rt 0.4.0 written to /workspace/builds/worker-7-tc2/source/Cargo.toml
[INFO] running `Command { std: CARGO_HOME="/workspace/cargo-home" RUSTUP_HOME="/workspace/rustup-home" "/workspace/cargo-home/bin/cargo" "+beta-2023-12-22" "generate-lockfile" "--manifest-path" "Cargo.toml", kill_on_drop: false }`
[INFO] [stderr]     Updating crates.io index
[INFO] running `Command { std: CARGO_HOME="/workspace/cargo-home" RUSTUP_HOME="/workspace/rustup-home" "/workspace/cargo-home/bin/cargo" "+beta-2023-12-22" "fetch" "--manifest-path" "Cargo.toml", kill_on_drop: false }`
[INFO] running `Command { std: "docker" "create" "-v" "/var/lib/crater-agent-workspace/builds/worker-7-tc2/target:/opt/rustwide/target:rw,Z" "-v" "/var/lib/crater-agent-workspace/builds/worker-7-tc2/source:/opt/rustwide/workdir:ro,Z" "-v" "/var/lib/crater-agent-workspace/cargo-home:/opt/rustwide/cargo-home:ro,Z" "-v" "/var/lib/crater-agent-workspace/rustup-home:/opt/rustwide/rustup-home:ro,Z" "-e" "SOURCE_DIR=/opt/rustwide/workdir" "-e" "CARGO_TARGET_DIR=/opt/rustwide/target" "-e" "CARGO_HOME=/opt/rustwide/cargo-home" "-e" "RUSTUP_HOME=/opt/rustwide/rustup-home" "-w" "/opt/rustwide/workdir" "-m" "1610612736" "--user" "0:0" "--network" "none" "ghcr.io/rust-lang/crates-build-env/linux@sha256:2788e3201cd34a07e3172128adcd8b3090168a8e3bcc40d7c032b9dda1df7d1c" "/opt/rustwide/cargo-home/bin/cargo" "+beta-2023-12-22" "metadata" "--no-deps" "--format-version=1", kill_on_drop: false }`
[INFO] [stdout] b27588be355bf5c2ab993e39257dbe93398edd89821918c36110ac6e8252e3cc
[INFO] running `Command { std: "docker" "start" "-a" "b27588be355bf5c2ab993e39257dbe93398edd89821918c36110ac6e8252e3cc", kill_on_drop: false }`
[INFO] running `Command { std: "docker" "inspect" "b27588be355bf5c2ab993e39257dbe93398edd89821918c36110ac6e8252e3cc", kill_on_drop: false }`
[INFO] running `Command { std: "docker" "rm" "-f" "b27588be355bf5c2ab993e39257dbe93398edd89821918c36110ac6e8252e3cc", kill_on_drop: false }`
[INFO] [stdout] b27588be355bf5c2ab993e39257dbe93398edd89821918c36110ac6e8252e3cc
[INFO] running `Command { std: "docker" "create" "-v" "/var/lib/crater-agent-workspace/builds/worker-7-tc2/target:/opt/rustwide/target:rw,Z" "-v" "/var/lib/crater-agent-workspace/builds/worker-7-tc2/source:/opt/rustwide/workdir:ro,Z" "-v" "/var/lib/crater-agent-workspace/cargo-home:/opt/rustwide/cargo-home:ro,Z" "-v" "/var/lib/crater-agent-workspace/rustup-home:/opt/rustwide/rustup-home:ro,Z" "-e" "SOURCE_DIR=/opt/rustwide/workdir" "-e" "CARGO_TARGET_DIR=/opt/rustwide/target" "-e" "CARGO_INCREMENTAL=0" "-e" "RUST_BACKTRACE=full" "-e" "RUSTFLAGS=--cap-lints=warn" "-e" "RUSTDOCFLAGS=--cap-lints=warn" "-e" "CARGO_HOME=/opt/rustwide/cargo-home" "-e" "RUSTUP_HOME=/opt/rustwide/rustup-home" "-w" "/opt/rustwide/workdir" "-m" "1610612736" "--user" "0:0" "--network" "none" "ghcr.io/rust-lang/crates-build-env/linux@sha256:2788e3201cd34a07e3172128adcd8b3090168a8e3bcc40d7c032b9dda1df7d1c" "/opt/rustwide/cargo-home/bin/cargo" "+beta-2023-12-22" "build" "--frozen" "--message-format=json", kill_on_drop: false }`
[INFO] [stdout] 5e401a3718aebd1bdf0d9ce160bb8de2e668bf1a1ba271fc0d0d9a13d5270887
[INFO] running `Command { std: "docker" "start" "-a" "5e401a3718aebd1bdf0d9ce160bb8de2e668bf1a1ba271fc0d0d9a13d5270887", kill_on_drop: false }`
[INFO] [stderr]    Compiling semver-parser v0.7.0
[INFO] [stderr]    Compiling syn v1.0.109
[INFO] [stderr]    Compiling xtensa-lx6-rt v0.4.0 (/opt/rustwide/workdir)
[INFO] [stderr]    Compiling r0 v1.0.0
[INFO] [stderr]    Compiling semver v0.9.0
[INFO] [stderr]    Compiling rustc_version v0.2.3
[INFO] [stderr]    Compiling bare-metal v0.2.5
[INFO] [stderr]    Compiling xtensa-lx6-rt-proc-macros v0.1.0
[INFO] [stdout] error: cannot find macro `global_asm` in this scope
[INFO] [stdout]  --> src/exception/assembly.rs:1:1
[INFO] [stdout]   |
[INFO] [stdout] 1 | global_asm!(
[INFO] [stdout]   | ^^^^^^^^^^
[INFO] [stdout]   |
[INFO] [stdout] help: consider importing this macro
[INFO] [stdout]   |
[INFO] [stdout] 1 + use core::arch::global_asm;
[INFO] [stdout]   |
[INFO] [stdout] 
[INFO] [stdout] 
[INFO] [stdout] error: cannot find macro `llvm_asm` in this scope
[INFO] [stdout]   --> src/exception/assembly.rs:94:5
[INFO] [stdout]    |
[INFO] [stdout] 94 |     llvm_asm!(
[INFO] [stdout]    |     ^^^^^^^^
[INFO] [stdout] 
[INFO] [stdout] 
[INFO] [stdout] error: cannot find macro `global_asm` in this scope
[INFO] [stdout]    --> src/exception/assembly.rs:195:1
[INFO] [stdout]     |
[INFO] [stdout] 195 | global_asm!(
[INFO] [stdout]     | ^^^^^^^^^^
[INFO] [stdout]     |
[INFO] [stdout] help: consider importing this macro
[INFO] [stdout]     |
[INFO] [stdout] 1   + use core::arch::global_asm;
[INFO] [stdout]     |
[INFO] [stdout] 
[INFO] [stdout] 
[INFO] [stdout] error: cannot find macro `global_asm` in this scope
[INFO] [stdout]    --> src/exception/assembly.rs:212:1
[INFO] [stdout]     |
[INFO] [stdout] 212 | global_asm!(
[INFO] [stdout]     | ^^^^^^^^^^
[INFO] [stdout]     |
[INFO] [stdout] help: consider importing this macro
[INFO] [stdout]     |
[INFO] [stdout] 1   + use core::arch::global_asm;
[INFO] [stdout]     |
[INFO] [stdout] 
[INFO] [stdout] 
[INFO] [stdout] error: cannot find macro `llvm_asm` in this scope
[INFO] [stdout]    --> src/exception/assembly.rs:281:5
[INFO] [stdout]     |
[INFO] [stdout] 281 |     llvm_asm!(
[INFO] [stdout]     |     ^^^^^^^^
[INFO] [stdout] 
[INFO] [stdout] 
[INFO] [stdout] error: cannot find macro `global_asm` in this scope
[INFO] [stdout]    --> src/exception/assembly.rs:371:1
[INFO] [stdout]     |
[INFO] [stdout] 371 | global_asm!(
[INFO] [stdout]     | ^^^^^^^^^^
[INFO] [stdout]     |
[INFO] [stdout] help: consider importing this macro
[INFO] [stdout]     |
[INFO] [stdout] 1   + use core::arch::global_asm;
[INFO] [stdout]     |
[INFO] [stdout] 
[INFO] [stdout] 
[INFO] [stdout] error: cannot find macro `llvm_asm` in this scope
[INFO] [stdout]    --> src/exception/assembly.rs:402:5
[INFO] [stdout]     |
[INFO] [stdout] 402 |     llvm_asm!(
[INFO] [stdout]     |     ^^^^^^^^
[INFO] [stdout] 
[INFO] [stdout] 
[INFO] [stdout] error: cannot find macro `llvm_asm` in this scope
[INFO] [stdout]    --> src/exception/assembly.rs:436:5
[INFO] [stdout]     |
[INFO] [stdout] 436 |     llvm_asm!(
[INFO] [stdout]     |     ^^^^^^^^
[INFO] [stdout] 
[INFO] [stdout] 
[INFO] [stdout] error: cannot find macro `global_asm` in this scope
[INFO] [stdout]    --> src/exception/assembly.rs:452:1
[INFO] [stdout]     |
[INFO] [stdout] 452 | global_asm!(
[INFO] [stdout]     | ^^^^^^^^^^
[INFO] [stdout]     |
[INFO] [stdout] help: consider importing this macro
[INFO] [stdout]     |
[INFO] [stdout] 1   + use core::arch::global_asm;
[INFO] [stdout]     |
[INFO] [stdout] 
[INFO] [stdout] 
[INFO] [stdout] error: cannot find macro `llvm_asm` in this scope
[INFO] [stdout]    --> src/exception/assembly.rs:478:5
[INFO] [stdout]     |
[INFO] [stdout] 478 |     llvm_asm!("HANDLE_INTERRUPT_LEVEL 2");
[INFO] [stdout]     |     ^^^^^^^^
[INFO] [stdout] 
[INFO] [stdout] 
[INFO] [stdout] error: cannot find macro `llvm_asm` in this scope
[INFO] [stdout]    --> src/exception/assembly.rs:489:5
[INFO] [stdout]     |
[INFO] [stdout] 489 |     llvm_asm!("HANDLE_INTERRUPT_LEVEL 3");
[INFO] [stdout]     |     ^^^^^^^^
[INFO] [stdout] 
[INFO] [stdout] 
[INFO] [stdout] error: cannot find macro `llvm_asm` in this scope
[INFO] [stdout]    --> src/exception/assembly.rs:500:5
[INFO] [stdout]     |
[INFO] [stdout] 500 |     llvm_asm!("HANDLE_INTERRUPT_LEVEL 4");
[INFO] [stdout]     |     ^^^^^^^^
[INFO] [stdout] 
[INFO] [stdout] 
[INFO] [stdout] error: cannot find macro `llvm_asm` in this scope
[INFO] [stdout]    --> src/exception/assembly.rs:511:5
[INFO] [stdout]     |
[INFO] [stdout] 511 |     llvm_asm!("HANDLE_INTERRUPT_LEVEL 5");
[INFO] [stdout]     |     ^^^^^^^^
[INFO] [stdout] 
[INFO] [stdout] 
[INFO] [stdout] error: cannot find macro `llvm_asm` in this scope
[INFO] [stdout]    --> src/exception/assembly.rs:522:5
[INFO] [stdout]     |
[INFO] [stdout] 522 |     llvm_asm!("HANDLE_INTERRUPT_LEVEL 6");
[INFO] [stdout]     |     ^^^^^^^^
[INFO] [stdout] 
[INFO] [stdout] 
[INFO] [stdout] error: cannot find macro `llvm_asm` in this scope
[INFO] [stdout]    --> src/exception/assembly.rs:533:5
[INFO] [stdout]     |
[INFO] [stdout] 533 |     llvm_asm!("HANDLE_INTERRUPT_LEVEL 7");
[INFO] [stdout]     |     ^^^^^^^^
[INFO] [stdout] 
[INFO] [stdout] 
[INFO] [stdout] error: cannot find macro `llvm_asm` in this scope
[INFO] [stdout]    --> src/exception.rs:240:5
[INFO] [stdout]     |
[INFO] [stdout] 240 |     llvm_asm!(
[INFO] [stdout]     |     ^^^^^^^^
[INFO] [stdout] 
[INFO] [stdout] 
[INFO] [stdout] error: cannot find macro `llvm_asm` in this scope
[INFO] [stdout]    --> src/exception.rs:256:5
[INFO] [stdout]     |
[INFO] [stdout] 256 |     llvm_asm!(
[INFO] [stdout]     |     ^^^^^^^^
[INFO] [stdout] 
[INFO] [stdout] 
[INFO] [stdout] error: cannot find macro `llvm_asm` in this scope
[INFO] [stdout]    --> src/exception.rs:275:5
[INFO] [stdout]     |
[INFO] [stdout] 275 |     llvm_asm!(
[INFO] [stdout]     |     ^^^^^^^^
[INFO] [stdout] 
[INFO] [stdout] 
[INFO] [stdout] error: cannot find macro `llvm_asm` in this scope
[INFO] [stdout]    --> src/exception.rs:289:5
[INFO] [stdout]     |
[INFO] [stdout] 289 |     llvm_asm!(
[INFO] [stdout]     |     ^^^^^^^^
[INFO] [stdout] 
[INFO] [stdout] 
[INFO] [stdout] error: cannot find macro `llvm_asm` in this scope
[INFO] [stdout]    --> src/exception.rs:301:5
[INFO] [stdout]     |
[INFO] [stdout] 301 |     llvm_asm!(
[INFO] [stdout]     |     ^^^^^^^^
[INFO] [stdout] 
[INFO] [stdout] 
[INFO] [stdout] error: cannot find macro `llvm_asm` in this scope
[INFO] [stdout]    --> src/exception.rs:313:5
[INFO] [stdout]     |
[INFO] [stdout] 313 |     llvm_asm!(
[INFO] [stdout]     |     ^^^^^^^^
[INFO] [stdout] 
[INFO] [stdout] 
[INFO] [stdout] error: cannot find macro `llvm_asm` in this scope
[INFO] [stdout]    --> src/exception.rs:325:5
[INFO] [stdout]     |
[INFO] [stdout] 325 |     llvm_asm!(
[INFO] [stdout]     |     ^^^^^^^^
[INFO] [stdout] 
[INFO] [stdout] 
[INFO] [stdout] error: cannot find macro `llvm_asm` in this scope
[INFO] [stdout]    --> src/exception.rs:337:5
[INFO] [stdout]     |
[INFO] [stdout] 337 |     llvm_asm!(
[INFO] [stdout]     |     ^^^^^^^^
[INFO] [stdout] 
[INFO] [stdout] 
[INFO] [stdout] error: cannot find macro `llvm_asm` in this scope
[INFO] [stdout]    --> src/exception.rs:349:5
[INFO] [stdout]     |
[INFO] [stdout] 349 |     llvm_asm!(
[INFO] [stdout]     |     ^^^^^^^^
[INFO] [stdout] 
[INFO] [stdout] 
[INFO] [stdout] error: cannot find macro `llvm_asm` in this scope
[INFO] [stdout]    --> src/exception.rs:361:5
[INFO] [stdout]     |
[INFO] [stdout] 361 |     llvm_asm!(
[INFO] [stdout]     |     ^^^^^^^^
[INFO] [stdout] 
[INFO] [stdout] 
[INFO] [stdout] error: cannot find macro `llvm_asm` in this scope
[INFO] [stdout]    --> src/exception.rs:376:5
[INFO] [stdout]     |
[INFO] [stdout] 376 |     llvm_asm!(
[INFO] [stdout]     |     ^^^^^^^^
[INFO] [stdout] 
[INFO] [stdout] 
[INFO] [stdout] error: cannot find macro `llvm_asm` in this scope
[INFO] [stdout]    --> src/exception.rs:414:5
[INFO] [stdout]     |
[INFO] [stdout] 414 |     llvm_asm!(
[INFO] [stdout]     |     ^^^^^^^^
[INFO] [stdout] 
[INFO] [stdout] 
[INFO] [stdout] error: cannot find macro `llvm_asm` in this scope
[INFO] [stdout]    --> src/exception.rs:435:5
[INFO] [stdout]     |
[INFO] [stdout] 435 |     llvm_asm!(
[INFO] [stdout]     |     ^^^^^^^^
[INFO] [stdout] 
[INFO] [stdout] 
[INFO] [stdout] error: cannot find macro `llvm_asm` in this scope
[INFO] [stdout]    --> src/exception.rs:456:5
[INFO] [stdout]     |
[INFO] [stdout] 456 |     llvm_asm!(
[INFO] [stdout]     |     ^^^^^^^^
[INFO] [stdout] 
[INFO] [stdout] 
[INFO] [stdout] error: cannot find macro `llvm_asm` in this scope
[INFO] [stdout]    --> src/exception.rs:481:5
[INFO] [stdout]     |
[INFO] [stdout] 481 |     llvm_asm!(
[INFO] [stdout]     |     ^^^^^^^^
[INFO] [stdout] 
[INFO] [stdout] 
[INFO] [stdout] error: cannot find macro `llvm_asm` in this scope
[INFO] [stdout]   --> src/lib.rs:67:5
[INFO] [stdout]    |
[INFO] [stdout] 67 |     llvm_asm!("
[INFO] [stdout]    |     ^^^^^^^^
[INFO] [stdout] 
[INFO] [stdout] 
[INFO] [stdout] error: cannot find macro `llvm_asm` in this scope
[INFO] [stdout]   --> src/lib.rs:78:5
[INFO] [stdout]    |
[INFO] [stdout] 78 |     llvm_asm!("wsr.vecbase $0" ::"r"(base) :: "volatile");
[INFO] [stdout]    |     ^^^^^^^^
[INFO] [stdout] 
[INFO] [stdout] 
[INFO] [stdout] error[E0554]: `#![feature]` may not be used on the beta release channel
[INFO] [stdout]  --> src/lib.rs:2:1
[INFO] [stdout]   |
[INFO] [stdout] 2 | #![feature(llvm_asm)]
[INFO] [stdout]   | ^^^^^^^^^^^^^^^^^^^^^
[INFO] [stdout] 
[INFO] [stdout] 
[INFO] [stdout] error[E0554]: `#![feature]` may not be used on the beta release channel
[INFO] [stdout]  --> src/lib.rs:3:1
[INFO] [stdout]   |
[INFO] [stdout] 3 | #![feature(global_asm)]
[INFO] [stdout]   | ^^^^^^^^^^^^^^^^^^^^^^^
[INFO] [stdout] 
[INFO] [stdout] 
[INFO] [stdout] error[E0554]: `#![feature]` may not be used on the beta release channel
[INFO] [stdout]  --> src/lib.rs:4:1
[INFO] [stdout]   |
[INFO] [stdout] 4 | #![feature(naked_functions)]
[INFO] [stdout]   | ^^^^^^^^^^^^^^^^^^^^^^^^^^^^
[INFO] [stdout] 
[INFO] [stdout] 
[INFO] [stdout] error[E0554]: `#![feature]` may not be used on the beta release channel
[INFO] [stdout]  --> src/lib.rs:2:12
[INFO] [stdout]   |
[INFO] [stdout] 2 | #![feature(llvm_asm)]
[INFO] [stdout]   |            ^^^^^^^^
[INFO] [stdout] 
[INFO] [stdout] 
[INFO] [stdout] error[E0554]: `#![feature]` may not be used on the beta release channel
[INFO] [stdout]  --> src/lib.rs:3:12
[INFO] [stdout]   |
[INFO] [stdout] 3 | #![feature(global_asm)]
[INFO] [stdout]   |            ^^^^^^^^^^
[INFO] [stdout] 
[INFO] [stdout] 
[INFO] [stdout] warning: the feature `global_asm` has been stable since 1.59.0 and no longer requires an attribute to enable
[INFO] [stdout]  --> src/lib.rs:3:12
[INFO] [stdout]   |
[INFO] [stdout] 3 | #![feature(global_asm)]
[INFO] [stdout]   |            ^^^^^^^^^^
[INFO] [stdout]   |
[INFO] [stdout]   = note: `#[warn(stable_features)]` on by default
[INFO] [stdout] 
[INFO] [stdout] 
[INFO] [stdout] error[E0635]: unknown feature `llvm_asm`
[INFO] [stdout]  --> src/lib.rs:2:12
[INFO] [stdout]   |
[INFO] [stdout] 2 | #![feature(llvm_asm)]
[INFO] [stdout]   |            ^^^^^^^^
[INFO] [stdout] 
[INFO] [stdout] 
[INFO] [stdout] error: aborting due to 38 previous errors; 1 warning emitted
[INFO] [stdout] 
[INFO] [stdout] 
[INFO] [stdout] Some errors have detailed explanations: E0554, E0635.
[INFO] [stdout] 
[INFO] [stdout] For more information about an error, try `rustc --explain E0554`.
[INFO] [stdout] 
[INFO] [stderr] error: could not compile `xtensa-lx6-rt` (lib) due to 39 previous errors; 1 warning emitted
[INFO] running `Command { std: "docker" "inspect" "5e401a3718aebd1bdf0d9ce160bb8de2e668bf1a1ba271fc0d0d9a13d5270887", kill_on_drop: false }`
[INFO] running `Command { std: "docker" "rm" "-f" "5e401a3718aebd1bdf0d9ce160bb8de2e668bf1a1ba271fc0d0d9a13d5270887", kill_on_drop: false }`
[INFO] [stdout] 5e401a3718aebd1bdf0d9ce160bb8de2e668bf1a1ba271fc0d0d9a13d5270887
