[INFO] fetching crate xtensa-lx106-rt 0.1.2...
[INFO] testing xtensa-lx106-rt-0.1.2 against 1.75.0 for beta-1.76-1
[INFO] extracting crate xtensa-lx106-rt 0.1.2 into /workspace/builds/worker-2-tc1/source
[INFO] validating manifest of crates.io crate xtensa-lx106-rt 0.1.2 on toolchain 1.75.0
[INFO] running `Command { std: CARGO_HOME="/workspace/cargo-home" RUSTUP_HOME="/workspace/rustup-home" "/workspace/cargo-home/bin/cargo" "+1.75.0" "metadata" "--manifest-path" "Cargo.toml" "--no-deps", kill_on_drop: false }`
[INFO] started tweaking crates.io crate xtensa-lx106-rt 0.1.2
[INFO] finished tweaking crates.io crate xtensa-lx106-rt 0.1.2
[INFO] tweaked toml for crates.io crate xtensa-lx106-rt 0.1.2 written to /workspace/builds/worker-2-tc1/source/Cargo.toml
[INFO] running `Command { std: CARGO_HOME="/workspace/cargo-home" RUSTUP_HOME="/workspace/rustup-home" "/workspace/cargo-home/bin/cargo" "+1.75.0" "generate-lockfile" "--manifest-path" "Cargo.toml", kill_on_drop: false }`
[INFO] [stderr]     Updating crates.io index
[INFO] running `Command { std: CARGO_HOME="/workspace/cargo-home" RUSTUP_HOME="/workspace/rustup-home" "/workspace/cargo-home/bin/cargo" "+1.75.0" "fetch" "--manifest-path" "Cargo.toml", kill_on_drop: false }`
[INFO] [stderr]  Downloading crates ...
[INFO] [stderr]   Downloaded xtensa-lx106-rt-proc-macros v0.1.2
[INFO] [stderr]   Downloaded r0 v1.0.0
[INFO] running `Command { std: "docker" "create" "-v" "/var/lib/crater-agent-workspace/builds/worker-2-tc1/target:/opt/rustwide/target:rw,Z" "-v" "/var/lib/crater-agent-workspace/builds/worker-2-tc1/source:/opt/rustwide/workdir:ro,Z" "-v" "/var/lib/crater-agent-workspace/cargo-home:/opt/rustwide/cargo-home:ro,Z" "-v" "/var/lib/crater-agent-workspace/rustup-home:/opt/rustwide/rustup-home:ro,Z" "-e" "SOURCE_DIR=/opt/rustwide/workdir" "-e" "CARGO_TARGET_DIR=/opt/rustwide/target" "-e" "CARGO_HOME=/opt/rustwide/cargo-home" "-e" "RUSTUP_HOME=/opt/rustwide/rustup-home" "-w" "/opt/rustwide/workdir" "-m" "1610612736" "--user" "0:0" "--network" "none" "ghcr.io/rust-lang/crates-build-env/linux@sha256:2788e3201cd34a07e3172128adcd8b3090168a8e3bcc40d7c032b9dda1df7d1c" "/opt/rustwide/cargo-home/bin/cargo" "+1.75.0" "metadata" "--no-deps" "--format-version=1", kill_on_drop: false }`
[INFO] [stdout] 7466a374a4aa273c56a6cefd68a09dd4b251ea5f6de561c7679d716e2dea5dc2
[INFO] running `Command { std: "docker" "start" "-a" "7466a374a4aa273c56a6cefd68a09dd4b251ea5f6de561c7679d716e2dea5dc2", kill_on_drop: false }`
[INFO] running `Command { std: "docker" "inspect" "7466a374a4aa273c56a6cefd68a09dd4b251ea5f6de561c7679d716e2dea5dc2", kill_on_drop: false }`
[INFO] running `Command { std: "docker" "rm" "-f" "7466a374a4aa273c56a6cefd68a09dd4b251ea5f6de561c7679d716e2dea5dc2", kill_on_drop: false }`
[INFO] [stdout] 7466a374a4aa273c56a6cefd68a09dd4b251ea5f6de561c7679d716e2dea5dc2
[INFO] running `Command { std: "docker" "create" "-v" "/var/lib/crater-agent-workspace/builds/worker-2-tc1/target:/opt/rustwide/target:rw,Z" "-v" "/var/lib/crater-agent-workspace/builds/worker-2-tc1/source:/opt/rustwide/workdir:ro,Z" "-v" "/var/lib/crater-agent-workspace/cargo-home:/opt/rustwide/cargo-home:ro,Z" "-v" "/var/lib/crater-agent-workspace/rustup-home:/opt/rustwide/rustup-home:ro,Z" "-e" "SOURCE_DIR=/opt/rustwide/workdir" "-e" "CARGO_TARGET_DIR=/opt/rustwide/target" "-e" "CARGO_INCREMENTAL=0" "-e" "RUST_BACKTRACE=full" "-e" "RUSTFLAGS=--cap-lints=warn" "-e" "RUSTDOCFLAGS=--cap-lints=warn" "-e" "CARGO_HOME=/opt/rustwide/cargo-home" "-e" "RUSTUP_HOME=/opt/rustwide/rustup-home" "-w" "/opt/rustwide/workdir" "-m" "1610612736" "--user" "0:0" "--network" "none" "ghcr.io/rust-lang/crates-build-env/linux@sha256:2788e3201cd34a07e3172128adcd8b3090168a8e3bcc40d7c032b9dda1df7d1c" "/opt/rustwide/cargo-home/bin/cargo" "+1.75.0" "build" "--frozen" "--message-format=json", kill_on_drop: false }`
[INFO] [stdout] aa7acc1feab3f390d95c077249cf66a031867f8505216e51aadf65fe0000a43a
[INFO] running `Command { std: "docker" "start" "-a" "aa7acc1feab3f390d95c077249cf66a031867f8505216e51aadf65fe0000a43a", kill_on_drop: false }`
[INFO] [stderr]    Compiling proc-macro2 v1.0.75
[INFO] [stderr]    Compiling unicode-ident v1.0.12
[INFO] [stderr]    Compiling syn v1.0.109
[INFO] [stderr]    Compiling xtensa-lx106-rt v0.1.2 (/opt/rustwide/workdir)
[INFO] [stderr]    Compiling r0 v1.0.0
[INFO] [stderr]    Compiling quote v1.0.35
[INFO] [stderr]    Compiling xtensa-lx106-rt-proc-macros v0.1.2
[INFO] [stdout] error: cannot find macro `llvm_asm` in this scope
[INFO] [stdout]    --> src/interrupt.rs:113:9
[INFO] [stdout]     |
[INFO] [stdout] 113 |         llvm_asm!("esync; rsr $0,ccompare0":"=a" (count))
[INFO] [stdout]     |         ^^^^^^^^
[INFO] [stdout] 
[INFO] [stdout] 
[INFO] [stdout] error: cannot find macro `llvm_asm` in this scope
[INFO] [stdout]    --> src/interrupt.rs:120:9
[INFO] [stdout]     |
[INFO] [stdout] 120 |         llvm_asm!("wsr $0,ccompare0; esync"::"a" (count) : "memory")
[INFO] [stdout]     |         ^^^^^^^^
[INFO] [stdout] 
[INFO] [stdout] 
[INFO] [stdout] error: cannot find macro `llvm_asm` in this scope
[INFO] [stdout]    --> src/interrupt.rs:127:9
[INFO] [stdout]     |
[INFO] [stdout] 127 |         llvm_asm!("rsr $0,ccount":"=a"(count))
[INFO] [stdout]     |         ^^^^^^^^
[INFO] [stdout] 
[INFO] [stdout] 
[INFO] [stdout] error: cannot find macro `global_asm` in this scope
[INFO] [stdout]  --> src/exception/assembly.rs:3:1
[INFO] [stdout]   |
[INFO] [stdout] 3 | global_asm!(
[INFO] [stdout]   | ^^^^^^^^^^
[INFO] [stdout]   |
[INFO] [stdout] help: consider importing this macro
[INFO] [stdout]   |
[INFO] [stdout] 1 + use core::arch::global_asm;
[INFO] [stdout]   |
[INFO] [stdout] 
[INFO] [stdout] 
[INFO] [stdout] error: cannot find macro `llvm_asm` in this scope
[INFO] [stdout]   --> src/exception/assembly.rs:61:5
[INFO] [stdout]    |
[INFO] [stdout] 61 |     llvm_asm!(
[INFO] [stdout]    |     ^^^^^^^^
[INFO] [stdout] 
[INFO] [stdout] 
[INFO] [stdout] error: cannot find macro `global_asm` in this scope
[INFO] [stdout]   --> src/exception/assembly.rs:86:1
[INFO] [stdout]    |
[INFO] [stdout] 86 | global_asm!(
[INFO] [stdout]    | ^^^^^^^^^^
[INFO] [stdout]    |
[INFO] [stdout] help: consider importing this macro
[INFO] [stdout]    |
[INFO] [stdout] 1  + use core::arch::global_asm;
[INFO] [stdout]    |
[INFO] [stdout] 
[INFO] [stdout] 
[INFO] [stdout] error: cannot find macro `llvm_asm` in this scope
[INFO] [stdout]    --> src/exception/assembly.rs:137:5
[INFO] [stdout]     |
[INFO] [stdout] 137 |     llvm_asm!(
[INFO] [stdout]     |     ^^^^^^^^
[INFO] [stdout] 
[INFO] [stdout] 
[INFO] [stdout] error: cannot find macro `global_asm` in this scope
[INFO] [stdout]    --> src/exception/assembly.rs:163:1
[INFO] [stdout]     |
[INFO] [stdout] 163 | global_asm!(
[INFO] [stdout]     | ^^^^^^^^^^
[INFO] [stdout]     |
[INFO] [stdout] help: consider importing this macro
[INFO] [stdout]     |
[INFO] [stdout] 1   + use core::arch::global_asm;
[INFO] [stdout]     |
[INFO] [stdout] 
[INFO] [stdout] 
[INFO] [stdout] error: cannot find macro `llvm_asm` in this scope
[INFO] [stdout]    --> src/exception/assembly.rs:194:5
[INFO] [stdout]     |
[INFO] [stdout] 194 |     llvm_asm!(
[INFO] [stdout]     |     ^^^^^^^^
[INFO] [stdout] 
[INFO] [stdout] 
[INFO] [stdout] error: cannot find macro `llvm_asm` in this scope
[INFO] [stdout]    --> src/exception/assembly.rs:241:5
[INFO] [stdout]     |
[INFO] [stdout] 241 |     llvm_asm!(
[INFO] [stdout]     |     ^^^^^^^^
[INFO] [stdout] 
[INFO] [stdout] 
[INFO] [stdout] error: cannot find macro `llvm_asm` in this scope
[INFO] [stdout]    --> src/exception/assembly.rs:264:5
[INFO] [stdout]     |
[INFO] [stdout] 264 |     llvm_asm!(
[INFO] [stdout]     |     ^^^^^^^^
[INFO] [stdout] 
[INFO] [stdout] 
[INFO] [stdout] error: cannot find macro `llvm_asm` in this scope
[INFO] [stdout]    --> src/exception/assembly.rs:289:5
[INFO] [stdout]     |
[INFO] [stdout] 289 |     llvm_asm!(
[INFO] [stdout]     |     ^^^^^^^^
[INFO] [stdout] 
[INFO] [stdout] 
[INFO] [stdout] error: cannot find macro `llvm_asm` in this scope
[INFO] [stdout]    --> src/exception/assembly.rs:313:5
[INFO] [stdout]     |
[INFO] [stdout] 313 |     llvm_asm!(
[INFO] [stdout]     |     ^^^^^^^^
[INFO] [stdout] 
[INFO] [stdout] 
[INFO] [stdout] error: cannot find macro `llvm_asm` in this scope
[INFO] [stdout]    --> src/exception/assembly.rs:337:5
[INFO] [stdout]     |
[INFO] [stdout] 337 |     llvm_asm!(
[INFO] [stdout]     |     ^^^^^^^^
[INFO] [stdout] 
[INFO] [stdout] 
[INFO] [stdout] error: cannot find macro `llvm_asm` in this scope
[INFO] [stdout]    --> src/exception.rs:130:5
[INFO] [stdout]     |
[INFO] [stdout] 130 |     llvm_asm!(
[INFO] [stdout]     |     ^^^^^^^^
[INFO] [stdout] 
[INFO] [stdout] 
[INFO] [stdout] error: cannot find macro `llvm_asm` in this scope
[INFO] [stdout]    --> src/exception.rs:142:5
[INFO] [stdout]     |
[INFO] [stdout] 142 |     llvm_asm!(
[INFO] [stdout]     |     ^^^^^^^^
[INFO] [stdout] 
[INFO] [stdout] 
[INFO] [stdout] error: cannot find macro `llvm_asm` in this scope
[INFO] [stdout]    --> src/exception.rs:154:5
[INFO] [stdout]     |
[INFO] [stdout] 154 |     llvm_asm!(
[INFO] [stdout]     |     ^^^^^^^^
[INFO] [stdout] 
[INFO] [stdout] 
[INFO] [stdout] error: cannot find macro `llvm_asm` in this scope
[INFO] [stdout]    --> src/exception.rs:167:5
[INFO] [stdout]     |
[INFO] [stdout] 167 |     llvm_asm!(
[INFO] [stdout]     |     ^^^^^^^^
[INFO] [stdout] 
[INFO] [stdout] 
[INFO] [stdout] error: cannot find macro `llvm_asm` in this scope
[INFO] [stdout]    --> src/exception.rs:180:5
[INFO] [stdout]     |
[INFO] [stdout] 180 |     llvm_asm!(
[INFO] [stdout]     |     ^^^^^^^^
[INFO] [stdout] 
[INFO] [stdout] 
[INFO] [stdout] error: cannot find macro `llvm_asm` in this scope
[INFO] [stdout]   --> src/interrupt.rs:80:9
[INFO] [stdout]    |
[INFO] [stdout] 80 |         llvm_asm!("
[INFO] [stdout]    |         ^^^^^^^^
[INFO] [stdout] 
[INFO] [stdout] 
[INFO] [stdout] error: cannot find macro `llvm_asm` in this scope
[INFO] [stdout]   --> src/interrupt.rs:97:9
[INFO] [stdout]    |
[INFO] [stdout] 97 |         llvm_asm!("
[INFO] [stdout]    |         ^^^^^^^^
[INFO] [stdout] 
[INFO] [stdout] 
[INFO] [stdout] error: cannot find macro `llvm_asm` in this scope
[INFO] [stdout]   --> src/lib.rs:87:5
[INFO] [stdout]    |
[INFO] [stdout] 87 |     llvm_asm!("wsr.vecbase $0" ::"r"(base) :: "volatile");
[INFO] [stdout]    |     ^^^^^^^^
[INFO] [stdout] 
[INFO] [stdout] 
[INFO] [stdout] error[E0554]: `#![feature]` may not be used on the stable release channel
[INFO] [stdout]  --> src/lib.rs:2:1
[INFO] [stdout]   |
[INFO] [stdout] 2 | #![feature(llvm_asm)]
[INFO] [stdout]   | ^^^^^^^^^^^^^^^^^^^^^
[INFO] [stdout] 
[INFO] [stdout] 
[INFO] [stdout] error[E0554]: `#![feature]` may not be used on the stable release channel
[INFO] [stdout]  --> src/lib.rs:3:1
[INFO] [stdout]   |
[INFO] [stdout] 3 | #![feature(global_asm)]
[INFO] [stdout]   | ^^^^^^^^^^^^^^^^^^^^^^^
[INFO] [stdout] 
[INFO] [stdout] 
[INFO] [stdout] error[E0554]: `#![feature]` may not be used on the stable release channel
[INFO] [stdout]  --> src/lib.rs:4:1
[INFO] [stdout]   |
[INFO] [stdout] 4 | #![feature(naked_functions)]
[INFO] [stdout]   | ^^^^^^^^^^^^^^^^^^^^^^^^^^^^
[INFO] [stdout] 
[INFO] [stdout] 
[INFO] [stdout] error[E0554]: `#![feature]` may not be used on the stable release channel
[INFO] [stdout]  --> src/lib.rs:2:12
[INFO] [stdout]   |
[INFO] [stdout] 2 | #![feature(llvm_asm)]
[INFO] [stdout]   |            ^^^^^^^^
[INFO] [stdout] 
[INFO] [stdout] 
[INFO] [stdout] error[E0554]: `#![feature]` may not be used on the stable release channel
[INFO] [stdout]  --> src/lib.rs:3:12
[INFO] [stdout]   |
[INFO] [stdout] 3 | #![feature(global_asm)]
[INFO] [stdout]   |            ^^^^^^^^^^
[INFO] [stdout] 
[INFO] [stdout] 
[INFO] [stdout] warning: the feature `global_asm` has been stable since 1.59.0 and no longer requires an attribute to enable
[INFO] [stdout]  --> src/lib.rs:3:12
[INFO] [stdout]   |
[INFO] [stdout] 3 | #![feature(global_asm)]
[INFO] [stdout]   |            ^^^^^^^^^^
[INFO] [stdout]   |
[INFO] [stdout]   = note: `#[warn(stable_features)]` on by default
[INFO] [stdout] 
[INFO] [stdout] 
[INFO] [stdout] error[E0635]: unknown feature `llvm_asm`
[INFO] [stdout]  --> src/lib.rs:2:12
[INFO] [stdout]   |
[INFO] [stdout] 2 | #![feature(llvm_asm)]
[INFO] [stdout]   |            ^^^^^^^^
[INFO] [stdout] 
[INFO] [stdout] 
[INFO] [stdout] error: aborting due to 28 previous errors; 1 warning emitted
[INFO] [stdout] 
[INFO] [stdout] 
[INFO] [stdout] Some errors have detailed explanations: E0554, E0635.
[INFO] [stdout] 
[INFO] [stdout] For more information about an error, try `rustc --explain E0554`.
[INFO] [stdout] 
[INFO] [stderr] error: could not compile `xtensa-lx106-rt` (lib) due to 29 previous errors; 1 warning emitted
[INFO] running `Command { std: "docker" "inspect" "aa7acc1feab3f390d95c077249cf66a031867f8505216e51aadf65fe0000a43a", kill_on_drop: false }`
[INFO] running `Command { std: "docker" "rm" "-f" "aa7acc1feab3f390d95c077249cf66a031867f8505216e51aadf65fe0000a43a", kill_on_drop: false }`
[INFO] [stdout] aa7acc1feab3f390d95c077249cf66a031867f8505216e51aadf65fe0000a43a
[INFO] testing xtensa-lx106-rt-0.1.2 against beta-2023-12-22 for beta-1.76-1
[INFO] extracting crate xtensa-lx106-rt 0.1.2 into /workspace/builds/worker-2-tc2/source
[INFO] validating manifest of crates.io crate xtensa-lx106-rt 0.1.2 on toolchain beta-2023-12-22
[INFO] running `Command { std: CARGO_HOME="/workspace/cargo-home" RUSTUP_HOME="/workspace/rustup-home" "/workspace/cargo-home/bin/cargo" "+beta-2023-12-22" "metadata" "--manifest-path" "Cargo.toml" "--no-deps", kill_on_drop: false }`
[INFO] started tweaking crates.io crate xtensa-lx106-rt 0.1.2
[INFO] finished tweaking crates.io crate xtensa-lx106-rt 0.1.2
[INFO] tweaked toml for crates.io crate xtensa-lx106-rt 0.1.2 written to /workspace/builds/worker-2-tc2/source/Cargo.toml
[INFO] running `Command { std: CARGO_HOME="/workspace/cargo-home" RUSTUP_HOME="/workspace/rustup-home" "/workspace/cargo-home/bin/cargo" "+beta-2023-12-22" "generate-lockfile" "--manifest-path" "Cargo.toml", kill_on_drop: false }`
[INFO] [stderr]     Updating crates.io index
[INFO] running `Command { std: CARGO_HOME="/workspace/cargo-home" RUSTUP_HOME="/workspace/rustup-home" "/workspace/cargo-home/bin/cargo" "+beta-2023-12-22" "fetch" "--manifest-path" "Cargo.toml", kill_on_drop: false }`
[INFO] running `Command { std: "docker" "create" "-v" "/var/lib/crater-agent-workspace/builds/worker-2-tc2/target:/opt/rustwide/target:rw,Z" "-v" "/var/lib/crater-agent-workspace/builds/worker-2-tc2/source:/opt/rustwide/workdir:ro,Z" "-v" "/var/lib/crater-agent-workspace/cargo-home:/opt/rustwide/cargo-home:ro,Z" "-v" "/var/lib/crater-agent-workspace/rustup-home:/opt/rustwide/rustup-home:ro,Z" "-e" "SOURCE_DIR=/opt/rustwide/workdir" "-e" "CARGO_TARGET_DIR=/opt/rustwide/target" "-e" "CARGO_HOME=/opt/rustwide/cargo-home" "-e" "RUSTUP_HOME=/opt/rustwide/rustup-home" "-w" "/opt/rustwide/workdir" "-m" "1610612736" "--user" "0:0" "--network" "none" "ghcr.io/rust-lang/crates-build-env/linux@sha256:2788e3201cd34a07e3172128adcd8b3090168a8e3bcc40d7c032b9dda1df7d1c" "/opt/rustwide/cargo-home/bin/cargo" "+beta-2023-12-22" "metadata" "--no-deps" "--format-version=1", kill_on_drop: false }`
[INFO] [stdout] 66d1d9bdcec900866c380b361b136a88b313623eab76273c2609942988221c20
[INFO] running `Command { std: "docker" "start" "-a" "66d1d9bdcec900866c380b361b136a88b313623eab76273c2609942988221c20", kill_on_drop: false }`
[INFO] running `Command { std: "docker" "inspect" "66d1d9bdcec900866c380b361b136a88b313623eab76273c2609942988221c20", kill_on_drop: false }`
[INFO] running `Command { std: "docker" "rm" "-f" "66d1d9bdcec900866c380b361b136a88b313623eab76273c2609942988221c20", kill_on_drop: false }`
[INFO] [stdout] 66d1d9bdcec900866c380b361b136a88b313623eab76273c2609942988221c20
[INFO] running `Command { std: "docker" "create" "-v" "/var/lib/crater-agent-workspace/builds/worker-2-tc2/target:/opt/rustwide/target:rw,Z" "-v" "/var/lib/crater-agent-workspace/builds/worker-2-tc2/source:/opt/rustwide/workdir:ro,Z" "-v" "/var/lib/crater-agent-workspace/cargo-home:/opt/rustwide/cargo-home:ro,Z" "-v" "/var/lib/crater-agent-workspace/rustup-home:/opt/rustwide/rustup-home:ro,Z" "-e" "SOURCE_DIR=/opt/rustwide/workdir" "-e" "CARGO_TARGET_DIR=/opt/rustwide/target" "-e" "CARGO_INCREMENTAL=0" "-e" "RUST_BACKTRACE=full" "-e" "RUSTFLAGS=--cap-lints=warn" "-e" "RUSTDOCFLAGS=--cap-lints=warn" "-e" "CARGO_HOME=/opt/rustwide/cargo-home" "-e" "RUSTUP_HOME=/opt/rustwide/rustup-home" "-w" "/opt/rustwide/workdir" "-m" "1610612736" "--user" "0:0" "--network" "none" "ghcr.io/rust-lang/crates-build-env/linux@sha256:2788e3201cd34a07e3172128adcd8b3090168a8e3bcc40d7c032b9dda1df7d1c" "/opt/rustwide/cargo-home/bin/cargo" "+beta-2023-12-22" "build" "--frozen" "--message-format=json", kill_on_drop: false }`
[INFO] [stdout] 4a78525647e6a8cc676c750cef9b1f9efb31ff7fbcf73c2dd2e9ed355914ab3e
[INFO] running `Command { std: "docker" "start" "-a" "4a78525647e6a8cc676c750cef9b1f9efb31ff7fbcf73c2dd2e9ed355914ab3e", kill_on_drop: false }`
[INFO] [stderr]    Compiling proc-macro2 v1.0.75
[INFO] [stderr]    Compiling unicode-ident v1.0.12
[INFO] [stderr]    Compiling syn v1.0.109
[INFO] [stderr]    Compiling xtensa-lx106-rt v0.1.2 (/opt/rustwide/workdir)
[INFO] [stderr]    Compiling r0 v1.0.0
[INFO] [stderr]    Compiling quote v1.0.35
[INFO] [stderr]    Compiling xtensa-lx106-rt-proc-macros v0.1.2
[INFO] [stdout] error: cannot find macro `llvm_asm` in this scope
[INFO] [stdout]    --> src/interrupt.rs:113:9
[INFO] [stdout]     |
[INFO] [stdout] 113 |         llvm_asm!("esync; rsr $0,ccompare0":"=a" (count))
[INFO] [stdout]     |         ^^^^^^^^
[INFO] [stdout] 
[INFO] [stdout] 
[INFO] [stdout] error: cannot find macro `llvm_asm` in this scope
[INFO] [stdout]    --> src/interrupt.rs:120:9
[INFO] [stdout]     |
[INFO] [stdout] 120 |         llvm_asm!("wsr $0,ccompare0; esync"::"a" (count) : "memory")
[INFO] [stdout]     |         ^^^^^^^^
[INFO] [stdout] 
[INFO] [stdout] 
[INFO] [stdout] error: cannot find macro `llvm_asm` in this scope
[INFO] [stdout]    --> src/interrupt.rs:127:9
[INFO] [stdout]     |
[INFO] [stdout] 127 |         llvm_asm!("rsr $0,ccount":"=a"(count))
[INFO] [stdout]     |         ^^^^^^^^
[INFO] [stdout] 
[INFO] [stdout] 
[INFO] [stdout] error: cannot find macro `global_asm` in this scope
[INFO] [stdout]  --> src/exception/assembly.rs:3:1
[INFO] [stdout]   |
[INFO] [stdout] 3 | global_asm!(
[INFO] [stdout]   | ^^^^^^^^^^
[INFO] [stdout]   |
[INFO] [stdout] help: consider importing this macro
[INFO] [stdout]   |
[INFO] [stdout] 1 + use core::arch::global_asm;
[INFO] [stdout]   |
[INFO] [stdout] 
[INFO] [stdout] 
[INFO] [stdout] error: cannot find macro `llvm_asm` in this scope
[INFO] [stdout]   --> src/exception/assembly.rs:61:5
[INFO] [stdout]    |
[INFO] [stdout] 61 |     llvm_asm!(
[INFO] [stdout]    |     ^^^^^^^^
[INFO] [stdout] 
[INFO] [stdout] 
[INFO] [stdout] error: cannot find macro `global_asm` in this scope
[INFO] [stdout]   --> src/exception/assembly.rs:86:1
[INFO] [stdout]    |
[INFO] [stdout] 86 | global_asm!(
[INFO] [stdout]    | ^^^^^^^^^^
[INFO] [stdout]    |
[INFO] [stdout] help: consider importing this macro
[INFO] [stdout]    |
[INFO] [stdout] 1  + use core::arch::global_asm;
[INFO] [stdout]    |
[INFO] [stdout] 
[INFO] [stdout] 
[INFO] [stdout] error: cannot find macro `llvm_asm` in this scope
[INFO] [stdout]    --> src/exception/assembly.rs:137:5
[INFO] [stdout]     |
[INFO] [stdout] 137 |     llvm_asm!(
[INFO] [stdout]     |     ^^^^^^^^
[INFO] [stdout] 
[INFO] [stdout] 
[INFO] [stdout] error: cannot find macro `global_asm` in this scope
[INFO] [stdout]    --> src/exception/assembly.rs:163:1
[INFO] [stdout]     |
[INFO] [stdout] 163 | global_asm!(
[INFO] [stdout]     | ^^^^^^^^^^
[INFO] [stdout]     |
[INFO] [stdout] help: consider importing this macro
[INFO] [stdout]     |
[INFO] [stdout] 1   + use core::arch::global_asm;
[INFO] [stdout]     |
[INFO] [stdout] 
[INFO] [stdout] 
[INFO] [stdout] error: cannot find macro `llvm_asm` in this scope
[INFO] [stdout]    --> src/exception/assembly.rs:194:5
[INFO] [stdout]     |
[INFO] [stdout] 194 |     llvm_asm!(
[INFO] [stdout]     |     ^^^^^^^^
[INFO] [stdout] 
[INFO] [stdout] 
[INFO] [stdout] error: cannot find macro `llvm_asm` in this scope
[INFO] [stdout]    --> src/exception/assembly.rs:241:5
[INFO] [stdout]     |
[INFO] [stdout] 241 |     llvm_asm!(
[INFO] [stdout]     |     ^^^^^^^^
[INFO] [stdout] 
[INFO] [stdout] 
[INFO] [stdout] error: cannot find macro `llvm_asm` in this scope
[INFO] [stdout]    --> src/exception/assembly.rs:264:5
[INFO] [stdout]     |
[INFO] [stdout] 264 |     llvm_asm!(
[INFO] [stdout]     |     ^^^^^^^^
[INFO] [stdout] 
[INFO] [stdout] 
[INFO] [stdout] error: cannot find macro `llvm_asm` in this scope
[INFO] [stdout]    --> src/exception/assembly.rs:289:5
[INFO] [stdout]     |
[INFO] [stdout] 289 |     llvm_asm!(
[INFO] [stdout]     |     ^^^^^^^^
[INFO] [stdout] 
[INFO] [stdout] 
[INFO] [stdout] error: cannot find macro `llvm_asm` in this scope
[INFO] [stdout]    --> src/exception/assembly.rs:313:5
[INFO] [stdout]     |
[INFO] [stdout] 313 |     llvm_asm!(
[INFO] [stdout]     |     ^^^^^^^^
[INFO] [stdout] 
[INFO] [stdout] 
[INFO] [stdout] error: cannot find macro `llvm_asm` in this scope
[INFO] [stdout]    --> src/exception/assembly.rs:337:5
[INFO] [stdout]     |
[INFO] [stdout] 337 |     llvm_asm!(
[INFO] [stdout]     |     ^^^^^^^^
[INFO] [stdout] 
[INFO] [stdout] 
[INFO] [stdout] error: cannot find macro `llvm_asm` in this scope
[INFO] [stdout]    --> src/exception.rs:130:5
[INFO] [stdout]     |
[INFO] [stdout] 130 |     llvm_asm!(
[INFO] [stdout]     |     ^^^^^^^^
[INFO] [stdout] 
[INFO] [stdout] 
[INFO] [stdout] error: cannot find macro `llvm_asm` in this scope
[INFO] [stdout]    --> src/exception.rs:142:5
[INFO] [stdout]     |
[INFO] [stdout] 142 |     llvm_asm!(
[INFO] [stdout]     |     ^^^^^^^^
[INFO] [stdout] 
[INFO] [stdout] 
[INFO] [stdout] error: cannot find macro `llvm_asm` in this scope
[INFO] [stdout]    --> src/exception.rs:154:5
[INFO] [stdout]     |
[INFO] [stdout] 154 |     llvm_asm!(
[INFO] [stdout]     |     ^^^^^^^^
[INFO] [stdout] 
[INFO] [stdout] 
[INFO] [stdout] error: cannot find macro `llvm_asm` in this scope
[INFO] [stdout]    --> src/exception.rs:167:5
[INFO] [stdout]     |
[INFO] [stdout] 167 |     llvm_asm!(
[INFO] [stdout]     |     ^^^^^^^^
[INFO] [stdout] 
[INFO] [stdout] 
[INFO] [stdout] error: cannot find macro `llvm_asm` in this scope
[INFO] [stdout]    --> src/exception.rs:180:5
[INFO] [stdout]     |
[INFO] [stdout] 180 |     llvm_asm!(
[INFO] [stdout]     |     ^^^^^^^^
[INFO] [stdout] 
[INFO] [stdout] 
[INFO] [stdout] error: cannot find macro `llvm_asm` in this scope
[INFO] [stdout]   --> src/interrupt.rs:80:9
[INFO] [stdout]    |
[INFO] [stdout] 80 |         llvm_asm!("
[INFO] [stdout]    |         ^^^^^^^^
[INFO] [stdout] 
[INFO] [stdout] 
[INFO] [stdout] error: cannot find macro `llvm_asm` in this scope
[INFO] [stdout]   --> src/interrupt.rs:97:9
[INFO] [stdout]    |
[INFO] [stdout] 97 |         llvm_asm!("
[INFO] [stdout]    |         ^^^^^^^^
[INFO] [stdout] 
[INFO] [stdout] 
[INFO] [stdout] error: cannot find macro `llvm_asm` in this scope
[INFO] [stdout]   --> src/lib.rs:87:5
[INFO] [stdout]    |
[INFO] [stdout] 87 |     llvm_asm!("wsr.vecbase $0" ::"r"(base) :: "volatile");
[INFO] [stdout]    |     ^^^^^^^^
[INFO] [stdout] 
[INFO] [stdout] 
[INFO] [stdout] error[E0554]: `#![feature]` may not be used on the beta release channel
[INFO] [stdout]  --> src/lib.rs:2:1
[INFO] [stdout]   |
[INFO] [stdout] 2 | #![feature(llvm_asm)]
[INFO] [stdout]   | ^^^^^^^^^^^^^^^^^^^^^
[INFO] [stdout] 
[INFO] [stdout] 
[INFO] [stdout] error[E0554]: `#![feature]` may not be used on the beta release channel
[INFO] [stdout]  --> src/lib.rs:3:1
[INFO] [stdout]   |
[INFO] [stdout] 3 | #![feature(global_asm)]
[INFO] [stdout]   | ^^^^^^^^^^^^^^^^^^^^^^^
[INFO] [stdout] 
[INFO] [stdout] 
[INFO] [stdout] error[E0554]: `#![feature]` may not be used on the beta release channel
[INFO] [stdout]  --> src/lib.rs:4:1
[INFO] [stdout]   |
[INFO] [stdout] 4 | #![feature(naked_functions)]
[INFO] [stdout]   | ^^^^^^^^^^^^^^^^^^^^^^^^^^^^
[INFO] [stdout] 
[INFO] [stdout] 
[INFO] [stdout] error[E0554]: `#![feature]` may not be used on the beta release channel
[INFO] [stdout]  --> src/lib.rs:2:12
[INFO] [stdout]   |
[INFO] [stdout] 2 | #![feature(llvm_asm)]
[INFO] [stdout]   |            ^^^^^^^^
[INFO] [stdout] 
[INFO] [stdout] 
[INFO] [stdout] error[E0554]: `#![feature]` may not be used on the beta release channel
[INFO] [stdout]  --> src/lib.rs:3:12
[INFO] [stdout]   |
[INFO] [stdout] 3 | #![feature(global_asm)]
[INFO] [stdout]   |            ^^^^^^^^^^
[INFO] [stdout] 
[INFO] [stdout] 
[INFO] [stdout] warning: the feature `global_asm` has been stable since 1.59.0 and no longer requires an attribute to enable
[INFO] [stdout]  --> src/lib.rs:3:12
[INFO] [stdout]   |
[INFO] [stdout] 3 | #![feature(global_asm)]
[INFO] [stdout]   |            ^^^^^^^^^^
[INFO] [stdout]   |
[INFO] [stdout]   = note: `#[warn(stable_features)]` on by default
[INFO] [stdout] 
[INFO] [stdout] 
[INFO] [stdout] error[E0635]: unknown feature `llvm_asm`
[INFO] [stdout]  --> src/lib.rs:2:12
[INFO] [stdout]   |
[INFO] [stdout] 2 | #![feature(llvm_asm)]
[INFO] [stdout]   |            ^^^^^^^^
[INFO] [stdout] 
[INFO] [stdout] 
[INFO] [stdout] error: aborting due to 28 previous errors; 1 warning emitted
[INFO] [stdout] 
[INFO] [stdout] 
[INFO] [stdout] Some errors have detailed explanations: E0554, E0635.
[INFO] [stdout] 
[INFO] [stdout] For more information about an error, try `rustc --explain E0554`.
[INFO] [stdout] 
[INFO] [stderr] error: could not compile `xtensa-lx106-rt` (lib) due to 29 previous errors; 1 warning emitted
[INFO] running `Command { std: "docker" "inspect" "4a78525647e6a8cc676c750cef9b1f9efb31ff7fbcf73c2dd2e9ed355914ab3e", kill_on_drop: false }`
[INFO] running `Command { std: "docker" "rm" "-f" "4a78525647e6a8cc676c750cef9b1f9efb31ff7fbcf73c2dd2e9ed355914ab3e", kill_on_drop: false }`
[INFO] [stdout] 4a78525647e6a8cc676c750cef9b1f9efb31ff7fbcf73c2dd2e9ed355914ab3e
