[INFO] fetching crate xfs-fuse 0.1.1...
[INFO] testing xfs-fuse-0.1.1 against 1.75.0 for beta-1.76-1
[INFO] extracting crate xfs-fuse 0.1.1 into /workspace/builds/worker-2-tc1/source
[INFO] validating manifest of crates.io crate xfs-fuse 0.1.1 on toolchain 1.75.0
[INFO] running `Command { std: CARGO_HOME="/workspace/cargo-home" RUSTUP_HOME="/workspace/rustup-home" "/workspace/cargo-home/bin/cargo" "+1.75.0" "metadata" "--manifest-path" "Cargo.toml" "--no-deps", kill_on_drop: false }`
[INFO] started tweaking crates.io crate xfs-fuse 0.1.1
[INFO] finished tweaking crates.io crate xfs-fuse 0.1.1
[INFO] tweaked toml for crates.io crate xfs-fuse 0.1.1 written to /workspace/builds/worker-2-tc1/source/Cargo.toml
[INFO] crate crates.io crate xfs-fuse 0.1.1 already has a lockfile, it will not be regenerated
[INFO] running `Command { std: CARGO_HOME="/workspace/cargo-home" RUSTUP_HOME="/workspace/rustup-home" "/workspace/cargo-home/bin/cargo" "+1.75.0" "fetch" "--manifest-path" "Cargo.toml", kill_on_drop: false }`
[INFO] [stderr]     Updating crates.io index
[INFO] [stderr]  Downloading crates ...
[INFO] [stderr]   Downloaded rstest_reuse v0.6.0
[INFO] [stderr]   Downloaded function_name-proc-macro v0.3.0
[INFO] [stderr]   Downloaded function_name v0.3.0
[INFO] [stderr]   Downloaded memchr v2.6.1
[INFO] [stderr]   Downloaded fuser v0.13.0
[INFO] [stderr]   Downloaded sysctl v0.5.4
[INFO] running `Command { std: "docker" "create" "-v" "/var/lib/crater-agent-workspace/builds/worker-2-tc1/target:/opt/rustwide/target:rw,Z" "-v" "/var/lib/crater-agent-workspace/builds/worker-2-tc1/source:/opt/rustwide/workdir:ro,Z" "-v" "/var/lib/crater-agent-workspace/cargo-home:/opt/rustwide/cargo-home:ro,Z" "-v" "/var/lib/crater-agent-workspace/rustup-home:/opt/rustwide/rustup-home:ro,Z" "-e" "SOURCE_DIR=/opt/rustwide/workdir" "-e" "CARGO_TARGET_DIR=/opt/rustwide/target" "-e" "CARGO_HOME=/opt/rustwide/cargo-home" "-e" "RUSTUP_HOME=/opt/rustwide/rustup-home" "-w" "/opt/rustwide/workdir" "-m" "1610612736" "--user" "0:0" "--network" "none" "ghcr.io/rust-lang/crates-build-env/linux@sha256:2788e3201cd34a07e3172128adcd8b3090168a8e3bcc40d7c032b9dda1df7d1c" "/opt/rustwide/cargo-home/bin/cargo" "+1.75.0" "metadata" "--no-deps" "--format-version=1", kill_on_drop: false }`
[INFO] [stdout] 880cdec590fb87e9bc411cf05b3741777a510f5dfa85582e2bc33f6b8cea3e67
[INFO] running `Command { std: "docker" "start" "-a" "880cdec590fb87e9bc411cf05b3741777a510f5dfa85582e2bc33f6b8cea3e67", kill_on_drop: false }`
[INFO] running `Command { std: "docker" "inspect" "880cdec590fb87e9bc411cf05b3741777a510f5dfa85582e2bc33f6b8cea3e67", kill_on_drop: false }`
[INFO] running `Command { std: "docker" "rm" "-f" "880cdec590fb87e9bc411cf05b3741777a510f5dfa85582e2bc33f6b8cea3e67", kill_on_drop: false }`
[INFO] [stdout] 880cdec590fb87e9bc411cf05b3741777a510f5dfa85582e2bc33f6b8cea3e67
[INFO] running `Command { std: "docker" "create" "-v" "/var/lib/crater-agent-workspace/builds/worker-2-tc1/target:/opt/rustwide/target:rw,Z" "-v" "/var/lib/crater-agent-workspace/builds/worker-2-tc1/source:/opt/rustwide/workdir:ro,Z" "-v" "/var/lib/crater-agent-workspace/cargo-home:/opt/rustwide/cargo-home:ro,Z" "-v" "/var/lib/crater-agent-workspace/rustup-home:/opt/rustwide/rustup-home:ro,Z" "-e" "SOURCE_DIR=/opt/rustwide/workdir" "-e" "CARGO_TARGET_DIR=/opt/rustwide/target" "-e" "CARGO_INCREMENTAL=0" "-e" "RUST_BACKTRACE=full" "-e" "RUSTFLAGS=--cap-lints=warn" "-e" "RUSTDOCFLAGS=--cap-lints=warn" "-e" "CARGO_HOME=/opt/rustwide/cargo-home" "-e" "RUSTUP_HOME=/opt/rustwide/rustup-home" "-w" "/opt/rustwide/workdir" "-m" "1610612736" "--user" "0:0" "--network" "none" "ghcr.io/rust-lang/crates-build-env/linux@sha256:2788e3201cd34a07e3172128adcd8b3090168a8e3bcc40d7c032b9dda1df7d1c" "/opt/rustwide/cargo-home/bin/cargo" "+1.75.0" "build" "--frozen" "--message-format=json", kill_on_drop: false }`
[INFO] [stdout] 86ade62d0e2d430b784c526772461d34657ce3fe1ca601b46a1c501dcba84c67
[INFO] running `Command { std: "docker" "start" "-a" "86ade62d0e2d430b784c526772461d34657ce3fe1ca601b46a1c501dcba84c67", kill_on_drop: false }`
[INFO] [stderr]    Compiling proc-macro2 v1.0.66
[INFO] [stderr]    Compiling unicode-ident v1.0.11
[INFO] [stderr]    Compiling syn v1.0.109
[INFO] [stderr]    Compiling version_check v0.9.4
[INFO] [stderr]    Compiling libc v0.2.147
[INFO] [stderr]    Compiling cfg-if v1.0.0
[INFO] [stderr]    Compiling once_cell v1.18.0
[INFO] [stderr]    Compiling log v0.4.16
[INFO] [stderr]    Compiling io-lifetimes v1.0.11
[INFO] [stderr]    Compiling unicode-xid v0.2.4
[INFO] [stderr]    Compiling rustix v0.38.10
[INFO] [stderr]    Compiling rustix v0.37.23
[INFO] [stderr]    Compiling proc-macro-error-attr v1.0.4
[INFO] [stderr]    Compiling proc-macro-error v1.0.4
[INFO] [stderr]    Compiling tracing-core v0.1.31
[INFO] [stderr]    Compiling autocfg v1.1.0
[INFO] [stderr]    Compiling linux-raw-sys v0.3.8
[INFO] [stderr]    Compiling linux-raw-sys v0.4.5
[INFO] [stderr]    Compiling lazy_static v1.4.0
[INFO] [stderr]    Compiling bitflags v2.4.0
[INFO] [stderr]    Compiling regex-syntax v0.6.29
[INFO] [stderr]    Compiling regex-syntax v0.7.5
[INFO] [stderr]    Compiling quote v1.0.33
[INFO] [stderr]    Compiling bitflags v1.3.2
[INFO] [stderr]    Compiling pkg-config v0.3.27
[INFO] [stderr]    Compiling syn v2.0.29
[INFO] [stderr]    Compiling fuser v0.13.0
[INFO] [stderr]    Compiling num-traits v0.2.14
[INFO] [stderr]    Compiling pin-project-lite v0.2.13
[INFO] [stderr]    Compiling byteorder v1.4.3
[INFO] [stderr]    Compiling overload v0.1.1
[INFO] [stderr]    Compiling os_str_bytes v6.5.1
[INFO] [stderr]    Compiling virtue v0.0.13
[INFO] [stderr]    Compiling regex-automata v0.3.7
[INFO] [stderr]    Compiling regex-automata v0.1.10
[INFO] [stderr]    Compiling heck v0.4.1
[INFO] [stderr]    Compiling is-terminal v0.4.9
[INFO] [stderr]    Compiling terminal_size v0.2.6
[INFO] [stderr]    Compiling matchers v0.1.0
[INFO] [stderr]    Compiling bincode_derive v2.0.0-rc.3
[INFO] [stderr]    Compiling clap_lex v0.3.3
[INFO] [stderr]    Compiling regex v1.9.4
[INFO] [stderr]    Compiling nu-ansi-term v0.46.0
[INFO] [stderr]    Compiling synstructure v0.12.6
[INFO] [stderr]    Compiling page_size v0.5.0
[INFO] [stderr]    Compiling tracing-log v0.1.3
[INFO] [stderr]    Compiling sharded-slab v0.1.4
[INFO] [stderr]    Compiling thread_local v1.1.7
[INFO] [stderr]    Compiling strsim v0.10.0
[INFO] [stderr]    Compiling smallvec v1.8.0
[INFO] [stderr]    Compiling termcolor v1.2.0
[INFO] [stderr]    Compiling memchr v2.6.1
[INFO] [stderr]    Compiling crc-catalog v1.1.1
[INFO] [stderr]    Compiling crc v2.1.0
[INFO] [stderr]    Compiling bincode v2.0.0-rc.3
[INFO] [stderr]    Compiling uuid v0.8.2
[INFO] [stderr]    Compiling tracing-attributes v0.1.26
[INFO] [stderr]    Compiling zerocopy-derive v0.3.1
[INFO] [stderr]    Compiling clap_derive v4.1.9
[INFO] [stderr]    Compiling num-derive v0.3.3
[INFO] [stderr]    Compiling zerocopy v0.6.1
[INFO] [stderr]    Compiling tracing v0.1.37
[INFO] [stderr]    Compiling tracing-subscriber v0.3.17
[INFO] [stderr]    Compiling clap v4.1.11
[INFO] [stderr]    Compiling xfs-fuse v0.1.1 (/opt/rustwide/workdir)
[INFO] [stderr]     Finished dev [unoptimized + debuginfo] target(s) in 22.97s
[INFO] running `Command { std: "docker" "inspect" "86ade62d0e2d430b784c526772461d34657ce3fe1ca601b46a1c501dcba84c67", kill_on_drop: false }`
[INFO] running `Command { std: "docker" "rm" "-f" "86ade62d0e2d430b784c526772461d34657ce3fe1ca601b46a1c501dcba84c67", kill_on_drop: false }`
[INFO] [stdout] 86ade62d0e2d430b784c526772461d34657ce3fe1ca601b46a1c501dcba84c67
[INFO] running `Command { std: "docker" "create" "-v" "/var/lib/crater-agent-workspace/builds/worker-2-tc1/target:/opt/rustwide/target:rw,Z" "-v" "/var/lib/crater-agent-workspace/builds/worker-2-tc1/source:/opt/rustwide/workdir:ro,Z" "-v" "/var/lib/crater-agent-workspace/cargo-home:/opt/rustwide/cargo-home:ro,Z" "-v" "/var/lib/crater-agent-workspace/rustup-home:/opt/rustwide/rustup-home:ro,Z" "-e" "SOURCE_DIR=/opt/rustwide/workdir" "-e" "CARGO_TARGET_DIR=/opt/rustwide/target" "-e" "CARGO_INCREMENTAL=0" "-e" "RUST_BACKTRACE=full" "-e" "RUSTFLAGS=--cap-lints=warn" "-e" "RUSTDOCFLAGS=--cap-lints=warn" "-e" "CARGO_HOME=/opt/rustwide/cargo-home" "-e" "RUSTUP_HOME=/opt/rustwide/rustup-home" "-w" "/opt/rustwide/workdir" "-m" "1610612736" "--user" "0:0" "--network" "none" "ghcr.io/rust-lang/crates-build-env/linux@sha256:2788e3201cd34a07e3172128adcd8b3090168a8e3bcc40d7c032b9dda1df7d1c" "/opt/rustwide/cargo-home/bin/cargo" "+1.75.0" "test" "--frozen" "--no-run" "--message-format=json", kill_on_drop: false }`
[INFO] [stdout] d2b9dfb40915aa7cdbba5c6371669fd133a59acc7964e59bd0157cd9fd6fa78c
[INFO] running `Command { std: "docker" "start" "-a" "d2b9dfb40915aa7cdbba5c6371669fd133a59acc7964e59bd0157cd9fd6fa78c", kill_on_drop: false }`
[INFO] [stderr]    Compiling semver v1.0.18
[INFO] [stderr]    Compiling futures-core v0.3.28
[INFO] [stderr]    Compiling slab v0.4.9
[INFO] [stderr]    Compiling futures-task v0.3.28
[INFO] [stderr]    Compiling futures-channel v0.3.28
[INFO] [stderr]    Compiling futures-sink v0.3.28
[INFO] [stderr]    Compiling futures-util v0.3.28
[INFO] [stderr]    Compiling futures-macro v0.3.28
[INFO] [stderr]    Compiling getrandom v0.2.10
[INFO] [stderr]    Compiling pin-utils v0.1.0
[INFO] [stderr]    Compiling futures-io v0.3.28
[INFO] [stderr]    Compiling rand_core v0.6.4
[INFO] [stderr]    Compiling either v1.9.0
[INFO] [stderr]    Compiling doc-comment v0.3.3
[INFO] [stderr]    Compiling predicates-core v1.0.6
[INFO] [stderr]    Compiling ppv-lite86 v0.2.17
[INFO] [stderr]    Compiling thiserror v1.0.48
[INFO] [stderr]    Compiling rustc_version v0.4.0
[INFO] [stderr]    Compiling itertools v0.10.5
[INFO] [stderr]    Compiling thiserror-impl v1.0.48
[INFO] [stderr]    Compiling same-file v1.0.6
[INFO] [stderr]    Compiling termtree v0.4.1
[INFO] [stderr]    Compiling difflib v0.4.0
[INFO] [stderr]    Compiling rand_chacha v0.3.1
[INFO] [stderr]    Compiling anstyle v1.0.2
[INFO] [stderr]    Compiling predicates-tree v1.0.9
[INFO] [stderr]    Compiling rstest_macros v0.16.0
[INFO] [stderr]    Compiling rstest_reuse v0.6.0
[INFO] [stderr]    Compiling rand v0.8.5
[INFO] [stderr]    Compiling walkdir v2.4.0
[INFO] [stderr]    Compiling enum-as-inner v0.5.1
[INFO] [stderr]    Compiling bstr v1.6.2
[INFO] [stderr]    Compiling wait-timeout v0.2.0
[INFO] [stderr]    Compiling function_name-proc-macro v0.3.0
[INFO] [stderr]    Compiling predicates v3.0.3
[INFO] [stderr]    Compiling futures-timer v3.0.2
[INFO] [stderr]    Compiling fastrand v2.0.0
[INFO] [stderr]    Compiling function_name v0.3.0
[INFO] [stderr]    Compiling tempfile v3.8.0
[INFO] [stderr]    Compiling sysctl v0.5.4
[INFO] [stderr]    Compiling assert_cmd v2.0.11
[INFO] [stderr]    Compiling nix v0.27.1
[INFO] [stderr]    Compiling futures-executor v0.3.28
[INFO] [stderr]    Compiling futures v0.3.28
[INFO] [stderr]    Compiling rstest v0.16.0
[INFO] [stderr]    Compiling xfs-fuse v0.1.1 (/opt/rustwide/workdir)
[INFO] [stdout] error: cannot find macro `require_fusefs` in this scope
[INFO] [stdout]    --> tests/integration.rs:314:5
[INFO] [stdout]     |
[INFO] [stdout] 314 |     require_fusefs!();
[INFO] [stdout]     |     ^^^^^^^^^^^^^^
[INFO] [stdout] 
[INFO] [stdout] 
[INFO] [stdout] error: cannot find macro `require_fusefs` in this scope
[INFO] [stdout]    --> tests/integration.rs:294:5
[INFO] [stdout]     |
[INFO] [stdout] 294 |     require_fusefs!();
[INFO] [stdout]     |     ^^^^^^^^^^^^^^
[INFO] [stdout] 
[INFO] [stdout] 
[INFO] [stdout] error: cannot find macro `require_fusefs` in this scope
[INFO] [stdout]    --> tests/integration.rs:285:5
[INFO] [stdout]     |
[INFO] [stdout] 285 |     require_fusefs!();
[INFO] [stdout]     |     ^^^^^^^^^^^^^^
[INFO] [stdout] 
[INFO] [stdout] 
[INFO] [stdout] error: cannot find macro `require_fusefs` in this scope
[INFO] [stdout]    --> tests/integration.rs:267:5
[INFO] [stdout]     |
[INFO] [stdout] 267 |     require_fusefs!();
[INFO] [stdout]     |     ^^^^^^^^^^^^^^
[INFO] [stdout] 
[INFO] [stdout] 
[INFO] [stdout] warning: unused macro definition: `function_name`
[INFO] [stdout]    --> tests/integration.rs:283:1
[INFO] [stdout]     |
[INFO] [stdout] 283 | #[named]
[INFO] [stdout]     | ^^^^^^^^
[INFO] [stdout]     |
[INFO] [stdout]     = note: `#[warn(unused_macros)]` on by default
[INFO] [stdout] 
[INFO] [stdout] 
[INFO] [stdout] warning: unused macro definition: `function_name`
[INFO] [stdout]    --> tests/integration.rs:291:1
[INFO] [stdout]     |
[INFO] [stdout] 291 | #[named]
[INFO] [stdout]     | ^^^^^^^^
[INFO] [stdout] 
[INFO] [stdout] 
[INFO] [stdout] warning: unused macro definition: `function_name`
[INFO] [stdout]    --> tests/integration.rs:305:1
[INFO] [stdout]     |
[INFO] [stdout] 305 | #[named]
[INFO] [stdout]     | ^^^^^^^^
[INFO] [stdout] 
[INFO] [stdout] 
[INFO] [stdout] error[E0599]: no method named `filesystem_type_name` found for struct `Statfs` in the current scope
[INFO] [stdout]    --> tests/integration.rs:196:11
[INFO] [stdout]     |
[INFO] [stdout] 196 |         s.filesystem_type_name() == "fusefs.xfs"
[INFO] [stdout]     |           ^^^^^^^^^^^^^^^^^^^^ help: there is a method with a similar name: `filesystem_type`
[INFO] [stdout] 
[INFO] [stdout] 
[INFO] [stdout] error[E0599]: no method named `filesystem_type_name` found for struct `Statfs` in the current scope
[INFO] [stdout]    --> tests/integration.rs:232:11
[INFO] [stdout]     |
[INFO] [stdout] 232 |         s.filesystem_type_name() == "fusefs.xfs"
[INFO] [stdout]     |           ^^^^^^^^^^^^^^^^^^^^ help: there is a method with a similar name: `filesystem_type`
[INFO] [stdout] 
[INFO] [stdout] 
[INFO] [stdout] error: aborting due to 6 previous errors; 3 warnings emitted
[INFO] [stdout] 
[INFO] [stdout] 
[INFO] [stdout] For more information about this error, try `rustc --explain E0599`.
[INFO] [stdout] 
[INFO] [stderr] error: could not compile `xfs-fuse` (test "integration") due to 7 previous errors; 3 warnings emitted
[INFO] [stderr] warning: build failed, waiting for other jobs to finish...
[INFO] running `Command { std: "docker" "inspect" "d2b9dfb40915aa7cdbba5c6371669fd133a59acc7964e59bd0157cd9fd6fa78c", kill_on_drop: false }`
[INFO] running `Command { std: "docker" "rm" "-f" "d2b9dfb40915aa7cdbba5c6371669fd133a59acc7964e59bd0157cd9fd6fa78c", kill_on_drop: false }`
[INFO] [stdout] d2b9dfb40915aa7cdbba5c6371669fd133a59acc7964e59bd0157cd9fd6fa78c
[INFO] testing xfs-fuse-0.1.1 against beta-2023-12-22 for beta-1.76-1
[INFO] extracting crate xfs-fuse 0.1.1 into /workspace/builds/worker-2-tc2/source
[INFO] validating manifest of crates.io crate xfs-fuse 0.1.1 on toolchain beta-2023-12-22
[INFO] running `Command { std: CARGO_HOME="/workspace/cargo-home" RUSTUP_HOME="/workspace/rustup-home" "/workspace/cargo-home/bin/cargo" "+beta-2023-12-22" "metadata" "--manifest-path" "Cargo.toml" "--no-deps", kill_on_drop: false }`
[INFO] started tweaking crates.io crate xfs-fuse 0.1.1
[INFO] finished tweaking crates.io crate xfs-fuse 0.1.1
[INFO] tweaked toml for crates.io crate xfs-fuse 0.1.1 written to /workspace/builds/worker-2-tc2/source/Cargo.toml
[INFO] crate crates.io crate xfs-fuse 0.1.1 already has a lockfile, it will not be regenerated
[INFO] running `Command { std: CARGO_HOME="/workspace/cargo-home" RUSTUP_HOME="/workspace/rustup-home" "/workspace/cargo-home/bin/cargo" "+beta-2023-12-22" "fetch" "--manifest-path" "Cargo.toml", kill_on_drop: false }`
[INFO] running `Command { std: "docker" "create" "-v" "/var/lib/crater-agent-workspace/builds/worker-2-tc2/target:/opt/rustwide/target:rw,Z" "-v" "/var/lib/crater-agent-workspace/builds/worker-2-tc2/source:/opt/rustwide/workdir:ro,Z" "-v" "/var/lib/crater-agent-workspace/cargo-home:/opt/rustwide/cargo-home:ro,Z" "-v" "/var/lib/crater-agent-workspace/rustup-home:/opt/rustwide/rustup-home:ro,Z" "-e" "SOURCE_DIR=/opt/rustwide/workdir" "-e" "CARGO_TARGET_DIR=/opt/rustwide/target" "-e" "CARGO_HOME=/opt/rustwide/cargo-home" "-e" "RUSTUP_HOME=/opt/rustwide/rustup-home" "-w" "/opt/rustwide/workdir" "-m" "1610612736" "--user" "0:0" "--network" "none" "ghcr.io/rust-lang/crates-build-env/linux@sha256:2788e3201cd34a07e3172128adcd8b3090168a8e3bcc40d7c032b9dda1df7d1c" "/opt/rustwide/cargo-home/bin/cargo" "+beta-2023-12-22" "metadata" "--no-deps" "--format-version=1", kill_on_drop: false }`
[INFO] [stdout] eb1668b58949813de66638b8955ef7061ec3624e060895c3504e6a8cf6426e4e
[INFO] running `Command { std: "docker" "start" "-a" "eb1668b58949813de66638b8955ef7061ec3624e060895c3504e6a8cf6426e4e", kill_on_drop: false }`
[INFO] running `Command { std: "docker" "inspect" "eb1668b58949813de66638b8955ef7061ec3624e060895c3504e6a8cf6426e4e", kill_on_drop: false }`
[INFO] running `Command { std: "docker" "rm" "-f" "eb1668b58949813de66638b8955ef7061ec3624e060895c3504e6a8cf6426e4e", kill_on_drop: false }`
[INFO] [stdout] eb1668b58949813de66638b8955ef7061ec3624e060895c3504e6a8cf6426e4e
[INFO] running `Command { std: "docker" "create" "-v" "/var/lib/crater-agent-workspace/builds/worker-2-tc2/target:/opt/rustwide/target:rw,Z" "-v" "/var/lib/crater-agent-workspace/builds/worker-2-tc2/source:/opt/rustwide/workdir:ro,Z" "-v" "/var/lib/crater-agent-workspace/cargo-home:/opt/rustwide/cargo-home:ro,Z" "-v" "/var/lib/crater-agent-workspace/rustup-home:/opt/rustwide/rustup-home:ro,Z" "-e" "SOURCE_DIR=/opt/rustwide/workdir" "-e" "CARGO_TARGET_DIR=/opt/rustwide/target" "-e" "CARGO_INCREMENTAL=0" "-e" "RUST_BACKTRACE=full" "-e" "RUSTFLAGS=--cap-lints=warn" "-e" "RUSTDOCFLAGS=--cap-lints=warn" "-e" "CARGO_HOME=/opt/rustwide/cargo-home" "-e" "RUSTUP_HOME=/opt/rustwide/rustup-home" "-w" "/opt/rustwide/workdir" "-m" "1610612736" "--user" "0:0" "--network" "none" "ghcr.io/rust-lang/crates-build-env/linux@sha256:2788e3201cd34a07e3172128adcd8b3090168a8e3bcc40d7c032b9dda1df7d1c" "/opt/rustwide/cargo-home/bin/cargo" "+beta-2023-12-22" "build" "--frozen" "--message-format=json", kill_on_drop: false }`
[INFO] [stdout] b156f2a42fcd70fd31f876e8ca2df6c4b1ddf047cb56afcb7efc137bdb7c3070
[INFO] running `Command { std: "docker" "start" "-a" "b156f2a42fcd70fd31f876e8ca2df6c4b1ddf047cb56afcb7efc137bdb7c3070", kill_on_drop: false }`
[INFO] [stderr]    Compiling proc-macro2 v1.0.66
[INFO] [stderr]    Compiling unicode-ident v1.0.11
[INFO] [stderr]    Compiling syn v1.0.109
[INFO] [stderr]    Compiling libc v0.2.147
[INFO] [stderr]    Compiling version_check v0.9.4
[INFO] [stderr]    Compiling once_cell v1.18.0
[INFO] [stderr]    Compiling cfg-if v1.0.0
[INFO] [stderr]    Compiling log v0.4.16
[INFO] [stderr]    Compiling io-lifetimes v1.0.11
[INFO] [stderr]    Compiling rustix v0.37.23
[INFO] [stderr]    Compiling unicode-xid v0.2.4
[INFO] [stderr]    Compiling rustix v0.38.10
[INFO] [stderr]    Compiling proc-macro-error-attr v1.0.4
[INFO] [stderr]    Compiling proc-macro-error v1.0.4
[INFO] [stderr]    Compiling tracing-core v0.1.31
[INFO] [stderr]    Compiling linux-raw-sys v0.3.8
[INFO] [stderr]    Compiling linux-raw-sys v0.4.5
[INFO] [stderr]    Compiling bitflags v1.3.2
[INFO] [stderr]    Compiling regex-syntax v0.6.29
[INFO] [stderr]    Compiling bitflags v2.4.0
[INFO] [stderr]    Compiling quote v1.0.33
[INFO] [stderr]    Compiling pkg-config v0.3.27
[INFO] [stderr]    Compiling syn v2.0.29
[INFO] [stderr]    Compiling regex-syntax v0.7.5
[INFO] [stderr]    Compiling lazy_static v1.4.0
[INFO] [stderr]    Compiling autocfg v1.1.0
[INFO] [stderr]    Compiling fuser v0.13.0
[INFO] [stderr]    Compiling pin-project-lite v0.2.13
[INFO] [stderr]    Compiling num-traits v0.2.14
[INFO] [stderr]    Compiling virtue v0.0.13
[INFO] [stderr]    Compiling regex-automata v0.1.10
[INFO] [stderr]    Compiling byteorder v1.4.3
[INFO] [stderr]    Compiling os_str_bytes v6.5.1
[INFO] [stderr]    Compiling regex-automata v0.3.7
[INFO] [stderr]    Compiling heck v0.4.1
[INFO] [stderr]    Compiling overload v0.1.1
[INFO] [stderr]    Compiling nu-ansi-term v0.46.0
[INFO] [stderr]    Compiling is-terminal v0.4.9
[INFO] [stderr]    Compiling terminal_size v0.2.6
[INFO] [stderr]    Compiling matchers v0.1.0
[INFO] [stderr]    Compiling clap_lex v0.3.3
[INFO] [stderr]    Compiling bincode_derive v2.0.0-rc.3
[INFO] [stderr]    Compiling page_size v0.5.0
[INFO] [stderr]    Compiling tracing-log v0.1.3
[INFO] [stderr]    Compiling sharded-slab v0.1.4
[INFO] [stderr]    Compiling thread_local v1.1.7
[INFO] [stderr]    Compiling memchr v2.6.1
[INFO] [stderr]    Compiling synstructure v0.12.6
[INFO] [stderr]    Compiling regex v1.9.4
[INFO] [stderr]    Compiling smallvec v1.8.0
[INFO] [stderr]    Compiling strsim v0.10.0
[INFO] [stderr]    Compiling termcolor v1.2.0
[INFO] [stderr]    Compiling crc-catalog v1.1.1
[INFO] [stderr]    Compiling bincode v2.0.0-rc.3
[INFO] [stderr]    Compiling crc v2.1.0
[INFO] [stderr]    Compiling uuid v0.8.2
[INFO] [stderr]    Compiling tracing-attributes v0.1.26
[INFO] [stderr]    Compiling zerocopy-derive v0.3.1
[INFO] [stderr]    Compiling clap_derive v4.1.9
[INFO] [stderr]    Compiling num-derive v0.3.3
[INFO] [stderr]    Compiling zerocopy v0.6.1
[INFO] [stderr]    Compiling tracing v0.1.37
[INFO] [stderr]    Compiling tracing-subscriber v0.3.17
[INFO] [stderr]    Compiling clap v4.1.11
[INFO] [stderr]    Compiling xfs-fuse v0.1.1 (/opt/rustwide/workdir)
[INFO] [stderr]     Finished dev [unoptimized + debuginfo] target(s) in 14.34s
[INFO] running `Command { std: "docker" "inspect" "b156f2a42fcd70fd31f876e8ca2df6c4b1ddf047cb56afcb7efc137bdb7c3070", kill_on_drop: false }`
[INFO] running `Command { std: "docker" "rm" "-f" "b156f2a42fcd70fd31f876e8ca2df6c4b1ddf047cb56afcb7efc137bdb7c3070", kill_on_drop: false }`
[INFO] [stdout] b156f2a42fcd70fd31f876e8ca2df6c4b1ddf047cb56afcb7efc137bdb7c3070
[INFO] running `Command { std: "docker" "create" "-v" "/var/lib/crater-agent-workspace/builds/worker-2-tc2/target:/opt/rustwide/target:rw,Z" "-v" "/var/lib/crater-agent-workspace/builds/worker-2-tc2/source:/opt/rustwide/workdir:ro,Z" "-v" "/var/lib/crater-agent-workspace/cargo-home:/opt/rustwide/cargo-home:ro,Z" "-v" "/var/lib/crater-agent-workspace/rustup-home:/opt/rustwide/rustup-home:ro,Z" "-e" "SOURCE_DIR=/opt/rustwide/workdir" "-e" "CARGO_TARGET_DIR=/opt/rustwide/target" "-e" "CARGO_INCREMENTAL=0" "-e" "RUST_BACKTRACE=full" "-e" "RUSTFLAGS=--cap-lints=warn" "-e" "RUSTDOCFLAGS=--cap-lints=warn" "-e" "CARGO_HOME=/opt/rustwide/cargo-home" "-e" "RUSTUP_HOME=/opt/rustwide/rustup-home" "-w" "/opt/rustwide/workdir" "-m" "1610612736" "--user" "0:0" "--network" "none" "ghcr.io/rust-lang/crates-build-env/linux@sha256:2788e3201cd34a07e3172128adcd8b3090168a8e3bcc40d7c032b9dda1df7d1c" "/opt/rustwide/cargo-home/bin/cargo" "+beta-2023-12-22" "test" "--frozen" "--no-run" "--message-format=json", kill_on_drop: false }`
[INFO] [stdout] 0e78f39f71f56c4e7f58d2d625928b297bc9b623c16418d512afeb0d5055df21
[INFO] running `Command { std: "docker" "start" "-a" "0e78f39f71f56c4e7f58d2d625928b297bc9b623c16418d512afeb0d5055df21", kill_on_drop: false }`
[INFO] [stderr]    Compiling semver v1.0.18
[INFO] [stderr]    Compiling futures-core v0.3.28
[INFO] [stderr]    Compiling slab v0.4.9
[INFO] [stderr]    Compiling futures-task v0.3.28
[INFO] [stderr]    Compiling futures-channel v0.3.28
[INFO] [stderr]    Compiling futures-util v0.3.28
[INFO] [stderr]    Compiling futures-sink v0.3.28
[INFO] [stderr]    Compiling futures-macro v0.3.28
[INFO] [stderr]    Compiling getrandom v0.2.10
[INFO] [stderr]    Compiling pin-utils v0.1.0
[INFO] [stderr]    Compiling futures-io v0.3.28
[INFO] [stderr]    Compiling rand_core v0.6.4
[INFO] [stderr]    Compiling predicates-core v1.0.6
[INFO] [stderr]    Compiling ppv-lite86 v0.2.17
[INFO] [stderr]    Compiling doc-comment v0.3.3
[INFO] [stderr]    Compiling thiserror v1.0.48
[INFO] [stderr]    Compiling either v1.9.0
[INFO] [stderr]    Compiling thiserror-impl v1.0.48
[INFO] [stderr]    Compiling itertools v0.10.5
[INFO] [stderr]    Compiling anstyle v1.0.2
[INFO] [stderr]    Compiling rustc_version v0.4.0
[INFO] [stderr]    Compiling rand_chacha v0.3.1
[INFO] [stderr]    Compiling termtree v0.4.1
[INFO] [stderr]    Compiling same-file v1.0.6
[INFO] [stderr]    Compiling difflib v0.4.0
[INFO] [stderr]    Compiling rand v0.8.5
[INFO] [stderr]    Compiling walkdir v2.4.0
[INFO] [stderr]    Compiling rstest_macros v0.16.0
[INFO] [stderr]    Compiling rstest_reuse v0.6.0
[INFO] [stderr]    Compiling predicates-tree v1.0.9
[INFO] [stderr]    Compiling enum-as-inner v0.5.1
[INFO] [stderr]    Compiling bstr v1.6.2
[INFO] [stderr]    Compiling wait-timeout v0.2.0
[INFO] [stderr]    Compiling predicates v3.0.3
[INFO] [stderr]    Compiling futures-timer v3.0.2
[INFO] [stderr]    Compiling fastrand v2.0.0
[INFO] [stderr]    Compiling function_name-proc-macro v0.3.0
[INFO] [stderr]    Compiling tempfile v3.8.0
[INFO] [stderr]    Compiling sysctl v0.5.4
[INFO] [stderr]    Compiling assert_cmd v2.0.11
[INFO] [stderr]    Compiling function_name v0.3.0
[INFO] [stderr]    Compiling nix v0.27.1
[INFO] [stderr]    Compiling futures-executor v0.3.28
[INFO] [stderr]    Compiling futures v0.3.28
[INFO] [stderr]    Compiling rstest v0.16.0
[INFO] [stderr]    Compiling xfs-fuse v0.1.1 (/opt/rustwide/workdir)
[INFO] [stdout] error: cannot find macro `require_fusefs` in this scope
[INFO] [stdout]    --> tests/integration.rs:314:5
[INFO] [stdout]     |
[INFO] [stdout] 314 |     require_fusefs!();
[INFO] [stdout]     |     ^^^^^^^^^^^^^^
[INFO] [stdout] 
[INFO] [stdout] 
[INFO] [stdout] error: cannot find macro `require_fusefs` in this scope
[INFO] [stdout]    --> tests/integration.rs:294:5
[INFO] [stdout]     |
[INFO] [stdout] 294 |     require_fusefs!();
[INFO] [stdout]     |     ^^^^^^^^^^^^^^
[INFO] [stdout] 
[INFO] [stdout] 
[INFO] [stdout] error: cannot find macro `require_fusefs` in this scope
[INFO] [stdout]    --> tests/integration.rs:285:5
[INFO] [stdout]     |
[INFO] [stdout] 285 |     require_fusefs!();
[INFO] [stdout]     |     ^^^^^^^^^^^^^^
[INFO] [stdout] 
[INFO] [stdout] 
[INFO] [stdout] error: cannot find macro `require_fusefs` in this scope
[INFO] [stdout]    --> tests/integration.rs:267:5
[INFO] [stdout]     |
[INFO] [stdout] 267 |     require_fusefs!();
[INFO] [stdout]     |     ^^^^^^^^^^^^^^
[INFO] [stdout] 
[INFO] [stdout] 
[INFO] [stdout] warning: unused macro definition: `function_name`
[INFO] [stdout]    --> tests/integration.rs:283:1
[INFO] [stdout]     |
[INFO] [stdout] 283 | #[named]
[INFO] [stdout]     | ^^^^^^^^
[INFO] [stdout]     |
[INFO] [stdout]     = note: `#[warn(unused_macros)]` on by default
[INFO] [stdout] 
[INFO] [stdout] 
[INFO] [stdout] warning: unused macro definition: `function_name`
[INFO] [stdout]    --> tests/integration.rs:291:1
[INFO] [stdout]     |
[INFO] [stdout] 291 | #[named]
[INFO] [stdout]     | ^^^^^^^^
[INFO] [stdout] 
[INFO] [stdout] 
[INFO] [stdout] warning: unused macro definition: `function_name`
[INFO] [stdout]    --> tests/integration.rs:305:1
[INFO] [stdout]     |
[INFO] [stdout] 305 | #[named]
[INFO] [stdout]     | ^^^^^^^^
[INFO] [stdout] 
[INFO] [stdout] 
[INFO] [stdout] error[E0599]: no method named `filesystem_type_name` found for struct `Statfs` in the current scope
[INFO] [stdout]    --> tests/integration.rs:196:11
[INFO] [stdout]     |
[INFO] [stdout] 196 |         s.filesystem_type_name() == "fusefs.xfs"
[INFO] [stdout]     |           ^^^^^^^^^^^^^^^^^^^^ help: there is a method with a similar name: `filesystem_type`
[INFO] [stdout] 
[INFO] [stdout] 
[INFO] [stdout] error[E0599]: no method named `filesystem_type_name` found for struct `Statfs` in the current scope
[INFO] [stdout]    --> tests/integration.rs:232:11
[INFO] [stdout]     |
[INFO] [stdout] 232 |         s.filesystem_type_name() == "fusefs.xfs"
[INFO] [stdout]     |           ^^^^^^^^^^^^^^^^^^^^ help: there is a method with a similar name: `filesystem_type`
[INFO] [stdout] 
[INFO] [stdout] 
[INFO] [stderr] error: could not compile `xfs-fuse` (test "integration") due to 7 previous errors; 3 warnings emitted
[INFO] [stdout] error: aborting due to 6 previous errors; 3 warnings emitted
[INFO] [stdout] 
[INFO] [stdout] 
[INFO] [stderr] warning: build failed, waiting for other jobs to finish...
[INFO] [stdout] For more information about this error, try `rustc --explain E0599`.
[INFO] [stdout] 
[INFO] running `Command { std: "docker" "inspect" "0e78f39f71f56c4e7f58d2d625928b297bc9b623c16418d512afeb0d5055df21", kill_on_drop: false }`
[INFO] running `Command { std: "docker" "rm" "-f" "0e78f39f71f56c4e7f58d2d625928b297bc9b623c16418d512afeb0d5055df21", kill_on_drop: false }`
[INFO] [stdout] 0e78f39f71f56c4e7f58d2d625928b297bc9b623c16418d512afeb0d5055df21
