[INFO] fetching crate xc3_model 0.2.0...
[INFO] testing xc3_model-0.2.0 against 1.75.0 for beta-1.76-1
[INFO] extracting crate xc3_model 0.2.0 into /workspace/builds/worker-0-tc1/source
[INFO] validating manifest of crates.io crate xc3_model 0.2.0 on toolchain 1.75.0
[INFO] running `Command { std: CARGO_HOME="/workspace/cargo-home" RUSTUP_HOME="/workspace/rustup-home" "/workspace/cargo-home/bin/cargo" "+1.75.0" "metadata" "--manifest-path" "Cargo.toml" "--no-deps", kill_on_drop: false }`
[INFO] started tweaking crates.io crate xc3_model 0.2.0
[INFO] finished tweaking crates.io crate xc3_model 0.2.0
[INFO] tweaked toml for crates.io crate xc3_model 0.2.0 written to /workspace/builds/worker-0-tc1/source/Cargo.toml
[INFO] running `Command { std: CARGO_HOME="/workspace/cargo-home" RUSTUP_HOME="/workspace/rustup-home" "/workspace/cargo-home/bin/cargo" "+1.75.0" "generate-lockfile" "--manifest-path" "Cargo.toml", kill_on_drop: false }`
[INFO] [stderr]     Updating crates.io index
[INFO] running `Command { std: CARGO_HOME="/workspace/cargo-home" RUSTUP_HOME="/workspace/rustup-home" "/workspace/cargo-home/bin/cargo" "+1.75.0" "fetch" "--manifest-path" "Cargo.toml", kill_on_drop: false }`
[INFO] [stderr]     Blocking waiting for file lock on package cache
[INFO] [stderr]  Downloading crates ...
[INFO] [stderr]   Downloaded xc3_write_derive v0.2.0
[INFO] [stderr]   Downloaded binrw_derive v0.11.2
[INFO] [stderr]   Downloaded lzf v1.0.0
[INFO] [stderr]   Downloaded hexlit v0.5.5
[INFO] [stderr]   Downloaded ddsfile v0.5.2
[INFO] [stderr]   Downloaded gltf-derive v1.4.0
[INFO] [stderr]   Downloaded murmur3 v0.5.2
[INFO] [stderr]   Downloaded gltf-json v1.4.0
[INFO] [stderr]   Downloaded image_dds v0.3.0
[INFO] [stderr]   Downloaded binrw v0.11.2
[INFO] [stderr]   Downloaded gltf v1.4.0
[INFO] [stderr]   Downloaded xc3_lib v0.2.0
[INFO] [stderr]   Downloaded arbitrary-int v1.2.6
[INFO] [stderr]   Downloaded bilge v0.2.0
[INFO] [stderr]   Downloaded tegra_swizzle v0.3.1
[INFO] [stderr]   Downloaded bilge-impl v0.2.0
[INFO] [stderr]   Downloaded xc3_write v0.2.0
[INFO] [stderr]   Downloaded intel_tex_2 v0.2.2
[INFO] [stderr]   Downloaded bcndecode-sys v0.1.1
[INFO] [stderr]   Downloaded ispc_rt v2.0.1
[INFO] running `Command { std: "docker" "create" "-v" "/var/lib/crater-agent-workspace/builds/worker-0-tc1/target:/opt/rustwide/target:rw,Z" "-v" "/var/lib/crater-agent-workspace/builds/worker-0-tc1/source:/opt/rustwide/workdir:ro,Z" "-v" "/var/lib/crater-agent-workspace/cargo-home:/opt/rustwide/cargo-home:ro,Z" "-v" "/var/lib/crater-agent-workspace/rustup-home:/opt/rustwide/rustup-home:ro,Z" "-e" "SOURCE_DIR=/opt/rustwide/workdir" "-e" "CARGO_TARGET_DIR=/opt/rustwide/target" "-e" "CARGO_HOME=/opt/rustwide/cargo-home" "-e" "RUSTUP_HOME=/opt/rustwide/rustup-home" "-w" "/opt/rustwide/workdir" "-m" "1610612736" "--user" "0:0" "--network" "none" "ghcr.io/rust-lang/crates-build-env/linux@sha256:2788e3201cd34a07e3172128adcd8b3090168a8e3bcc40d7c032b9dda1df7d1c" "/opt/rustwide/cargo-home/bin/cargo" "+1.75.0" "metadata" "--no-deps" "--format-version=1", kill_on_drop: false }`
[INFO] [stdout] 8fedfd0e8eff4dc5457778dbc97a455ccf46b9002f2296aece48ee012442571e
[INFO] running `Command { std: "docker" "start" "-a" "8fedfd0e8eff4dc5457778dbc97a455ccf46b9002f2296aece48ee012442571e", kill_on_drop: false }`
[INFO] running `Command { std: "docker" "inspect" "8fedfd0e8eff4dc5457778dbc97a455ccf46b9002f2296aece48ee012442571e", kill_on_drop: false }`
[INFO] running `Command { std: "docker" "rm" "-f" "8fedfd0e8eff4dc5457778dbc97a455ccf46b9002f2296aece48ee012442571e", kill_on_drop: false }`
[INFO] [stdout] 8fedfd0e8eff4dc5457778dbc97a455ccf46b9002f2296aece48ee012442571e
[INFO] running `Command { std: "docker" "create" "-v" "/var/lib/crater-agent-workspace/builds/worker-0-tc1/target:/opt/rustwide/target:rw,Z" "-v" "/var/lib/crater-agent-workspace/builds/worker-0-tc1/source:/opt/rustwide/workdir:ro,Z" "-v" "/var/lib/crater-agent-workspace/cargo-home:/opt/rustwide/cargo-home:ro,Z" "-v" "/var/lib/crater-agent-workspace/rustup-home:/opt/rustwide/rustup-home:ro,Z" "-e" "SOURCE_DIR=/opt/rustwide/workdir" "-e" "CARGO_TARGET_DIR=/opt/rustwide/target" "-e" "CARGO_INCREMENTAL=0" "-e" "RUST_BACKTRACE=full" "-e" "RUSTFLAGS=--cap-lints=warn" "-e" "RUSTDOCFLAGS=--cap-lints=warn" "-e" "CARGO_HOME=/opt/rustwide/cargo-home" "-e" "RUSTUP_HOME=/opt/rustwide/rustup-home" "-w" "/opt/rustwide/workdir" "-m" "1610612736" "--user" "0:0" "--network" "none" "ghcr.io/rust-lang/crates-build-env/linux@sha256:2788e3201cd34a07e3172128adcd8b3090168a8e3bcc40d7c032b9dda1df7d1c" "/opt/rustwide/cargo-home/bin/cargo" "+1.75.0" "build" "--frozen" "--message-format=json", kill_on_drop: false }`
[INFO] [stdout] 5c1d7564beb44aaca5615894517db3f37009ba63f67c31ce49d7f4ae38aef322
[INFO] running `Command { std: "docker" "start" "-a" "5c1d7564beb44aaca5615894517db3f37009ba63f67c31ce49d7f4ae38aef322", kill_on_drop: false }`
[INFO] [stderr]    Compiling proc-macro2 v1.0.75
[INFO] [stderr]    Compiling unicode-ident v1.0.12
[INFO] [stderr]    Compiling autocfg v1.1.0
[INFO] [stderr]    Compiling cfg-if v1.0.0
[INFO] [stderr]    Compiling libc v0.2.151
[INFO] [stderr]    Compiling crossbeam-utils v0.8.18
[INFO] [stderr]    Compiling simd-adler32 v0.3.7
[INFO] [stderr]    Compiling rayon-core v1.12.0
[INFO] [stderr]    Compiling syn v1.0.109
[INFO] [stderr]    Compiling version_check v0.9.4
[INFO] [stderr]    Compiling adler v1.0.2
[INFO] [stderr]    Compiling crc32fast v1.3.2
[INFO] [stderr]    Compiling either v1.9.0
[INFO] [stderr]    Compiling scopeguard v1.2.0
[INFO] [stderr]    Compiling futures-sink v0.3.30
[INFO] [stderr]    Compiling futures-core v0.3.30
[INFO] [stderr]    Compiling weezl v0.1.7
[INFO] [stderr]    Compiling serde v1.0.194
[INFO] [stderr]    Compiling lebe v0.5.2
[INFO] [stderr]    Compiling smallvec v1.11.2
[INFO] [stderr]    Compiling miniz_oxide v0.7.1
[INFO] [stderr]    Compiling fdeflate v0.3.3
[INFO] [stderr]    Compiling zune-inflate v0.2.54
[INFO] [stderr]    Compiling color_quant v1.1.0
[INFO] [stderr]    Compiling byteorder v1.5.0
[INFO] [stderr]    Compiling serde_json v1.0.111
[INFO] [stderr]    Compiling heck v0.4.1
[INFO] [stderr]    Compiling proc-macro-error-attr v1.0.4
[INFO] [stderr]    Compiling num-traits v0.2.17
[INFO] [stderr]    Compiling lock_api v0.4.11
[INFO] [stderr]    Compiling num-integer v0.1.45
[INFO] [stderr]    Compiling num-rational v0.4.1
[INFO] [stderr]    Compiling proc-macro-error v1.0.4
[INFO] [stderr]    Compiling gif v0.12.0
[INFO] [stderr]    Compiling binrw_derive v0.11.2
[INFO] [stderr]    Compiling flate2 v1.0.28
[INFO] [stderr]    Compiling thiserror v1.0.56
[INFO] [stderr]    Compiling itertools v0.11.0
[INFO] [stderr]    Compiling crossbeam-epoch v0.9.17
[INFO] [stderr]    Compiling quote v1.0.35
[INFO] [stderr]    Compiling itoa v1.0.10
[INFO] [stderr]    Compiling ryu v1.0.16
[INFO] [stderr]    Compiling binrw v0.11.2
[INFO] [stderr]    Compiling spin v0.9.8
[INFO] [stderr]    Compiling owo-colors v3.5.0
[INFO] [stderr]    Compiling syn v2.0.48
[INFO] [stderr]    Compiling crossbeam-deque v0.8.4
[INFO] [stderr]    Compiling getrandom v0.2.11
[INFO] [stderr]    Compiling num_cpus v1.16.0
[INFO] [stderr]    Compiling cc v1.0.83
[INFO] [stderr]    Compiling png v0.17.10
[INFO] [stderr]    Compiling inflections v1.1.1
[INFO] [stderr]    Compiling nanorand v0.7.0
[INFO] [stderr]    Compiling indexmap v1.9.3
[INFO] [stderr]    Compiling ispc_rt v2.0.1
[INFO] [stderr]    Compiling arbitrary-int v1.2.6
[INFO] [stderr]    Compiling array-init v2.1.0
[INFO] [stderr]    Compiling lzf v1.0.0
[INFO] [stderr]    Compiling tegra_swizzle v0.3.1
[INFO] [stderr]    Compiling lazy_static v1.4.0
[INFO] [stderr]    Compiling hashbrown v0.12.3
[INFO] [stderr]    Compiling base64 v0.13.1
[INFO] [stderr]    Compiling rayon v1.8.0
[INFO] [stderr]    Compiling intel_tex_2 v0.2.2
[INFO] [stderr]    Compiling murmur3 v0.5.2
[INFO] [stderr]    Compiling urlencoding v2.1.3
[INFO] [stderr]    Compiling log v0.4.20
[INFO] [stderr]    Compiling ordered-float v4.2.0
[INFO] [stderr]    Compiling bcndecode-sys v0.1.1
[INFO] [stderr]    Compiling jpeg-decoder v0.3.0
[INFO] [stderr]    Compiling bytemuck_derive v1.5.0
[INFO] [stderr]    Compiling pin-project-internal v1.1.3
[INFO] [stderr]    Compiling serde_derive v1.0.194
[INFO] [stderr]    Compiling thiserror-impl v1.0.56
[INFO] [stderr]    Compiling xc3_write_derive v0.2.0
[INFO] [stderr]    Compiling bilge-impl v0.2.0
[INFO] [stderr]    Compiling gltf-derive v1.4.0
[INFO] [stderr]    Compiling tiff v0.9.0
[INFO] [stderr]    Compiling xc3_write v0.2.0
[INFO] [stderr]    Compiling bytemuck v1.14.0
[INFO] [stderr]    Compiling half v2.3.1
[INFO] [stderr]    Compiling qoi v0.4.1
[INFO] [stderr]    Compiling glam v0.24.2
[INFO] [stderr]    Compiling bilge v0.2.0
[INFO] [stderr]    Compiling pin-project v1.1.3
[INFO] [stderr]    Compiling flume v0.10.14
[INFO] [stderr]    Compiling exr v1.6.4
[INFO] [stderr]    Compiling enum-primitive-derive v0.2.2
[INFO] [stderr]    Compiling strum_macros v0.24.3
[INFO] [stderr]    Compiling ddsfile v0.5.2
[INFO] [stderr]    Compiling strum v0.24.1
[INFO] [stderr]    Compiling image v0.24.7
[INFO] [stderr]    Compiling gltf-json v1.4.0
[INFO] [stderr]    Compiling image_dds v0.3.0
[INFO] [stderr]    Compiling xc3_lib v0.2.0
[INFO] [stderr]    Compiling gltf v1.4.0
[INFO] [stderr]    Compiling xc3_model v0.2.0 (/opt/rustwide/workdir)
[INFO] [stdout] error[E0308]: mismatched types
[INFO] [stdout]    --> src/gltf/buffer.rs:412:30
[INFO] [stdout]     |
[INFO] [stdout] 412 |                 byte_length: index_bytes.len() as u32,
[INFO] [stdout]     |                              ^^^^^^^^^^^^^^^^^^^^^^^^ expected `USize64`, found `u32`
[INFO] [stdout] 
[INFO] [stdout] 
[INFO] [stdout] error[E0308]: mismatched types
[INFO] [stdout]    --> src/gltf/buffer.rs:413:35
[INFO] [stdout]     |
[INFO] [stdout] 413 |                 byte_offset: Some(self.buffer_bytes.len() as u32),
[INFO] [stdout]     |                              ---- ^^^^^^^^^^^^^^^^^^^^^^^^^^^^^^ expected `USize64`, found `u32`
[INFO] [stdout]     |                              |
[INFO] [stdout]     |                              arguments to this enum variant are incorrect
[INFO] [stdout]     |
[INFO] [stdout] help: the type constructed contains `u32` due to the type of the argument passed
[INFO] [stdout]    --> src/gltf/buffer.rs:413:30
[INFO] [stdout]     |
[INFO] [stdout] 413 |                 byte_offset: Some(self.buffer_bytes.len() as u32),
[INFO] [stdout]     |                              ^^^^^------------------------------^
[INFO] [stdout]     |                                   |
[INFO] [stdout]     |                                   this argument influences the type of `Some`
[INFO] [stdout] note: tuple variant defined here
[INFO] [stdout]    --> /rustc/82e1608dfa6e0b5569232559e3d385fea5a93112/library/core/src/option.rs:577:5
[INFO] [stdout] 
[INFO] [stdout] 
[INFO] [stdout] error[E0308]: mismatched types
[INFO] [stdout]    --> src/gltf/buffer.rs:423:35
[INFO] [stdout]     |
[INFO] [stdout] 423 |                 byte_offset: Some(0),
[INFO] [stdout]     |                              ---- ^ expected `USize64`, found integer
[INFO] [stdout]     |                              |
[INFO] [stdout]     |                              arguments to this enum variant are incorrect
[INFO] [stdout]     |
[INFO] [stdout] help: the type constructed contains `{integer}` due to the type of the argument passed
[INFO] [stdout]    --> src/gltf/buffer.rs:423:30
[INFO] [stdout]     |
[INFO] [stdout] 423 |                 byte_offset: Some(0),
[INFO] [stdout]     |                              ^^^^^-^
[INFO] [stdout]     |                                   |
[INFO] [stdout]     |                                   this argument influences the type of `Some`
[INFO] [stdout] note: tuple variant defined here
[INFO] [stdout]    --> /rustc/82e1608dfa6e0b5569232559e3d385fea5a93112/library/core/src/option.rs:577:5
[INFO] [stdout] help: try wrapping the expression in `gltf::gltf_json::validation::USize64`
[INFO] [stdout]     |
[INFO] [stdout] 423 |                 byte_offset: Some(gltf::gltf_json::validation::USize64(0)),
[INFO] [stdout]     |                                   +++++++++++++++++++++++++++++++++++++ +
[INFO] [stdout] 
[INFO] [stdout] 
[INFO] [stdout] error[E0308]: mismatched types
[INFO] [stdout]    --> src/gltf/buffer.rs:424:24
[INFO] [stdout]     |
[INFO] [stdout] 424 |                 count: index_buffer.indices.len() as u32,
[INFO] [stdout]     |                        ^^^^^^^^^^^^^^^^^^^^^^^^^^^^^^^^^ expected `USize64`, found `u32`
[INFO] [stdout] 
[INFO] [stdout] 
[INFO] [stdout] error[E0308]: mismatched types
[INFO] [stdout]    --> src/gltf/buffer.rs:484:26
[INFO] [stdout]     |
[INFO] [stdout] 484 |             byte_length: attribute_bytes.len() as u32,
[INFO] [stdout]     |                          ^^^^^^^^^^^^^^^^^^^^^^^^^^^^ expected `USize64`, found `u32`
[INFO] [stdout] 
[INFO] [stdout] 
[INFO] [stdout] error[E0308]: mismatched types
[INFO] [stdout]    --> src/gltf/buffer.rs:485:31
[INFO] [stdout]     |
[INFO] [stdout] 485 |             byte_offset: Some(self.buffer_bytes.len() as u32),
[INFO] [stdout]     |                          ---- ^^^^^^^^^^^^^^^^^^^^^^^^^^^^^^ expected `USize64`, found `u32`
[INFO] [stdout]     |                          |
[INFO] [stdout]     |                          arguments to this enum variant are incorrect
[INFO] [stdout]     |
[INFO] [stdout] help: the type constructed contains `u32` due to the type of the argument passed
[INFO] [stdout]    --> src/gltf/buffer.rs:485:26
[INFO] [stdout]     |
[INFO] [stdout] 485 |             byte_offset: Some(self.buffer_bytes.len() as u32),
[INFO] [stdout]     |                          ^^^^^------------------------------^
[INFO] [stdout]     |                               |
[INFO] [stdout]     |                               this argument influences the type of `Some`
[INFO] [stdout] note: tuple variant defined here
[INFO] [stdout]    --> /rustc/82e1608dfa6e0b5569232559e3d385fea5a93112/library/core/src/option.rs:577:5
[INFO] [stdout] 
[INFO] [stdout] 
[INFO] [stdout] error[E0308]: mismatched types
[INFO] [stdout]    --> src/gltf/buffer.rs:486:31
[INFO] [stdout]     |
[INFO] [stdout] 486 |             byte_stride: Some(std::mem::size_of::<T>() as u32),
[INFO] [stdout]     |                          ---- ^^^^^^^^^^^^^^^^^^^^^^^^^^^^^^^ expected `Stride`, found `u32`
[INFO] [stdout]     |                          |
[INFO] [stdout]     |                          arguments to this enum variant are incorrect
[INFO] [stdout]     |
[INFO] [stdout] help: the type constructed contains `u32` due to the type of the argument passed
[INFO] [stdout]    --> src/gltf/buffer.rs:486:26
[INFO] [stdout]     |
[INFO] [stdout] 486 |             byte_stride: Some(std::mem::size_of::<T>() as u32),
[INFO] [stdout]     |                          ^^^^^-------------------------------^
[INFO] [stdout]     |                               |
[INFO] [stdout]     |                               this argument influences the type of `Some`
[INFO] [stdout] note: tuple variant defined here
[INFO] [stdout]    --> /rustc/82e1608dfa6e0b5569232559e3d385fea5a93112/library/core/src/option.rs:577:5
[INFO] [stdout] 
[INFO] [stdout] 
[INFO] [stdout] error[E0308]: mismatched types
[INFO] [stdout]    --> src/gltf/buffer.rs:497:31
[INFO] [stdout]     |
[INFO] [stdout] 497 |             byte_offset: Some(0),
[INFO] [stdout]     |                          ---- ^ expected `USize64`, found integer
[INFO] [stdout]     |                          |
[INFO] [stdout]     |                          arguments to this enum variant are incorrect
[INFO] [stdout]     |
[INFO] [stdout] help: the type constructed contains `{integer}` due to the type of the argument passed
[INFO] [stdout]    --> src/gltf/buffer.rs:497:26
[INFO] [stdout]     |
[INFO] [stdout] 497 |             byte_offset: Some(0),
[INFO] [stdout]     |                          ^^^^^-^
[INFO] [stdout]     |                               |
[INFO] [stdout]     |                               this argument influences the type of `Some`
[INFO] [stdout] note: tuple variant defined here
[INFO] [stdout]    --> /rustc/82e1608dfa6e0b5569232559e3d385fea5a93112/library/core/src/option.rs:577:5
[INFO] [stdout] help: try wrapping the expression in `gltf::gltf_json::validation::USize64`
[INFO] [stdout]     |
[INFO] [stdout] 497 |             byte_offset: Some(gltf::gltf_json::validation::USize64(0)),
[INFO] [stdout]     |                               +++++++++++++++++++++++++++++++++++++ +
[INFO] [stdout] 
[INFO] [stdout] 
[INFO] [stdout] error[E0308]: mismatched types
[INFO] [stdout]    --> src/gltf/buffer.rs:498:20
[INFO] [stdout]     |
[INFO] [stdout] 498 |             count: values.len() as u32,
[INFO] [stdout]     |                    ^^^^^^^^^^^^^^^^^^^ expected `USize64`, found `u32`
[INFO] [stdout] 
[INFO] [stdout] 
[INFO] [stdout] error[E0308]: mismatched types
[INFO] [stdout]    --> src/gltf.rs:252:26
[INFO] [stdout]     |
[INFO] [stdout] 252 |             byte_length: buffers.buffer_bytes.len() as u32,
[INFO] [stdout]     |                          ^^^^^^^^^^^^^^^^^^^^^^^^^^^^^^^^^ expected `USize64`, found `u32`
[INFO] [stdout] 
[INFO] [stdout] 
[INFO] [stdout] error: aborting due to 10 previous errors
[INFO] [stdout] 
[INFO] [stdout] 
[INFO] [stdout] For more information about this error, try `rustc --explain E0308`.
[INFO] [stdout] 
[INFO] [stderr] error: could not compile `xc3_model` (lib) due to 11 previous errors
[INFO] [stderr] warning: build failed, waiting for other jobs to finish...
[INFO] running `Command { std: "docker" "inspect" "5c1d7564beb44aaca5615894517db3f37009ba63f67c31ce49d7f4ae38aef322", kill_on_drop: false }`
[INFO] running `Command { std: "docker" "rm" "-f" "5c1d7564beb44aaca5615894517db3f37009ba63f67c31ce49d7f4ae38aef322", kill_on_drop: false }`
[INFO] [stdout] 5c1d7564beb44aaca5615894517db3f37009ba63f67c31ce49d7f4ae38aef322
