[INFO] fetching crate xaynet-mobile 0.1.0...
[INFO] testing xaynet-mobile-0.1.0 against 1.75.0 for beta-1.76-1
[INFO] extracting crate xaynet-mobile 0.1.0 into /workspace/builds/worker-0-tc1/source
[INFO] validating manifest of crates.io crate xaynet-mobile 0.1.0 on toolchain 1.75.0
[INFO] running `Command { std: CARGO_HOME="/workspace/cargo-home" RUSTUP_HOME="/workspace/rustup-home" "/workspace/cargo-home/bin/cargo" "+1.75.0" "metadata" "--manifest-path" "Cargo.toml" "--no-deps", kill_on_drop: false }`
[INFO] removed /workspace/builds/worker-0-tc1/source/.cargo/config.toml
[INFO] started tweaking crates.io crate xaynet-mobile 0.1.0
[INFO] finished tweaking crates.io crate xaynet-mobile 0.1.0
[INFO] tweaked toml for crates.io crate xaynet-mobile 0.1.0 written to /workspace/builds/worker-0-tc1/source/Cargo.toml
[INFO] running `Command { std: CARGO_HOME="/workspace/cargo-home" RUSTUP_HOME="/workspace/rustup-home" "/workspace/cargo-home/bin/cargo" "+1.75.0" "generate-lockfile" "--manifest-path" "Cargo.toml", kill_on_drop: false }`
[INFO] [stderr]     Updating crates.io index
[INFO] running `Command { std: CARGO_HOME="/workspace/cargo-home" RUSTUP_HOME="/workspace/rustup-home" "/workspace/cargo-home/bin/cargo" "+1.75.0" "fetch" "--manifest-path" "Cargo.toml", kill_on_drop: false }`
[INFO] [stderr]  Downloading crates ...
[INFO] [stderr]   Downloaded ffi-support v0.4.4
[INFO] [stderr]   Downloaded xaynet-sdk v0.1.0
[INFO] [stderr]   Downloaded xaynet-core v0.2.0
[INFO] [stderr]   Downloaded sodiumoxide v0.2.7
[INFO] [stderr]   Downloaded libsodium-sys v0.2.7
[INFO] running `Command { std: "docker" "create" "-v" "/var/lib/crater-agent-workspace/builds/worker-0-tc1/target:/opt/rustwide/target:rw,Z" "-v" "/var/lib/crater-agent-workspace/builds/worker-0-tc1/source:/opt/rustwide/workdir:ro,Z" "-v" "/var/lib/crater-agent-workspace/cargo-home:/opt/rustwide/cargo-home:ro,Z" "-v" "/var/lib/crater-agent-workspace/rustup-home:/opt/rustwide/rustup-home:ro,Z" "-e" "SOURCE_DIR=/opt/rustwide/workdir" "-e" "CARGO_TARGET_DIR=/opt/rustwide/target" "-e" "CARGO_HOME=/opt/rustwide/cargo-home" "-e" "RUSTUP_HOME=/opt/rustwide/rustup-home" "-w" "/opt/rustwide/workdir" "-m" "1610612736" "--user" "0:0" "--network" "none" "ghcr.io/rust-lang/crates-build-env/linux@sha256:2788e3201cd34a07e3172128adcd8b3090168a8e3bcc40d7c032b9dda1df7d1c" "/opt/rustwide/cargo-home/bin/cargo" "+1.75.0" "metadata" "--no-deps" "--format-version=1", kill_on_drop: false }`
[INFO] [stdout] 9fc733b4932baa847d0e2909da7aedfcef0f753e37ca9f89a36704658dec9245
[INFO] running `Command { std: "docker" "start" "-a" "9fc733b4932baa847d0e2909da7aedfcef0f753e37ca9f89a36704658dec9245", kill_on_drop: false }`
[INFO] running `Command { std: "docker" "inspect" "9fc733b4932baa847d0e2909da7aedfcef0f753e37ca9f89a36704658dec9245", kill_on_drop: false }`
[INFO] running `Command { std: "docker" "rm" "-f" "9fc733b4932baa847d0e2909da7aedfcef0f753e37ca9f89a36704658dec9245", kill_on_drop: false }`
[INFO] [stdout] 9fc733b4932baa847d0e2909da7aedfcef0f753e37ca9f89a36704658dec9245
[INFO] running `Command { std: "docker" "create" "-v" "/var/lib/crater-agent-workspace/builds/worker-0-tc1/target:/opt/rustwide/target:rw,Z" "-v" "/var/lib/crater-agent-workspace/builds/worker-0-tc1/source:/opt/rustwide/workdir:ro,Z" "-v" "/var/lib/crater-agent-workspace/cargo-home:/opt/rustwide/cargo-home:ro,Z" "-v" "/var/lib/crater-agent-workspace/rustup-home:/opt/rustwide/rustup-home:ro,Z" "-e" "SOURCE_DIR=/opt/rustwide/workdir" "-e" "CARGO_TARGET_DIR=/opt/rustwide/target" "-e" "CARGO_INCREMENTAL=0" "-e" "RUST_BACKTRACE=full" "-e" "RUSTFLAGS=--cap-lints=warn" "-e" "RUSTDOCFLAGS=--cap-lints=warn" "-e" "CARGO_HOME=/opt/rustwide/cargo-home" "-e" "RUSTUP_HOME=/opt/rustwide/rustup-home" "-w" "/opt/rustwide/workdir" "-m" "1610612736" "--user" "0:0" "--network" "none" "ghcr.io/rust-lang/crates-build-env/linux@sha256:2788e3201cd34a07e3172128adcd8b3090168a8e3bcc40d7c032b9dda1df7d1c" "/opt/rustwide/cargo-home/bin/cargo" "+1.75.0" "build" "--frozen" "--message-format=json", kill_on_drop: false }`
[INFO] [stdout] c3650da64c8cab16956e9a8ac1d621f0da7c83de15d8822a0c10a3e30b40190c
[INFO] running `Command { std: "docker" "start" "-a" "c3650da64c8cab16956e9a8ac1d621f0da7c83de15d8822a0c10a3e30b40190c", kill_on_drop: false }`
[INFO] [stderr]    Compiling autocfg v1.1.0
[INFO] [stderr]    Compiling libc v0.2.151
[INFO] [stderr]    Compiling once_cell v1.19.0
[INFO] [stderr]    Compiling syn v1.0.109
[INFO] [stderr]    Compiling log v0.4.20
[INFO] [stderr]    Compiling serde v1.0.194
[INFO] [stderr]    Compiling futures-core v0.3.30
[INFO] [stderr]    Compiling cfg-if v1.0.0
[INFO] [stderr]    Compiling memchr v2.7.1
[INFO] [stderr]    Compiling pin-project-lite v0.2.13
[INFO] [stderr]    Compiling cfg-if v0.1.10
[INFO] [stderr]    Compiling futures-sink v0.3.30
[INFO] [stderr]    Compiling fnv v1.0.7
[INFO] [stderr]    Compiling untrusted v0.7.1
[INFO] [stderr]    Compiling lazy_static v1.4.0
[INFO] [stderr]    Compiling syn v2.0.48
[INFO] [stderr]    Compiling bytes v0.5.6
[INFO] [stderr]    Compiling spin v0.5.2
[INFO] [stderr]    Compiling pin-project-lite v0.1.12
[INFO] [stderr]    Compiling version_check v0.9.4
[INFO] [stderr]    Compiling pin-utils v0.1.0
[INFO] [stderr]    Compiling itoa v1.0.10
[INFO] [stderr]    Compiling futures-channel v0.3.30
[INFO] [stderr]    Compiling futures-io v0.3.30
[INFO] [stderr]    Compiling futures-task v0.3.30
[INFO] [stderr]    Compiling tracing-core v0.1.32
[INFO] [stderr]    Compiling bytes v1.5.0
[INFO] [stderr]    Compiling same-file v1.0.6
[INFO] [stderr]    Compiling hashbrown v0.12.3
[INFO] [stderr]    Compiling pkg-config v0.3.28
[INFO] [stderr]    Compiling walkdir v2.4.0
[INFO] [stderr]    Compiling httparse v1.8.0
[INFO] [stderr]    Compiling tinyvec_macros v0.1.1
[INFO] [stderr]    Compiling percent-encoding v2.3.1
[INFO] [stderr]    Compiling tinyvec v1.6.0
[INFO] [stderr]    Compiling base64 v0.12.3
[INFO] [stderr]    Compiling slab v0.4.9
[INFO] [stderr]    Compiling num-traits v0.2.17
[INFO] [stderr]    Compiling num-integer v0.1.45
[INFO] [stderr]    Compiling unicase v2.7.0
[INFO] [stderr]    Compiling indexmap v1.9.3
[INFO] [stderr]    Compiling http v0.2.11
[INFO] [stderr]    Compiling num-bigint v0.3.3
[INFO] [stderr]    Compiling num-iter v0.1.43
[INFO] [stderr]    Compiling num-rational v0.3.2
[INFO] [stderr]    Compiling try-lock v0.2.5
[INFO] [stderr]    Compiling want v0.3.1
[INFO] [stderr]    Compiling form_urlencoded v1.2.1
[INFO] [stderr]    Compiling ppv-lite86 v0.2.17
[INFO] [stderr]    Compiling unicode-bidi v0.3.14
[INFO] [stderr]    Compiling tower-service v0.3.2
[INFO] [stderr]    Compiling mime_guess v2.0.4
[INFO] [stderr]    Compiling thiserror v1.0.56
[INFO] [stderr]    Compiling httpdate v0.3.2
[INFO] [stderr]    Compiling anyhow v1.0.79
[INFO] [stderr]    Compiling cc v1.0.83
[INFO] [stderr]    Compiling net2 v0.2.39
[INFO] [stderr]    Compiling iovec v0.1.4
[INFO] [stderr]    Compiling getrandom v0.2.11
[INFO] [stderr]    Compiling unicode-normalization v0.1.22
[INFO] [stderr]    Compiling rand_core v0.6.4
[INFO] [stderr]    Compiling socket2 v0.3.19
[INFO] [stderr]    Compiling itoa v0.4.8
[INFO] [stderr]    Compiling signature v1.6.4
[INFO] [stderr]    Compiling mio v0.6.23
[INFO] [stderr]    Compiling http-body v0.3.1
[INFO] [stderr]    Compiling rand_chacha v0.3.1
[INFO] [stderr]    Compiling ed25519 v1.5.3
[INFO] [stderr]    Compiling async-trait v0.1.77
[INFO] [stderr]    Compiling mime v0.3.17
[INFO] [stderr]    Compiling ryu v1.0.16
[INFO] [stderr]    Compiling paste v1.0.14
[INFO] [stderr]    Compiling rand v0.8.5
[INFO] [stderr]    Compiling idna v0.5.0
[INFO] [stderr]    Compiling encoding_rs v0.8.33
[INFO] [stderr]    Compiling base64 v0.13.1
[INFO] [stderr]    Compiling bitflags v1.3.2
[INFO] [stderr]    Compiling ipnet v2.9.0
[INFO] [stderr]    Compiling ffi-support v0.4.4
[INFO] [stderr]    Compiling zeroize v1.7.0
[INFO] [stderr]    Compiling url v2.5.0
[INFO] [stderr]    Compiling ring v0.16.20
[INFO] [stderr]    Compiling libsodium-sys v0.2.7
[INFO] [stderr]    Compiling tokio-macros v0.2.6
[INFO] [stderr]    Compiling derive_more v0.99.17
[INFO] [stderr]    Compiling serde_derive v1.0.194
[INFO] [stderr]    Compiling futures-macro v0.3.30
[INFO] [stderr]    Compiling tracing-attributes v0.1.27
[INFO] [stderr]    Compiling pin-project-internal v1.1.3
[INFO] [stderr]    Compiling thiserror-impl v1.0.56
[INFO] [stderr]    Compiling tokio v0.2.25
[INFO] [stderr]    Compiling futures-util v0.3.30
[INFO] [stderr]    Compiling webpki v0.21.4
[INFO] [stderr]    Compiling sct v0.6.1
[INFO] [stderr]    Compiling pin-project v1.1.3
[INFO] [stderr]    Compiling tracing v0.1.40
[INFO] [stderr]    Compiling rustls v0.18.1
[INFO] [stderr]    Compiling webpki-roots v0.20.0
[INFO] [stderr]    Compiling tracing-futures v0.2.5
[INFO] [stderr]    Compiling tokio-util v0.3.1
[INFO] [stderr]    Compiling tokio-rustls v0.14.1
[INFO] [stderr]    Compiling h2 v0.2.7
[INFO] [stderr]    Compiling futures-executor v0.3.30
[INFO] [stderr]    Compiling futures v0.3.30
[INFO] [stderr]    Compiling num-complex v0.3.1
[INFO] [stderr]    Compiling serde_urlencoded v0.7.1
[INFO] [stderr]    Compiling bincode v1.3.3
[INFO] [stderr]    Compiling num v0.3.1
[INFO] [stderr]    Compiling hyper v0.13.10
[INFO] [stderr]    Compiling hyper-rustls v0.21.0
[INFO] [stderr]    Compiling reqwest v0.10.10
[INFO] [stderr]    Compiling sodiumoxide v0.2.7
[INFO] [stderr]    Compiling xaynet-core v0.2.0
[INFO] [stdout] error[E0423]: cannot initialize a tuple struct which contains private fields
[INFO] [stdout]    --> /opt/rustwide/cargo-home/registry/src/index.crates.io-6f17d22bba15001f/xaynet-core-0.2.0/src/crypto/sign.rs:145:14
[INFO] [stdout]     |
[INFO] [stdout] 145 |         Self(sign::Signature([0_u8; sign::SIGNATUREBYTES]))
[INFO] [stdout]     |              ^^^^^^^^^^^^^^^
[INFO] [stdout]     |
[INFO] [stdout] note: constructor is not visible here due to private fields
[INFO] [stdout]    --> /opt/rustwide/cargo-home/registry/src/index.crates.io-6f17d22bba15001f/ed25519-1.5.3/src/lib.rs:284:22
[INFO] [stdout]     |
[INFO] [stdout] 284 | pub struct Signature([u8; Signature::BYTE_SIZE]);
[INFO] [stdout]     |                      ^^^^^^^^^^^^^^^^^^^^^^^^^^ private field
[INFO] [stdout] help: you might have meant to use the `new` associated function
[INFO] [stdout]     |
[INFO] [stdout] 145 |         Self(sign::Signature::new([0_u8; sign::SIGNATUREBYTES]))
[INFO] [stdout]     |                             +++++
[INFO] [stdout] 
[INFO] [stdout] 
[INFO] [stdout] error[E0277]: the trait bound `sodiumoxide::crypto::sign::Signature: Serialize` is not satisfied
[INFO] [stdout]    --> /opt/rustwide/cargo-home/registry/src/index.crates.io-6f17d22bba15001f/xaynet-core-0.2.0/src/crypto/sign.rs:127:5
[INFO] [stdout]     |
[INFO] [stdout] 127 |     Serialize,
[INFO] [stdout]     |     ^^^^^^^^^ the trait `Serialize` is not implemented for `sodiumoxide::crypto::sign::Signature`
[INFO] [stdout] ...
[INFO] [stdout] 139 | pub struct Signature(sign::Signature);
[INFO] [stdout]     |                      ---- required by a bound introduced by this call
[INFO] [stdout]     |
[INFO] [stdout]     = help: the following other types implement trait `Serialize`:
[INFO] [stdout]               bool
[INFO] [stdout]               char
[INFO] [stdout]               isize
[INFO] [stdout]               i8
[INFO] [stdout]               i16
[INFO] [stdout]               i32
[INFO] [stdout]               i64
[INFO] [stdout]               i128
[INFO] [stdout]             and 217 others
[INFO] [stdout] note: required by a bound in `serialize_newtype_struct`
[INFO] [stdout]    --> /opt/rustwide/cargo-home/registry/src/index.crates.io-6f17d22bba15001f/serde-1.0.194/src/ser/mod.rs:900:12
[INFO] [stdout]     |
[INFO] [stdout] 894 |     fn serialize_newtype_struct<T: ?Sized>(
[INFO] [stdout]     |        ------------------------ required by a bound in this associated function
[INFO] [stdout] ...
[INFO] [stdout] 900 |         T: Serialize;
[INFO] [stdout]     |            ^^^^^^^^^ required by this bound in `Serializer::serialize_newtype_struct`
[INFO] [stdout] 
[INFO] [stdout] 
[INFO] [stdout] error[E0277]: the trait bound `sodiumoxide::crypto::sign::Signature: Deserialize<'_>` is not satisfied
[INFO] [stdout]    --> /opt/rustwide/cargo-home/registry/src/index.crates.io-6f17d22bba15001f/xaynet-core-0.2.0/src/crypto/sign.rs:139:22
[INFO] [stdout]     |
[INFO] [stdout] 139 | pub struct Signature(sign::Signature);
[INFO] [stdout]     |                      ^^^^^^^^^^^^^^^ the trait `Deserialize<'_>` is not implemented for `sodiumoxide::crypto::sign::Signature`
[INFO] [stdout]     |
[INFO] [stdout]     = help: the following other types implement trait `Deserialize<'de>`:
[INFO] [stdout]               bool
[INFO] [stdout]               char
[INFO] [stdout]               isize
[INFO] [stdout]               i8
[INFO] [stdout]               i16
[INFO] [stdout]               i32
[INFO] [stdout]               i64
[INFO] [stdout]               i128
[INFO] [stdout]             and 218 others
[INFO] [stdout] 
[INFO] [stdout] 
[INFO] [stdout] error[E0277]: the trait bound `sodiumoxide::crypto::sign::Signature: Deserialize<'_>` is not satisfied
[INFO] [stdout]     --> /opt/rustwide/cargo-home/registry/src/index.crates.io-6f17d22bba15001f/xaynet-core-0.2.0/src/crypto/sign.rs:139:22
[INFO] [stdout]      |
[INFO] [stdout] 139  | pub struct Signature(sign::Signature);
[INFO] [stdout]      |                      ^^^^^^^^^^^^^^^ the trait `Deserialize<'_>` is not implemented for `sodiumoxide::crypto::sign::Signature`
[INFO] [stdout]      |
[INFO] [stdout]      = help: the following other types implement trait `Deserialize<'de>`:
[INFO] [stdout]                bool
[INFO] [stdout]                char
[INFO] [stdout]                isize
[INFO] [stdout]                i8
[INFO] [stdout]                i16
[INFO] [stdout]                i32
[INFO] [stdout]                i64
[INFO] [stdout]                i128
[INFO] [stdout]              and 218 others
[INFO] [stdout] note: required by a bound in `next_element`
[INFO] [stdout]     --> /opt/rustwide/cargo-home/registry/src/index.crates.io-6f17d22bba15001f/serde-1.0.194/src/de/mod.rs:1726:12
[INFO] [stdout]      |
[INFO] [stdout] 1724 |     fn next_element<T>(&mut self) -> Result<Option<T>, Self::Error>
[INFO] [stdout]      |        ------------ required by a bound in this associated function
[INFO] [stdout] 1725 |     where
[INFO] [stdout] 1726 |         T: Deserialize<'de>,
[INFO] [stdout]      |            ^^^^^^^^^^^^^^^^ required by this bound in `SeqAccess::next_element`
[INFO] [stdout] 
[INFO] [stdout] 
[INFO] [stdout] error[E0277]: the trait bound `sodiumoxide::crypto::sign::Signature: Hash` is not satisfied
[INFO] [stdout]    --> /opt/rustwide/cargo-home/registry/src/index.crates.io-6f17d22bba15001f/xaynet-core-0.2.0/src/crypto/sign.rs:139:22
[INFO] [stdout]     |
[INFO] [stdout] 129 |     Hash,
[INFO] [stdout]     |     ---- in this derive macro expansion
[INFO] [stdout] ...
[INFO] [stdout] 139 | pub struct Signature(sign::Signature);
[INFO] [stdout]     |                      ^^^^^^^^^^^^^^^ the trait `Hash` is not implemented for `sodiumoxide::crypto::sign::Signature`
[INFO] [stdout]     |
[INFO] [stdout]     = note: this error originates in the derive macro `Hash` (in Nightly builds, run with -Z macro-backtrace for more info)
[INFO] [stdout] 
[INFO] [stdout] 
[INFO] [stdout] error[E0277]: the trait bound `sodiumoxide::crypto::sign::Signature: Ord` is not satisfied
[INFO] [stdout]    --> /opt/rustwide/cargo-home/registry/src/index.crates.io-6f17d22bba15001f/xaynet-core-0.2.0/src/crypto/sign.rs:139:22
[INFO] [stdout]     |
[INFO] [stdout] 131 |     Ord,
[INFO] [stdout]     |     --- in this derive macro expansion
[INFO] [stdout] ...
[INFO] [stdout] 139 | pub struct Signature(sign::Signature);
[INFO] [stdout]     |                      ^^^^^^^^^^^^^^^ the trait `Ord` is not implemented for `sodiumoxide::crypto::sign::Signature`
[INFO] [stdout]     |
[INFO] [stdout]     = note: this error originates in the derive macro `Ord` (in Nightly builds, run with -Z macro-backtrace for more info)
[INFO] [stdout] 
[INFO] [stdout] 
[INFO] [stdout] error[E0277]: can't compare `sodiumoxide::crypto::sign::Signature` with `sodiumoxide::crypto::sign::Signature`
[INFO] [stdout]    --> /opt/rustwide/cargo-home/registry/src/index.crates.io-6f17d22bba15001f/xaynet-core-0.2.0/src/crypto/sign.rs:139:22
[INFO] [stdout]     |
[INFO] [stdout] 135 |     PartialOrd,
[INFO] [stdout]     |     ---------- in this derive macro expansion
[INFO] [stdout] ...
[INFO] [stdout] 139 | pub struct Signature(sign::Signature);
[INFO] [stdout]     |                      ^^^^^^^^^^^^^^^ no implementation for `sodiumoxide::crypto::sign::Signature < sodiumoxide::crypto::sign::Signature` and `sodiumoxide::crypto::sign::Signature > sodiumoxide::crypto::sign::Signature`
[INFO] [stdout]     |
[INFO] [stdout]     = help: the trait `PartialOrd` is not implemented for `sodiumoxide::crypto::sign::Signature`
[INFO] [stdout]     = note: this error originates in the derive macro `PartialOrd` (in Nightly builds, run with -Z macro-backtrace for more info)
[INFO] [stdout] 
[INFO] [stdout] 
[INFO] [stdout] error[E0599]: no function or associated item named `from_slice` found for struct `sodiumoxide::crypto::sign::Signature` in the current scope
[INFO] [stdout]    --> /opt/rustwide/cargo-home/registry/src/index.crates.io-6f17d22bba15001f/xaynet-core-0.2.0/src/crypto/sign.rs:153:26
[INFO] [stdout]     |
[INFO] [stdout] 153 |         sign::Signature::from_slice(bytes).map(Self)
[INFO] [stdout]     |                          ^^^^^^^^^^ function or associated item not found in `Signature`
[INFO] [stdout]     |
[INFO] [stdout] note: if you're trying to build a new `sodiumoxide::crypto::sign::Signature` consider using one of the following associated functions:
[INFO] [stdout]       sodiumoxide::crypto::sign::Signature::from_bytes
[INFO] [stdout]       sodiumoxide::crypto::sign::Signature::new
[INFO] [stdout]    --> /opt/rustwide/cargo-home/registry/src/index.crates.io-6f17d22bba15001f/ed25519-1.5.3/src/lib.rs:291:5
[INFO] [stdout]     |
[INFO] [stdout] 291 |     pub fn from_bytes(bytes: &[u8]) -> signature::Result<Self> {
[INFO] [stdout]     |     ^^^^^^^^^^^^^^^^^^^^^^^^^^^^^^^^^^^^^^^^^^^^^^^^^^^^^^^^^^
[INFO] [stdout] ...
[INFO] [stdout] 330 |     pub fn new(bytes: [u8; Self::BYTE_SIZE]) -> Self {
[INFO] [stdout]     |     ^^^^^^^^^^^^^^^^^^^^^^^^^^^^^^^^^^^^^^^^^^^^^^^^
[INFO] [stdout]     = help: items from traits can only be used if the trait is implemented and in scope
[INFO] [stdout] note: `crypto::ByteObject` defines an item `from_slice`, perhaps you need to implement it
[INFO] [stdout]    --> /opt/rustwide/cargo-home/registry/src/index.crates.io-6f17d22bba15001f/xaynet-core-0.2.0/src/crypto/mod.rs:44:1
[INFO] [stdout]     |
[INFO] [stdout] 44  | pub trait ByteObject: Sized {
[INFO] [stdout]     | ^^^^^^^^^^^^^^^^^^^^^^^^^^^
[INFO] [stdout] 
[INFO] [stdout] 
[INFO] [stdout] error: aborting due to 8 previous errors
[INFO] [stdout] 
[INFO] [stdout] 
[INFO] [stdout] Some errors have detailed explanations: E0277, E0423, E0599.
[INFO] [stdout] 
[INFO] [stdout] For more information about an error, try `rustc --explain E0277`.
[INFO] [stdout] 
[INFO] [stderr] error: could not compile `xaynet-core` (lib) due to 9 previous errors
[INFO] running `Command { std: "docker" "inspect" "c3650da64c8cab16956e9a8ac1d621f0da7c83de15d8822a0c10a3e30b40190c", kill_on_drop: false }`
[INFO] running `Command { std: "docker" "rm" "-f" "c3650da64c8cab16956e9a8ac1d621f0da7c83de15d8822a0c10a3e30b40190c", kill_on_drop: false }`
[INFO] [stdout] c3650da64c8cab16956e9a8ac1d621f0da7c83de15d8822a0c10a3e30b40190c
[INFO] testing xaynet-mobile-0.1.0 against beta-2023-12-22 for beta-1.76-1
[INFO] extracting crate xaynet-mobile 0.1.0 into /workspace/builds/worker-0-tc2/source
[INFO] validating manifest of crates.io crate xaynet-mobile 0.1.0 on toolchain beta-2023-12-22
[INFO] running `Command { std: CARGO_HOME="/workspace/cargo-home" RUSTUP_HOME="/workspace/rustup-home" "/workspace/cargo-home/bin/cargo" "+beta-2023-12-22" "metadata" "--manifest-path" "Cargo.toml" "--no-deps", kill_on_drop: false }`
[INFO] removed /workspace/builds/worker-0-tc2/source/.cargo/config.toml
[INFO] started tweaking crates.io crate xaynet-mobile 0.1.0
[INFO] finished tweaking crates.io crate xaynet-mobile 0.1.0
[INFO] tweaked toml for crates.io crate xaynet-mobile 0.1.0 written to /workspace/builds/worker-0-tc2/source/Cargo.toml
[INFO] running `Command { std: CARGO_HOME="/workspace/cargo-home" RUSTUP_HOME="/workspace/rustup-home" "/workspace/cargo-home/bin/cargo" "+beta-2023-12-22" "generate-lockfile" "--manifest-path" "Cargo.toml", kill_on_drop: false }`
[INFO] [stderr]     Updating crates.io index
[INFO] running `Command { std: CARGO_HOME="/workspace/cargo-home" RUSTUP_HOME="/workspace/rustup-home" "/workspace/cargo-home/bin/cargo" "+beta-2023-12-22" "fetch" "--manifest-path" "Cargo.toml", kill_on_drop: false }`
[INFO] running `Command { std: "docker" "create" "-v" "/var/lib/crater-agent-workspace/builds/worker-0-tc2/target:/opt/rustwide/target:rw,Z" "-v" "/var/lib/crater-agent-workspace/builds/worker-0-tc2/source:/opt/rustwide/workdir:ro,Z" "-v" "/var/lib/crater-agent-workspace/cargo-home:/opt/rustwide/cargo-home:ro,Z" "-v" "/var/lib/crater-agent-workspace/rustup-home:/opt/rustwide/rustup-home:ro,Z" "-e" "SOURCE_DIR=/opt/rustwide/workdir" "-e" "CARGO_TARGET_DIR=/opt/rustwide/target" "-e" "CARGO_HOME=/opt/rustwide/cargo-home" "-e" "RUSTUP_HOME=/opt/rustwide/rustup-home" "-w" "/opt/rustwide/workdir" "-m" "1610612736" "--user" "0:0" "--network" "none" "ghcr.io/rust-lang/crates-build-env/linux@sha256:2788e3201cd34a07e3172128adcd8b3090168a8e3bcc40d7c032b9dda1df7d1c" "/opt/rustwide/cargo-home/bin/cargo" "+beta-2023-12-22" "metadata" "--no-deps" "--format-version=1", kill_on_drop: false }`
[INFO] [stdout] 4c085cd592cfa538ca776d8fb8e17d622f9545dd3fa116fefb917cfbcd0740b4
[INFO] running `Command { std: "docker" "start" "-a" "4c085cd592cfa538ca776d8fb8e17d622f9545dd3fa116fefb917cfbcd0740b4", kill_on_drop: false }`
[INFO] running `Command { std: "docker" "inspect" "4c085cd592cfa538ca776d8fb8e17d622f9545dd3fa116fefb917cfbcd0740b4", kill_on_drop: false }`
[INFO] running `Command { std: "docker" "rm" "-f" "4c085cd592cfa538ca776d8fb8e17d622f9545dd3fa116fefb917cfbcd0740b4", kill_on_drop: false }`
[INFO] [stdout] 4c085cd592cfa538ca776d8fb8e17d622f9545dd3fa116fefb917cfbcd0740b4
[INFO] running `Command { std: "docker" "create" "-v" "/var/lib/crater-agent-workspace/builds/worker-0-tc2/target:/opt/rustwide/target:rw,Z" "-v" "/var/lib/crater-agent-workspace/builds/worker-0-tc2/source:/opt/rustwide/workdir:ro,Z" "-v" "/var/lib/crater-agent-workspace/cargo-home:/opt/rustwide/cargo-home:ro,Z" "-v" "/var/lib/crater-agent-workspace/rustup-home:/opt/rustwide/rustup-home:ro,Z" "-e" "SOURCE_DIR=/opt/rustwide/workdir" "-e" "CARGO_TARGET_DIR=/opt/rustwide/target" "-e" "CARGO_INCREMENTAL=0" "-e" "RUST_BACKTRACE=full" "-e" "RUSTFLAGS=--cap-lints=warn" "-e" "RUSTDOCFLAGS=--cap-lints=warn" "-e" "CARGO_HOME=/opt/rustwide/cargo-home" "-e" "RUSTUP_HOME=/opt/rustwide/rustup-home" "-w" "/opt/rustwide/workdir" "-m" "1610612736" "--user" "0:0" "--network" "none" "ghcr.io/rust-lang/crates-build-env/linux@sha256:2788e3201cd34a07e3172128adcd8b3090168a8e3bcc40d7c032b9dda1df7d1c" "/opt/rustwide/cargo-home/bin/cargo" "+beta-2023-12-22" "build" "--frozen" "--message-format=json", kill_on_drop: false }`
[INFO] [stdout] 8b44306a07a34e2a27b0dbf76e11913b33d3776130aad253eda4e8e4db8d8a0e
[INFO] running `Command { std: "docker" "start" "-a" "8b44306a07a34e2a27b0dbf76e11913b33d3776130aad253eda4e8e4db8d8a0e", kill_on_drop: false }`
[INFO] [stderr]    Compiling autocfg v1.1.0
[INFO] [stderr]    Compiling libc v0.2.151
[INFO] [stderr]    Compiling once_cell v1.19.0
[INFO] [stderr]    Compiling syn v1.0.109
[INFO] [stderr]    Compiling log v0.4.20
[INFO] [stderr]    Compiling futures-core v0.3.30
[INFO] [stderr]    Compiling serde v1.0.194
[INFO] [stderr]    Compiling memchr v2.7.1
[INFO] [stderr]    Compiling cfg-if v1.0.0
[INFO] [stderr]    Compiling cfg-if v0.1.10
[INFO] [stderr]    Compiling futures-sink v0.3.30
[INFO] [stderr]    Compiling pin-project-lite v0.2.13
[INFO] [stderr]    Compiling fnv v1.0.7
[INFO] [stderr]    Compiling spin v0.5.2
[INFO] [stderr]    Compiling untrusted v0.7.1
[INFO] [stderr]    Compiling syn v2.0.48
[INFO] [stderr]    Compiling lazy_static v1.4.0
[INFO] [stderr]    Compiling bytes v0.5.6
[INFO] [stderr]    Compiling pin-utils v0.1.0
[INFO] [stderr]    Compiling futures-channel v0.3.30
[INFO] [stderr]    Compiling pin-project-lite v0.1.12
[INFO] [stderr]    Compiling futures-task v0.3.30
[INFO] [stderr]    Compiling itoa v1.0.10
[INFO] [stderr]    Compiling version_check v0.9.4
[INFO] [stderr]    Compiling futures-io v0.3.30
[INFO] [stderr]    Compiling bytes v1.5.0
[INFO] [stderr]    Compiling same-file v1.0.6
[INFO] [stderr]    Compiling tracing-core v0.1.32
[INFO] [stderr]    Compiling walkdir v2.4.0
[INFO] [stderr]    Compiling tinyvec_macros v0.1.1
[INFO] [stderr]    Compiling hashbrown v0.12.3
[INFO] [stderr]    Compiling httparse v1.8.0
[INFO] [stderr]    Compiling pkg-config v0.3.28
[INFO] [stderr]    Compiling tinyvec v1.6.0
[INFO] [stderr]    Compiling percent-encoding v2.3.1
[INFO] [stderr]    Compiling try-lock v0.2.5
[INFO] [stderr]    Compiling slab v0.4.9
[INFO] [stderr]    Compiling num-traits v0.2.17
[INFO] [stderr]    Compiling num-integer v0.1.45
[INFO] [stderr]    Compiling unicase v2.7.0
[INFO] [stderr]    Compiling indexmap v1.9.3
[INFO] [stderr]    Compiling num-bigint v0.3.3
[INFO] [stderr]    Compiling http v0.2.11
[INFO] [stderr]    Compiling num-iter v0.1.43
[INFO] [stderr]    Compiling num-rational v0.3.2
[INFO] [stderr]    Compiling base64 v0.12.3
[INFO] [stderr]    Compiling form_urlencoded v1.2.1
[INFO] [stderr]    Compiling mime_guess v2.0.4
[INFO] [stderr]    Compiling want v0.3.1
[INFO] [stderr]    Compiling thiserror v1.0.56
[INFO] [stderr]    Compiling unicode-bidi v0.3.14
[INFO] [stderr]    Compiling signature v1.6.4
[INFO] [stderr]    Compiling cc v1.0.83
[INFO] [stderr]    Compiling iovec v0.1.4
[INFO] [stderr]    Compiling net2 v0.2.39
[INFO] [stderr]    Compiling getrandom v0.2.11
[INFO] [stderr]    Compiling socket2 v0.3.19
[INFO] [stderr]    Compiling ppv-lite86 v0.2.17
[INFO] [stderr]    Compiling unicode-normalization v0.1.22
[INFO] [stderr]    Compiling tower-service v0.3.2
[INFO] [stderr]    Compiling rand_core v0.6.4
[INFO] [stderr]    Compiling httpdate v0.3.2
[INFO] [stderr]    Compiling anyhow v1.0.79
[INFO] [stderr]    Compiling itoa v0.4.8
[INFO] [stderr]    Compiling mio v0.6.23
[INFO] [stderr]    Compiling http-body v0.3.1
[INFO] [stderr]    Compiling ed25519 v1.5.3
[INFO] [stderr]    Compiling mime v0.3.17
[INFO] [stderr]    Compiling rand_chacha v0.3.1
[INFO] [stderr]    Compiling ryu v1.0.16
[INFO] [stderr]    Compiling paste v1.0.14
[INFO] [stderr]    Compiling async-trait v0.1.77
[INFO] [stderr]    Compiling encoding_rs v0.8.33
[INFO] [stderr]    Compiling bitflags v1.3.2
[INFO] [stderr]    Compiling idna v0.5.0
[INFO] [stderr]    Compiling rand v0.8.5
[INFO] [stderr]    Compiling ipnet v2.9.0
[INFO] [stderr]    Compiling base64 v0.13.1
[INFO] [stderr]    Compiling ffi-support v0.4.4
[INFO] [stderr]    Compiling url v2.5.0
[INFO] [stderr]    Compiling zeroize v1.7.0
[INFO] [stderr]    Compiling ring v0.16.20
[INFO] [stderr]    Compiling libsodium-sys v0.2.7
[INFO] [stderr]    Compiling tokio-macros v0.2.6
[INFO] [stderr]    Compiling derive_more v0.99.17
[INFO] [stderr]    Compiling serde_derive v1.0.194
[INFO] [stderr]    Compiling futures-macro v0.3.30
[INFO] [stderr]    Compiling tracing-attributes v0.1.27
[INFO] [stderr]    Compiling pin-project-internal v1.1.3
[INFO] [stderr]    Compiling thiserror-impl v1.0.56
[INFO] [stderr]    Compiling tokio v0.2.25
[INFO] [stderr]    Compiling futures-util v0.3.30
[INFO] [stderr]    Compiling pin-project v1.1.3
[INFO] [stderr]    Compiling webpki v0.21.4
[INFO] [stderr]    Compiling sct v0.6.1
[INFO] [stderr]    Compiling tracing v0.1.40
[INFO] [stderr]    Compiling tracing-futures v0.2.5
[INFO] [stderr]    Compiling rustls v0.18.1
[INFO] [stderr]    Compiling webpki-roots v0.20.0
[INFO] [stderr]    Compiling tokio-util v0.3.1
[INFO] [stderr]    Compiling tokio-rustls v0.14.1
[INFO] [stderr]    Compiling h2 v0.2.7
[INFO] [stderr]    Compiling futures-executor v0.3.30
[INFO] [stderr]    Compiling futures v0.3.30
[INFO] [stderr]    Compiling num-complex v0.3.1
[INFO] [stderr]    Compiling serde_urlencoded v0.7.1
[INFO] [stderr]    Compiling bincode v1.3.3
[INFO] [stderr]    Compiling num v0.3.1
[INFO] [stderr]    Compiling hyper v0.13.10
[INFO] [stderr]    Compiling hyper-rustls v0.21.0
[INFO] [stderr]    Compiling reqwest v0.10.10
[INFO] [stderr]    Compiling sodiumoxide v0.2.7
[INFO] [stderr]    Compiling xaynet-core v0.2.0
[INFO] [stdout] error[E0423]: cannot initialize a tuple struct which contains private fields
[INFO] [stdout]    --> /opt/rustwide/cargo-home/registry/src/index.crates.io-6f17d22bba15001f/xaynet-core-0.2.0/src/crypto/sign.rs:145:14
[INFO] [stdout]     |
[INFO] [stdout] 145 |         Self(sign::Signature([0_u8; sign::SIGNATUREBYTES]))
[INFO] [stdout]     |              ^^^^^^^^^^^^^^^
[INFO] [stdout]     |
[INFO] [stdout] note: constructor is not visible here due to private fields
[INFO] [stdout]    --> /opt/rustwide/cargo-home/registry/src/index.crates.io-6f17d22bba15001f/ed25519-1.5.3/src/lib.rs:284:22
[INFO] [stdout]     |
[INFO] [stdout] 284 | pub struct Signature([u8; Signature::BYTE_SIZE]);
[INFO] [stdout]     |                      ^^^^^^^^^^^^^^^^^^^^^^^^^^ private field
[INFO] [stdout] help: you might have meant to use the `new` associated function
[INFO] [stdout]     |
[INFO] [stdout] 145 |         Self(sign::Signature::new([0_u8; sign::SIGNATUREBYTES]))
[INFO] [stdout]     |                             +++++
[INFO] [stdout] 
[INFO] [stdout] 
[INFO] [stdout] error[E0277]: the trait bound `sodiumoxide::crypto::sign::Signature: Serialize` is not satisfied
[INFO] [stdout]    --> /opt/rustwide/cargo-home/registry/src/index.crates.io-6f17d22bba15001f/xaynet-core-0.2.0/src/crypto/sign.rs:127:5
[INFO] [stdout]     |
[INFO] [stdout] 127 |     Serialize,
[INFO] [stdout]     |     ^^^^^^^^^ the trait `Serialize` is not implemented for `sodiumoxide::crypto::sign::Signature`
[INFO] [stdout] ...
[INFO] [stdout] 139 | pub struct Signature(sign::Signature);
[INFO] [stdout]     |                      ---- required by a bound introduced by this call
[INFO] [stdout]     |
[INFO] [stdout]     = help: the following other types implement trait `Serialize`:
[INFO] [stdout]               bool
[INFO] [stdout]               char
[INFO] [stdout]               isize
[INFO] [stdout]               i8
[INFO] [stdout]               i16
[INFO] [stdout]               i32
[INFO] [stdout]               i64
[INFO] [stdout]               i128
[INFO] [stdout]             and 217 others
[INFO] [stdout] note: required by a bound in `serialize_newtype_struct`
[INFO] [stdout]    --> /opt/rustwide/cargo-home/registry/src/index.crates.io-6f17d22bba15001f/serde-1.0.194/src/ser/mod.rs:900:12
[INFO] [stdout]     |
[INFO] [stdout] 894 |     fn serialize_newtype_struct<T: ?Sized>(
[INFO] [stdout]     |        ------------------------ required by a bound in this associated function
[INFO] [stdout] ...
[INFO] [stdout] 900 |         T: Serialize;
[INFO] [stdout]     |            ^^^^^^^^^ required by this bound in `Serializer::serialize_newtype_struct`
[INFO] [stdout] 
[INFO] [stdout] 
[INFO] [stdout] error[E0277]: the trait bound `sodiumoxide::crypto::sign::Signature: Deserialize<'_>` is not satisfied
[INFO] [stdout]    --> /opt/rustwide/cargo-home/registry/src/index.crates.io-6f17d22bba15001f/xaynet-core-0.2.0/src/crypto/sign.rs:139:22
[INFO] [stdout]     |
[INFO] [stdout] 139 | pub struct Signature(sign::Signature);
[INFO] [stdout]     |                      ^^^^^^^^^^^^^^^ the trait `Deserialize<'_>` is not implemented for `sodiumoxide::crypto::sign::Signature`
[INFO] [stdout]     |
[INFO] [stdout]     = help: the following other types implement trait `Deserialize<'de>`:
[INFO] [stdout]               bool
[INFO] [stdout]               char
[INFO] [stdout]               isize
[INFO] [stdout]               i8
[INFO] [stdout]               i16
[INFO] [stdout]               i32
[INFO] [stdout]               i64
[INFO] [stdout]               i128
[INFO] [stdout]             and 218 others
[INFO] [stdout] 
[INFO] [stdout] 
[INFO] [stdout] error[E0277]: the trait bound `sodiumoxide::crypto::sign::Signature: Deserialize<'_>` is not satisfied
[INFO] [stdout]     --> /opt/rustwide/cargo-home/registry/src/index.crates.io-6f17d22bba15001f/xaynet-core-0.2.0/src/crypto/sign.rs:139:22
[INFO] [stdout]      |
[INFO] [stdout] 139  | pub struct Signature(sign::Signature);
[INFO] [stdout]      |                      ^^^^^^^^^^^^^^^ the trait `Deserialize<'_>` is not implemented for `sodiumoxide::crypto::sign::Signature`
[INFO] [stdout]      |
[INFO] [stdout]      = help: the following other types implement trait `Deserialize<'de>`:
[INFO] [stdout]                bool
[INFO] [stdout]                char
[INFO] [stdout]                isize
[INFO] [stdout]                i8
[INFO] [stdout]                i16
[INFO] [stdout]                i32
[INFO] [stdout]                i64
[INFO] [stdout]                i128
[INFO] [stdout]              and 218 others
[INFO] [stdout] note: required by a bound in `next_element`
[INFO] [stdout]     --> /opt/rustwide/cargo-home/registry/src/index.crates.io-6f17d22bba15001f/serde-1.0.194/src/de/mod.rs:1726:12
[INFO] [stdout]      |
[INFO] [stdout] 1724 |     fn next_element<T>(&mut self) -> Result<Option<T>, Self::Error>
[INFO] [stdout]      |        ------------ required by a bound in this associated function
[INFO] [stdout] 1725 |     where
[INFO] [stdout] 1726 |         T: Deserialize<'de>,
[INFO] [stdout]      |            ^^^^^^^^^^^^^^^^ required by this bound in `SeqAccess::next_element`
[INFO] [stdout] 
[INFO] [stdout] 
[INFO] [stdout] error[E0277]: the trait bound `sodiumoxide::crypto::sign::Signature: Hash` is not satisfied
[INFO] [stdout]    --> /opt/rustwide/cargo-home/registry/src/index.crates.io-6f17d22bba15001f/xaynet-core-0.2.0/src/crypto/sign.rs:139:22
[INFO] [stdout]     |
[INFO] [stdout] 129 |     Hash,
[INFO] [stdout]     |     ---- in this derive macro expansion
[INFO] [stdout] ...
[INFO] [stdout] 139 | pub struct Signature(sign::Signature);
[INFO] [stdout]     |                      ^^^^^^^^^^^^^^^ the trait `Hash` is not implemented for `sodiumoxide::crypto::sign::Signature`
[INFO] [stdout]     |
[INFO] [stdout]     = note: this error originates in the derive macro `Hash` (in Nightly builds, run with -Z macro-backtrace for more info)
[INFO] [stdout] 
[INFO] [stdout] 
[INFO] [stdout] error[E0277]: the trait bound `sodiumoxide::crypto::sign::Signature: Ord` is not satisfied
[INFO] [stdout]    --> /opt/rustwide/cargo-home/registry/src/index.crates.io-6f17d22bba15001f/xaynet-core-0.2.0/src/crypto/sign.rs:139:22
[INFO] [stdout]     |
[INFO] [stdout] 131 |     Ord,
[INFO] [stdout]     |     --- in this derive macro expansion
[INFO] [stdout] ...
[INFO] [stdout] 139 | pub struct Signature(sign::Signature);
[INFO] [stdout]     |                      ^^^^^^^^^^^^^^^ the trait `Ord` is not implemented for `sodiumoxide::crypto::sign::Signature`
[INFO] [stdout]     |
[INFO] [stdout]     = note: this error originates in the derive macro `Ord` (in Nightly builds, run with -Z macro-backtrace for more info)
[INFO] [stdout] 
[INFO] [stdout] 
[INFO] [stdout] error[E0277]: can't compare `sodiumoxide::crypto::sign::Signature` with `sodiumoxide::crypto::sign::Signature`
[INFO] [stdout]    --> /opt/rustwide/cargo-home/registry/src/index.crates.io-6f17d22bba15001f/xaynet-core-0.2.0/src/crypto/sign.rs:139:22
[INFO] [stdout]     |
[INFO] [stdout] 135 |     PartialOrd,
[INFO] [stdout]     |     ---------- in this derive macro expansion
[INFO] [stdout] ...
[INFO] [stdout] 139 | pub struct Signature(sign::Signature);
[INFO] [stdout]     |                      ^^^^^^^^^^^^^^^ no implementation for `sodiumoxide::crypto::sign::Signature < sodiumoxide::crypto::sign::Signature` and `sodiumoxide::crypto::sign::Signature > sodiumoxide::crypto::sign::Signature`
[INFO] [stdout]     |
[INFO] [stdout]     = help: the trait `PartialOrd` is not implemented for `sodiumoxide::crypto::sign::Signature`
[INFO] [stdout]     = note: this error originates in the derive macro `PartialOrd` (in Nightly builds, run with -Z macro-backtrace for more info)
[INFO] [stdout] 
[INFO] [stdout] 
[INFO] [stdout] error[E0599]: no function or associated item named `from_slice` found for struct `sodiumoxide::crypto::sign::Signature` in the current scope
[INFO] [stdout]    --> /opt/rustwide/cargo-home/registry/src/index.crates.io-6f17d22bba15001f/xaynet-core-0.2.0/src/crypto/sign.rs:153:26
[INFO] [stdout]     |
[INFO] [stdout] 153 |         sign::Signature::from_slice(bytes).map(Self)
[INFO] [stdout]     |                          ^^^^^^^^^^ function or associated item not found in `Signature`
[INFO] [stdout]     |
[INFO] [stdout] note: if you're trying to build a new `sodiumoxide::crypto::sign::Signature` consider using one of the following associated functions:
[INFO] [stdout]       sodiumoxide::crypto::sign::Signature::from_bytes
[INFO] [stdout]       sodiumoxide::crypto::sign::Signature::new
[INFO] [stdout]    --> /opt/rustwide/cargo-home/registry/src/index.crates.io-6f17d22bba15001f/ed25519-1.5.3/src/lib.rs:291:5
[INFO] [stdout]     |
[INFO] [stdout] 291 |     pub fn from_bytes(bytes: &[u8]) -> signature::Result<Self> {
[INFO] [stdout]     |     ^^^^^^^^^^^^^^^^^^^^^^^^^^^^^^^^^^^^^^^^^^^^^^^^^^^^^^^^^^
[INFO] [stdout] ...
[INFO] [stdout] 330 |     pub fn new(bytes: [u8; Self::BYTE_SIZE]) -> Self {
[INFO] [stdout]     |     ^^^^^^^^^^^^^^^^^^^^^^^^^^^^^^^^^^^^^^^^^^^^^^^^
[INFO] [stdout]     = help: items from traits can only be used if the trait is implemented and in scope
[INFO] [stdout] note: `crypto::ByteObject` defines an item `from_slice`, perhaps you need to implement it
[INFO] [stdout]    --> /opt/rustwide/cargo-home/registry/src/index.crates.io-6f17d22bba15001f/xaynet-core-0.2.0/src/crypto/mod.rs:44:1
[INFO] [stdout]     |
[INFO] [stdout] 44  | pub trait ByteObject: Sized {
[INFO] [stdout]     | ^^^^^^^^^^^^^^^^^^^^^^^^^^^
[INFO] [stdout] 
[INFO] [stdout] 
[INFO] [stdout] error: aborting due to 8 previous errors
[INFO] [stdout] 
[INFO] [stdout] 
[INFO] [stdout] Some errors have detailed explanations: E0277, E0423, E0599.
[INFO] [stdout] 
[INFO] [stdout] For more information about an error, try `rustc --explain E0277`.
[INFO] [stdout] 
[INFO] [stderr] error: could not compile `xaynet-core` (lib) due to 9 previous errors
[INFO] running `Command { std: "docker" "inspect" "8b44306a07a34e2a27b0dbf76e11913b33d3776130aad253eda4e8e4db8d8a0e", kill_on_drop: false }`
[INFO] running `Command { std: "docker" "rm" "-f" "8b44306a07a34e2a27b0dbf76e11913b33d3776130aad253eda4e8e4db8d8a0e", kill_on_drop: false }`
[INFO] [stdout] 8b44306a07a34e2a27b0dbf76e11913b33d3776130aad253eda4e8e4db8d8a0e
