[INFO] fetching crate x86_64-xsave 0.1.3...
[INFO] testing x86_64-xsave-0.1.3 against 1.75.0 for beta-1.76-1
[INFO] extracting crate x86_64-xsave 0.1.3 into /workspace/builds/worker-5-tc1/source
[INFO] validating manifest of crates.io crate x86_64-xsave 0.1.3 on toolchain 1.75.0
[INFO] running `Command { std: CARGO_HOME="/workspace/cargo-home" RUSTUP_HOME="/workspace/rustup-home" "/workspace/cargo-home/bin/cargo" "+1.75.0" "metadata" "--manifest-path" "Cargo.toml" "--no-deps", kill_on_drop: false }`
[INFO] started tweaking crates.io crate x86_64-xsave 0.1.3
[INFO] finished tweaking crates.io crate x86_64-xsave 0.1.3
[INFO] tweaked toml for crates.io crate x86_64-xsave 0.1.3 written to /workspace/builds/worker-5-tc1/source/Cargo.toml
[INFO] running `Command { std: CARGO_HOME="/workspace/cargo-home" RUSTUP_HOME="/workspace/rustup-home" "/workspace/cargo-home/bin/cargo" "+1.75.0" "generate-lockfile" "--manifest-path" "Cargo.toml", kill_on_drop: false }`
[INFO] [stderr]     Updating crates.io index
[INFO] running `Command { std: CARGO_HOME="/workspace/cargo-home" RUSTUP_HOME="/workspace/rustup-home" "/workspace/cargo-home/bin/cargo" "+1.75.0" "fetch" "--manifest-path" "Cargo.toml", kill_on_drop: false }`
[INFO] running `Command { std: "docker" "create" "-v" "/var/lib/crater-agent-workspace/builds/worker-5-tc1/target:/opt/rustwide/target:rw,Z" "-v" "/var/lib/crater-agent-workspace/builds/worker-5-tc1/source:/opt/rustwide/workdir:ro,Z" "-v" "/var/lib/crater-agent-workspace/cargo-home:/opt/rustwide/cargo-home:ro,Z" "-v" "/var/lib/crater-agent-workspace/rustup-home:/opt/rustwide/rustup-home:ro,Z" "-e" "SOURCE_DIR=/opt/rustwide/workdir" "-e" "CARGO_TARGET_DIR=/opt/rustwide/target" "-e" "CARGO_HOME=/opt/rustwide/cargo-home" "-e" "RUSTUP_HOME=/opt/rustwide/rustup-home" "-w" "/opt/rustwide/workdir" "-m" "1610612736" "--user" "0:0" "--network" "none" "ghcr.io/rust-lang/crates-build-env/linux@sha256:2788e3201cd34a07e3172128adcd8b3090168a8e3bcc40d7c032b9dda1df7d1c" "/opt/rustwide/cargo-home/bin/cargo" "+1.75.0" "metadata" "--no-deps" "--format-version=1", kill_on_drop: false }`
[INFO] [stdout] 81379a1650d9859661c259f8bfac52855bac6f82df9b15a10ab8de6567aea7a2
[INFO] running `Command { std: "docker" "start" "-a" "81379a1650d9859661c259f8bfac52855bac6f82df9b15a10ab8de6567aea7a2", kill_on_drop: false }`
[INFO] running `Command { std: "docker" "inspect" "81379a1650d9859661c259f8bfac52855bac6f82df9b15a10ab8de6567aea7a2", kill_on_drop: false }`
[INFO] running `Command { std: "docker" "rm" "-f" "81379a1650d9859661c259f8bfac52855bac6f82df9b15a10ab8de6567aea7a2", kill_on_drop: false }`
[INFO] [stdout] 81379a1650d9859661c259f8bfac52855bac6f82df9b15a10ab8de6567aea7a2
[INFO] running `Command { std: "docker" "create" "-v" "/var/lib/crater-agent-workspace/builds/worker-5-tc1/target:/opt/rustwide/target:rw,Z" "-v" "/var/lib/crater-agent-workspace/builds/worker-5-tc1/source:/opt/rustwide/workdir:ro,Z" "-v" "/var/lib/crater-agent-workspace/cargo-home:/opt/rustwide/cargo-home:ro,Z" "-v" "/var/lib/crater-agent-workspace/rustup-home:/opt/rustwide/rustup-home:ro,Z" "-e" "SOURCE_DIR=/opt/rustwide/workdir" "-e" "CARGO_TARGET_DIR=/opt/rustwide/target" "-e" "CARGO_INCREMENTAL=0" "-e" "RUST_BACKTRACE=full" "-e" "RUSTFLAGS=--cap-lints=warn" "-e" "RUSTDOCFLAGS=--cap-lints=warn" "-e" "CARGO_HOME=/opt/rustwide/cargo-home" "-e" "RUSTUP_HOME=/opt/rustwide/rustup-home" "-w" "/opt/rustwide/workdir" "-m" "1610612736" "--user" "0:0" "--network" "none" "ghcr.io/rust-lang/crates-build-env/linux@sha256:2788e3201cd34a07e3172128adcd8b3090168a8e3bcc40d7c032b9dda1df7d1c" "/opt/rustwide/cargo-home/bin/cargo" "+1.75.0" "build" "--frozen" "--message-format=json", kill_on_drop: false }`
[INFO] [stdout] 63e70937ef6d8fad8734f06821914de5d3ef7b143da4927445953977deb6ce14
[INFO] running `Command { std: "docker" "start" "-a" "63e70937ef6d8fad8734f06821914de5d3ef7b143da4927445953977deb6ce14", kill_on_drop: false }`
[INFO] [stderr]    Compiling x86_64-xsave v0.1.3 (/opt/rustwide/workdir)
[INFO] [stdout] error[E0432]: unresolved import `std::alloc::Alloc`
[INFO] [stdout]   --> src/lib.rs:62:5
[INFO] [stdout]    |
[INFO] [stdout] 62 | use ::std::alloc::Alloc;
[INFO] [stdout]    |     ^^^^^^^^^^^^^^-----
[INFO] [stdout]    |     |             |
[INFO] [stdout]    |     |             help: a similar name exists in the module: `alloc`
[INFO] [stdout]    |     no `Alloc` in `alloc`
[INFO] [stdout] 
[INFO] [stdout] 
[INFO] [stdout] error: cannot find macro `asm` in this scope
[INFO] [stdout]   --> src/fxsave/domain/X87FloatingPointUnitControlWord.rs:24:4
[INFO] [stdout]    |
[INFO] [stdout] 24 |             asm!
[INFO] [stdout]    |             ^^^
[INFO] [stdout]    |
[INFO] [stdout] help: consider importing one of these items
[INFO] [stdout]   --> src/fxsave/domain/mod.rs:5:1
[INFO] [stdout]    |
[INFO] [stdout] 5  + use core::arch::asm;
[INFO] [stdout]   --> src/fxsave/domain/mod.rs:5:1
[INFO] [stdout]    |
[INFO] [stdout] 5  + use std::arch::asm;
[INFO] [stdout]    |
[INFO] [stdout] 
[INFO] [stdout] 
[INFO] [stdout] error: cannot find macro `asm` in this scope
[INFO] [stdout]   --> src/fxsave/domain/X87FloatingPointUnitControlWord.rs:55:4
[INFO] [stdout]    |
[INFO] [stdout] 55 |             asm!
[INFO] [stdout]    |             ^^^
[INFO] [stdout]    |
[INFO] [stdout] help: consider importing one of these items
[INFO] [stdout]   --> src/fxsave/domain/mod.rs:5:1
[INFO] [stdout]    |
[INFO] [stdout] 5  + use core::arch::asm;
[INFO] [stdout]   --> src/fxsave/domain/mod.rs:5:1
[INFO] [stdout]    |
[INFO] [stdout] 5  + use std::arch::asm;
[INFO] [stdout]    |
[INFO] [stdout] 
[INFO] [stdout] 
[INFO] [stdout] error: cannot find macro `asm` in this scope
[INFO] [stdout]   --> src/fxsave/domain/X87FloatingPointUnitControlWord.rs:84:4
[INFO] [stdout]    |
[INFO] [stdout] 84 |             asm!
[INFO] [stdout]    |             ^^^
[INFO] [stdout]    |
[INFO] [stdout] help: consider importing one of these items
[INFO] [stdout]   --> src/fxsave/domain/mod.rs:5:1
[INFO] [stdout]    |
[INFO] [stdout] 5  + use core::arch::asm;
[INFO] [stdout]   --> src/fxsave/domain/mod.rs:5:1
[INFO] [stdout]    |
[INFO] [stdout] 5  + use std::arch::asm;
[INFO] [stdout]    |
[INFO] [stdout] 
[INFO] [stdout] 
[INFO] [stdout] error: cannot find macro `asm` in this scope
[INFO] [stdout]   --> src/fxsave/domain/X87FloatingPointUnitStatusWord.rs:24:4
[INFO] [stdout]    |
[INFO] [stdout] 24 |             asm!
[INFO] [stdout]    |             ^^^
[INFO] [stdout]    |
[INFO] [stdout] help: consider importing one of these items
[INFO] [stdout]   --> src/fxsave/domain/mod.rs:5:1
[INFO] [stdout]    |
[INFO] [stdout] 5  + use core::arch::asm;
[INFO] [stdout]   --> src/fxsave/domain/mod.rs:5:1
[INFO] [stdout]    |
[INFO] [stdout] 5  + use std::arch::asm;
[INFO] [stdout]    |
[INFO] [stdout] 
[INFO] [stdout] 
[INFO] [stdout] error: cannot find macro `asm` in this scope
[INFO] [stdout]   --> src/fxsave/domain/X87FloatingPointUnitStatusWord.rs:55:4
[INFO] [stdout]    |
[INFO] [stdout] 55 |             asm!
[INFO] [stdout]    |             ^^^
[INFO] [stdout]    |
[INFO] [stdout] help: consider importing one of these items
[INFO] [stdout]   --> src/fxsave/domain/mod.rs:5:1
[INFO] [stdout]    |
[INFO] [stdout] 5  + use core::arch::asm;
[INFO] [stdout]   --> src/fxsave/domain/mod.rs:5:1
[INFO] [stdout]    |
[INFO] [stdout] 5  + use std::arch::asm;
[INFO] [stdout]    |
[INFO] [stdout] 
[INFO] [stdout] 
[INFO] [stdout] error[E0554]: `#![feature]` may not be used on the stable release channel
[INFO] [stdout]   --> src/lib.rs:10:1
[INFO] [stdout]    |
[INFO] [stdout] 10 | #![feature(allocator_api)]
[INFO] [stdout]    | ^^^^^^^^^^^^^^^^^^^^^^^^^^
[INFO] [stdout] 
[INFO] [stdout] 
[INFO] [stdout] error[E0554]: `#![feature]` may not be used on the stable release channel
[INFO] [stdout]   --> src/lib.rs:11:1
[INFO] [stdout]    |
[INFO] [stdout] 11 | #![feature(asm)]
[INFO] [stdout]    | ^^^^^^^^^^^^^^^^
[INFO] [stdout] 
[INFO] [stdout] 
[INFO] [stdout] error[E0554]: `#![feature]` may not be used on the stable release channel
[INFO] [stdout]   --> src/lib.rs:12:1
[INFO] [stdout]    |
[INFO] [stdout] 12 | #![feature(extern_types)]
[INFO] [stdout]    | ^^^^^^^^^^^^^^^^^^^^^^^^^
[INFO] [stdout] 
[INFO] [stdout] 
[INFO] [stdout] error[E0554]: `#![feature]` may not be used on the stable release channel
[INFO] [stdout]   --> src/lib.rs:13:1
[INFO] [stdout]    |
[INFO] [stdout] 13 | #![feature(stdsimd)]
[INFO] [stdout]    | ^^^^^^^^^^^^^^^^^^^^
[INFO] [stdout] 
[INFO] [stdout] 
[INFO] [stdout] warning: use of deprecated function `std::arch::x86_64::_mm_getcsr`: see `_mm_getcsr` documentation - use inline assembly instead
[INFO] [stdout]   --> src/lib.rs:48:86
[INFO] [stdout]    |
[INFO] [stdout] 48 | #[cfg(all(target_arch = "x86_64", target_feature = "sse"))] use ::std::arch::x86_64::_mm_getcsr;
[INFO] [stdout]    |                                                                                      ^^^^^^^^^^
[INFO] [stdout]    |
[INFO] [stdout]    = note: `#[warn(deprecated)]` on by default
[INFO] [stdout] 
[INFO] [stdout] 
[INFO] [stdout] warning: use of deprecated function `std::arch::x86_64::_mm_setcsr`: see `_mm_setcsr` documentation - use inline assembly instead
[INFO] [stdout]   --> src/lib.rs:49:86
[INFO] [stdout]    |
[INFO] [stdout] 49 | #[cfg(all(target_arch = "x86_64", target_feature = "sse"))] use ::std::arch::x86_64::_mm_setcsr;
[INFO] [stdout]    |                                                                                      ^^^^^^^^^^
[INFO] [stdout] 
[INFO] [stdout] 
[INFO] [stdout] warning: use of deprecated function `std::mem::uninitialized`: use `mem::MaybeUninit` instead
[INFO] [stdout]   --> src/lib.rs:71:17
[INFO] [stdout]    |
[INFO] [stdout] 71 | use ::std::mem::uninitialized;
[INFO] [stdout]    |                 ^^^^^^^^^^^^^
[INFO] [stdout] 
[INFO] [stdout] 
[INFO] [stdout] warning: use of deprecated function `std::arch::x86_64::_mm_getcsr`: see `_mm_getcsr` documentation - use inline assembly instead
[INFO] [stdout]   --> src/MxcsrRegisterValue.rs:23:31
[INFO] [stdout]    |
[INFO] [stdout] 23 |         MxcsrRegisterValue(unsafe { _mm_getcsr() })
[INFO] [stdout]    |                                     ^^^^^^^^^^
[INFO] [stdout] 
[INFO] [stdout] 
[INFO] [stdout] warning: use of deprecated function `std::arch::x86_64::_mm_setcsr`: see `_mm_setcsr` documentation - use inline assembly instead
[INFO] [stdout]   --> src/MxcsrRegisterValue.rs:33:12
[INFO] [stdout]    |
[INFO] [stdout] 33 |         unsafe { _mm_setcsr(self.0) }
[INFO] [stdout]    |                  ^^^^^^^^^^
[INFO] [stdout] 
[INFO] [stdout] 
[INFO] [stdout] warning: use of deprecated function `std::arch::x86_64::_mm_getcsr`: see `_mm_getcsr` documentation - use inline assembly instead
[INFO] [stdout]   --> src/MxcsrRegisterValue.rs:41:39
[INFO] [stdout]    |
[INFO] [stdout] 41 |         *self = MxcsrRegisterValue(unsafe { _mm_getcsr() });
[INFO] [stdout]    |                                             ^^^^^^^^^^
[INFO] [stdout] 
[INFO] [stdout] 
[INFO] [stdout] warning: use of deprecated function `std::mem::uninitialized`: use `mem::MaybeUninit` instead
[INFO] [stdout]   --> src/fxsave/FXSaveArea.rs:57:27
[INFO] [stdout]    |
[INFO] [stdout] 57 |         let mut this = unsafe { uninitialized() };
[INFO] [stdout]    |                                 ^^^^^^^^^^^^^
[INFO] [stdout] 
[INFO] [stdout] 
[INFO] [stdout] warning: use of deprecated function `std::mem::uninitialized`: use `mem::MaybeUninit` instead
[INFO] [stdout]   --> src/fxsave/domain/X87FloatingPointUnitControlWord.rs:19:40
[INFO] [stdout]    |
[INFO] [stdout] 19 |         let mut control_word: u16 = unsafe { uninitialized() };
[INFO] [stdout]    |                                              ^^^^^^^^^^^^^
[INFO] [stdout] 
[INFO] [stdout] 
[INFO] [stdout] warning: use of deprecated function `std::mem::uninitialized`: use `mem::MaybeUninit` instead
[INFO] [stdout]   --> src/fxsave/domain/X87FloatingPointUnitControlWord.rs:50:40
[INFO] [stdout]    |
[INFO] [stdout] 50 |         let mut control_word: u16 = unsafe { uninitialized() };
[INFO] [stdout]    |                                              ^^^^^^^^^^^^^
[INFO] [stdout] 
[INFO] [stdout] 
[INFO] [stdout] warning: use of deprecated function `std::mem::uninitialized`: use `mem::MaybeUninit` instead
[INFO] [stdout]   --> src/fxsave/domain/X87FloatingPointUnitStatusWord.rs:19:40
[INFO] [stdout]    |
[INFO] [stdout] 19 |         let mut control_word: u16 = unsafe { uninitialized() };
[INFO] [stdout]    |                                              ^^^^^^^^^^^^^
[INFO] [stdout] 
[INFO] [stdout] 
[INFO] [stdout] warning: use of deprecated function `std::mem::uninitialized`: use `mem::MaybeUninit` instead
[INFO] [stdout]   --> src/fxsave/domain/X87FloatingPointUnitStatusWord.rs:50:40
[INFO] [stdout]    |
[INFO] [stdout] 50 |         let mut control_word: u16 = unsafe { uninitialized() };
[INFO] [stdout]    |                                              ^^^^^^^^^^^^^
[INFO] [stdout] 
[INFO] [stdout] 
[INFO] [stdout] error[E0554]: `#![feature]` may not be used on the stable release channel
[INFO] [stdout]   --> src/lib.rs:10:12
[INFO] [stdout]    |
[INFO] [stdout] 10 | #![feature(allocator_api)]
[INFO] [stdout]    |            ^^^^^^^^^^^^^
[INFO] [stdout] 
[INFO] [stdout] 
[INFO] [stdout] error[E0554]: `#![feature]` may not be used on the stable release channel
[INFO] [stdout]   --> src/lib.rs:11:12
[INFO] [stdout]    |
[INFO] [stdout] 11 | #![feature(asm)]
[INFO] [stdout]    |            ^^^
[INFO] [stdout] 
[INFO] [stdout] 
[INFO] [stdout] error[E0554]: `#![feature]` may not be used on the stable release channel
[INFO] [stdout]   --> src/lib.rs:13:12
[INFO] [stdout]    |
[INFO] [stdout] 13 | #![feature(stdsimd)]
[INFO] [stdout]    |            ^^^^^^^
[INFO] [stdout] 
[INFO] [stdout] 
[INFO] [stdout] warning: the feature `asm` has been stable since 1.59.0 and no longer requires an attribute to enable
[INFO] [stdout]   --> src/lib.rs:11:12
[INFO] [stdout]    |
[INFO] [stdout] 11 | #![feature(asm)]
[INFO] [stdout]    |            ^^^
[INFO] [stdout]    |
[INFO] [stdout]    = note: `#[warn(stable_features)]` on by default
[INFO] [stdout] 
[INFO] [stdout] 
[INFO] [stdout] error: aborting due to 13 previous errors; 12 warnings emitted
[INFO] [stdout] 
[INFO] [stdout] 
[INFO] [stdout] Some errors have detailed explanations: E0432, E0554.
[INFO] [stdout] 
[INFO] [stdout] For more information about an error, try `rustc --explain E0432`.
[INFO] [stdout] 
[INFO] [stderr] error: could not compile `x86_64-xsave` (lib) due to 14 previous errors; 12 warnings emitted
[INFO] running `Command { std: "docker" "inspect" "63e70937ef6d8fad8734f06821914de5d3ef7b143da4927445953977deb6ce14", kill_on_drop: false }`
[INFO] running `Command { std: "docker" "rm" "-f" "63e70937ef6d8fad8734f06821914de5d3ef7b143da4927445953977deb6ce14", kill_on_drop: false }`
[INFO] [stdout] 63e70937ef6d8fad8734f06821914de5d3ef7b143da4927445953977deb6ce14
[INFO] testing x86_64-xsave-0.1.3 against beta-2023-12-22 for beta-1.76-1
[INFO] extracting crate x86_64-xsave 0.1.3 into /workspace/builds/worker-5-tc2/source
[INFO] validating manifest of crates.io crate x86_64-xsave 0.1.3 on toolchain beta-2023-12-22
[INFO] running `Command { std: CARGO_HOME="/workspace/cargo-home" RUSTUP_HOME="/workspace/rustup-home" "/workspace/cargo-home/bin/cargo" "+beta-2023-12-22" "metadata" "--manifest-path" "Cargo.toml" "--no-deps", kill_on_drop: false }`
[INFO] started tweaking crates.io crate x86_64-xsave 0.1.3
[INFO] finished tweaking crates.io crate x86_64-xsave 0.1.3
[INFO] tweaked toml for crates.io crate x86_64-xsave 0.1.3 written to /workspace/builds/worker-5-tc2/source/Cargo.toml
[INFO] running `Command { std: CARGO_HOME="/workspace/cargo-home" RUSTUP_HOME="/workspace/rustup-home" "/workspace/cargo-home/bin/cargo" "+beta-2023-12-22" "generate-lockfile" "--manifest-path" "Cargo.toml", kill_on_drop: false }`
[INFO] [stderr]     Updating crates.io index
[INFO] running `Command { std: CARGO_HOME="/workspace/cargo-home" RUSTUP_HOME="/workspace/rustup-home" "/workspace/cargo-home/bin/cargo" "+beta-2023-12-22" "fetch" "--manifest-path" "Cargo.toml", kill_on_drop: false }`
[INFO] running `Command { std: "docker" "create" "-v" "/var/lib/crater-agent-workspace/builds/worker-5-tc2/target:/opt/rustwide/target:rw,Z" "-v" "/var/lib/crater-agent-workspace/builds/worker-5-tc2/source:/opt/rustwide/workdir:ro,Z" "-v" "/var/lib/crater-agent-workspace/cargo-home:/opt/rustwide/cargo-home:ro,Z" "-v" "/var/lib/crater-agent-workspace/rustup-home:/opt/rustwide/rustup-home:ro,Z" "-e" "SOURCE_DIR=/opt/rustwide/workdir" "-e" "CARGO_TARGET_DIR=/opt/rustwide/target" "-e" "CARGO_HOME=/opt/rustwide/cargo-home" "-e" "RUSTUP_HOME=/opt/rustwide/rustup-home" "-w" "/opt/rustwide/workdir" "-m" "1610612736" "--user" "0:0" "--network" "none" "ghcr.io/rust-lang/crates-build-env/linux@sha256:2788e3201cd34a07e3172128adcd8b3090168a8e3bcc40d7c032b9dda1df7d1c" "/opt/rustwide/cargo-home/bin/cargo" "+beta-2023-12-22" "metadata" "--no-deps" "--format-version=1", kill_on_drop: false }`
[INFO] [stdout] 659f1ccd0029dc3938e656c913b78269ab8d810cc6f48c3305c85a2d75f4e78a
[INFO] running `Command { std: "docker" "start" "-a" "659f1ccd0029dc3938e656c913b78269ab8d810cc6f48c3305c85a2d75f4e78a", kill_on_drop: false }`
[INFO] running `Command { std: "docker" "inspect" "659f1ccd0029dc3938e656c913b78269ab8d810cc6f48c3305c85a2d75f4e78a", kill_on_drop: false }`
[INFO] running `Command { std: "docker" "rm" "-f" "659f1ccd0029dc3938e656c913b78269ab8d810cc6f48c3305c85a2d75f4e78a", kill_on_drop: false }`
[INFO] [stdout] 659f1ccd0029dc3938e656c913b78269ab8d810cc6f48c3305c85a2d75f4e78a
[INFO] running `Command { std: "docker" "create" "-v" "/var/lib/crater-agent-workspace/builds/worker-5-tc2/target:/opt/rustwide/target:rw,Z" "-v" "/var/lib/crater-agent-workspace/builds/worker-5-tc2/source:/opt/rustwide/workdir:ro,Z" "-v" "/var/lib/crater-agent-workspace/cargo-home:/opt/rustwide/cargo-home:ro,Z" "-v" "/var/lib/crater-agent-workspace/rustup-home:/opt/rustwide/rustup-home:ro,Z" "-e" "SOURCE_DIR=/opt/rustwide/workdir" "-e" "CARGO_TARGET_DIR=/opt/rustwide/target" "-e" "CARGO_INCREMENTAL=0" "-e" "RUST_BACKTRACE=full" "-e" "RUSTFLAGS=--cap-lints=warn" "-e" "RUSTDOCFLAGS=--cap-lints=warn" "-e" "CARGO_HOME=/opt/rustwide/cargo-home" "-e" "RUSTUP_HOME=/opt/rustwide/rustup-home" "-w" "/opt/rustwide/workdir" "-m" "1610612736" "--user" "0:0" "--network" "none" "ghcr.io/rust-lang/crates-build-env/linux@sha256:2788e3201cd34a07e3172128adcd8b3090168a8e3bcc40d7c032b9dda1df7d1c" "/opt/rustwide/cargo-home/bin/cargo" "+beta-2023-12-22" "build" "--frozen" "--message-format=json", kill_on_drop: false }`
[INFO] [stdout] c2a7a97b5340d6216b82b029a02d8b0fbb13c68ce6016aa744d09000384bfdb6
[INFO] running `Command { std: "docker" "start" "-a" "c2a7a97b5340d6216b82b029a02d8b0fbb13c68ce6016aa744d09000384bfdb6", kill_on_drop: false }`
[INFO] [stderr]    Compiling x86_64-xsave v0.1.3 (/opt/rustwide/workdir)
[INFO] [stdout] error[E0432]: unresolved import `std::alloc::Alloc`
[INFO] [stdout]   --> src/lib.rs:62:5
[INFO] [stdout]    |
[INFO] [stdout] 62 | use ::std::alloc::Alloc;
[INFO] [stdout]    |     ^^^^^^^^^^^^^^-----
[INFO] [stdout]    |     |             |
[INFO] [stdout]    |     |             help: a similar name exists in the module: `alloc`
[INFO] [stdout]    |     no `Alloc` in `alloc`
[INFO] [stdout] 
[INFO] [stdout] 
[INFO] [stdout] error: cannot find macro `asm` in this scope
[INFO] [stdout]   --> src/fxsave/domain/X87FloatingPointUnitControlWord.rs:24:4
[INFO] [stdout]    |
[INFO] [stdout] 24 |             asm!
[INFO] [stdout]    |             ^^^
[INFO] [stdout]    |
[INFO] [stdout] help: consider importing one of these items
[INFO] [stdout]   --> src/fxsave/domain/mod.rs:5:1
[INFO] [stdout]    |
[INFO] [stdout] 5  + use core::arch::asm;
[INFO] [stdout]   --> src/fxsave/domain/mod.rs:5:1
[INFO] [stdout]    |
[INFO] [stdout] 5  + use std::arch::asm;
[INFO] [stdout]    |
[INFO] [stdout] 
[INFO] [stdout] 
[INFO] [stdout] error: cannot find macro `asm` in this scope
[INFO] [stdout]   --> src/fxsave/domain/X87FloatingPointUnitControlWord.rs:55:4
[INFO] [stdout]    |
[INFO] [stdout] 55 |             asm!
[INFO] [stdout]    |             ^^^
[INFO] [stdout]    |
[INFO] [stdout] help: consider importing one of these items
[INFO] [stdout]   --> src/fxsave/domain/mod.rs:5:1
[INFO] [stdout]    |
[INFO] [stdout] 5  + use core::arch::asm;
[INFO] [stdout]   --> src/fxsave/domain/mod.rs:5:1
[INFO] [stdout]    |
[INFO] [stdout] 5  + use std::arch::asm;
[INFO] [stdout]    |
[INFO] [stdout] 
[INFO] [stdout] 
[INFO] [stdout] error: cannot find macro `asm` in this scope
[INFO] [stdout]   --> src/fxsave/domain/X87FloatingPointUnitControlWord.rs:84:4
[INFO] [stdout]    |
[INFO] [stdout] 84 |             asm!
[INFO] [stdout]    |             ^^^
[INFO] [stdout]    |
[INFO] [stdout] help: consider importing one of these items
[INFO] [stdout]   --> src/fxsave/domain/mod.rs:5:1
[INFO] [stdout]    |
[INFO] [stdout] 5  + use core::arch::asm;
[INFO] [stdout]   --> src/fxsave/domain/mod.rs:5:1
[INFO] [stdout]    |
[INFO] [stdout] 5  + use std::arch::asm;
[INFO] [stdout]    |
[INFO] [stdout] 
[INFO] [stdout] 
[INFO] [stdout] error: cannot find macro `asm` in this scope
[INFO] [stdout]   --> src/fxsave/domain/X87FloatingPointUnitStatusWord.rs:24:4
[INFO] [stdout]    |
[INFO] [stdout] 24 |             asm!
[INFO] [stdout]    |             ^^^
[INFO] [stdout]    |
[INFO] [stdout] help: consider importing one of these items
[INFO] [stdout]   --> src/fxsave/domain/mod.rs:5:1
[INFO] [stdout]    |
[INFO] [stdout] 5  + use core::arch::asm;
[INFO] [stdout]   --> src/fxsave/domain/mod.rs:5:1
[INFO] [stdout]    |
[INFO] [stdout] 5  + use std::arch::asm;
[INFO] [stdout]    |
[INFO] [stdout] 
[INFO] [stdout] 
[INFO] [stdout] error: cannot find macro `asm` in this scope
[INFO] [stdout]   --> src/fxsave/domain/X87FloatingPointUnitStatusWord.rs:55:4
[INFO] [stdout]    |
[INFO] [stdout] 55 |             asm!
[INFO] [stdout]    |             ^^^
[INFO] [stdout]    |
[INFO] [stdout] help: consider importing one of these items
[INFO] [stdout]   --> src/fxsave/domain/mod.rs:5:1
[INFO] [stdout]    |
[INFO] [stdout] 5  + use core::arch::asm;
[INFO] [stdout]   --> src/fxsave/domain/mod.rs:5:1
[INFO] [stdout]    |
[INFO] [stdout] 5  + use std::arch::asm;
[INFO] [stdout]    |
[INFO] [stdout] 
[INFO] [stdout] 
[INFO] [stdout] error[E0554]: `#![feature]` may not be used on the beta release channel
[INFO] [stdout]   --> src/lib.rs:10:1
[INFO] [stdout]    |
[INFO] [stdout] 10 | #![feature(allocator_api)]
[INFO] [stdout]    | ^^^^^^^^^^^^^^^^^^^^^^^^^^
[INFO] [stdout] 
[INFO] [stdout] 
[INFO] [stdout] error[E0554]: `#![feature]` may not be used on the beta release channel
[INFO] [stdout]   --> src/lib.rs:11:1
[INFO] [stdout]    |
[INFO] [stdout] 11 | #![feature(asm)]
[INFO] [stdout]    | ^^^^^^^^^^^^^^^^
[INFO] [stdout] 
[INFO] [stdout] 
[INFO] [stdout] error[E0554]: `#![feature]` may not be used on the beta release channel
[INFO] [stdout]   --> src/lib.rs:12:1
[INFO] [stdout]    |
[INFO] [stdout] 12 | #![feature(extern_types)]
[INFO] [stdout]    | ^^^^^^^^^^^^^^^^^^^^^^^^^
[INFO] [stdout] 
[INFO] [stdout] 
[INFO] [stdout] error[E0554]: `#![feature]` may not be used on the beta release channel
[INFO] [stdout]   --> src/lib.rs:13:1
[INFO] [stdout]    |
[INFO] [stdout] 13 | #![feature(stdsimd)]
[INFO] [stdout]    | ^^^^^^^^^^^^^^^^^^^^
[INFO] [stdout] 
[INFO] [stdout] 
[INFO] [stdout] warning: use of deprecated function `std::arch::x86_64::_mm_getcsr`: see `_mm_getcsr` documentation - use inline assembly instead
[INFO] [stdout]   --> src/lib.rs:48:86
[INFO] [stdout]    |
[INFO] [stdout] 48 | #[cfg(all(target_arch = "x86_64", target_feature = "sse"))] use ::std::arch::x86_64::_mm_getcsr;
[INFO] [stdout]    |                                                                                      ^^^^^^^^^^
[INFO] [stdout]    |
[INFO] [stdout]    = note: `#[warn(deprecated)]` on by default
[INFO] [stdout] 
[INFO] [stdout] 
[INFO] [stdout] warning: use of deprecated function `std::arch::x86_64::_mm_setcsr`: see `_mm_setcsr` documentation - use inline assembly instead
[INFO] [stdout]   --> src/lib.rs:49:86
[INFO] [stdout]    |
[INFO] [stdout] 49 | #[cfg(all(target_arch = "x86_64", target_feature = "sse"))] use ::std::arch::x86_64::_mm_setcsr;
[INFO] [stdout]    |                                                                                      ^^^^^^^^^^
[INFO] [stdout] 
[INFO] [stdout] 
[INFO] [stdout] warning: use of deprecated function `std::mem::uninitialized`: use `mem::MaybeUninit` instead
[INFO] [stdout]   --> src/lib.rs:71:17
[INFO] [stdout]    |
[INFO] [stdout] 71 | use ::std::mem::uninitialized;
[INFO] [stdout]    |                 ^^^^^^^^^^^^^
[INFO] [stdout] 
[INFO] [stdout] 
[INFO] [stdout] warning: use of deprecated function `std::arch::x86_64::_mm_getcsr`: see `_mm_getcsr` documentation - use inline assembly instead
[INFO] [stdout]   --> src/MxcsrRegisterValue.rs:23:31
[INFO] [stdout]    |
[INFO] [stdout] 23 |         MxcsrRegisterValue(unsafe { _mm_getcsr() })
[INFO] [stdout]    |                                     ^^^^^^^^^^
[INFO] [stdout] 
[INFO] [stdout] 
[INFO] [stdout] warning: use of deprecated function `std::arch::x86_64::_mm_setcsr`: see `_mm_setcsr` documentation - use inline assembly instead
[INFO] [stdout]   --> src/MxcsrRegisterValue.rs:33:12
[INFO] [stdout]    |
[INFO] [stdout] 33 |         unsafe { _mm_setcsr(self.0) }
[INFO] [stdout]    |                  ^^^^^^^^^^
[INFO] [stdout] 
[INFO] [stdout] 
[INFO] [stdout] warning: use of deprecated function `std::arch::x86_64::_mm_getcsr`: see `_mm_getcsr` documentation - use inline assembly instead
[INFO] [stdout]   --> src/MxcsrRegisterValue.rs:41:39
[INFO] [stdout]    |
[INFO] [stdout] 41 |         *self = MxcsrRegisterValue(unsafe { _mm_getcsr() });
[INFO] [stdout]    |                                             ^^^^^^^^^^
[INFO] [stdout] 
[INFO] [stdout] 
[INFO] [stdout] warning: use of deprecated function `std::mem::uninitialized`: use `mem::MaybeUninit` instead
[INFO] [stdout]   --> src/fxsave/FXSaveArea.rs:57:27
[INFO] [stdout]    |
[INFO] [stdout] 57 |         let mut this = unsafe { uninitialized() };
[INFO] [stdout]    |                                 ^^^^^^^^^^^^^
[INFO] [stdout] 
[INFO] [stdout] 
[INFO] [stdout] warning: use of deprecated function `std::mem::uninitialized`: use `mem::MaybeUninit` instead
[INFO] [stdout]   --> src/fxsave/domain/X87FloatingPointUnitControlWord.rs:19:40
[INFO] [stdout]    |
[INFO] [stdout] 19 |         let mut control_word: u16 = unsafe { uninitialized() };
[INFO] [stdout]    |                                              ^^^^^^^^^^^^^
[INFO] [stdout] 
[INFO] [stdout] 
[INFO] [stdout] warning: use of deprecated function `std::mem::uninitialized`: use `mem::MaybeUninit` instead
[INFO] [stdout]   --> src/fxsave/domain/X87FloatingPointUnitControlWord.rs:50:40
[INFO] [stdout]    |
[INFO] [stdout] 50 |         let mut control_word: u16 = unsafe { uninitialized() };
[INFO] [stdout]    |                                              ^^^^^^^^^^^^^
[INFO] [stdout] 
[INFO] [stdout] 
[INFO] [stdout] warning: use of deprecated function `std::mem::uninitialized`: use `mem::MaybeUninit` instead
[INFO] [stdout]   --> src/fxsave/domain/X87FloatingPointUnitStatusWord.rs:19:40
[INFO] [stdout]    |
[INFO] [stdout] 19 |         let mut control_word: u16 = unsafe { uninitialized() };
[INFO] [stdout]    |                                              ^^^^^^^^^^^^^
[INFO] [stdout] 
[INFO] [stdout] 
[INFO] [stdout] warning: use of deprecated function `std::mem::uninitialized`: use `mem::MaybeUninit` instead
[INFO] [stdout]   --> src/fxsave/domain/X87FloatingPointUnitStatusWord.rs:50:40
[INFO] [stdout]    |
[INFO] [stdout] 50 |         let mut control_word: u16 = unsafe { uninitialized() };
[INFO] [stdout]    |                                              ^^^^^^^^^^^^^
[INFO] [stdout] 
[INFO] [stdout] 
[INFO] [stdout] error[E0554]: `#![feature]` may not be used on the beta release channel
[INFO] [stdout]   --> src/lib.rs:10:12
[INFO] [stdout]    |
[INFO] [stdout] 10 | #![feature(allocator_api)]
[INFO] [stdout]    |            ^^^^^^^^^^^^^
[INFO] [stdout] 
[INFO] [stdout] 
[INFO] [stdout] error[E0554]: `#![feature]` may not be used on the beta release channel
[INFO] [stdout]   --> src/lib.rs:11:12
[INFO] [stdout]    |
[INFO] [stdout] 11 | #![feature(asm)]
[INFO] [stdout]    |            ^^^
[INFO] [stdout] 
[INFO] [stdout] 
[INFO] [stdout] error[E0554]: `#![feature]` may not be used on the beta release channel
[INFO] [stdout]   --> src/lib.rs:13:12
[INFO] [stdout]    |
[INFO] [stdout] 13 | #![feature(stdsimd)]
[INFO] [stdout]    |            ^^^^^^^
[INFO] [stdout] 
[INFO] [stdout] 
[INFO] [stdout] warning: the feature `asm` has been stable since 1.59.0 and no longer requires an attribute to enable
[INFO] [stdout]   --> src/lib.rs:11:12
[INFO] [stdout]    |
[INFO] [stdout] 11 | #![feature(asm)]
[INFO] [stdout]    |            ^^^
[INFO] [stdout]    |
[INFO] [stdout]    = note: `#[warn(stable_features)]` on by default
[INFO] [stdout] 
[INFO] [stdout] 
[INFO] [stdout] error: aborting due to 13 previous errors; 12 warnings emitted
[INFO] [stdout] 
[INFO] [stdout] 
[INFO] [stdout] Some errors have detailed explanations: E0432, E0554.
[INFO] [stdout] 
[INFO] [stdout] For more information about an error, try `rustc --explain E0432`.
[INFO] [stdout] 
[INFO] [stderr] error: could not compile `x86_64-xsave` (lib) due to 14 previous errors; 12 warnings emitted
[INFO] running `Command { std: "docker" "inspect" "c2a7a97b5340d6216b82b029a02d8b0fbb13c68ce6016aa744d09000384bfdb6", kill_on_drop: false }`
[INFO] running `Command { std: "docker" "rm" "-f" "c2a7a97b5340d6216b82b029a02d8b0fbb13c68ce6016aa744d09000384bfdb6", kill_on_drop: false }`
[INFO] [stdout] c2a7a97b5340d6216b82b029a02d8b0fbb13c68ce6016aa744d09000384bfdb6
