[INFO] fetching crate x509-path-finder 0.7.1...
[INFO] testing x509-path-finder-0.7.1 against 1.75.0 for beta-1.76-1
[INFO] extracting crate x509-path-finder 0.7.1 into /workspace/builds/worker-4-tc1/source
[INFO] validating manifest of crates.io crate x509-path-finder 0.7.1 on toolchain 1.75.0
[INFO] running `Command { std: CARGO_HOME="/workspace/cargo-home" RUSTUP_HOME="/workspace/rustup-home" "/workspace/cargo-home/bin/cargo" "+1.75.0" "metadata" "--manifest-path" "Cargo.toml" "--no-deps", kill_on_drop: false }`
[INFO] started tweaking crates.io crate x509-path-finder 0.7.1
[INFO] finished tweaking crates.io crate x509-path-finder 0.7.1
[INFO] tweaked toml for crates.io crate x509-path-finder 0.7.1 written to /workspace/builds/worker-4-tc1/source/Cargo.toml
[INFO] running `Command { std: CARGO_HOME="/workspace/cargo-home" RUSTUP_HOME="/workspace/rustup-home" "/workspace/cargo-home/bin/cargo" "+1.75.0" "generate-lockfile" "--manifest-path" "Cargo.toml", kill_on_drop: false }`
[INFO] [stderr]     Updating crates.io index
[INFO] running `Command { std: CARGO_HOME="/workspace/cargo-home" RUSTUP_HOME="/workspace/rustup-home" "/workspace/cargo-home/bin/cargo" "+1.75.0" "fetch" "--manifest-path" "Cargo.toml", kill_on_drop: false }`
[INFO] [stderr]  Downloading crates ...
[INFO] [stderr]   Downloaded x509-client v2.0.1
[INFO] [stderr]   Downloaded cms v0.2.2
[INFO] running `Command { std: "docker" "create" "-v" "/var/lib/crater-agent-workspace/builds/worker-4-tc1/target:/opt/rustwide/target:rw,Z" "-v" "/var/lib/crater-agent-workspace/builds/worker-4-tc1/source:/opt/rustwide/workdir:ro,Z" "-v" "/var/lib/crater-agent-workspace/cargo-home:/opt/rustwide/cargo-home:ro,Z" "-v" "/var/lib/crater-agent-workspace/rustup-home:/opt/rustwide/rustup-home:ro,Z" "-e" "SOURCE_DIR=/opt/rustwide/workdir" "-e" "CARGO_TARGET_DIR=/opt/rustwide/target" "-e" "CARGO_HOME=/opt/rustwide/cargo-home" "-e" "RUSTUP_HOME=/opt/rustwide/rustup-home" "-w" "/opt/rustwide/workdir" "-m" "1610612736" "--user" "0:0" "--network" "none" "ghcr.io/rust-lang/crates-build-env/linux@sha256:2788e3201cd34a07e3172128adcd8b3090168a8e3bcc40d7c032b9dda1df7d1c" "/opt/rustwide/cargo-home/bin/cargo" "+1.75.0" "metadata" "--no-deps" "--format-version=1", kill_on_drop: false }`
[INFO] [stdout] 1563f553de7901d160c95660ac01a1eeec56e1a5370031d0dc13d515a39d7616
[INFO] running `Command { std: "docker" "start" "-a" "1563f553de7901d160c95660ac01a1eeec56e1a5370031d0dc13d515a39d7616", kill_on_drop: false }`
[INFO] running `Command { std: "docker" "inspect" "1563f553de7901d160c95660ac01a1eeec56e1a5370031d0dc13d515a39d7616", kill_on_drop: false }`
[INFO] running `Command { std: "docker" "rm" "-f" "1563f553de7901d160c95660ac01a1eeec56e1a5370031d0dc13d515a39d7616", kill_on_drop: false }`
[INFO] [stdout] 1563f553de7901d160c95660ac01a1eeec56e1a5370031d0dc13d515a39d7616
[INFO] running `Command { std: "docker" "create" "-v" "/var/lib/crater-agent-workspace/builds/worker-4-tc1/target:/opt/rustwide/target:rw,Z" "-v" "/var/lib/crater-agent-workspace/builds/worker-4-tc1/source:/opt/rustwide/workdir:ro,Z" "-v" "/var/lib/crater-agent-workspace/cargo-home:/opt/rustwide/cargo-home:ro,Z" "-v" "/var/lib/crater-agent-workspace/rustup-home:/opt/rustwide/rustup-home:ro,Z" "-e" "SOURCE_DIR=/opt/rustwide/workdir" "-e" "CARGO_TARGET_DIR=/opt/rustwide/target" "-e" "CARGO_INCREMENTAL=0" "-e" "RUST_BACKTRACE=full" "-e" "RUSTFLAGS=--cap-lints=warn" "-e" "RUSTDOCFLAGS=--cap-lints=warn" "-e" "CARGO_HOME=/opt/rustwide/cargo-home" "-e" "RUSTUP_HOME=/opt/rustwide/rustup-home" "-w" "/opt/rustwide/workdir" "-m" "1610612736" "--user" "0:0" "--network" "none" "ghcr.io/rust-lang/crates-build-env/linux@sha256:2788e3201cd34a07e3172128adcd8b3090168a8e3bcc40d7c032b9dda1df7d1c" "/opt/rustwide/cargo-home/bin/cargo" "+1.75.0" "build" "--frozen" "--message-format=json", kill_on_drop: false }`
[INFO] [stdout] d9fc8aaf33f5d4779a1b549db311d42fcc513da9945b3f368f52be8a1ec2397e
[INFO] running `Command { std: "docker" "start" "-a" "d9fc8aaf33f5d4779a1b549db311d42fcc513da9945b3f368f52be8a1ec2397e", kill_on_drop: false }`
[INFO] [stderr]    Compiling libc v0.2.151
[INFO] [stderr]    Compiling proc-macro2 v1.0.75
[INFO] [stderr]    Compiling unicode-ident v1.0.12
[INFO] [stderr]    Compiling vcpkg v0.2.15
[INFO] [stderr]    Compiling once_cell v1.19.0
[INFO] [stderr]    Compiling pkg-config v0.3.28
[INFO] [stderr]    Compiling cfg-if v1.0.0
[INFO] [stderr]    Compiling pin-project-lite v0.2.13
[INFO] [stderr]    Compiling bytes v1.5.0
[INFO] [stderr]    Compiling futures-core v0.3.30
[INFO] [stderr]    Compiling itoa v1.0.10
[INFO] [stderr]    Compiling autocfg v1.1.0
[INFO] [stderr]    Compiling tracing-core v0.1.32
[INFO] [stderr]    Compiling slab v0.4.9
[INFO] [stderr]    Compiling version_check v0.9.4
[INFO] [stderr]    Compiling openssl v0.10.62
[INFO] [stderr]    Compiling quote v1.0.35
[INFO] [stderr]    Compiling typenum v1.17.0
[INFO] [stderr]    Compiling fnv v1.0.7
[INFO] [stderr]    Compiling cc v1.0.83
[INFO] [stderr]    Compiling generic-array v0.14.7
[INFO] [stderr]    Compiling http v0.2.11
[INFO] [stderr]    Compiling syn v2.0.48
[INFO] [stderr]    Compiling mio v0.8.10
[INFO] [stderr]    Compiling socket2 v0.5.5
[INFO] [stderr]    Compiling tracing v0.1.40
[INFO] [stderr]    Compiling hashbrown v0.14.3
[INFO] [stderr]    Compiling httparse v1.8.0
[INFO] [stderr]    Compiling futures-task v0.3.30
[INFO] [stderr]    Compiling futures-sink v0.3.30
[INFO] [stderr]    Compiling tokio v1.35.1
[INFO] [stderr]    Compiling base64ct v1.6.0
[INFO] [stderr]    Compiling native-tls v0.2.11
[INFO] [stderr]    Compiling equivalent v1.0.1
[INFO] [stderr]    Compiling bitflags v2.4.1
[INFO] [stderr]    Compiling pin-utils v0.1.0
[INFO] [stderr]    Compiling tinyvec_macros v0.1.1
[INFO] [stderr]    Compiling indexmap v2.1.0
[INFO] [stderr]    Compiling tinyvec v1.6.0
[INFO] [stderr]    Compiling futures-util v0.3.30
[INFO] [stderr]    Compiling pem-rfc7468 v0.7.0
[INFO] [stderr]    Compiling openssl-sys v0.9.98
[INFO] [stderr]    Compiling serde v1.0.194
[INFO] [stderr]    Compiling flagset v0.4.4
[INFO] [stderr]    Compiling log v0.4.20
[INFO] [stderr]    Compiling const-oid v0.9.6
[INFO] [stderr]    Compiling openssl-probe v0.1.5
[INFO] [stderr]    Compiling percent-encoding v2.3.1
[INFO] [stderr]    Compiling zeroize v1.7.0
[INFO] [stderr]    Compiling try-lock v0.2.5
[INFO] [stderr]    Compiling form_urlencoded v1.2.1
[INFO] [stderr]    Compiling want v0.3.1
[INFO] [stderr]    Compiling unicode-normalization v0.1.22
[INFO] [stderr]    Compiling http-body v0.4.6
[INFO] [stderr]    Compiling futures-channel v0.3.30
[INFO] [stderr]    Compiling unicode-bidi v0.3.14
[INFO] [stderr]    Compiling tower-service v0.3.2
[INFO] [stderr]    Compiling httpdate v1.0.3
[INFO] [stderr]    Compiling ring v0.17.7
[INFO] [stderr]    Compiling async-trait v0.1.77
[INFO] [stderr]    Compiling ryu v1.0.16
[INFO] [stderr]    Compiling idna v0.5.0
[INFO] [stderr]    Compiling block-buffer v0.10.4
[INFO] [stderr]    Compiling crypto-common v0.1.6
[INFO] [stderr]    Compiling getrandom v0.2.11
[INFO] [stderr]    Compiling encoding_rs v0.8.33
[INFO] [stderr]    Compiling untrusted v0.9.0
[INFO] [stderr]    Compiling ipnet v2.9.0
[INFO] [stderr]    Compiling spin v0.9.8
[INFO] [stderr]    Compiling tokio-util v0.7.10
[INFO] [stderr]    Compiling h2 v0.3.22
[INFO] [stderr]    Compiling url v2.5.0
[INFO] [stderr]    Compiling base64 v0.21.5
[INFO] [stderr]    Compiling mime v0.3.17
[INFO] [stderr]    Compiling digest v0.10.7
[INFO] [stderr]    Compiling cpufeatures v0.2.12
[INFO] [stderr]    Compiling sha2 v0.10.8
[INFO] [stderr]    Compiling openssl-macros v0.1.1
[INFO] [stderr]    Compiling der_derive v0.7.2
[INFO] [stderr]    Compiling serde_urlencoded v0.7.1
[INFO] [stderr]    Compiling hyper v0.14.28
[INFO] [stderr]    Compiling der v0.7.8
[INFO] [stderr]    Compiling rustls-webpki v0.101.7
[INFO] [stderr]    Compiling spki v0.7.3
[INFO] [stderr]    Compiling x509-cert v0.2.5
[INFO] [stderr]    Compiling tokio-native-tls v0.3.1
[INFO] [stderr]    Compiling hyper-tls v0.5.0
[INFO] [stderr]    Compiling reqwest v0.11.23
[INFO] [stderr]    Compiling cms v0.2.2
[INFO] [stderr]    Compiling x509-client v2.0.1
[INFO] [stderr]    Compiling x509-path-finder v0.7.1 (/opt/rustwide/workdir)
[INFO] [stderr]     Finished dev [unoptimized + debuginfo] target(s) in 20.53s
[INFO] running `Command { std: "docker" "inspect" "d9fc8aaf33f5d4779a1b549db311d42fcc513da9945b3f368f52be8a1ec2397e", kill_on_drop: false }`
[INFO] running `Command { std: "docker" "rm" "-f" "d9fc8aaf33f5d4779a1b549db311d42fcc513da9945b3f368f52be8a1ec2397e", kill_on_drop: false }`
[INFO] [stdout] d9fc8aaf33f5d4779a1b549db311d42fcc513da9945b3f368f52be8a1ec2397e
[INFO] running `Command { std: "docker" "create" "-v" "/var/lib/crater-agent-workspace/builds/worker-4-tc1/target:/opt/rustwide/target:rw,Z" "-v" "/var/lib/crater-agent-workspace/builds/worker-4-tc1/source:/opt/rustwide/workdir:ro,Z" "-v" "/var/lib/crater-agent-workspace/cargo-home:/opt/rustwide/cargo-home:ro,Z" "-v" "/var/lib/crater-agent-workspace/rustup-home:/opt/rustwide/rustup-home:ro,Z" "-e" "SOURCE_DIR=/opt/rustwide/workdir" "-e" "CARGO_TARGET_DIR=/opt/rustwide/target" "-e" "CARGO_INCREMENTAL=0" "-e" "RUST_BACKTRACE=full" "-e" "RUSTFLAGS=--cap-lints=warn" "-e" "RUSTDOCFLAGS=--cap-lints=warn" "-e" "CARGO_HOME=/opt/rustwide/cargo-home" "-e" "RUSTUP_HOME=/opt/rustwide/rustup-home" "-w" "/opt/rustwide/workdir" "-m" "1610612736" "--user" "0:0" "--network" "none" "ghcr.io/rust-lang/crates-build-env/linux@sha256:2788e3201cd34a07e3172128adcd8b3090168a8e3bcc40d7c032b9dda1df7d1c" "/opt/rustwide/cargo-home/bin/cargo" "+1.75.0" "test" "--frozen" "--no-run" "--message-format=json", kill_on_drop: false }`
[INFO] [stdout] de2ef3a3375c54b3f9b0e390103c53e2aa4282e19074ce3055d1e1e316b24238
[INFO] running `Command { std: "docker" "start" "-a" "de2ef3a3375c54b3f9b0e390103c53e2aa4282e19074ce3055d1e1e316b24238", kill_on_drop: false }`
[INFO] [stderr]    Compiling lock_api v0.4.11
[INFO] [stderr]    Compiling parking_lot_core v0.9.9
[INFO] [stderr]    Compiling scopeguard v1.2.0
[INFO] [stderr]    Compiling smallvec v1.11.2
[INFO] [stderr]    Compiling signal-hook-registry v1.4.1
[INFO] [stderr]    Compiling num_cpus v1.16.0
[INFO] [stderr]    Compiling openssl-src v300.2.1+3.2.0
[INFO] [stderr]    Compiling tokio-macros v2.2.0
[INFO] [stderr]    Compiling openssl v0.10.62
[INFO] [stderr]    Compiling openssl-sys v0.9.98
[INFO] [stderr]    Compiling parking_lot v0.12.1
[INFO] [stderr]    Compiling tokio v1.35.1
[INFO] [stderr]    Compiling tokio-util v0.7.10
[INFO] [stderr]    Compiling h2 v0.3.22
[INFO] [stderr]    Compiling hyper v0.14.28
[INFO] [stderr]    Compiling native-tls v0.2.11
[INFO] [stderr]    Compiling tokio-native-tls v0.3.1
[INFO] [stderr]    Compiling hyper-tls v0.5.0
[INFO] [stderr]    Compiling reqwest v0.11.23
[INFO] [stderr]    Compiling x509-client v2.0.1
[INFO] [stderr]    Compiling x509-path-finder v0.7.1 (/opt/rustwide/workdir)
[INFO] [stdout] error[E0433]: failed to resolve: use of undeclared crate or module `x509_path_finder_material`
[INFO] [stdout]  --> tests/generator/main.rs:6:5
[INFO] [stdout]   |
[INFO] [stdout] 6 | use x509_path_finder_material::generate::CertificatePathGenerator;
[INFO] [stdout]   |     ^^^^^^^^^^^^^^^^^^^^^^^^^ use of undeclared crate or module `x509_path_finder_material`
[INFO] [stdout] 
[INFO] [stdout] 
[INFO] [stdout] warning: unused import: `der::Encode`
[INFO] [stdout]  --> tests/generator/main.rs:1:5
[INFO] [stdout]   |
[INFO] [stdout] 1 | use der::Encode;
[INFO] [stdout]   |     ^^^^^^^^^^^
[INFO] [stdout]   |
[INFO] [stdout]   = note: `#[warn(unused_imports)]` on by default
[INFO] [stdout] 
[INFO] [stdout] 
[INFO] [stdout] error: aborting due to previous error; 1 warning emitted
[INFO] [stdout] 
[INFO] [stdout] 
[INFO] [stdout] For more information about this error, try `rustc --explain E0433`.
[INFO] [stdout] 
[INFO] [stderr] error: could not compile `x509-path-finder` (test "generator") due to 2 previous errors; 1 warning emitted
[INFO] [stderr] warning: build failed, waiting for other jobs to finish...
[INFO] [stdout] error[E0433]: failed to resolve: use of undeclared crate or module `x509_path_finder_material`
[INFO] [stdout]  --> tests/default/validator.rs:5:5
[INFO] [stdout]   |
[INFO] [stdout] 5 | use x509_path_finder_material::generate::CertificatePathGenerator;
[INFO] [stdout]   |     ^^^^^^^^^^^^^^^^^^^^^^^^^ use of undeclared crate or module `x509_path_finder_material`
[INFO] [stdout] 
[INFO] [stdout] 
[INFO] [stdout] warning: unused import: `der::Encode`
[INFO] [stdout]  --> tests/default/validator.rs:1:5
[INFO] [stdout]   |
[INFO] [stdout] 1 | use der::Encode;
[INFO] [stdout]   |     ^^^^^^^^^^^
[INFO] [stdout]   |
[INFO] [stdout]   = note: `#[warn(unused_imports)]` on by default
[INFO] [stdout] 
[INFO] [stdout] 
[INFO] [stdout] error: aborting due to previous error; 1 warning emitted
[INFO] [stdout] 
[INFO] [stdout] 
[INFO] [stdout] For more information about this error, try `rustc --explain E0433`.
[INFO] [stdout] 
[INFO] [stdout] error[E0433]: failed to resolve: use of undeclared crate or module `x509_path_finder_material`
[INFO] [stdout]  --> src/tests/certificate.rs:4:5
[INFO] [stdout]   |
[INFO] [stdout] 4 | use x509_path_finder_material::generate::CertificatePathGenerator;
[INFO] [stdout]   |     ^^^^^^^^^^^^^^^^^^^^^^^^^ use of undeclared crate or module `x509_path_finder_material`
[INFO] [stdout] 
[INFO] [stdout] 
[INFO] [stdout] error[E0433]: failed to resolve: use of undeclared crate or module `x509_path_finder_material`
[INFO] [stdout]  --> src/tests/find.rs:8:5
[INFO] [stdout]   |
[INFO] [stdout] 8 | use x509_path_finder_material::generate::CertificatePathGenerator;
[INFO] [stdout]   |     ^^^^^^^^^^^^^^^^^^^^^^^^^ use of undeclared crate or module `x509_path_finder_material`
[INFO] [stdout] 
[INFO] [stdout] 
[INFO] [stdout] error[E0433]: failed to resolve: use of undeclared crate or module `x509_path_finder_material`
[INFO] [stdout]  --> src/tests/store.rs:4:5
[INFO] [stdout]   |
[INFO] [stdout] 4 | use x509_path_finder_material::generate::CertificatePathGenerator;
[INFO] [stdout]   |     ^^^^^^^^^^^^^^^^^^^^^^^^^ use of undeclared crate or module `x509_path_finder_material`
[INFO] [stdout] 
[INFO] [stdout] 
[INFO] [stderr] error: could not compile `x509-path-finder` (test "default") due to 2 previous errors; 1 warning emitted
[INFO] [stdout] error[E0282]: type annotations needed
[INFO] [stdout]   --> src/tests/certificate.rs:11:15
[INFO] [stdout]    |
[INFO] [stdout] 11 |         .map(|c| Arc::new(c).into())
[INFO] [stdout]    |               ^              ---- type must be known at this point
[INFO] [stdout]    |
[INFO] [stdout] help: consider giving this closure parameter an explicit type
[INFO] [stdout]    |
[INFO] [stdout] 11 |         .map(|c: /* Type */| Arc::new(c).into())
[INFO] [stdout]    |                ++++++++++++
[INFO] [stdout] 
[INFO] [stdout] 
[INFO] [stdout] error[E0282]: type annotations needed
[INFO] [stdout]   --> src/tests/certificate.rs:22:15
[INFO] [stdout]    |
[INFO] [stdout] 22 |         .map(|c| Arc::new(c).into())
[INFO] [stdout]    |               ^              ---- type must be known at this point
[INFO] [stdout]    |
[INFO] [stdout] help: consider giving this closure parameter an explicit type
[INFO] [stdout]    |
[INFO] [stdout] 22 |         .map(|c: /* Type */| Arc::new(c).into())
[INFO] [stdout]    |                ++++++++++++
[INFO] [stdout] 
[INFO] [stdout] 
[INFO] [stdout] error[E0282]: type annotations needed
[INFO] [stdout]   --> src/tests/store.rs:11:15
[INFO] [stdout]    |
[INFO] [stdout] 11 |         .map(|c| Arc::new(c).into())
[INFO] [stdout]    |               ^              ---- type must be known at this point
[INFO] [stdout]    |
[INFO] [stdout] help: consider giving this closure parameter an explicit type
[INFO] [stdout]    |
[INFO] [stdout] 11 |         .map(|c: /* Type */| Arc::new(c).into())
[INFO] [stdout]    |                ++++++++++++
[INFO] [stdout] 
[INFO] [stdout] 
[INFO] [stdout] error[E0282]: type annotations needed
[INFO] [stdout]   --> src/tests/store.rs:41:15
[INFO] [stdout]    |
[INFO] [stdout] 41 |         .map(|c| Arc::new(c).into())
[INFO] [stdout]    |               ^              ---- type must be known at this point
[INFO] [stdout]    |
[INFO] [stdout] help: consider giving this closure parameter an explicit type
[INFO] [stdout]    |
[INFO] [stdout] 41 |         .map(|c: /* Type */| Arc::new(c).into())
[INFO] [stdout]    |                ++++++++++++
[INFO] [stdout] 
[INFO] [stdout] 
[INFO] [stdout] error: aborting due to 7 previous errors
[INFO] [stdout] 
[INFO] [stdout] 
[INFO] [stdout] Some errors have detailed explanations: E0282, E0433.
[INFO] [stdout] 
[INFO] [stdout] For more information about an error, try `rustc --explain E0282`.
[INFO] [stdout] 
[INFO] [stderr] error: could not compile `x509-path-finder` (lib test) due to 8 previous errors
[INFO] running `Command { std: "docker" "inspect" "de2ef3a3375c54b3f9b0e390103c53e2aa4282e19074ce3055d1e1e316b24238", kill_on_drop: false }`
[INFO] running `Command { std: "docker" "rm" "-f" "de2ef3a3375c54b3f9b0e390103c53e2aa4282e19074ce3055d1e1e316b24238", kill_on_drop: false }`
[INFO] [stdout] de2ef3a3375c54b3f9b0e390103c53e2aa4282e19074ce3055d1e1e316b24238
