[INFO] fetching crate x2apic 0.4.3...
[INFO] testing x2apic-0.4.3 against 1.75.0 for beta-1.76-1
[INFO] extracting crate x2apic 0.4.3 into /workspace/builds/worker-0-tc1/source
[INFO] validating manifest of crates.io crate x2apic 0.4.3 on toolchain 1.75.0
[INFO] running `Command { std: CARGO_HOME="/workspace/cargo-home" RUSTUP_HOME="/workspace/rustup-home" "/workspace/cargo-home/bin/cargo" "+1.75.0" "metadata" "--manifest-path" "Cargo.toml" "--no-deps", kill_on_drop: false }`
[INFO] started tweaking crates.io crate x2apic 0.4.3
[INFO] finished tweaking crates.io crate x2apic 0.4.3
[INFO] tweaked toml for crates.io crate x2apic 0.4.3 written to /workspace/builds/worker-0-tc1/source/Cargo.toml
[INFO] running `Command { std: CARGO_HOME="/workspace/cargo-home" RUSTUP_HOME="/workspace/rustup-home" "/workspace/cargo-home/bin/cargo" "+1.75.0" "generate-lockfile" "--manifest-path" "Cargo.toml", kill_on_drop: false }`
[INFO] [stderr]     Updating crates.io index
[INFO] running `Command { std: CARGO_HOME="/workspace/cargo-home" RUSTUP_HOME="/workspace/rustup-home" "/workspace/cargo-home/bin/cargo" "+1.75.0" "fetch" "--manifest-path" "Cargo.toml", kill_on_drop: false }`
[INFO] [stderr]  Downloading crates ...
[INFO] [stderr]   Downloaded bit v0.1.1
[INFO] running `Command { std: "docker" "create" "-v" "/var/lib/crater-agent-workspace/builds/worker-0-tc1/target:/opt/rustwide/target:rw,Z" "-v" "/var/lib/crater-agent-workspace/builds/worker-0-tc1/source:/opt/rustwide/workdir:ro,Z" "-v" "/var/lib/crater-agent-workspace/cargo-home:/opt/rustwide/cargo-home:ro,Z" "-v" "/var/lib/crater-agent-workspace/rustup-home:/opt/rustwide/rustup-home:ro,Z" "-e" "SOURCE_DIR=/opt/rustwide/workdir" "-e" "CARGO_TARGET_DIR=/opt/rustwide/target" "-e" "CARGO_HOME=/opt/rustwide/cargo-home" "-e" "RUSTUP_HOME=/opt/rustwide/rustup-home" "-w" "/opt/rustwide/workdir" "-m" "1610612736" "--user" "0:0" "--network" "none" "ghcr.io/rust-lang/crates-build-env/linux@sha256:2788e3201cd34a07e3172128adcd8b3090168a8e3bcc40d7c032b9dda1df7d1c" "/opt/rustwide/cargo-home/bin/cargo" "+1.75.0" "metadata" "--no-deps" "--format-version=1", kill_on_drop: false }`
[INFO] [stdout] 475f4a4d776aa3266d5fdde1a84995e80343059d78533bc9032622b83094c3d2
[INFO] running `Command { std: "docker" "start" "-a" "475f4a4d776aa3266d5fdde1a84995e80343059d78533bc9032622b83094c3d2", kill_on_drop: false }`
[INFO] running `Command { std: "docker" "inspect" "475f4a4d776aa3266d5fdde1a84995e80343059d78533bc9032622b83094c3d2", kill_on_drop: false }`
[INFO] running `Command { std: "docker" "rm" "-f" "475f4a4d776aa3266d5fdde1a84995e80343059d78533bc9032622b83094c3d2", kill_on_drop: false }`
[INFO] [stdout] 475f4a4d776aa3266d5fdde1a84995e80343059d78533bc9032622b83094c3d2
[INFO] running `Command { std: "docker" "create" "-v" "/var/lib/crater-agent-workspace/builds/worker-0-tc1/target:/opt/rustwide/target:rw,Z" "-v" "/var/lib/crater-agent-workspace/builds/worker-0-tc1/source:/opt/rustwide/workdir:ro,Z" "-v" "/var/lib/crater-agent-workspace/cargo-home:/opt/rustwide/cargo-home:ro,Z" "-v" "/var/lib/crater-agent-workspace/rustup-home:/opt/rustwide/rustup-home:ro,Z" "-e" "SOURCE_DIR=/opt/rustwide/workdir" "-e" "CARGO_TARGET_DIR=/opt/rustwide/target" "-e" "CARGO_INCREMENTAL=0" "-e" "RUST_BACKTRACE=full" "-e" "RUSTFLAGS=--cap-lints=warn" "-e" "RUSTDOCFLAGS=--cap-lints=warn" "-e" "CARGO_HOME=/opt/rustwide/cargo-home" "-e" "RUSTUP_HOME=/opt/rustwide/rustup-home" "-w" "/opt/rustwide/workdir" "-m" "1610612736" "--user" "0:0" "--network" "none" "ghcr.io/rust-lang/crates-build-env/linux@sha256:2788e3201cd34a07e3172128adcd8b3090168a8e3bcc40d7c032b9dda1df7d1c" "/opt/rustwide/cargo-home/bin/cargo" "+1.75.0" "build" "--frozen" "--message-format=json", kill_on_drop: false }`
[INFO] [stdout] f26efe1e113fe5326363fdd71f07853fb63aef82b4319fe9d9cf5ae24c0f9c71
[INFO] running `Command { std: "docker" "start" "-a" "f26efe1e113fe5326363fdd71f07853fb63aef82b4319fe9d9cf5ae24c0f9c71", kill_on_drop: false }`
[INFO] [stderr]    Compiling rustversion v1.0.14
[INFO] [stderr]    Compiling paste v1.0.14
[INFO] [stderr]    Compiling bitflags v1.3.2
[INFO] [stderr]    Compiling volatile v0.4.6
[INFO] [stderr]    Compiling bitflags v2.4.1
[INFO] [stderr]    Compiling bit_field v0.10.2
[INFO] [stderr]    Compiling bit v0.1.1
[INFO] [stderr]    Compiling raw-cpuid v10.7.0
[INFO] [stderr]    Compiling x86_64 v0.14.11
[INFO] [stdout] error[E0554]: `#![feature]` may not be used on the stable release channel
[INFO] [stdout]  --> /opt/rustwide/cargo-home/registry/src/index.crates.io-6f17d22bba15001f/x86_64-0.14.11/src/lib.rs:5:35
[INFO] [stdout]   |
[INFO] [stdout] 5 | #![cfg_attr(feature = "const_fn", feature(const_mut_refs))] // GDT add_entry()
[INFO] [stdout]   |                                   ^^^^^^^^^^^^^^^^^^^^^^^
[INFO] [stdout] 
[INFO] [stdout] 
[INFO] [stdout] error[E0554]: `#![feature]` may not be used on the stable release channel
[INFO] [stdout]  --> /opt/rustwide/cargo-home/registry/src/index.crates.io-6f17d22bba15001f/x86_64-0.14.11/src/lib.rs:6:44
[INFO] [stdout]   |
[INFO] [stdout] 6 | #![cfg_attr(feature = "abi_x86_interrupt", feature(abi_x86_interrupt))]
[INFO] [stdout]   |                                            ^^^^^^^^^^^^^^^^^^^^^^^^^^
[INFO] [stdout] 
[INFO] [stdout] 
[INFO] [stdout] error[E0554]: `#![feature]` may not be used on the stable release channel
[INFO] [stdout]  --> /opt/rustwide/cargo-home/registry/src/index.crates.io-6f17d22bba15001f/x86_64-0.14.11/src/lib.rs:7:37
[INFO] [stdout]   |
[INFO] [stdout] 7 | #![cfg_attr(feature = "step_trait", feature(step_trait))]
[INFO] [stdout]   |                                     ^^^^^^^^^^^^^^^^^^^
[INFO] [stdout] 
[INFO] [stdout] 
[INFO] [stdout] error[E0554]: `#![feature]` may not be used on the stable release channel
[INFO] [stdout]  --> /opt/rustwide/cargo-home/registry/src/index.crates.io-6f17d22bba15001f/x86_64-0.14.11/src/lib.rs:7:45
[INFO] [stdout]   |
[INFO] [stdout] 7 | #![cfg_attr(feature = "step_trait", feature(step_trait))]
[INFO] [stdout]   |                                             ^^^^^^^^^^
[INFO] [stdout] 
[INFO] [stdout] 
[INFO] [stdout] error: aborting due to 4 previous errors
[INFO] [stdout] 
[INFO] [stdout] 
[INFO] [stdout] For more information about this error, try `rustc --explain E0554`.
[INFO] [stdout] 
[INFO] [stderr] error: could not compile `x86_64` (lib) due to 5 previous errors
[INFO] running `Command { std: "docker" "inspect" "f26efe1e113fe5326363fdd71f07853fb63aef82b4319fe9d9cf5ae24c0f9c71", kill_on_drop: false }`
[INFO] running `Command { std: "docker" "rm" "-f" "f26efe1e113fe5326363fdd71f07853fb63aef82b4319fe9d9cf5ae24c0f9c71", kill_on_drop: false }`
[INFO] [stdout] f26efe1e113fe5326363fdd71f07853fb63aef82b4319fe9d9cf5ae24c0f9c71
