[INFO] fetching crate x-com-lib 0.1.7...
[INFO] testing x-com-lib-0.1.7 against 1.75.0 for beta-1.76-1
[INFO] extracting crate x-com-lib 0.1.7 into /workspace/builds/worker-5-tc1/source
[INFO] validating manifest of crates.io crate x-com-lib 0.1.7 on toolchain 1.75.0
[INFO] running `Command { std: CARGO_HOME="/workspace/cargo-home" RUSTUP_HOME="/workspace/rustup-home" "/workspace/cargo-home/bin/cargo" "+1.75.0" "metadata" "--manifest-path" "Cargo.toml" "--no-deps", kill_on_drop: false }`
[INFO] started tweaking crates.io crate x-com-lib 0.1.7
[INFO] finished tweaking crates.io crate x-com-lib 0.1.7
[INFO] tweaked toml for crates.io crate x-com-lib 0.1.7 written to /workspace/builds/worker-5-tc1/source/Cargo.toml
[INFO] running `Command { std: CARGO_HOME="/workspace/cargo-home" RUSTUP_HOME="/workspace/rustup-home" "/workspace/cargo-home/bin/cargo" "+1.75.0" "generate-lockfile" "--manifest-path" "Cargo.toml", kill_on_drop: false }`
[INFO] [stderr]     Updating crates.io index
[INFO] running `Command { std: CARGO_HOME="/workspace/cargo-home" RUSTUP_HOME="/workspace/rustup-home" "/workspace/cargo-home/bin/cargo" "+1.75.0" "fetch" "--manifest-path" "Cargo.toml", kill_on_drop: false }`
[INFO] [stderr]  Downloading crates ...
[INFO] [stderr]   Downloaded protobuf-support v3.3.0
[INFO] [stderr]   Downloaded protobuf-parse v3.3.0
[INFO] [stderr]   Downloaded protobuf v3.3.0
[INFO] [stderr]   Downloaded x-common-lib v0.1.8
[INFO] running `Command { std: "docker" "create" "-v" "/var/lib/crater-agent-workspace/builds/worker-5-tc1/target:/opt/rustwide/target:rw,Z" "-v" "/var/lib/crater-agent-workspace/builds/worker-5-tc1/source:/opt/rustwide/workdir:ro,Z" "-v" "/var/lib/crater-agent-workspace/cargo-home:/opt/rustwide/cargo-home:ro,Z" "-v" "/var/lib/crater-agent-workspace/rustup-home:/opt/rustwide/rustup-home:ro,Z" "-e" "SOURCE_DIR=/opt/rustwide/workdir" "-e" "CARGO_TARGET_DIR=/opt/rustwide/target" "-e" "CARGO_HOME=/opt/rustwide/cargo-home" "-e" "RUSTUP_HOME=/opt/rustwide/rustup-home" "-w" "/opt/rustwide/workdir" "-m" "1610612736" "--user" "0:0" "--network" "none" "ghcr.io/rust-lang/crates-build-env/linux@sha256:2788e3201cd34a07e3172128adcd8b3090168a8e3bcc40d7c032b9dda1df7d1c" "/opt/rustwide/cargo-home/bin/cargo" "+1.75.0" "metadata" "--no-deps" "--format-version=1", kill_on_drop: false }`
[INFO] [stdout] 4d4fff16cca160f346a3ba81a1253be76f6eaa5c6c22126daa17d84812532d70
[INFO] running `Command { std: "docker" "start" "-a" "4d4fff16cca160f346a3ba81a1253be76f6eaa5c6c22126daa17d84812532d70", kill_on_drop: false }`
[INFO] running `Command { std: "docker" "inspect" "4d4fff16cca160f346a3ba81a1253be76f6eaa5c6c22126daa17d84812532d70", kill_on_drop: false }`
[INFO] running `Command { std: "docker" "rm" "-f" "4d4fff16cca160f346a3ba81a1253be76f6eaa5c6c22126daa17d84812532d70", kill_on_drop: false }`
[INFO] [stdout] 4d4fff16cca160f346a3ba81a1253be76f6eaa5c6c22126daa17d84812532d70
[INFO] running `Command { std: "docker" "create" "-v" "/var/lib/crater-agent-workspace/builds/worker-5-tc1/target:/opt/rustwide/target:rw,Z" "-v" "/var/lib/crater-agent-workspace/builds/worker-5-tc1/source:/opt/rustwide/workdir:ro,Z" "-v" "/var/lib/crater-agent-workspace/cargo-home:/opt/rustwide/cargo-home:ro,Z" "-v" "/var/lib/crater-agent-workspace/rustup-home:/opt/rustwide/rustup-home:ro,Z" "-e" "SOURCE_DIR=/opt/rustwide/workdir" "-e" "CARGO_TARGET_DIR=/opt/rustwide/target" "-e" "CARGO_INCREMENTAL=0" "-e" "RUST_BACKTRACE=full" "-e" "RUSTFLAGS=--cap-lints=warn" "-e" "RUSTDOCFLAGS=--cap-lints=warn" "-e" "CARGO_HOME=/opt/rustwide/cargo-home" "-e" "RUSTUP_HOME=/opt/rustwide/rustup-home" "-w" "/opt/rustwide/workdir" "-m" "1610612736" "--user" "0:0" "--network" "none" "ghcr.io/rust-lang/crates-build-env/linux@sha256:2788e3201cd34a07e3172128adcd8b3090168a8e3bcc40d7c032b9dda1df7d1c" "/opt/rustwide/cargo-home/bin/cargo" "+1.75.0" "build" "--frozen" "--message-format=json", kill_on_drop: false }`
[INFO] [stdout] ba337ed853d6421d0ff422888ccb5a06ef7481431f869d69f1505277e03d96c3
[INFO] running `Command { std: "docker" "start" "-a" "ba337ed853d6421d0ff422888ccb5a06ef7481431f869d69f1505277e03d96c3", kill_on_drop: false }`
[INFO] [stderr]    Compiling linux-raw-sys v0.4.12
[INFO] [stderr]    Compiling tracing-core v0.1.32
[INFO] [stderr]    Compiling protobuf v3.3.0
[INFO] [stderr]    Compiling futures-sink v0.3.30
[INFO] [stderr]    Compiling syn v2.0.48
[INFO] [stderr]    Compiling futures-core v0.3.30
[INFO] [stderr]    Compiling home v0.5.9
[INFO] [stderr]    Compiling overload v0.1.1
[INFO] [stderr]    Compiling serde_json v1.0.111
[INFO] [stderr]    Compiling futures-io v0.3.30
[INFO] [stderr]    Compiling regex-automata v0.4.3
[INFO] [stderr]    Compiling sharded-slab v0.1.7
[INFO] [stderr]    Compiling thread_local v1.1.7
[INFO] [stderr]    Compiling num_threads v0.1.6
[INFO] [stderr]    Compiling md5 v0.7.0
[INFO] [stderr]    Compiling nu-ansi-term v0.46.0
[INFO] [stderr]    Compiling futures-channel v0.3.30
[INFO] [stderr]    Compiling time v0.3.31
[INFO] [stderr]    Compiling rustix v0.38.28
[INFO] [stderr]    Compiling tracing-log v0.2.0
[INFO] [stderr]    Compiling tracing-subscriber v0.3.18
[INFO] [stderr]    Compiling which v4.4.2
[INFO] [stderr]    Compiling tempfile v3.9.0
[INFO] [stderr]    Compiling regex v1.10.2
[INFO] [stderr]    Compiling serde_derive v1.0.194
[INFO] [stderr]    Compiling thiserror-impl v1.0.56
[INFO] [stderr]    Compiling futures-macro v0.3.30
[INFO] [stderr]    Compiling tokio-macros v2.2.0
[INFO] [stderr]    Compiling tracing-attributes v0.1.27
[INFO] [stderr]    Compiling async-trait v0.1.77
[INFO] [stderr]    Compiling tokio v1.35.1
[INFO] [stderr]    Compiling futures-util v0.3.30
[INFO] [stderr]    Compiling thiserror v1.0.56
[INFO] [stderr]    Compiling protobuf-support v3.3.0
[INFO] [stderr]    Compiling tracing v0.1.40
[INFO] [stderr]    Compiling serde v1.0.194
[INFO] [stderr]    Compiling futures-executor v0.3.30
[INFO] [stderr]    Compiling futures v0.3.30
[INFO] [stderr]    Compiling protobuf-parse v3.3.0
[INFO] [stderr]    Compiling serde_spanned v0.6.5
[INFO] [stderr]    Compiling toml_datetime v0.6.5
[INFO] [stderr]    Compiling toml_edit v0.21.0
[INFO] [stderr]    Compiling toml v0.8.8
[INFO] [stderr]    Compiling x-common-lib v0.1.8
[INFO] [stderr]    Compiling x-com-lib v0.1.7 (/opt/rustwide/workdir)
[INFO] [stdout] warning: `&` without an explicit lifetime name cannot be used here
[INFO] [stdout]    --> src/x_core.rs:831:26
[INFO] [stdout]     |
[INFO] [stdout] 831 |         const TRACE_STR: &str = "TRACE";
[INFO] [stdout]     |                          ^
[INFO] [stdout]     |
[INFO] [stdout]     = warning: this was previously accepted by the compiler but is being phased out; it will become a hard error in a future release!
[INFO] [stdout]     = note: for more information, see issue #115010 <https://github.com/rust-lang/rust/issues/115010>
[INFO] [stdout]     = note: `#[warn(elided_lifetimes_in_associated_constant)]` on by default
[INFO] [stdout] help: use the `'static` lifetime
[INFO] [stdout]     |
[INFO] [stdout] 831 |         const TRACE_STR: &'static str = "TRACE";
[INFO] [stdout]     |                           +++++++
[INFO] [stdout] 
[INFO] [stdout] 
[INFO] [stdout] warning: `&` without an explicit lifetime name cannot be used here
[INFO] [stdout]    --> src/x_core.rs:832:26
[INFO] [stdout]     |
[INFO] [stdout] 832 |         const DEBUG_STR: &str = "DEBUG";
[INFO] [stdout]     |                          ^
[INFO] [stdout]     |
[INFO] [stdout]     = warning: this was previously accepted by the compiler but is being phased out; it will become a hard error in a future release!
[INFO] [stdout]     = note: for more information, see issue #115010 <https://github.com/rust-lang/rust/issues/115010>
[INFO] [stdout] help: use the `'static` lifetime
[INFO] [stdout]     |
[INFO] [stdout] 832 |         const DEBUG_STR: &'static str = "DEBUG";
[INFO] [stdout]     |                           +++++++
[INFO] [stdout] 
[INFO] [stdout] 
[INFO] [stdout] warning: `&` without an explicit lifetime name cannot be used here
[INFO] [stdout]    --> src/x_core.rs:833:25
[INFO] [stdout]     |
[INFO] [stdout] 833 |         const INFO_STR: &str = " INFO";
[INFO] [stdout]     |                         ^
[INFO] [stdout]     |
[INFO] [stdout]     = warning: this was previously accepted by the compiler but is being phased out; it will become a hard error in a future release!
[INFO] [stdout]     = note: for more information, see issue #115010 <https://github.com/rust-lang/rust/issues/115010>
[INFO] [stdout] help: use the `'static` lifetime
[INFO] [stdout]     |
[INFO] [stdout] 833 |         const INFO_STR: &'static str = " INFO";
[INFO] [stdout]     |                          +++++++
[INFO] [stdout] 
[INFO] [stdout] 
[INFO] [stdout] warning: `&` without an explicit lifetime name cannot be used here
[INFO] [stdout]    --> src/x_core.rs:834:25
[INFO] [stdout]     |
[INFO] [stdout] 834 |         const WARN_STR: &str = " WARN";
[INFO] [stdout]     |                         ^
[INFO] [stdout]     |
[INFO] [stdout]     = warning: this was previously accepted by the compiler but is being phased out; it will become a hard error in a future release!
[INFO] [stdout]     = note: for more information, see issue #115010 <https://github.com/rust-lang/rust/issues/115010>
[INFO] [stdout] help: use the `'static` lifetime
[INFO] [stdout]     |
[INFO] [stdout] 834 |         const WARN_STR: &'static str = " WARN";
[INFO] [stdout]     |                          +++++++
[INFO] [stdout] 
[INFO] [stdout] 
[INFO] [stdout] warning: `&` without an explicit lifetime name cannot be used here
[INFO] [stdout]    --> src/x_core.rs:835:26
[INFO] [stdout]     |
[INFO] [stdout] 835 |         const ERROR_STR: &str = "ERROR";
[INFO] [stdout]     |                          ^
[INFO] [stdout]     |
[INFO] [stdout]     = warning: this was previously accepted by the compiler but is being phased out; it will become a hard error in a future release!
[INFO] [stdout]     = note: for more information, see issue #115010 <https://github.com/rust-lang/rust/issues/115010>
[INFO] [stdout] help: use the `'static` lifetime
[INFO] [stdout]     |
[INFO] [stdout] 835 |         const ERROR_STR: &'static str = "ERROR";
[INFO] [stdout]     |                           +++++++
[INFO] [stdout] 
[INFO] [stdout] 
[INFO] [stdout] error[E0308]: mismatched types
[INFO] [stdout]    --> src/x_api.rs:507:83
[INFO] [stdout]     |
[INFO] [stdout] 507 |             let subscriber_id = SUBSCRIBE.assume_init_ref()(CHANNEL_CONNECTED, 0, event_receiver);
[INFO] [stdout]     |                                 ---------------------------                       ^^^^^^^^^^^^^^ incorrect number of function parameters
[INFO] [stdout]     |                                 |
[INFO] [stdout]     |                                 arguments to this function are incorrect
[INFO] [stdout]     |
[INFO] [stdout]     = note: expected fn pointer `extern "C" fn(u16, i64, *const u8, u32) -> _`
[INFO] [stdout]                   found fn item `extern "C" fn(u16, *const u8, u32) -> _ {event_receiver}`
[INFO] [stdout] 
[INFO] [stdout] 
[INFO] [stdout] error[E0308]: mismatched types
[INFO] [stdout]    --> src/x_api.rs:528:70
[INFO] [stdout]     |
[INFO] [stdout] 528 |                 SUBSCRIBE.assume_init_ref()(CHANNEL_DISCONNECTED, 0, event_receiver);
[INFO] [stdout]     |                 ---------------------------                          ^^^^^^^^^^^^^^ incorrect number of function parameters
[INFO] [stdout]     |                 |
[INFO] [stdout]     |                 arguments to this function are incorrect
[INFO] [stdout]     |
[INFO] [stdout]     = note: expected fn pointer `extern "C" fn(u16, i64, *const u8, u32) -> _`
[INFO] [stdout]                   found fn item `extern "C" fn(u16, *const u8, u32) -> _ {event_receiver}`
[INFO] [stdout] 
[INFO] [stdout] 
[INFO] [stdout] error[E0308]: mismatched types
[INFO] [stdout]    --> src/x_api.rs:548:82
[INFO] [stdout]     |
[INFO] [stdout] 548 |             let subscriber_id = SUBSCRIBE.assume_init_ref()(LOCAL_SERVICE_ON, 0, event_receiver);
[INFO] [stdout]     |                                 ---------------------------                      ^^^^^^^^^^^^^^ incorrect number of function parameters
[INFO] [stdout]     |                                 |
[INFO] [stdout]     |                                 arguments to this function are incorrect
[INFO] [stdout]     |
[INFO] [stdout]     = note: expected fn pointer `extern "C" fn(u16, i64, *const u8, u32) -> _`
[INFO] [stdout]                   found fn item `extern "C" fn(u16, *const u8, u32) -> _ {event_receiver}`
[INFO] [stdout] 
[INFO] [stdout] 
[INFO] [stdout] error[E0308]: mismatched types
[INFO] [stdout]    --> src/x_api.rs:568:83
[INFO] [stdout]     |
[INFO] [stdout] 568 |             let subscriber_id = SUBSCRIBE.assume_init_ref()(LOCAL_SERVICE_OFF, 0, event_receiver);
[INFO] [stdout]     |                                 ---------------------------                       ^^^^^^^^^^^^^^ incorrect number of function parameters
[INFO] [stdout]     |                                 |
[INFO] [stdout]     |                                 arguments to this function are incorrect
[INFO] [stdout]     |
[INFO] [stdout]     = note: expected fn pointer `extern "C" fn(u16, i64, *const u8, u32) -> _`
[INFO] [stdout]                   found fn item `extern "C" fn(u16, *const u8, u32) -> _ {event_receiver}`
[INFO] [stdout] 
[INFO] [stdout] 
[INFO] [stdout] error: aborting due to 4 previous errors; 5 warnings emitted
[INFO] [stdout] 
[INFO] [stdout] 
[INFO] [stdout] For more information about this error, try `rustc --explain E0308`.
[INFO] [stdout] 
[INFO] [stderr] error: could not compile `x-com-lib` (lib) due to 5 previous errors; 5 warnings emitted
[INFO] [stderr] warning: build failed, waiting for other jobs to finish...
[INFO] running `Command { std: "docker" "inspect" "ba337ed853d6421d0ff422888ccb5a06ef7481431f869d69f1505277e03d96c3", kill_on_drop: false }`
[INFO] running `Command { std: "docker" "rm" "-f" "ba337ed853d6421d0ff422888ccb5a06ef7481431f869d69f1505277e03d96c3", kill_on_drop: false }`
[INFO] [stdout] ba337ed853d6421d0ff422888ccb5a06ef7481431f869d69f1505277e03d96c3
[INFO] testing x-com-lib-0.1.7 against beta-2023-12-22 for beta-1.76-1
[INFO] extracting crate x-com-lib 0.1.7 into /workspace/builds/worker-5-tc2/source
[INFO] validating manifest of crates.io crate x-com-lib 0.1.7 on toolchain beta-2023-12-22
[INFO] running `Command { std: CARGO_HOME="/workspace/cargo-home" RUSTUP_HOME="/workspace/rustup-home" "/workspace/cargo-home/bin/cargo" "+beta-2023-12-22" "metadata" "--manifest-path" "Cargo.toml" "--no-deps", kill_on_drop: false }`
[INFO] started tweaking crates.io crate x-com-lib 0.1.7
[INFO] finished tweaking crates.io crate x-com-lib 0.1.7
[INFO] tweaked toml for crates.io crate x-com-lib 0.1.7 written to /workspace/builds/worker-5-tc2/source/Cargo.toml
[INFO] running `Command { std: CARGO_HOME="/workspace/cargo-home" RUSTUP_HOME="/workspace/rustup-home" "/workspace/cargo-home/bin/cargo" "+beta-2023-12-22" "generate-lockfile" "--manifest-path" "Cargo.toml", kill_on_drop: false }`
[INFO] [stderr]     Updating crates.io index
[INFO] running `Command { std: CARGO_HOME="/workspace/cargo-home" RUSTUP_HOME="/workspace/rustup-home" "/workspace/cargo-home/bin/cargo" "+beta-2023-12-22" "fetch" "--manifest-path" "Cargo.toml", kill_on_drop: false }`
[INFO] running `Command { std: "docker" "create" "-v" "/var/lib/crater-agent-workspace/builds/worker-5-tc2/target:/opt/rustwide/target:rw,Z" "-v" "/var/lib/crater-agent-workspace/builds/worker-5-tc2/source:/opt/rustwide/workdir:ro,Z" "-v" "/var/lib/crater-agent-workspace/cargo-home:/opt/rustwide/cargo-home:ro,Z" "-v" "/var/lib/crater-agent-workspace/rustup-home:/opt/rustwide/rustup-home:ro,Z" "-e" "SOURCE_DIR=/opt/rustwide/workdir" "-e" "CARGO_TARGET_DIR=/opt/rustwide/target" "-e" "CARGO_HOME=/opt/rustwide/cargo-home" "-e" "RUSTUP_HOME=/opt/rustwide/rustup-home" "-w" "/opt/rustwide/workdir" "-m" "1610612736" "--user" "0:0" "--network" "none" "ghcr.io/rust-lang/crates-build-env/linux@sha256:2788e3201cd34a07e3172128adcd8b3090168a8e3bcc40d7c032b9dda1df7d1c" "/opt/rustwide/cargo-home/bin/cargo" "+beta-2023-12-22" "metadata" "--no-deps" "--format-version=1", kill_on_drop: false }`
[INFO] [stdout] bab6754855f42df5d351d600821b8e0b8f1b9bb2e81af9eae462fa50fa6eb67a
[INFO] running `Command { std: "docker" "start" "-a" "bab6754855f42df5d351d600821b8e0b8f1b9bb2e81af9eae462fa50fa6eb67a", kill_on_drop: false }`
[INFO] running `Command { std: "docker" "inspect" "bab6754855f42df5d351d600821b8e0b8f1b9bb2e81af9eae462fa50fa6eb67a", kill_on_drop: false }`
[INFO] running `Command { std: "docker" "rm" "-f" "bab6754855f42df5d351d600821b8e0b8f1b9bb2e81af9eae462fa50fa6eb67a", kill_on_drop: false }`
[INFO] [stdout] bab6754855f42df5d351d600821b8e0b8f1b9bb2e81af9eae462fa50fa6eb67a
[INFO] running `Command { std: "docker" "create" "-v" "/var/lib/crater-agent-workspace/builds/worker-5-tc2/target:/opt/rustwide/target:rw,Z" "-v" "/var/lib/crater-agent-workspace/builds/worker-5-tc2/source:/opt/rustwide/workdir:ro,Z" "-v" "/var/lib/crater-agent-workspace/cargo-home:/opt/rustwide/cargo-home:ro,Z" "-v" "/var/lib/crater-agent-workspace/rustup-home:/opt/rustwide/rustup-home:ro,Z" "-e" "SOURCE_DIR=/opt/rustwide/workdir" "-e" "CARGO_TARGET_DIR=/opt/rustwide/target" "-e" "CARGO_INCREMENTAL=0" "-e" "RUST_BACKTRACE=full" "-e" "RUSTFLAGS=--cap-lints=warn" "-e" "RUSTDOCFLAGS=--cap-lints=warn" "-e" "CARGO_HOME=/opt/rustwide/cargo-home" "-e" "RUSTUP_HOME=/opt/rustwide/rustup-home" "-w" "/opt/rustwide/workdir" "-m" "1610612736" "--user" "0:0" "--network" "none" "ghcr.io/rust-lang/crates-build-env/linux@sha256:2788e3201cd34a07e3172128adcd8b3090168a8e3bcc40d7c032b9dda1df7d1c" "/opt/rustwide/cargo-home/bin/cargo" "+beta-2023-12-22" "build" "--frozen" "--message-format=json", kill_on_drop: false }`
[INFO] [stdout] b50cdd45125511a4630ff167db27b6d3216b2564e5053020e69b762cec7dc883
[INFO] running `Command { std: "docker" "start" "-a" "b50cdd45125511a4630ff167db27b6d3216b2564e5053020e69b762cec7dc883", kill_on_drop: false }`
[INFO] [stderr]    Compiling linux-raw-sys v0.4.12
[INFO] [stderr]    Compiling tracing-core v0.1.32
[INFO] [stderr]    Compiling futures-core v0.3.30
[INFO] [stderr]    Compiling futures-sink v0.3.30
[INFO] [stderr]    Compiling protobuf v3.3.0
[INFO] [stderr]    Compiling overload v0.1.1
[INFO] [stderr]    Compiling serde_json v1.0.111
[INFO] [stderr]    Compiling syn v2.0.48
[INFO] [stderr]    Compiling winnow v0.5.32
[INFO] [stderr]    Compiling either v1.9.0
[INFO] [stderr]    Compiling futures-io v0.3.30
[INFO] [stderr]    Compiling regex-automata v0.4.3
[INFO] [stderr]    Compiling sharded-slab v0.1.7
[INFO] [stderr]    Compiling thread_local v1.1.7
[INFO] [stderr]    Compiling num_threads v0.1.6
[INFO] [stderr]    Compiling md5 v0.7.0
[INFO] [stderr]    Compiling nu-ansi-term v0.46.0
[INFO] [stderr]    Compiling time v0.3.31
[INFO] [stderr]    Compiling futures-channel v0.3.30
[INFO] [stderr]    Compiling tracing-log v0.2.0
[INFO] [stderr]    Compiling rustix v0.38.28
[INFO] [stderr]    Compiling tracing-subscriber v0.3.18
[INFO] [stderr]    Compiling which v4.4.2
[INFO] [stderr]    Compiling tempfile v3.9.0
[INFO] [stderr]    Compiling regex v1.10.2
[INFO] [stderr]    Compiling serde_derive v1.0.194
[INFO] [stderr]    Compiling thiserror-impl v1.0.56
[INFO] [stderr]    Compiling futures-macro v0.3.30
[INFO] [stderr]    Compiling tracing-attributes v0.1.27
[INFO] [stderr]    Compiling tokio-macros v2.2.0
[INFO] [stderr]    Compiling async-trait v0.1.77
[INFO] [stderr]    Compiling tokio v1.35.1
[INFO] [stderr]    Compiling futures-util v0.3.30
[INFO] [stderr]    Compiling thiserror v1.0.56
[INFO] [stderr]    Compiling protobuf-support v3.3.0
[INFO] [stderr]    Compiling tracing v0.1.40
[INFO] [stderr]    Compiling serde v1.0.194
[INFO] [stderr]    Compiling futures-executor v0.3.30
[INFO] [stderr]    Compiling futures v0.3.30
[INFO] [stderr]    Compiling protobuf-parse v3.3.0
[INFO] [stderr]    Compiling toml_datetime v0.6.5
[INFO] [stderr]    Compiling serde_spanned v0.6.5
[INFO] [stderr]    Compiling toml_edit v0.21.0
[INFO] [stderr]    Compiling toml v0.8.8
[INFO] [stderr]    Compiling x-common-lib v0.1.8
[INFO] [stderr]    Compiling x-com-lib v0.1.7 (/opt/rustwide/workdir)
[INFO] [stdout] warning: `&` without an explicit lifetime name cannot be used here
[INFO] [stdout]    --> src/x_core.rs:831:26
[INFO] [stdout]     |
[INFO] [stdout] 831 |         const TRACE_STR: &str = "TRACE";
[INFO] [stdout]     |                          ^
[INFO] [stdout]     |
[INFO] [stdout]     = warning: this was previously accepted by the compiler but is being phased out; it will become a hard error in a future release!
[INFO] [stdout]     = note: for more information, see issue #115010 <https://github.com/rust-lang/rust/issues/115010>
[INFO] [stdout]     = note: `#[warn(elided_lifetimes_in_associated_constant)]` on by default
[INFO] [stdout] help: use the `'static` lifetime
[INFO] [stdout]     |
[INFO] [stdout] 831 |         const TRACE_STR: &'static str = "TRACE";
[INFO] [stdout]     |                           +++++++
[INFO] [stdout] 
[INFO] [stdout] 
[INFO] [stdout] warning: `&` without an explicit lifetime name cannot be used here
[INFO] [stdout]    --> src/x_core.rs:832:26
[INFO] [stdout]     |
[INFO] [stdout] 832 |         const DEBUG_STR: &str = "DEBUG";
[INFO] [stdout]     |                          ^
[INFO] [stdout]     |
[INFO] [stdout]     = warning: this was previously accepted by the compiler but is being phased out; it will become a hard error in a future release!
[INFO] [stdout]     = note: for more information, see issue #115010 <https://github.com/rust-lang/rust/issues/115010>
[INFO] [stdout] help: use the `'static` lifetime
[INFO] [stdout]     |
[INFO] [stdout] 832 |         const DEBUG_STR: &'static str = "DEBUG";
[INFO] [stdout]     |                           +++++++
[INFO] [stdout] 
[INFO] [stdout] 
[INFO] [stdout] warning: `&` without an explicit lifetime name cannot be used here
[INFO] [stdout]    --> src/x_core.rs:833:25
[INFO] [stdout]     |
[INFO] [stdout] 833 |         const INFO_STR: &str = " INFO";
[INFO] [stdout]     |                         ^
[INFO] [stdout]     |
[INFO] [stdout]     = warning: this was previously accepted by the compiler but is being phased out; it will become a hard error in a future release!
[INFO] [stdout]     = note: for more information, see issue #115010 <https://github.com/rust-lang/rust/issues/115010>
[INFO] [stdout] help: use the `'static` lifetime
[INFO] [stdout]     |
[INFO] [stdout] 833 |         const INFO_STR: &'static str = " INFO";
[INFO] [stdout]     |                          +++++++
[INFO] [stdout] 
[INFO] [stdout] 
[INFO] [stdout] warning: `&` without an explicit lifetime name cannot be used here
[INFO] [stdout]    --> src/x_core.rs:834:25
[INFO] [stdout]     |
[INFO] [stdout] 834 |         const WARN_STR: &str = " WARN";
[INFO] [stdout]     |                         ^
[INFO] [stdout]     |
[INFO] [stdout]     = warning: this was previously accepted by the compiler but is being phased out; it will become a hard error in a future release!
[INFO] [stdout]     = note: for more information, see issue #115010 <https://github.com/rust-lang/rust/issues/115010>
[INFO] [stdout] help: use the `'static` lifetime
[INFO] [stdout]     |
[INFO] [stdout] 834 |         const WARN_STR: &'static str = " WARN";
[INFO] [stdout]     |                          +++++++
[INFO] [stdout] 
[INFO] [stdout] 
[INFO] [stdout] warning: `&` without an explicit lifetime name cannot be used here
[INFO] [stdout]    --> src/x_core.rs:835:26
[INFO] [stdout]     |
[INFO] [stdout] 835 |         const ERROR_STR: &str = "ERROR";
[INFO] [stdout]     |                          ^
[INFO] [stdout]     |
[INFO] [stdout]     = warning: this was previously accepted by the compiler but is being phased out; it will become a hard error in a future release!
[INFO] [stdout]     = note: for more information, see issue #115010 <https://github.com/rust-lang/rust/issues/115010>
[INFO] [stdout] help: use the `'static` lifetime
[INFO] [stdout]     |
[INFO] [stdout] 835 |         const ERROR_STR: &'static str = "ERROR";
[INFO] [stdout]     |                           +++++++
[INFO] [stdout] 
[INFO] [stdout] 
[INFO] [stdout] error[E0308]: mismatched types
[INFO] [stdout]    --> src/x_api.rs:507:83
[INFO] [stdout]     |
[INFO] [stdout] 507 |             let subscriber_id = SUBSCRIBE.assume_init_ref()(CHANNEL_CONNECTED, 0, event_receiver);
[INFO] [stdout]     |                                 ---------------------------                       ^^^^^^^^^^^^^^ incorrect number of function parameters
[INFO] [stdout]     |                                 |
[INFO] [stdout]     |                                 arguments to this function are incorrect
[INFO] [stdout]     |
[INFO] [stdout]     = note: expected fn pointer `extern "C" fn(u16, i64, *const u8, u32) -> _`
[INFO] [stdout]                   found fn item `extern "C" fn(u16, *const u8, u32) -> _ {event_receiver}`
[INFO] [stdout] 
[INFO] [stdout] 
[INFO] [stdout] error[E0308]: mismatched types
[INFO] [stdout]    --> src/x_api.rs:528:70
[INFO] [stdout]     |
[INFO] [stdout] 528 |                 SUBSCRIBE.assume_init_ref()(CHANNEL_DISCONNECTED, 0, event_receiver);
[INFO] [stdout]     |                 ---------------------------                          ^^^^^^^^^^^^^^ incorrect number of function parameters
[INFO] [stdout]     |                 |
[INFO] [stdout]     |                 arguments to this function are incorrect
[INFO] [stdout]     |
[INFO] [stdout]     = note: expected fn pointer `extern "C" fn(u16, i64, *const u8, u32) -> _`
[INFO] [stdout]                   found fn item `extern "C" fn(u16, *const u8, u32) -> _ {event_receiver}`
[INFO] [stdout] 
[INFO] [stdout] 
[INFO] [stdout] error[E0308]: mismatched types
[INFO] [stdout]    --> src/x_api.rs:548:82
[INFO] [stdout]     |
[INFO] [stdout] 548 |             let subscriber_id = SUBSCRIBE.assume_init_ref()(LOCAL_SERVICE_ON, 0, event_receiver);
[INFO] [stdout]     |                                 ---------------------------                      ^^^^^^^^^^^^^^ incorrect number of function parameters
[INFO] [stdout]     |                                 |
[INFO] [stdout]     |                                 arguments to this function are incorrect
[INFO] [stdout]     |
[INFO] [stdout]     = note: expected fn pointer `extern "C" fn(u16, i64, *const u8, u32) -> _`
[INFO] [stdout]                   found fn item `extern "C" fn(u16, *const u8, u32) -> _ {event_receiver}`
[INFO] [stdout] 
[INFO] [stdout] 
[INFO] [stdout] error[E0308]: mismatched types
[INFO] [stdout]    --> src/x_api.rs:568:83
[INFO] [stdout]     |
[INFO] [stdout] 568 |             let subscriber_id = SUBSCRIBE.assume_init_ref()(LOCAL_SERVICE_OFF, 0, event_receiver);
[INFO] [stdout]     |                                 ---------------------------                       ^^^^^^^^^^^^^^ incorrect number of function parameters
[INFO] [stdout]     |                                 |
[INFO] [stdout]     |                                 arguments to this function are incorrect
[INFO] [stdout]     |
[INFO] [stdout]     = note: expected fn pointer `extern "C" fn(u16, i64, *const u8, u32) -> _`
[INFO] [stdout]                   found fn item `extern "C" fn(u16, *const u8, u32) -> _ {event_receiver}`
[INFO] [stdout] 
[INFO] [stdout] 
[INFO] [stdout] error: aborting due to 4 previous errors; 5 warnings emitted
[INFO] [stdout] 
[INFO] [stdout] 
[INFO] [stdout] For more information about this error, try `rustc --explain E0308`.
[INFO] [stdout] 
[INFO] [stderr] error: could not compile `x-com-lib` (lib) due to 5 previous errors; 5 warnings emitted
[INFO] [stderr] warning: build failed, waiting for other jobs to finish...
[INFO] running `Command { std: "docker" "inspect" "b50cdd45125511a4630ff167db27b6d3216b2564e5053020e69b762cec7dc883", kill_on_drop: false }`
[INFO] running `Command { std: "docker" "rm" "-f" "b50cdd45125511a4630ff167db27b6d3216b2564e5053020e69b762cec7dc883", kill_on_drop: false }`
[INFO] [stdout] b50cdd45125511a4630ff167db27b6d3216b2564e5053020e69b762cec7dc883
