[INFO] fetching crate wundergraph 0.1.2...
[INFO] testing wundergraph-0.1.2 against 1.75.0 for beta-1.76-1
[INFO] extracting crate wundergraph 0.1.2 into /workspace/builds/worker-6-tc1/source
[INFO] validating manifest of crates.io crate wundergraph 0.1.2 on toolchain 1.75.0
[INFO] running `Command { std: CARGO_HOME="/workspace/cargo-home" RUSTUP_HOME="/workspace/rustup-home" "/workspace/cargo-home/bin/cargo" "+1.75.0" "metadata" "--manifest-path" "Cargo.toml" "--no-deps", kill_on_drop: false }`
[INFO] started tweaking crates.io crate wundergraph 0.1.2
[INFO] removed 0 missing tests
[INFO] finished tweaking crates.io crate wundergraph 0.1.2
[INFO] tweaked toml for crates.io crate wundergraph 0.1.2 written to /workspace/builds/worker-6-tc1/source/Cargo.toml
[INFO] running `Command { std: CARGO_HOME="/workspace/cargo-home" RUSTUP_HOME="/workspace/rustup-home" "/workspace/cargo-home/bin/cargo" "+1.75.0" "generate-lockfile" "--manifest-path" "Cargo.toml", kill_on_drop: false }`
[INFO] [stderr]     Updating crates.io index
[INFO] running `Command { std: CARGO_HOME="/workspace/cargo-home" RUSTUP_HOME="/workspace/rustup-home" "/workspace/cargo-home/bin/cargo" "+1.75.0" "fetch" "--manifest-path" "Cargo.toml", kill_on_drop: false }`
[INFO] [stderr]  Downloading crates ...
[INFO] [stderr]   Downloaded juniper_codegen v0.14.2
[INFO] [stderr]   Downloaded console v0.9.2
[INFO] [stderr]   Downloaded wundergraph_derive v0.1.0
[INFO] [stderr]   Downloaded insta v0.12.0
[INFO] [stderr]   Downloaded juniper v0.14.2
[INFO] running `Command { std: "docker" "create" "-v" "/var/lib/crater-agent-workspace/builds/worker-6-tc1/target:/opt/rustwide/target:rw,Z" "-v" "/var/lib/crater-agent-workspace/builds/worker-6-tc1/source:/opt/rustwide/workdir:ro,Z" "-v" "/var/lib/crater-agent-workspace/cargo-home:/opt/rustwide/cargo-home:ro,Z" "-v" "/var/lib/crater-agent-workspace/rustup-home:/opt/rustwide/rustup-home:ro,Z" "-e" "SOURCE_DIR=/opt/rustwide/workdir" "-e" "CARGO_TARGET_DIR=/opt/rustwide/target" "-e" "CARGO_HOME=/opt/rustwide/cargo-home" "-e" "RUSTUP_HOME=/opt/rustwide/rustup-home" "-w" "/opt/rustwide/workdir" "-m" "1610612736" "--user" "0:0" "--network" "none" "ghcr.io/rust-lang/crates-build-env/linux@sha256:2788e3201cd34a07e3172128adcd8b3090168a8e3bcc40d7c032b9dda1df7d1c" "/opt/rustwide/cargo-home/bin/cargo" "+1.75.0" "metadata" "--no-deps" "--format-version=1", kill_on_drop: false }`
[INFO] [stdout] eadf3adacbba8013922a28ef81c25511f50439f1ea5b59a3d4b2b57363c3cca2
[INFO] running `Command { std: "docker" "start" "-a" "eadf3adacbba8013922a28ef81c25511f50439f1ea5b59a3d4b2b57363c3cca2", kill_on_drop: false }`
[INFO] running `Command { std: "docker" "inspect" "eadf3adacbba8013922a28ef81c25511f50439f1ea5b59a3d4b2b57363c3cca2", kill_on_drop: false }`
[INFO] running `Command { std: "docker" "rm" "-f" "eadf3adacbba8013922a28ef81c25511f50439f1ea5b59a3d4b2b57363c3cca2", kill_on_drop: false }`
[INFO] [stdout] eadf3adacbba8013922a28ef81c25511f50439f1ea5b59a3d4b2b57363c3cca2
[INFO] running `Command { std: "docker" "create" "-v" "/var/lib/crater-agent-workspace/builds/worker-6-tc1/target:/opt/rustwide/target:rw,Z" "-v" "/var/lib/crater-agent-workspace/builds/worker-6-tc1/source:/opt/rustwide/workdir:ro,Z" "-v" "/var/lib/crater-agent-workspace/cargo-home:/opt/rustwide/cargo-home:ro,Z" "-v" "/var/lib/crater-agent-workspace/rustup-home:/opt/rustwide/rustup-home:ro,Z" "-e" "SOURCE_DIR=/opt/rustwide/workdir" "-e" "CARGO_TARGET_DIR=/opt/rustwide/target" "-e" "CARGO_INCREMENTAL=0" "-e" "RUST_BACKTRACE=full" "-e" "RUSTFLAGS=--cap-lints=warn" "-e" "RUSTDOCFLAGS=--cap-lints=warn" "-e" "CARGO_HOME=/opt/rustwide/cargo-home" "-e" "RUSTUP_HOME=/opt/rustwide/rustup-home" "-w" "/opt/rustwide/workdir" "-m" "1610612736" "--user" "0:0" "--network" "none" "ghcr.io/rust-lang/crates-build-env/linux@sha256:2788e3201cd34a07e3172128adcd8b3090168a8e3bcc40d7c032b9dda1df7d1c" "/opt/rustwide/cargo-home/bin/cargo" "+1.75.0" "build" "--frozen" "--message-format=json", kill_on_drop: false }`
[INFO] [stdout] 5f94f602e25ca01536aaf0bab979e7939460633a2c85a441cea7169c6088e5fd
[INFO] running `Command { std: "docker" "start" "-a" "5f94f602e25ca01536aaf0bab979e7939460633a2c85a441cea7169c6088e5fd", kill_on_drop: false }`
[INFO] [stderr]    Compiling proc-macro2 v1.0.75
[INFO] [stderr]    Compiling syn v1.0.109
[INFO] [stderr]    Compiling libc v0.2.151
[INFO] [stderr]    Compiling parking_lot_core v0.9.9
[INFO] [stderr]    Compiling lock_api v0.4.11
[INFO] [stderr]    Compiling smallvec v1.11.2
[INFO] [stderr]    Compiling tinyvec_macros v0.1.1
[INFO] [stderr]    Compiling num-traits v0.2.17
[INFO] [stderr]    Compiling proc-macro-hack v0.5.20+deprecated
[INFO] [stderr]    Compiling serde v1.0.194
[INFO] [stderr]    Compiling indexmap v1.9.3
[INFO] [stderr]    Compiling percent-encoding v2.3.1
[INFO] [stderr]    Compiling unicode-bidi v0.3.14
[INFO] [stderr]    Compiling thiserror v1.0.56
[INFO] [stderr]    Compiling iana-time-zone v0.1.59
[INFO] [stderr]    Compiling uuid v0.7.4
[INFO] [stderr]    Compiling tinyvec v1.6.0
[INFO] [stderr]    Compiling form_urlencoded v1.2.1
[INFO] [stderr]    Compiling byteorder v1.5.0
[INFO] [stderr]    Compiling quote v1.0.35
[INFO] [stderr]    Compiling syn v2.0.48
[INFO] [stderr]    Compiling unicode-normalization v0.1.22
[INFO] [stderr]    Compiling paste-impl v0.1.18
[INFO] [stderr]    Compiling parking_lot v0.12.1
[INFO] [stderr]    Compiling scheduled-thread-pool v0.2.7
[INFO] [stderr]    Compiling idna v0.5.0
[INFO] [stderr]    Compiling paste v0.1.18
[INFO] [stderr]    Compiling chrono v0.4.31
[INFO] [stderr]    Compiling r2d2 v0.8.10
[INFO] [stderr]    Compiling url v2.5.0
[INFO] [stderr]    Compiling serde_derive v1.0.194
[INFO] [stderr]    Compiling thiserror-impl v1.0.56
[INFO] [stderr]    Compiling diesel_derives v1.4.1
[INFO] [stderr]    Compiling juniper_codegen v0.14.2
[INFO] [stderr]    Compiling wundergraph_derive v0.1.0
[INFO] [stderr]    Compiling diesel v1.4.8
[INFO] [stderr]    Compiling juniper v0.14.2
[INFO] [stderr]    Compiling wundergraph v0.1.2 (/opt/rustwide/workdir)
[INFO] [stderr]     Finished dev [unoptimized + debuginfo] target(s) in 14.04s
[INFO] running `Command { std: "docker" "inspect" "5f94f602e25ca01536aaf0bab979e7939460633a2c85a441cea7169c6088e5fd", kill_on_drop: false }`
[INFO] running `Command { std: "docker" "rm" "-f" "5f94f602e25ca01536aaf0bab979e7939460633a2c85a441cea7169c6088e5fd", kill_on_drop: false }`
[INFO] [stdout] 5f94f602e25ca01536aaf0bab979e7939460633a2c85a441cea7169c6088e5fd
[INFO] running `Command { std: "docker" "create" "-v" "/var/lib/crater-agent-workspace/builds/worker-6-tc1/target:/opt/rustwide/target:rw,Z" "-v" "/var/lib/crater-agent-workspace/builds/worker-6-tc1/source:/opt/rustwide/workdir:ro,Z" "-v" "/var/lib/crater-agent-workspace/cargo-home:/opt/rustwide/cargo-home:ro,Z" "-v" "/var/lib/crater-agent-workspace/rustup-home:/opt/rustwide/rustup-home:ro,Z" "-e" "SOURCE_DIR=/opt/rustwide/workdir" "-e" "CARGO_TARGET_DIR=/opt/rustwide/target" "-e" "CARGO_INCREMENTAL=0" "-e" "RUST_BACKTRACE=full" "-e" "RUSTFLAGS=--cap-lints=warn" "-e" "RUSTDOCFLAGS=--cap-lints=warn" "-e" "CARGO_HOME=/opt/rustwide/cargo-home" "-e" "RUSTUP_HOME=/opt/rustwide/rustup-home" "-w" "/opt/rustwide/workdir" "-m" "1610612736" "--user" "0:0" "--network" "none" "ghcr.io/rust-lang/crates-build-env/linux@sha256:2788e3201cd34a07e3172128adcd8b3090168a8e3bcc40d7c032b9dda1df7d1c" "/opt/rustwide/cargo-home/bin/cargo" "+1.75.0" "test" "--frozen" "--no-run" "--message-format=json", kill_on_drop: false }`
[INFO] [stdout] 73dbaa7386a413f00ded26bcad23a14128b546049af0f878275a148e9a3c2c5c
[INFO] running `Command { std: "docker" "start" "-a" "73dbaa7386a413f00ded26bcad23a14128b546049af0f878275a148e9a3c2c5c", kill_on_drop: false }`
[INFO] [stderr]    Compiling crossbeam-utils v0.8.18
[INFO] [stderr]    Compiling ryu v1.0.16
[INFO] [stderr]    Compiling regex-syntax v0.8.2
[INFO] [stderr]    Compiling itoa v1.0.10
[INFO] [stderr]    Compiling serde_json v1.0.111
[INFO] [stderr]    Compiling either v1.9.0
[INFO] [stderr]    Compiling linked-hash-map v0.5.6
[INFO] [stderr]    Compiling memchr v2.7.1
[INFO] [stderr]    Compiling plotters-backend v0.3.5
[INFO] [stderr]    Compiling textwrap v0.11.0
[INFO] [stderr]    Compiling clicolors-control v1.0.1
[INFO] [stderr]    Compiling getrandom v0.2.11
[INFO] [stderr]    Compiling termios v0.3.3
[INFO] [stderr]    Compiling cast v0.3.0
[INFO] [stderr]    Compiling migrations_internals v1.4.1
[INFO] [stderr]    Compiling half v1.8.2
[INFO] [stderr]    Compiling atty v0.2.14
[INFO] [stderr]    Compiling itertools v0.10.5
[INFO] [stderr]    Compiling uuid v0.8.2
[INFO] [stderr]    Compiling yaml-rust v0.4.5
[INFO] [stderr]    Compiling difference v2.0.0
[INFO] [stderr]    Compiling oorandom v11.1.3
[INFO] [stderr]    Compiling clap v2.34.0
[INFO] [stderr]    Compiling plotters-svg v0.3.5
[INFO] [stderr]    Compiling serde_cbor v0.11.2
[INFO] [stderr]    Compiling plotters v0.3.5
[INFO] [stderr]    Compiling migrations_macros v1.4.2
[INFO] [stderr]    Compiling serde_yaml v0.8.26
[INFO] [stderr]    Compiling csv-core v0.1.11
[INFO] [stderr]    Compiling csv v1.3.0
[INFO] [stderr]    Compiling crossbeam-epoch v0.9.17
[INFO] [stderr]    Compiling regex-automata v0.4.3
[INFO] [stderr]    Compiling tinytemplate v1.2.1
[INFO] [stderr]    Compiling crossbeam-deque v0.8.4
[INFO] [stderr]    Compiling rayon-core v1.12.0
[INFO] [stderr]    Compiling diesel_migrations v1.4.0
[INFO] [stderr]    Compiling criterion-plot v0.4.5
[INFO] [stderr]    Compiling rayon v1.8.0
[INFO] [stderr]    Compiling regex v1.10.2
[INFO] [stderr]    Compiling console v0.9.2
[INFO] [stderr]    Compiling insta v0.12.0
[INFO] [stderr]    Compiling criterion v0.3.6
[INFO] [stderr]    Compiling wundergraph v0.1.2 (/opt/rustwide/workdir)
[INFO] [stdout] error[E0463]: can't find crate for `wundergraph_bench`
[INFO] [stdout]  --> tests/lib.rs:6:1
[INFO] [stdout]   |
[INFO] [stdout] 6 | extern crate wundergraph_bench;
[INFO] [stdout]   | ^^^^^^^^^^^^^^^^^^^^^^^^^^^^^^^ can't find crate
[INFO] [stdout] 
[INFO] [stdout] 
[INFO] [stdout] error[E0463]: can't find crate for `wundergraph_example`
[INFO] [stdout]  --> tests/lib.rs:7:1
[INFO] [stdout]   |
[INFO] [stdout] 7 | extern crate wundergraph_example;
[INFO] [stdout]   | ^^^^^^^^^^^^^^^^^^^^^^^^^^^^^^^^^ can't find crate
[INFO] [stdout] 
[INFO] [stdout] 
[INFO] [stdout] error: At least one feature of "sqlite" or "postgres" needs to be enabled
[INFO] [stdout]   --> tests/lib.rs:31:1
[INFO] [stdout]    |
[INFO] [stdout] 31 | compile_error!("At least one feature of \"sqlite\" or \"postgres\" needs to be enabled");
[INFO] [stdout]    | ^^^^^^^^^^^^^^^^^^^^^^^^^^^^^^^^^^^^^^^^^^^^^^^^^^^^^^^^^^^^^^^^^^^^^^^^^^^^^^^^^^^^^^^^
[INFO] [stdout] 
[INFO] [stdout] 
[INFO] [stdout] error[E0432]: unresolved import `crate::DbConnection`
[INFO] [stdout]   --> tests/helper.rs:2:5
[INFO] [stdout]    |
[INFO] [stdout] 2  | use crate::DbConnection;
[INFO] [stdout]    |     ^^^^^^^^^^^^^^^^^^^ no `DbConnection` in the root
[INFO] [stdout]    |
[INFO] [stdout] note: found an item that was configured out
[INFO] [stdout]   --> tests/lib.rs:25:6
[INFO] [stdout]    |
[INFO] [stdout] 25 | type DbConnection = diesel::pg::PgConnection;
[INFO] [stdout]    |      ^^^^^^^^^^^^
[INFO] [stdout]    = note: the item is gated behind the `postgres` feature
[INFO] [stdout] note: found an item that was configured out
[INFO] [stdout]   --> tests/lib.rs:28:6
[INFO] [stdout]    |
[INFO] [stdout] 28 | type DbConnection = diesel::sqlite::SqliteConnection;
[INFO] [stdout]    |      ^^^^^^^^^^^^
[INFO] [stdout]    = note: the item is gated behind the `sqlite` feature
[INFO] [stdout] 
[INFO] [stdout] 
[INFO] [stdout] error: aborting due to 4 previous errors
[INFO] [stdout] 
[INFO] [stdout] 
[INFO] [stdout] Some errors have detailed explanations: E0432, E0463.
[INFO] [stdout] 
[INFO] [stdout] For more information about an error, try `rustc --explain E0432`.
[INFO] [stdout] 
[INFO] [stderr] error: could not compile `wundergraph` (test "integration_tests") due to 5 previous errors
[INFO] [stderr] warning: build failed, waiting for other jobs to finish...
[INFO] running `Command { std: "docker" "inspect" "73dbaa7386a413f00ded26bcad23a14128b546049af0f878275a148e9a3c2c5c", kill_on_drop: false }`
[INFO] running `Command { std: "docker" "rm" "-f" "73dbaa7386a413f00ded26bcad23a14128b546049af0f878275a148e9a3c2c5c", kill_on_drop: false }`
[INFO] [stdout] 73dbaa7386a413f00ded26bcad23a14128b546049af0f878275a148e9a3c2c5c
