[INFO] fetching crate wtx 0.11.0...
[INFO] testing wtx-0.11.0 against 1.75.0 for beta-1.76-1
[INFO] extracting crate wtx 0.11.0 into /workspace/builds/worker-2-tc1/source
[INFO] validating manifest of crates.io crate wtx 0.11.0 on toolchain 1.75.0
[INFO] running `Command { std: CARGO_HOME="/workspace/cargo-home" RUSTUP_HOME="/workspace/rustup-home" "/workspace/cargo-home/bin/cargo" "+1.75.0" "metadata" "--manifest-path" "Cargo.toml" "--no-deps", kill_on_drop: false }`
[INFO] started tweaking crates.io crate wtx 0.11.0
[INFO] removed 0 missing examples
[INFO] finished tweaking crates.io crate wtx 0.11.0
[INFO] tweaked toml for crates.io crate wtx 0.11.0 written to /workspace/builds/worker-2-tc1/source/Cargo.toml
[INFO] crate crates.io crate wtx 0.11.0 already has a lockfile, it will not be regenerated
[INFO] running `Command { std: CARGO_HOME="/workspace/cargo-home" RUSTUP_HOME="/workspace/rustup-home" "/workspace/cargo-home/bin/cargo" "+1.75.0" "fetch" "--manifest-path" "Cargo.toml", kill_on_drop: false }`
[INFO] [stderr]     Blocking waiting for file lock on package cache
[INFO] [stderr]     Updating crates.io index
[INFO] [stderr]  Downloading crates ...
[INFO] [stderr]   Downloaded enclose v1.1.8
[INFO] [stderr]   Downloaded rlimit v0.6.2
[INFO] [stderr]   Downloaded sketches-ddsketch v0.1.3
[INFO] [stderr]   Downloaded tracing-tree v0.2.5
[INFO] [stderr]   Downloaded arbitrary v1.3.1
[INFO] [stderr]   Downloaded derive_arbitrary v1.3.1
[INFO] [stderr]   Downloaded buddy-alloc v0.4.2
[INFO] [stderr]   Downloaded glommio v0.8.0
[INFO] running `Command { std: "docker" "create" "-v" "/var/lib/crater-agent-workspace/builds/worker-2-tc1/target:/opt/rustwide/target:rw,Z" "-v" "/var/lib/crater-agent-workspace/builds/worker-2-tc1/source:/opt/rustwide/workdir:ro,Z" "-v" "/var/lib/crater-agent-workspace/cargo-home:/opt/rustwide/cargo-home:ro,Z" "-v" "/var/lib/crater-agent-workspace/rustup-home:/opt/rustwide/rustup-home:ro,Z" "-e" "SOURCE_DIR=/opt/rustwide/workdir" "-e" "CARGO_TARGET_DIR=/opt/rustwide/target" "-e" "CARGO_HOME=/opt/rustwide/cargo-home" "-e" "RUSTUP_HOME=/opt/rustwide/rustup-home" "-w" "/opt/rustwide/workdir" "-m" "1610612736" "--user" "0:0" "--network" "none" "ghcr.io/rust-lang/crates-build-env/linux@sha256:2788e3201cd34a07e3172128adcd8b3090168a8e3bcc40d7c032b9dda1df7d1c" "/opt/rustwide/cargo-home/bin/cargo" "+1.75.0" "metadata" "--no-deps" "--format-version=1", kill_on_drop: false }`
[INFO] [stdout] 76a3c4fd6c6c2ae6a036c79a76c5b21920dd8dc4536a794eaa62705b3d27fcc5
[INFO] running `Command { std: "docker" "start" "-a" "76a3c4fd6c6c2ae6a036c79a76c5b21920dd8dc4536a794eaa62705b3d27fcc5", kill_on_drop: false }`
[INFO] running `Command { std: "docker" "inspect" "76a3c4fd6c6c2ae6a036c79a76c5b21920dd8dc4536a794eaa62705b3d27fcc5", kill_on_drop: false }`
[INFO] running `Command { std: "docker" "rm" "-f" "76a3c4fd6c6c2ae6a036c79a76c5b21920dd8dc4536a794eaa62705b3d27fcc5", kill_on_drop: false }`
[INFO] [stdout] 76a3c4fd6c6c2ae6a036c79a76c5b21920dd8dc4536a794eaa62705b3d27fcc5
[INFO] running `Command { std: "docker" "create" "-v" "/var/lib/crater-agent-workspace/builds/worker-2-tc1/target:/opt/rustwide/target:rw,Z" "-v" "/var/lib/crater-agent-workspace/builds/worker-2-tc1/source:/opt/rustwide/workdir:ro,Z" "-v" "/var/lib/crater-agent-workspace/cargo-home:/opt/rustwide/cargo-home:ro,Z" "-v" "/var/lib/crater-agent-workspace/rustup-home:/opt/rustwide/rustup-home:ro,Z" "-e" "SOURCE_DIR=/opt/rustwide/workdir" "-e" "CARGO_TARGET_DIR=/opt/rustwide/target" "-e" "CARGO_INCREMENTAL=0" "-e" "RUST_BACKTRACE=full" "-e" "RUSTFLAGS=--cap-lints=warn" "-e" "RUSTDOCFLAGS=--cap-lints=warn" "-e" "CARGO_HOME=/opt/rustwide/cargo-home" "-e" "RUSTUP_HOME=/opt/rustwide/rustup-home" "-w" "/opt/rustwide/workdir" "-m" "1610612736" "--user" "0:0" "--network" "none" "ghcr.io/rust-lang/crates-build-env/linux@sha256:2788e3201cd34a07e3172128adcd8b3090168a8e3bcc40d7c032b9dda1df7d1c" "/opt/rustwide/cargo-home/bin/cargo" "+1.75.0" "build" "--frozen" "--message-format=json", kill_on_drop: false }`
[INFO] [stdout] 7ce1d5c801a72a74bee1d01d89d0e610cfea02ab595e8640001ef9618a604d78
[INFO] running `Command { std: "docker" "start" "-a" "7ce1d5c801a72a74bee1d01d89d0e610cfea02ab595e8640001ef9618a604d78", kill_on_drop: false }`
[INFO] [stderr]    Compiling wtx v0.11.0 (/opt/rustwide/workdir)
[INFO] [stderr]     Finished dev [unoptimized + debuginfo] target(s) in 0.52s
[INFO] running `Command { std: "docker" "inspect" "7ce1d5c801a72a74bee1d01d89d0e610cfea02ab595e8640001ef9618a604d78", kill_on_drop: false }`
[INFO] running `Command { std: "docker" "rm" "-f" "7ce1d5c801a72a74bee1d01d89d0e610cfea02ab595e8640001ef9618a604d78", kill_on_drop: false }`
[INFO] [stdout] 7ce1d5c801a72a74bee1d01d89d0e610cfea02ab595e8640001ef9618a604d78
[INFO] running `Command { std: "docker" "create" "-v" "/var/lib/crater-agent-workspace/builds/worker-2-tc1/target:/opt/rustwide/target:rw,Z" "-v" "/var/lib/crater-agent-workspace/builds/worker-2-tc1/source:/opt/rustwide/workdir:ro,Z" "-v" "/var/lib/crater-agent-workspace/cargo-home:/opt/rustwide/cargo-home:ro,Z" "-v" "/var/lib/crater-agent-workspace/rustup-home:/opt/rustwide/rustup-home:ro,Z" "-e" "SOURCE_DIR=/opt/rustwide/workdir" "-e" "CARGO_TARGET_DIR=/opt/rustwide/target" "-e" "CARGO_INCREMENTAL=0" "-e" "RUST_BACKTRACE=full" "-e" "RUSTFLAGS=--cap-lints=warn" "-e" "RUSTDOCFLAGS=--cap-lints=warn" "-e" "CARGO_HOME=/opt/rustwide/cargo-home" "-e" "RUSTUP_HOME=/opt/rustwide/rustup-home" "-w" "/opt/rustwide/workdir" "-m" "1610612736" "--user" "0:0" "--network" "none" "ghcr.io/rust-lang/crates-build-env/linux@sha256:2788e3201cd34a07e3172128adcd8b3090168a8e3bcc40d7c032b9dda1df7d1c" "/opt/rustwide/cargo-home/bin/cargo" "+1.75.0" "test" "--frozen" "--no-run" "--message-format=json", kill_on_drop: false }`
[INFO] [stdout] ee133dceb040b06f34a8e8a46d4732dbfb4dba66f2d0d3103f365893a7184f31
[INFO] running `Command { std: "docker" "start" "-a" "ee133dceb040b06f34a8e8a46d4732dbfb4dba66f2d0d3103f365893a7184f31", kill_on_drop: false }`
[INFO] [stderr]    Compiling proc-macro2 v1.0.69
[INFO] [stderr]    Compiling once_cell v1.18.0
[INFO] [stderr]    Compiling regex-syntax v0.8.2
[INFO] [stderr]    Compiling regex-syntax v0.6.29
[INFO] [stderr]    Compiling sharded-slab v0.1.7
[INFO] [stderr]    Compiling overload v0.1.1
[INFO] [stderr]    Compiling nu-ansi-term v0.46.0
[INFO] [stderr]    Compiling tracing-core v0.1.32
[INFO] [stderr]    Compiling thread_local v1.1.7
[INFO] [stderr]    Compiling tracing v0.1.39
[INFO] [stderr]    Compiling quote v1.0.33
[INFO] [stderr]    Compiling syn v2.0.38
[INFO] [stderr]    Compiling regex-automata v0.4.2
[INFO] [stderr]    Compiling regex-automata v0.1.10
[INFO] [stderr]    Compiling matchers v0.1.0
[INFO] [stderr]    Compiling regex v1.10.1
[INFO] [stderr]    Compiling tracing-subscriber v0.3.17
[INFO] [stderr]    Compiling tokio-macros v2.1.0
[INFO] [stderr]    Compiling tracing-tree v0.2.5
[INFO] [stderr]    Compiling tokio v1.33.0
[INFO] [stderr]    Compiling wtx v0.11.0 (/opt/rustwide/workdir)
[INFO] [stdout] error[E0432]: unresolved import `crate::web_socket::compression::Flate2`
[INFO] [stdout]   --> src/web_socket/handshake/tests.rs:15:19
[INFO] [stdout]    |
[INFO] [stdout] 15 |     compression::{Flate2, NegotiatedCompression},
[INFO] [stdout]    |                   ^^^^^^ no `Flate2` in `web_socket::compression`
[INFO] [stdout]    |
[INFO] [stdout] note: found an item that was configured out
[INFO] [stdout]   --> src/web_socket/compression.rs:10:24
[INFO] [stdout]    |
[INFO] [stdout] 10 | pub use self::flate2::{Flate2, NegotiatedFlate2};
[INFO] [stdout]    |                        ^^^^^^
[INFO] [stdout]    = note: the item is gated behind the `flate2` feature
[INFO] [stdout] 
[INFO] [stdout] 
[INFO] [stdout] error[E0432]: unresolved imports `tokio::net::TcpListener`, `tokio::net::TcpStream`
[INFO] [stdout]   --> src/web_socket/handshake/tests.rs:26:18
[INFO] [stdout]    |
[INFO] [stdout] 26 | use tokio::net::{TcpListener, TcpStream};
[INFO] [stdout]    |                  ^^^^^^^^^^^  ^^^^^^^^^ no `TcpStream` in `net`
[INFO] [stdout]    |                  |
[INFO] [stdout]    |                  no `TcpListener` in `net`
[INFO] [stdout]    |
[INFO] [stdout] note: found an item that was configured out
[INFO] [stdout]   --> /opt/rustwide/cargo-home/registry/src/index.crates.io-6f17d22bba15001f/tokio-1.33.0/src/net/mod.rs:37:28
[INFO] [stdout]    |
[INFO] [stdout] 37 |     pub use tcp::listener::TcpListener;
[INFO] [stdout]    |                            ^^^^^^^^^^^
[INFO] [stdout]    = note: the item is gated behind the `net` feature
[INFO] [stdout] note: found an item that was configured out
[INFO] [stdout]   --> /opt/rustwide/cargo-home/registry/src/index.crates.io-6f17d22bba15001f/tokio-1.33.0/src/net/mod.rs:38:26
[INFO] [stdout]    |
[INFO] [stdout] 38 |     pub use tcp::stream::TcpStream;
[INFO] [stdout]    |                          ^^^^^^^^^
[INFO] [stdout]    = note: the item is gated behind the `net` feature
[INFO] [stdout] 
[INFO] [stdout] 
[INFO] [stdout] error[E0432]: unresolved import `crate::rng::StdRng`
[INFO] [stdout]   --> src/web_socket/handshake/tests.rs:13:3
[INFO] [stdout]    |
[INFO] [stdout] 13 |   rng::StdRng,
[INFO] [stdout]    |   ^^^^^^^^^^^ no `StdRng` in `rng`
[INFO] [stdout]    |
[INFO] [stdout] note: found an item that was configured out
[INFO] [stdout]   --> src/rng.rs:4:20
[INFO] [stdout]    |
[INFO] [stdout] 4  | pub use self::std::StdRng;
[INFO] [stdout]    |                    ^^^^^^
[INFO] [stdout]    = note: the item is gated behind the `std` feature
[INFO] [stdout] 
[INFO] [stdout] 
[INFO] [stdout] error: cannot find macro `vec` in this scope
[INFO] [stdout]    --> src/web_socket/handshake/tests.rs:168:17
[INFO] [stdout]     |
[INFO] [stdout] 168 |     let bytes = vec![51; 256 * 1024];
[INFO] [stdout]     |                 ^^^
[INFO] [stdout]     |
[INFO] [stdout] help: consider importing this macro
[INFO] [stdout]     |
[INFO] [stdout] 11  + use alloc::vec;
[INFO] [stdout]     |
[INFO] [stdout] 
[INFO] [stdout] 
[INFO] [stdout] error: cannot find macro `vec` in this scope
[INFO] [stdout]    --> src/web_socket/handshake/tests.rs:184:17
[INFO] [stdout]     |
[INFO] [stdout] 184 |     assert_eq!(&vec![51; 10 * 256 * 1024], text.fb().payload());
[INFO] [stdout]     |                 ^^^
[INFO] [stdout]     |
[INFO] [stdout] help: consider importing this macro
[INFO] [stdout]     |
[INFO] [stdout] 11  + use alloc::vec;
[INFO] [stdout]     |
[INFO] [stdout] 
[INFO] [stdout] 
[INFO] [stdout] error: cannot find macro `println` in this scope
[INFO] [stdout]   --> src/web_socket/handshake/tests.rs:4:7
[INFO] [stdout]    |
[INFO] [stdout] 4  |         println!("***** {} - {}", stringify!($ty), stringify!($struct));
[INFO] [stdout]    |         ^^^^^^^
[INFO] [stdout] ...
[INFO] [stdout] 66 | /     call_tests!(
[INFO] [stdout] 67 | |       (server, &mut fb, &mut ws),
[INFO] [stdout] 68 | |       FragmentedText,
[INFO] [stdout] 69 | |       LargeFragmentedText,
[INFO] [stdout] ...  |
[INFO] [stdout] 75 | |       HelloAndGoodbye,
[INFO] [stdout] 76 | |     );
[INFO] [stdout]    | |_____- in this macro invocation
[INFO] [stdout]    |
[INFO] [stdout]    = note: this error originates in the macro `call_tests` (in Nightly builds, run with -Z macro-backtrace for more info)
[INFO] [stdout] 
[INFO] [stdout] 
[INFO] [stdout] error: cannot find macro `println` in this scope
[INFO] [stdout]    --> src/web_socket/handshake/tests.rs:4:7
[INFO] [stdout]     |
[INFO] [stdout] 4   |         println!("***** {} - {}", stringify!($ty), stringify!($struct));
[INFO] [stdout]     |         ^^^^^^^
[INFO] [stdout] ...
[INFO] [stdout] 93  | /   call_tests!(
[INFO] [stdout] 94  | |     (client, &mut fb, &mut ws),
[INFO] [stdout] 95  | |     FragmentedText,
[INFO] [stdout] 96  | |     LargeFragmentedText,
[INFO] [stdout] ...   |
[INFO] [stdout] 102 | |     HelloAndGoodbye,
[INFO] [stdout] 103 | |   );
[INFO] [stdout]     | |___- in this macro invocation
[INFO] [stdout]     |
[INFO] [stdout]     = note: this error originates in the macro `call_tests` (in Nightly builds, run with -Z macro-backtrace for more info)
[INFO] [stdout] 
[INFO] [stdout] 
[INFO] [stdout] error[E0433]: failed to resolve: use of undeclared crate or module `std`
[INFO] [stdout]   --> src/misc.rs:53:18
[INFO] [stdout]    |
[INFO] [stdout] 53 |     .with_writer(std::io::stdout)
[INFO] [stdout]    |                  ^^^ use of undeclared crate or module `std`
[INFO] [stdout] 
[INFO] [stdout] 
[INFO] [stdout] error[E0433]: failed to resolve: could not find `std` in the list of imported crates
[INFO] [stdout]   --> src/web_socket/handshake/tests.rs:31:1
[INFO] [stdout]    |
[INFO] [stdout] 31 | #[tokio::test]
[INFO] [stdout]    | ^^^^^^^^^^^^^^ could not find `std` in the list of imported crates
[INFO] [stdout]    |
[INFO] [stdout]    = note: this error originates in the attribute macro `tokio::test` (in Nightly builds, run with -Z macro-backtrace for more info)
[INFO] [stdout] help: consider importing this module
[INFO] [stdout]    |
[INFO] [stdout] 11 + use core::pin;
[INFO] [stdout]    |
[INFO] [stdout] 
[INFO] [stdout] 
[INFO] [stdout] error[E0433]: failed to resolve: could not find `std` in the list of imported crates
[INFO] [stdout]   --> src/web_socket/handshake/tests.rs:31:1
[INFO] [stdout]    |
[INFO] [stdout] 31 | #[tokio::test]
[INFO] [stdout]    | ^^^^^^^^^^^^^^ could not find `std` in the list of imported crates
[INFO] [stdout]    |
[INFO] [stdout]    = note: this error originates in the attribute macro `tokio::test` (in Nightly builds, run with -Z macro-backtrace for more info)
[INFO] [stdout] help: consider importing this module
[INFO] [stdout]    |
[INFO] [stdout] 11 + use core::future;
[INFO] [stdout]    |
[INFO] [stdout] 
[INFO] [stdout] 
[INFO] [stdout] error[E0277]: the trait bound `HeadersBuffer<_, 64>: Default` is not satisfied
[INFO] [stdout]   --> src/web_socket/handshake/tests.rs:84:27
[INFO] [stdout]    |
[INFO] [stdout] 84 |     headers_buffer: &mut <_>::default(),
[INFO] [stdout]    |                           ^ the trait `Default` is not implemented for `HeadersBuffer<_, 64>`
[INFO] [stdout] 
[INFO] [stdout] 
[INFO] [stdout] warning: unused import: `WebSocketAccept`
[INFO] [stdout]   --> src/web_socket/handshake/tests.rs:17:17
[INFO] [stdout]    |
[INFO] [stdout] 17 |     handshake::{WebSocketAccept, WebSocketAcceptRaw, WebSocketConnect, WebSocketConnectRaw},
[INFO] [stdout]    |                 ^^^^^^^^^^^^^^^
[INFO] [stdout]    |
[INFO] [stdout]    = note: `#[warn(unused_imports)]` on by default
[INFO] [stdout] 
[INFO] [stdout] 
[INFO] [stdout] warning: unused import: `WebSocketConnect`
[INFO] [stdout]   --> src/web_socket/handshake/tests.rs:17:54
[INFO] [stdout]    |
[INFO] [stdout] 17 |     handshake::{WebSocketAccept, WebSocketAcceptRaw, WebSocketConnect, WebSocketConnectRaw},
[INFO] [stdout]    |                                                      ^^^^^^^^^^^^^^^^
[INFO] [stdout] 
[INFO] [stdout] 
[INFO] [stdout] error: aborting due to 11 previous errors; 2 warnings emitted
[INFO] [stdout] 
[INFO] [stdout] 
[INFO] [stdout] Some errors have detailed explanations: E0277, E0432, E0433.
[INFO] [stdout] 
[INFO] [stdout] For more information about an error, try `rustc --explain E0277`.
[INFO] [stdout] 
[INFO] [stderr] error: could not compile `wtx` (lib test) due to 12 previous errors; 2 warnings emitted
[INFO] running `Command { std: "docker" "inspect" "ee133dceb040b06f34a8e8a46d4732dbfb4dba66f2d0d3103f365893a7184f31", kill_on_drop: false }`
[INFO] running `Command { std: "docker" "rm" "-f" "ee133dceb040b06f34a8e8a46d4732dbfb4dba66f2d0d3103f365893a7184f31", kill_on_drop: false }`
[INFO] [stdout] ee133dceb040b06f34a8e8a46d4732dbfb4dba66f2d0d3103f365893a7184f31
