[INFO] fetching crate wsq 0.9.1...
[INFO] testing wsq-0.9.1 against 1.75.0 for beta-1.76-1
[INFO] extracting crate wsq 0.9.1 into /workspace/builds/worker-2-tc1/source
[INFO] validating manifest of crates.io crate wsq 0.9.1 on toolchain 1.75.0
[INFO] running `Command { std: CARGO_HOME="/workspace/cargo-home" RUSTUP_HOME="/workspace/rustup-home" "/workspace/cargo-home/bin/cargo" "+1.75.0" "metadata" "--manifest-path" "Cargo.toml" "--no-deps", kill_on_drop: false }`
[INFO] started tweaking crates.io crate wsq 0.9.1
[INFO] finished tweaking crates.io crate wsq 0.9.1
[INFO] tweaked toml for crates.io crate wsq 0.9.1 written to /workspace/builds/worker-2-tc1/source/Cargo.toml
[INFO] crate crates.io crate wsq 0.9.1 already has a lockfile, it will not be regenerated
[INFO] running `Command { std: CARGO_HOME="/workspace/cargo-home" RUSTUP_HOME="/workspace/rustup-home" "/workspace/cargo-home/bin/cargo" "+1.75.0" "fetch" "--manifest-path" "Cargo.toml", kill_on_drop: false }`
[INFO] [stderr]  Downloading crates ...
[INFO] [stderr]   Downloaded smallvec v1.0.0
[INFO] [stderr]   Downloaded blake2b_simd v0.5.9
[INFO] [stderr]   Downloaded openssl v0.10.26
[INFO] running `Command { std: "docker" "create" "-v" "/var/lib/crater-agent-workspace/builds/worker-2-tc1/target:/opt/rustwide/target:rw,Z" "-v" "/var/lib/crater-agent-workspace/builds/worker-2-tc1/source:/opt/rustwide/workdir:ro,Z" "-v" "/var/lib/crater-agent-workspace/cargo-home:/opt/rustwide/cargo-home:ro,Z" "-v" "/var/lib/crater-agent-workspace/rustup-home:/opt/rustwide/rustup-home:ro,Z" "-e" "SOURCE_DIR=/opt/rustwide/workdir" "-e" "CARGO_TARGET_DIR=/opt/rustwide/target" "-e" "CARGO_HOME=/opt/rustwide/cargo-home" "-e" "RUSTUP_HOME=/opt/rustwide/rustup-home" "-w" "/opt/rustwide/workdir" "-m" "1610612736" "--user" "0:0" "--network" "none" "ghcr.io/rust-lang/crates-build-env/linux@sha256:2788e3201cd34a07e3172128adcd8b3090168a8e3bcc40d7c032b9dda1df7d1c" "/opt/rustwide/cargo-home/bin/cargo" "+1.75.0" "metadata" "--no-deps" "--format-version=1", kill_on_drop: false }`
[INFO] [stdout] 426d99e4df532b5f363a5b041ecdb1ae116233e4a72444bb912beb82d454fc64
[INFO] running `Command { std: "docker" "start" "-a" "426d99e4df532b5f363a5b041ecdb1ae116233e4a72444bb912beb82d454fc64", kill_on_drop: false }`
[INFO] running `Command { std: "docker" "inspect" "426d99e4df532b5f363a5b041ecdb1ae116233e4a72444bb912beb82d454fc64", kill_on_drop: false }`
[INFO] running `Command { std: "docker" "rm" "-f" "426d99e4df532b5f363a5b041ecdb1ae116233e4a72444bb912beb82d454fc64", kill_on_drop: false }`
[INFO] [stdout] 426d99e4df532b5f363a5b041ecdb1ae116233e4a72444bb912beb82d454fc64
[INFO] running `Command { std: "docker" "create" "-v" "/var/lib/crater-agent-workspace/builds/worker-2-tc1/target:/opt/rustwide/target:rw,Z" "-v" "/var/lib/crater-agent-workspace/builds/worker-2-tc1/source:/opt/rustwide/workdir:ro,Z" "-v" "/var/lib/crater-agent-workspace/cargo-home:/opt/rustwide/cargo-home:ro,Z" "-v" "/var/lib/crater-agent-workspace/rustup-home:/opt/rustwide/rustup-home:ro,Z" "-e" "SOURCE_DIR=/opt/rustwide/workdir" "-e" "CARGO_TARGET_DIR=/opt/rustwide/target" "-e" "CARGO_INCREMENTAL=0" "-e" "RUST_BACKTRACE=full" "-e" "RUSTFLAGS=--cap-lints=warn" "-e" "RUSTDOCFLAGS=--cap-lints=warn" "-e" "CARGO_HOME=/opt/rustwide/cargo-home" "-e" "RUSTUP_HOME=/opt/rustwide/rustup-home" "-w" "/opt/rustwide/workdir" "-m" "1610612736" "--user" "0:0" "--network" "none" "ghcr.io/rust-lang/crates-build-env/linux@sha256:2788e3201cd34a07e3172128adcd8b3090168a8e3bcc40d7c032b9dda1df7d1c" "/opt/rustwide/cargo-home/bin/cargo" "+1.75.0" "build" "--frozen" "--message-format=json", kill_on_drop: false }`
[INFO] [stdout] fbf8b950f02703204da0855111bb0840d7aecb7ea5105acd923086748971ae36
[INFO] running `Command { std: "docker" "start" "-a" "fbf8b950f02703204da0855111bb0840d7aecb7ea5105acd923086748971ae36", kill_on_drop: false }`
[INFO] [stderr]    Compiling libc v0.2.66
[INFO] [stderr]    Compiling typenum v1.11.2
[INFO] [stderr]    Compiling byteorder v1.3.2
[INFO] [stderr]    Compiling getrandom v0.1.13
[INFO] [stderr]    Compiling log v0.4.8
[INFO] [stderr]    Compiling ppv-lite86 v0.2.6
[INFO] [stderr]    Compiling smallvec v1.0.0
[INFO] [stderr]    Compiling byte-tools v0.3.1
[INFO] [stderr]    Compiling slab v0.4.2
[INFO] [stderr]    Compiling httparse v1.3.4
[INFO] [stderr]    Compiling fake-simd v0.1.2
[INFO] [stderr]    Compiling lazycell v1.2.1
[INFO] [stderr]    Compiling opaque-debug v0.2.3
[INFO] [stderr]    Compiling block-padding v0.1.5
[INFO] [stderr]    Compiling unicode-normalization v0.1.11
[INFO] [stderr]    Compiling c2-chacha v0.2.3
[INFO] [stderr]    Compiling idna v0.2.0
[INFO] [stderr]    Compiling iovec v0.1.4
[INFO] [stderr]    Compiling net2 v0.2.33
[INFO] [stderr]    Compiling bytes v0.4.12
[INFO] [stderr]    Compiling rand_core v0.5.1
[INFO] [stderr]    Compiling mio v0.6.21
[INFO] [stderr]    Compiling rand_chacha v0.2.1
[INFO] [stderr]    Compiling generic-array v0.12.3
[INFO] [stderr]    Compiling url v2.1.0
[INFO] [stderr]    Compiling rand v0.7.2
[INFO] [stderr]    Compiling block-buffer v0.7.3
[INFO] [stderr]    Compiling digest v0.8.1
[INFO] [stderr]    Compiling sha-1 v0.8.1
[INFO] [stderr]    Compiling mio-extras v2.0.6
[INFO] [stderr]    Compiling wsq v0.9.1 (/opt/rustwide/workdir)
[INFO] [stderr]     Finished dev [unoptimized + debuginfo] target(s) in 3.51s
[INFO] running `Command { std: "docker" "inspect" "fbf8b950f02703204da0855111bb0840d7aecb7ea5105acd923086748971ae36", kill_on_drop: false }`
[INFO] running `Command { std: "docker" "rm" "-f" "fbf8b950f02703204da0855111bb0840d7aecb7ea5105acd923086748971ae36", kill_on_drop: false }`
[INFO] [stdout] fbf8b950f02703204da0855111bb0840d7aecb7ea5105acd923086748971ae36
[INFO] running `Command { std: "docker" "create" "-v" "/var/lib/crater-agent-workspace/builds/worker-2-tc1/target:/opt/rustwide/target:rw,Z" "-v" "/var/lib/crater-agent-workspace/builds/worker-2-tc1/source:/opt/rustwide/workdir:ro,Z" "-v" "/var/lib/crater-agent-workspace/cargo-home:/opt/rustwide/cargo-home:ro,Z" "-v" "/var/lib/crater-agent-workspace/rustup-home:/opt/rustwide/rustup-home:ro,Z" "-e" "SOURCE_DIR=/opt/rustwide/workdir" "-e" "CARGO_TARGET_DIR=/opt/rustwide/target" "-e" "CARGO_INCREMENTAL=0" "-e" "RUST_BACKTRACE=full" "-e" "RUSTFLAGS=--cap-lints=warn" "-e" "RUSTDOCFLAGS=--cap-lints=warn" "-e" "CARGO_HOME=/opt/rustwide/cargo-home" "-e" "RUSTUP_HOME=/opt/rustwide/rustup-home" "-w" "/opt/rustwide/workdir" "-m" "1610612736" "--user" "0:0" "--network" "none" "ghcr.io/rust-lang/crates-build-env/linux@sha256:2788e3201cd34a07e3172128adcd8b3090168a8e3bcc40d7c032b9dda1df7d1c" "/opt/rustwide/cargo-home/bin/cargo" "+1.75.0" "test" "--frozen" "--no-run" "--message-format=json", kill_on_drop: false }`
[INFO] [stdout] 7f28ce27b64208c6f3df2b433c10f0c77fe51d6fbe62373914146c7d77125010
[INFO] running `Command { std: "docker" "start" "-a" "7f28ce27b64208c6f3df2b433c10f0c77fe51d6fbe62373914146c7d77125010", kill_on_drop: false }`
[INFO] [stderr]    Compiling memchr v2.2.1
[INFO] [stderr]    Compiling atty v0.2.13
[INFO] [stderr]    Compiling thread_local v0.3.6
[INFO] [stderr]    Compiling unicode-width v0.1.7
[INFO] [stderr]    Compiling quick-error v1.2.2
[INFO] [stderr]    Compiling regex-syntax v0.6.12
[INFO] [stderr]    Compiling dirs v1.0.5
[INFO] [stderr]    Compiling vec_map v0.8.1
[INFO] [stderr]    Compiling termcolor v1.0.5
[INFO] [stderr]    Compiling time v0.1.42
[INFO] [stderr]    Compiling humantime v1.3.0
[INFO] [stderr]    Compiling textwrap v0.11.0
[INFO] [stderr]    Compiling term v0.5.2
[INFO] [stderr]    Compiling clap v2.33.0
[INFO] [stderr]    Compiling aho-corasick v0.7.6
[INFO] [stderr]    Compiling regex v1.3.1
[INFO] [stderr]    Compiling env_logger v0.6.2
[INFO] [stderr]    Compiling wsq v0.9.1 (/opt/rustwide/workdir)
[INFO] [stdout] error[E0463]: can't find crate for `ws`
[INFO] [stdout]  --> examples/html_chat.rs:2:1
[INFO] [stdout]   |
[INFO] [stdout] 2 | extern crate ws;
[INFO] [stdout]   | ^^^^^^^^^^^^^^^^ can't find crate
[INFO] [stdout] 
[INFO] [stdout] 
[INFO] [stdout] warning: unnecessary parentheses around type
[INFO] [stdout]   --> examples/html_chat.rs:43:55
[INFO] [stdout]    |
[INFO] [stdout] 43 |     fn on_request(&mut self, req: &Request) -> Result<(Response)> {
[INFO] [stdout]    |                                                       ^        ^
[INFO] [stdout]    |
[INFO] [stdout]    = note: `#[warn(unused_parens)]` on by default
[INFO] [stdout] help: remove these parentheses
[INFO] [stdout]    |
[INFO] [stdout] 43 -     fn on_request(&mut self, req: &Request) -> Result<(Response)> {
[INFO] [stdout] 43 +     fn on_request(&mut self, req: &Request) -> Result<Response> {
[INFO] [stdout]    |
[INFO] [stdout] 
[INFO] [stdout] 
[INFO] [stdout] error[E0463]: can't find crate for `ws`
[INFO] [stdout]  --> examples/threaded.rs:4:1
[INFO] [stdout]   |
[INFO] [stdout] 4 | extern crate ws;
[INFO] [stdout]   | ^^^^^^^^^^^^^^^^ can't find crate
[INFO] [stdout] 
[INFO] [stdout] 
[INFO] [stdout] error[E0463]: can't find crate for `ws`
[INFO] [stdout]  --> examples/server.rs:4:1
[INFO] [stdout]   |
[INFO] [stdout] 4 | extern crate ws;
[INFO] [stdout]   | ^^^^^^^^^^^^^^^^ can't find crate
[INFO] [stdout] 
[INFO] [stdout] 
[INFO] [stdout] error: aborting due to previous error; 1 warning emitted
[INFO] [stdout] 
[INFO] [stdout] 
[INFO] [stdout] For more information about this error, try `rustc --explain E0463`.
[INFO] [stdout] 
[INFO] [stdout] error[E0463]: can't find crate for `ws`
[INFO] [stdout]  --> examples/client.rs:4:1
[INFO] [stdout]   |
[INFO] [stdout] 4 | extern crate ws;
[INFO] [stdout]   | ^^^^^^^^^^^^^^^^ can't find crate
[INFO] [stdout] 
[INFO] [stdout] 
[INFO] [stdout] error: aborting due to previous error
[INFO] [stdout] 
[INFO] [stdout] 
[INFO] [stdout] For more information about this error, try `rustc --explain E0463`.
[INFO] [stdout] 
[INFO] [stdout] error[E0463]: can't find crate for `ws`
[INFO] [stdout]  --> examples/bench.rs:7:1
[INFO] [stdout]   |
[INFO] [stdout] 7 | extern crate ws;
[INFO] [stdout]   | ^^^^^^^^^^^^^^^^ can't find crate
[INFO] [stdout] 
[INFO] [stdout] 
[INFO] [stdout] error[E0463]: can't find crate for `ws`
[INFO] [stdout]   --> examples/channel.rs:11:1
[INFO] [stdout]    |
[INFO] [stdout] 11 | extern crate ws;
[INFO] [stdout]    | ^^^^^^^^^^^^^^^^ can't find crate
[INFO] [stdout] 
[INFO] [stdout] 
[INFO] [stderr] error: could not compile `wsq` (example "html_chat") due to 2 previous errors; 1 warning emitted
[INFO] [stdout] error[E0463]: can't find crate for `ws`
[INFO] [stdout]  --> examples/unsafe-ssl-client.rs:5:1
[INFO] [stdout]   |
[INFO] [stdout] 5 | extern crate ws;
[INFO] [stdout]   | ^^^^^^^^^^^^^^^^ can't find crate
[INFO] [stdout] 
[INFO] [stdout] 
[INFO] [stderr] warning: build failed, waiting for other jobs to finish...
[INFO] [stdout] error: aborting due to previous error
[INFO] [stdout] 
[INFO] [stdout] 
[INFO] [stdout] For more information about this error, try `rustc --explain E0463`.
[INFO] [stdout] 
[INFO] [stderr] error: could not compile `wsq` (example "threaded") due to 2 previous errors
[INFO] [stdout] error[E0463]: can't find crate for `ws`
[INFO] [stdout]  --> examples/router.rs:4:1
[INFO] [stdout]   |
[INFO] [stdout] 4 | extern crate ws;
[INFO] [stdout]   | ^^^^^^^^^^^^^^^^ can't find crate
[INFO] [stdout] 
[INFO] [stdout] 
[INFO] [stdout] error: aborting due to previous error
[INFO] [stdout] 
[INFO] [stdout] 
[INFO] [stdout] error: aborting due to previous error
[INFO] [stdout] 
[INFO] [stdout] 
[INFO] [stdout] error: aborting due to previous error
[INFO] [stdout] 
[INFO] [stdout] 
[INFO] [stdout] For more information about this error, try `rustc --explain E0463`.
[INFO] [stdout] 
[INFO] [stdout] For more information about this error, try `rustc --explain E0463`.
[INFO] [stdout] 
[INFO] [stdout] For more information about this error, try `rustc --explain E0463`.
[INFO] [stdout] 
[INFO] [stdout] error: aborting due to previous error
[INFO] [stdout] 
[INFO] [stdout] 
[INFO] [stdout] For more information about this error, try `rustc --explain E0463`.
[INFO] [stdout] 
[INFO] [stdout] error[E0463]: can't find crate for `ws`
[INFO] [stdout]  --> examples/cli.rs:7:1
[INFO] [stdout]   |
[INFO] [stdout] 7 | extern crate ws;
[INFO] [stdout]   | ^^^^^^^^^^^^^^^^ can't find crate
[INFO] [stdout] 
[INFO] [stdout] 
[INFO] [stdout] warning: unnecessary parentheses around type
[INFO] [stdout]   --> examples/router.rs:13:63
[INFO] [stdout]    |
[INFO] [stdout] 13 |     fn on_request(&mut self, req: &ws::Request) -> ws::Result<(ws::Response)> {
[INFO] [stdout]    |                                                               ^            ^
[INFO] [stdout]    |
[INFO] [stdout]    = note: `#[warn(unused_parens)]` on by default
[INFO] [stdout] help: remove these parentheses
[INFO] [stdout]    |
[INFO] [stdout] 13 -     fn on_request(&mut self, req: &ws::Request) -> ws::Result<(ws::Response)> {
[INFO] [stdout] 13 +     fn on_request(&mut self, req: &ws::Request) -> ws::Result<ws::Response> {
[INFO] [stdout]    |
[INFO] [stdout] 
[INFO] [stdout] 
[INFO] [stdout] warning: unnecessary parentheses around type
[INFO] [stdout]   --> examples/router.rs:82:63
[INFO] [stdout]    |
[INFO] [stdout] 82 |     fn on_request(&mut self, req: &ws::Request) -> ws::Result<(ws::Response)> {
[INFO] [stdout]    |                                                               ^            ^
[INFO] [stdout]    |
[INFO] [stdout] help: remove these parentheses
[INFO] [stdout]    |
[INFO] [stdout] 82 -     fn on_request(&mut self, req: &ws::Request) -> ws::Result<(ws::Response)> {
[INFO] [stdout] 82 +     fn on_request(&mut self, req: &ws::Request) -> ws::Result<ws::Response> {
[INFO] [stdout]    |
[INFO] [stdout] 
[INFO] [stdout] 
[INFO] [stdout] error[E0463]: can't find crate for `ws`
[INFO] [stdout]  --> tests/bind.rs:1:1
[INFO] [stdout]   |
[INFO] [stdout] 1 | extern crate ws;
[INFO] [stdout]   | ^^^^^^^^^^^^^^^^ can't find crate
[INFO] [stdout] 
[INFO] [stdout] 
[INFO] [stderr] error: could not compile `wsq` (example "server") due to 2 previous errors
[INFO] [stderr] error: could not compile `wsq` (example "unsafe-ssl-client") due to 2 previous errors
[INFO] [stdout] error: aborting due to previous error; 2 warnings emitted
[INFO] [stdout] 
[INFO] [stdout] 
[INFO] [stdout] For more information about this error, try `rustc --explain E0463`.
[INFO] [stdout] 
[INFO] [stdout] error[E0463]: can't find crate for `ws`
[INFO] [stdout]   --> examples/ssl-server.rs:13:1
[INFO] [stdout]    |
[INFO] [stdout] 13 | extern crate ws;
[INFO] [stdout]    | ^^^^^^^^^^^^^^^^ can't find crate
[INFO] [stdout] 
[INFO] [stdout] 
[INFO] [stderr] error: could not compile `wsq` (example "client") due to 2 previous errors
[INFO] [stderr] error: could not compile `wsq` (example "bench") due to 2 previous errors
[INFO] [stdout] error[E0463]: can't find crate for `ws`
[INFO] [stdout]  --> examples/shared.rs:5:1
[INFO] [stdout]   |
[INFO] [stdout] 5 | extern crate ws;
[INFO] [stdout]   | ^^^^^^^^^^^^^^^^ can't find crate
[INFO] [stdout] 
[INFO] [stdout] 
[INFO] [stdout] error: aborting due to previous error
[INFO] [stdout] 
[INFO] [stdout] 
[INFO] [stdout] For more information about this error, try `rustc --explain E0463`.
[INFO] [stdout] 
[INFO] [stdout] error: aborting due to previous error
[INFO] [stdout] 
[INFO] [stdout] 
[INFO] [stdout] For more information about this error, try `rustc --explain E0463`.
[INFO] [stdout] 
[INFO] [stdout] error: aborting due to previous error
[INFO] [stdout] 
[INFO] [stdout] 
[INFO] [stdout] For more information about this error, try `rustc --explain E0463`.
[INFO] [stdout] 
[INFO] [stderr] error: could not compile `wsq` (example "router") due to 2 previous errors; 2 warnings emitted
[INFO] [stderr] error: could not compile `wsq` (example "channel") due to 2 previous errors
[INFO] [stderr] error: could not compile `wsq` (example "cli") due to 2 previous errors
[INFO] [stdout] error[E0463]: can't find crate for `ws`
[INFO] [stdout]   --> examples/peer2peer.rs:29:1
[INFO] [stdout]    |
[INFO] [stdout] 29 | extern crate ws;
[INFO] [stdout]    | ^^^^^^^^^^^^^^^^ can't find crate
[INFO] [stdout] 
[INFO] [stdout] 
[INFO] [stdout] error: aborting due to previous error
[INFO] [stdout] 
[INFO] [stdout] 
[INFO] [stderr] error: could not compile `wsq` (test "bind") due to 2 previous errors
[INFO] [stdout] For more information about this error, try `rustc --explain E0463`.
[INFO] [stdout] 
[INFO] [stderr] error: could not compile `wsq` (example "ssl-server") due to 2 previous errors
[INFO] [stdout] error[E0463]: can't find crate for `ws`
[INFO] [stdout]  --> tests/shutdown.rs:1:1
[INFO] [stdout]   |
[INFO] [stdout] 1 | extern crate ws;
[INFO] [stdout]   | ^^^^^^^^^^^^^^^^ can't find crate
[INFO] [stdout] 
[INFO] [stdout] 
[INFO] [stderr] error: could not compile `wsq` (example "shared") due to 2 previous errors
[INFO] [stdout] error: aborting due to previous error
[INFO] [stdout] 
[INFO] [stdout] 
[INFO] [stdout] For more information about this error, try `rustc --explain E0463`.
[INFO] [stdout] 
[INFO] [stdout] error: aborting due to previous error
[INFO] [stdout] 
[INFO] [stdout] 
[INFO] [stdout] For more information about this error, try `rustc --explain E0463`.
[INFO] [stdout] 
[INFO] [stderr] error: could not compile `wsq` (example "peer2peer") due to 2 previous errors
[INFO] [stderr] error: could not compile `wsq` (test "shutdown") due to 2 previous errors
[INFO] [stdout] warning: unused closure that must be used
[INFO] [stdout]    --> src/factory.rs:165:9
[INFO] [stdout]     |
[INFO] [stdout] 165 |         factory.connection_made(Sender::new(mio::Token(0), chn, 0));
[INFO] [stdout]     |         ^^^^^^^^^^^^^^^^^^^^^^^^^^^^^^^^^^^^^^^^^^^^^^^^^^^^^^^^^^^
[INFO] [stdout]     |
[INFO] [stdout]     = note: closures are lazy and do nothing unless called
[INFO] [stdout]     = note: `#[warn(unused_must_use)]` on by default
[INFO] [stdout] 
[INFO] [stdout] 
[INFO] [stdout] warning: 1 warning emitted
[INFO] [stdout] 
[INFO] [stdout] 
[INFO] running `Command { std: "docker" "inspect" "7f28ce27b64208c6f3df2b433c10f0c77fe51d6fbe62373914146c7d77125010", kill_on_drop: false }`
[INFO] running `Command { std: "docker" "rm" "-f" "7f28ce27b64208c6f3df2b433c10f0c77fe51d6fbe62373914146c7d77125010", kill_on_drop: false }`
[INFO] [stdout] 7f28ce27b64208c6f3df2b433c10f0c77fe51d6fbe62373914146c7d77125010
[INFO] testing wsq-0.9.1 against beta-2023-12-22 for beta-1.76-1
[INFO] extracting crate wsq 0.9.1 into /workspace/builds/worker-2-tc2/source
[INFO] validating manifest of crates.io crate wsq 0.9.1 on toolchain beta-2023-12-22
[INFO] running `Command { std: CARGO_HOME="/workspace/cargo-home" RUSTUP_HOME="/workspace/rustup-home" "/workspace/cargo-home/bin/cargo" "+beta-2023-12-22" "metadata" "--manifest-path" "Cargo.toml" "--no-deps", kill_on_drop: false }`
[INFO] started tweaking crates.io crate wsq 0.9.1
[INFO] finished tweaking crates.io crate wsq 0.9.1
[INFO] tweaked toml for crates.io crate wsq 0.9.1 written to /workspace/builds/worker-2-tc2/source/Cargo.toml
[INFO] crate crates.io crate wsq 0.9.1 already has a lockfile, it will not be regenerated
[INFO] running `Command { std: CARGO_HOME="/workspace/cargo-home" RUSTUP_HOME="/workspace/rustup-home" "/workspace/cargo-home/bin/cargo" "+beta-2023-12-22" "fetch" "--manifest-path" "Cargo.toml", kill_on_drop: false }`
[INFO] running `Command { std: "docker" "create" "-v" "/var/lib/crater-agent-workspace/builds/worker-2-tc2/target:/opt/rustwide/target:rw,Z" "-v" "/var/lib/crater-agent-workspace/builds/worker-2-tc2/source:/opt/rustwide/workdir:ro,Z" "-v" "/var/lib/crater-agent-workspace/cargo-home:/opt/rustwide/cargo-home:ro,Z" "-v" "/var/lib/crater-agent-workspace/rustup-home:/opt/rustwide/rustup-home:ro,Z" "-e" "SOURCE_DIR=/opt/rustwide/workdir" "-e" "CARGO_TARGET_DIR=/opt/rustwide/target" "-e" "CARGO_HOME=/opt/rustwide/cargo-home" "-e" "RUSTUP_HOME=/opt/rustwide/rustup-home" "-w" "/opt/rustwide/workdir" "-m" "1610612736" "--user" "0:0" "--network" "none" "ghcr.io/rust-lang/crates-build-env/linux@sha256:2788e3201cd34a07e3172128adcd8b3090168a8e3bcc40d7c032b9dda1df7d1c" "/opt/rustwide/cargo-home/bin/cargo" "+beta-2023-12-22" "metadata" "--no-deps" "--format-version=1", kill_on_drop: false }`
[INFO] [stdout] f97ac9b034555ae9d21263e4954bf74c983ca5cdb1000d1b7c81ac0b464e68a6
[INFO] running `Command { std: "docker" "start" "-a" "f97ac9b034555ae9d21263e4954bf74c983ca5cdb1000d1b7c81ac0b464e68a6", kill_on_drop: false }`
[INFO] running `Command { std: "docker" "inspect" "f97ac9b034555ae9d21263e4954bf74c983ca5cdb1000d1b7c81ac0b464e68a6", kill_on_drop: false }`
[INFO] running `Command { std: "docker" "rm" "-f" "f97ac9b034555ae9d21263e4954bf74c983ca5cdb1000d1b7c81ac0b464e68a6", kill_on_drop: false }`
[INFO] [stdout] f97ac9b034555ae9d21263e4954bf74c983ca5cdb1000d1b7c81ac0b464e68a6
[INFO] running `Command { std: "docker" "create" "-v" "/var/lib/crater-agent-workspace/builds/worker-2-tc2/target:/opt/rustwide/target:rw,Z" "-v" "/var/lib/crater-agent-workspace/builds/worker-2-tc2/source:/opt/rustwide/workdir:ro,Z" "-v" "/var/lib/crater-agent-workspace/cargo-home:/opt/rustwide/cargo-home:ro,Z" "-v" "/var/lib/crater-agent-workspace/rustup-home:/opt/rustwide/rustup-home:ro,Z" "-e" "SOURCE_DIR=/opt/rustwide/workdir" "-e" "CARGO_TARGET_DIR=/opt/rustwide/target" "-e" "CARGO_INCREMENTAL=0" "-e" "RUST_BACKTRACE=full" "-e" "RUSTFLAGS=--cap-lints=warn" "-e" "RUSTDOCFLAGS=--cap-lints=warn" "-e" "CARGO_HOME=/opt/rustwide/cargo-home" "-e" "RUSTUP_HOME=/opt/rustwide/rustup-home" "-w" "/opt/rustwide/workdir" "-m" "1610612736" "--user" "0:0" "--network" "none" "ghcr.io/rust-lang/crates-build-env/linux@sha256:2788e3201cd34a07e3172128adcd8b3090168a8e3bcc40d7c032b9dda1df7d1c" "/opt/rustwide/cargo-home/bin/cargo" "+beta-2023-12-22" "build" "--frozen" "--message-format=json", kill_on_drop: false }`
[INFO] [stdout] 742ef337a9d3645e034836fc3c5e718a255356a00862413f56902d3ef746bc6f
[INFO] running `Command { std: "docker" "start" "-a" "742ef337a9d3645e034836fc3c5e718a255356a00862413f56902d3ef746bc6f", kill_on_drop: false }`
[INFO] [stderr]    Compiling libc v0.2.66
[INFO] [stderr]    Compiling typenum v1.11.2
[INFO] [stderr]    Compiling byteorder v1.3.2
[INFO] [stderr]    Compiling getrandom v0.1.13
[INFO] [stderr]    Compiling log v0.4.8
[INFO] [stderr]    Compiling byte-tools v0.3.1
[INFO] [stderr]    Compiling ppv-lite86 v0.2.6
[INFO] [stderr]    Compiling smallvec v1.0.0
[INFO] [stderr]    Compiling httparse v1.3.4
[INFO] [stderr]    Compiling slab v0.4.2
[INFO] [stderr]    Compiling opaque-debug v0.2.3
[INFO] [stderr]    Compiling percent-encoding v2.1.0
[INFO] [stderr]    Compiling lazycell v1.2.1
[INFO] [stderr]    Compiling fake-simd v0.1.2
[INFO] [stderr]    Compiling block-padding v0.1.5
[INFO] [stderr]    Compiling unicode-normalization v0.1.11
[INFO] [stderr]    Compiling c2-chacha v0.2.3
[INFO] [stderr]    Compiling iovec v0.1.4
[INFO] [stderr]    Compiling net2 v0.2.33
[INFO] [stderr]    Compiling idna v0.2.0
[INFO] [stderr]    Compiling bytes v0.4.12
[INFO] [stderr]    Compiling rand_core v0.5.1
[INFO] [stderr]    Compiling mio v0.6.21
[INFO] [stderr]    Compiling rand_chacha v0.2.1
[INFO] [stderr]    Compiling rand v0.7.2
[INFO] [stderr]    Compiling generic-array v0.12.3
[INFO] [stderr]    Compiling url v2.1.0
[INFO] [stderr]    Compiling block-buffer v0.7.3
[INFO] [stderr]    Compiling digest v0.8.1
[INFO] [stderr]    Compiling sha-1 v0.8.1
[INFO] [stderr]    Compiling mio-extras v2.0.6
[INFO] [stderr]    Compiling wsq v0.9.1 (/opt/rustwide/workdir)
[INFO] [stderr]     Finished dev [unoptimized + debuginfo] target(s) in 1.81s
[INFO] running `Command { std: "docker" "inspect" "742ef337a9d3645e034836fc3c5e718a255356a00862413f56902d3ef746bc6f", kill_on_drop: false }`
[INFO] running `Command { std: "docker" "rm" "-f" "742ef337a9d3645e034836fc3c5e718a255356a00862413f56902d3ef746bc6f", kill_on_drop: false }`
[INFO] [stdout] 742ef337a9d3645e034836fc3c5e718a255356a00862413f56902d3ef746bc6f
[INFO] running `Command { std: "docker" "create" "-v" "/var/lib/crater-agent-workspace/builds/worker-2-tc2/target:/opt/rustwide/target:rw,Z" "-v" "/var/lib/crater-agent-workspace/builds/worker-2-tc2/source:/opt/rustwide/workdir:ro,Z" "-v" "/var/lib/crater-agent-workspace/cargo-home:/opt/rustwide/cargo-home:ro,Z" "-v" "/var/lib/crater-agent-workspace/rustup-home:/opt/rustwide/rustup-home:ro,Z" "-e" "SOURCE_DIR=/opt/rustwide/workdir" "-e" "CARGO_TARGET_DIR=/opt/rustwide/target" "-e" "CARGO_INCREMENTAL=0" "-e" "RUST_BACKTRACE=full" "-e" "RUSTFLAGS=--cap-lints=warn" "-e" "RUSTDOCFLAGS=--cap-lints=warn" "-e" "CARGO_HOME=/opt/rustwide/cargo-home" "-e" "RUSTUP_HOME=/opt/rustwide/rustup-home" "-w" "/opt/rustwide/workdir" "-m" "1610612736" "--user" "0:0" "--network" "none" "ghcr.io/rust-lang/crates-build-env/linux@sha256:2788e3201cd34a07e3172128adcd8b3090168a8e3bcc40d7c032b9dda1df7d1c" "/opt/rustwide/cargo-home/bin/cargo" "+beta-2023-12-22" "test" "--frozen" "--no-run" "--message-format=json", kill_on_drop: false }`
[INFO] [stdout] 19bbaa229b3277c3a3686ff3b92a46de8f267ebd3a783c5e8d96cf984921ce7d
[INFO] running `Command { std: "docker" "start" "-a" "19bbaa229b3277c3a3686ff3b92a46de8f267ebd3a783c5e8d96cf984921ce7d", kill_on_drop: false }`
[INFO] [stderr]    Compiling memchr v2.2.1
[INFO] [stderr]    Compiling atty v0.2.13
[INFO] [stderr]    Compiling thread_local v0.3.6
[INFO] [stderr]    Compiling unicode-width v0.1.7
[INFO] [stderr]    Compiling quick-error v1.2.2
[INFO] [stderr]    Compiling regex-syntax v0.6.12
[INFO] [stderr]    Compiling dirs v1.0.5
[INFO] [stderr]    Compiling termcolor v1.0.5
[INFO] [stderr]    Compiling vec_map v0.8.1
[INFO] [stderr]    Compiling time v0.1.42
[INFO] [stderr]    Compiling humantime v1.3.0
[INFO] [stderr]    Compiling textwrap v0.11.0
[INFO] [stderr]    Compiling term v0.5.2
[INFO] [stderr]    Compiling clap v2.33.0
[INFO] [stderr]    Compiling aho-corasick v0.7.6
[INFO] [stderr]    Compiling regex v1.3.1
[INFO] [stderr]    Compiling env_logger v0.6.2
[INFO] [stderr]    Compiling wsq v0.9.1 (/opt/rustwide/workdir)
[INFO] [stdout] error[E0463]: can't find crate for `ws`
[INFO] [stdout]  --> tests/bind.rs:1:1
[INFO] [stdout]   |
[INFO] [stdout] 1 | extern crate ws;
[INFO] [stdout]   | ^^^^^^^^^^^^^^^^ can't find crate
[INFO] [stdout] 
[INFO] [stdout] 
[INFO] [stdout] error[E0463]: can't find crate for `ws`
[INFO] [stdout]  --> examples/pong.rs:5:1
[INFO] [stdout]   |
[INFO] [stdout] 5 | extern crate ws;
[INFO] [stdout]   | ^^^^^^^^^^^^^^^^ can't find crate
[INFO] [stdout] 
[INFO] [stdout] 
[INFO] [stdout] error[E0463]: can't find crate for `ws`
[INFO] [stdout]  --> examples/external_shutdown.rs:1:1
[INFO] [stdout]   |
[INFO] [stdout] 1 | extern crate ws;
[INFO] [stdout]   | ^^^^^^^^^^^^^^^^ can't find crate
[INFO] [stdout] 
[INFO] [stdout] 
[INFO] [stdout] error[E0463]: can't find crate for `ws`
[INFO] [stdout]  --> examples/bench.rs:7:1
[INFO] [stdout]   |
[INFO] [stdout] 7 | extern crate ws;
[INFO] [stdout]   | ^^^^^^^^^^^^^^^^ can't find crate
[INFO] [stdout] 
[INFO] [stdout] 
[INFO] [stdout] error[E0463]: can't find crate for `ws`
[INFO] [stdout]  --> examples/autobahn-server.rs:4:1
[INFO] [stdout]   |
[INFO] [stdout] 4 | extern crate ws;
[INFO] [stdout]   | ^^^^^^^^^^^^^^^^ can't find crate
[INFO] [stdout] 
[INFO] [stdout] 
[INFO] [stdout] error[E0463]: can't find crate for `ws`
[INFO] [stdout]  --> examples/cli.rs:7:1
[INFO] [stdout]   |
[INFO] [stdout] 7 | extern crate ws;
[INFO] [stdout]   | ^^^^^^^^^^^^^^^^ can't find crate
[INFO] [stdout] 
[INFO] [stdout] 
[INFO] [stdout] error[E0463]: can't find crate for `ws`
[INFO] [stdout]   --> examples/peer2peer.rs:29:1
[INFO] [stdout]    |
[INFO] [stdout] 29 | extern crate ws;
[INFO] [stdout]    | ^^^^^^^^^^^^^^^^ can't find crate
[INFO] [stdout] 
[INFO] [stdout] 
[INFO] [stdout] error[E0463]: can't find crate for `ws`
[INFO] [stdout]   --> examples/channel.rs:11:1
[INFO] [stdout]    |
[INFO] [stdout] 11 | extern crate ws;
[INFO] [stdout]    | ^^^^^^^^^^^^^^^^ can't find crate
[INFO] [stdout] 
[INFO] [stdout] 
[INFO] [stdout] error[E0463]: can't find crate for `ws`
[INFO] [stdout]  --> examples/remote_addr.rs:2:1
[INFO] [stdout]   |
[INFO] [stdout] 2 | extern crate ws;
[INFO] [stdout]   | ^^^^^^^^^^^^^^^^ can't find crate
[INFO] [stdout] 
[INFO] [stdout] 
[INFO] [stdout] error: aborting due to 1 previous error
[INFO] [stdout] 
[INFO] [stdout] 
[INFO] [stdout] For more information about this error, try `rustc --explain E0463`.
[INFO] [stdout] 
[INFO] [stdout] error[E0463]: can't find crate for `ws`
[INFO] [stdout]  --> examples/unsafe-ssl-client.rs:5:1
[INFO] [stdout]   |
[INFO] [stdout] 5 | extern crate ws;
[INFO] [stdout]   | ^^^^^^^^^^^^^^^^ can't find crate
[INFO] [stdout] 
[INFO] [stdout] 
[INFO] [stdout] error: aborting due to 1 previous error
[INFO] [stdout] 
[INFO] [stdout] 
[INFO] [stdout] For more information about this error, try `rustc --explain E0463`.
[INFO] [stdout] 
[INFO] [stdout] error: aborting due to 1 previous error
[INFO] [stdout] 
[INFO] [stdout] 
[INFO] [stdout] For more information about this error, try `rustc --explain E0463`.
[INFO] [stdout] 
[INFO] [stdout] error: aborting due to 1 previous error
[INFO] [stdout] 
[INFO] [stdout] 
[INFO] [stdout] For more information about this error, try `rustc --explain E0463`.
[INFO] [stdout] 
[INFO] [stdout] error: aborting due to 1 previous error
[INFO] [stdout] 
[INFO] [stdout] 
[INFO] [stdout] For more information about this error, try `rustc --explain E0463`.
[INFO] [stdout] 
[INFO] [stdout] error: aborting due to 1 previous error
[INFO] [stdout] 
[INFO] [stdout] 
[INFO] [stdout] error: aborting due to 1 previous error
[INFO] [stdout] 
[INFO] [stdout] 
[INFO] [stdout] For more information about this error, try `rustc --explain E0463`.
[INFO] [stdout] 
[INFO] [stdout] For more information about this error, try `rustc --explain E0463`.
[INFO] [stdout] 
[INFO] [stderr] error: could not compile `wsq` (example "autobahn-server") due to 2 previous errors
[INFO] [stderr] warning: build failed, waiting for other jobs to finish...
[INFO] [stderr] error: could not compile `wsq` (example "bench") due to 2 previous errors
[INFO] [stderr] error: could not compile `wsq` (test "bind") due to 2 previous errors
[INFO] [stderr] error: could not compile `wsq` (example "cli") due to 2 previous errors
[INFO] [stdout] error: aborting due to 1 previous error
[INFO] [stdout] 
[INFO] [stdout] 
[INFO] [stdout] For more information about this error, try `rustc --explain E0463`.
[INFO] [stdout] 
[INFO] [stdout] error[E0463]: can't find crate for `ws`
[INFO] [stdout]  --> examples/router.rs:4:1
[INFO] [stdout]   |
[INFO] [stdout] 4 | extern crate ws;
[INFO] [stdout]   | ^^^^^^^^^^^^^^^^ can't find crate
[INFO] [stdout] 
[INFO] [stdout] 
[INFO] [stdout] error[E0463]: can't find crate for `ws`
[INFO] [stdout]  --> examples/bench-server.rs:2:1
[INFO] [stdout]   |
[INFO] [stdout] 2 | extern crate ws;
[INFO] [stdout]   | ^^^^^^^^^^^^^^^^ can't find crate
[INFO] [stdout] 
[INFO] [stdout] 
[INFO] [stderr] error: could not compile `wsq` (example "channel") due to 2 previous errors
[INFO] [stderr] error: could not compile `wsq` (example "remote_addr") due to 2 previous errors
[INFO] [stderr] error: could not compile `wsq` (example "pong") due to 2 previous errors
[INFO] [stdout] error[E0463]: can't find crate for `ws`
[INFO] [stdout]  --> examples/server.rs:4:1
[INFO] [stdout]   |
[INFO] [stdout] 4 | extern crate ws;
[INFO] [stdout]   | ^^^^^^^^^^^^^^^^ can't find crate
[INFO] [stdout] 
[INFO] [stdout] 
[INFO] [stdout] warning: unnecessary parentheses around type
[INFO] [stdout]   --> examples/router.rs:13:63
[INFO] [stdout]    |
[INFO] [stdout] 13 |     fn on_request(&mut self, req: &ws::Request) -> ws::Result<(ws::Response)> {
[INFO] [stdout]    |                                                               ^            ^
[INFO] [stdout]    |
[INFO] [stdout]    = note: `#[warn(unused_parens)]` on by default
[INFO] [stdout] help: remove these parentheses
[INFO] [stdout]    |
[INFO] [stdout] 13 -     fn on_request(&mut self, req: &ws::Request) -> ws::Result<(ws::Response)> {
[INFO] [stdout] 13 +     fn on_request(&mut self, req: &ws::Request) -> ws::Result<ws::Response> {
[INFO] [stdout]    |
[INFO] [stdout] 
[INFO] [stdout] 
[INFO] [stdout] warning: unnecessary parentheses around type
[INFO] [stdout]   --> examples/router.rs:82:63
[INFO] [stdout]    |
[INFO] [stdout] 82 |     fn on_request(&mut self, req: &ws::Request) -> ws::Result<(ws::Response)> {
[INFO] [stdout]    |                                                               ^            ^
[INFO] [stdout]    |
[INFO] [stdout] help: remove these parentheses
[INFO] [stdout]    |
[INFO] [stdout] 82 -     fn on_request(&mut self, req: &ws::Request) -> ws::Result<(ws::Response)> {
[INFO] [stdout] 82 +     fn on_request(&mut self, req: &ws::Request) -> ws::Result<ws::Response> {
[INFO] [stdout]    |
[INFO] [stdout] 
[INFO] [stdout] 
[INFO] [stdout] error: aborting due to 1 previous error
[INFO] [stdout] 
[INFO] [stdout] 
[INFO] [stdout] For more information about this error, try `rustc --explain E0463`.
[INFO] [stdout] 
[INFO] [stdout] error: aborting due to 1 previous error; 2 warnings emitted
[INFO] [stdout] 
[INFO] [stdout] 
[INFO] [stderr] error: could not compile `wsq` (example "unsafe-ssl-client") due to 2 previous errors
[INFO] [stdout] error: aborting due to 1 previous error
[INFO] [stdout] 
[INFO] [stdout] 
[INFO] [stdout] For more information about this error, try `rustc --explain E0463`.
[INFO] [stdout] 
[INFO] [stdout] For more information about this error, try `rustc --explain E0463`.
[INFO] [stdout] 
[INFO] [stdout] error[E0463]: can't find crate for `ws`
[INFO] [stdout]  --> examples/html_chat.rs:2:1
[INFO] [stdout]   |
[INFO] [stdout] 2 | extern crate ws;
[INFO] [stdout]   | ^^^^^^^^^^^^^^^^ can't find crate
[INFO] [stdout] 
[INFO] [stdout] 
[INFO] [stdout] warning: unnecessary parentheses around type
[INFO] [stdout]   --> examples/html_chat.rs:43:55
[INFO] [stdout]    |
[INFO] [stdout] 43 |     fn on_request(&mut self, req: &Request) -> Result<(Response)> {
[INFO] [stdout]    |                                                       ^        ^
[INFO] [stdout]    |
[INFO] [stdout]    = note: `#[warn(unused_parens)]` on by default
[INFO] [stdout] help: remove these parentheses
[INFO] [stdout]    |
[INFO] [stdout] 43 -     fn on_request(&mut self, req: &Request) -> Result<(Response)> {
[INFO] [stdout] 43 +     fn on_request(&mut self, req: &Request) -> Result<Response> {
[INFO] [stdout]    |
[INFO] [stdout] 
[INFO] [stdout] 
[INFO] [stdout] error: aborting due to 1 previous error
[INFO] [stdout] 
[INFO] [stdout] 
[INFO] [stdout] For more information about this error, try `rustc --explain E0463`.
[INFO] [stdout] 
[INFO] [stdout] error[E0463]: can't find crate for `ws`
[INFO] [stdout]  --> examples/autobahn-client.rs:2:1
[INFO] [stdout]   |
[INFO] [stdout] 2 | extern crate ws;
[INFO] [stdout]   | ^^^^^^^^^^^^^^^^ can't find crate
[INFO] [stdout] 
[INFO] [stdout] 
[INFO] [stdout] error: aborting due to 1 previous error; 1 warning emitted
[INFO] [stdout] 
[INFO] [stdout] 
[INFO] [stdout] For more information about this error, try `rustc --explain E0463`.
[INFO] [stdout] 
[INFO] [stderr] error: could not compile `wsq` (example "peer2peer") due to 2 previous errors
[INFO] [stderr] error: could not compile `wsq` (example "router") due to 2 previous errors; 2 warnings emitted
[INFO] [stderr] error: could not compile `wsq` (example "bench-server") due to 2 previous errors
[INFO] [stderr] error: could not compile `wsq` (example "server") due to 2 previous errors
[INFO] [stderr] error: could not compile `wsq` (example "html_chat") due to 2 previous errors; 1 warning emitted
[INFO] [stdout] error: aborting due to 1 previous error
[INFO] [stdout] 
[INFO] [stdout] 
[INFO] [stdout] For more information about this error, try `rustc --explain E0463`.
[INFO] [stdout] 
[INFO] [stderr] error: could not compile `wsq` (example "autobahn-client") due to 2 previous errors
[INFO] [stdout] error: aborting due to 1 previous error
[INFO] [stdout] 
[INFO] [stdout] 
[INFO] [stdout] For more information about this error, try `rustc --explain E0463`.
[INFO] [stdout] 
[INFO] [stderr] error: could not compile `wsq` (example "external_shutdown") due to 2 previous errors
[INFO] running `Command { std: "docker" "inspect" "19bbaa229b3277c3a3686ff3b92a46de8f267ebd3a783c5e8d96cf984921ce7d", kill_on_drop: false }`
[INFO] running `Command { std: "docker" "rm" "-f" "19bbaa229b3277c3a3686ff3b92a46de8f267ebd3a783c5e8d96cf984921ce7d", kill_on_drop: false }`
[INFO] [stdout] 19bbaa229b3277c3a3686ff3b92a46de8f267ebd3a783c5e8d96cf984921ce7d
