[INFO] fetching crate wsprspots 0.1.8...
[INFO] testing wsprspots-0.1.8 against 1.75.0 for beta-1.76-1
[INFO] extracting crate wsprspots 0.1.8 into /workspace/builds/worker-6-tc1/source
[INFO] validating manifest of crates.io crate wsprspots 0.1.8 on toolchain 1.75.0
[INFO] running `Command { std: CARGO_HOME="/workspace/cargo-home" RUSTUP_HOME="/workspace/rustup-home" "/workspace/cargo-home/bin/cargo" "+1.75.0" "metadata" "--manifest-path" "Cargo.toml" "--no-deps", kill_on_drop: false }`
[INFO] started tweaking crates.io crate wsprspots 0.1.8
[INFO] finished tweaking crates.io crate wsprspots 0.1.8
[INFO] tweaked toml for crates.io crate wsprspots 0.1.8 written to /workspace/builds/worker-6-tc1/source/Cargo.toml
[INFO] crate crates.io crate wsprspots 0.1.8 already has a lockfile, it will not be regenerated
[INFO] running `Command { std: CARGO_HOME="/workspace/cargo-home" RUSTUP_HOME="/workspace/rustup-home" "/workspace/cargo-home/bin/cargo" "+1.75.0" "fetch" "--manifest-path" "Cargo.toml", kill_on_drop: false }`
[INFO] [stderr]  Downloading crates ...
[INFO] [stderr]   Downloaded cxxbridge-flags v1.0.85
[INFO] [stderr]   Downloaded cxx-build v1.0.85
[INFO] [stderr]   Downloaded cxxbridge-macro v1.0.85
[INFO] [stderr]   Downloaded cxx v1.0.85
[INFO] running `Command { std: "docker" "create" "-v" "/var/lib/crater-agent-workspace/builds/worker-6-tc1/target:/opt/rustwide/target:rw,Z" "-v" "/var/lib/crater-agent-workspace/builds/worker-6-tc1/source:/opt/rustwide/workdir:ro,Z" "-v" "/var/lib/crater-agent-workspace/cargo-home:/opt/rustwide/cargo-home:ro,Z" "-v" "/var/lib/crater-agent-workspace/rustup-home:/opt/rustwide/rustup-home:ro,Z" "-e" "SOURCE_DIR=/opt/rustwide/workdir" "-e" "CARGO_TARGET_DIR=/opt/rustwide/target" "-e" "CARGO_HOME=/opt/rustwide/cargo-home" "-e" "RUSTUP_HOME=/opt/rustwide/rustup-home" "-w" "/opt/rustwide/workdir" "-m" "1610612736" "--user" "0:0" "--network" "none" "ghcr.io/rust-lang/crates-build-env/linux@sha256:2788e3201cd34a07e3172128adcd8b3090168a8e3bcc40d7c032b9dda1df7d1c" "/opt/rustwide/cargo-home/bin/cargo" "+1.75.0" "metadata" "--no-deps" "--format-version=1", kill_on_drop: false }`
[INFO] [stdout] c3583f058bc4ed7220adc3ab1b85fc370fd0fbd3eae3227bbdd08e85abdbaf38
[INFO] running `Command { std: "docker" "start" "-a" "c3583f058bc4ed7220adc3ab1b85fc370fd0fbd3eae3227bbdd08e85abdbaf38", kill_on_drop: false }`
[INFO] running `Command { std: "docker" "inspect" "c3583f058bc4ed7220adc3ab1b85fc370fd0fbd3eae3227bbdd08e85abdbaf38", kill_on_drop: false }`
[INFO] running `Command { std: "docker" "rm" "-f" "c3583f058bc4ed7220adc3ab1b85fc370fd0fbd3eae3227bbdd08e85abdbaf38", kill_on_drop: false }`
[INFO] [stdout] c3583f058bc4ed7220adc3ab1b85fc370fd0fbd3eae3227bbdd08e85abdbaf38
[INFO] running `Command { std: "docker" "create" "-v" "/var/lib/crater-agent-workspace/builds/worker-6-tc1/target:/opt/rustwide/target:rw,Z" "-v" "/var/lib/crater-agent-workspace/builds/worker-6-tc1/source:/opt/rustwide/workdir:ro,Z" "-v" "/var/lib/crater-agent-workspace/cargo-home:/opt/rustwide/cargo-home:ro,Z" "-v" "/var/lib/crater-agent-workspace/rustup-home:/opt/rustwide/rustup-home:ro,Z" "-e" "SOURCE_DIR=/opt/rustwide/workdir" "-e" "CARGO_TARGET_DIR=/opt/rustwide/target" "-e" "CARGO_INCREMENTAL=0" "-e" "RUST_BACKTRACE=full" "-e" "RUSTFLAGS=--cap-lints=warn" "-e" "RUSTDOCFLAGS=--cap-lints=warn" "-e" "CARGO_HOME=/opt/rustwide/cargo-home" "-e" "RUSTUP_HOME=/opt/rustwide/rustup-home" "-w" "/opt/rustwide/workdir" "-m" "1610612736" "--user" "0:0" "--network" "none" "ghcr.io/rust-lang/crates-build-env/linux@sha256:2788e3201cd34a07e3172128adcd8b3090168a8e3bcc40d7c032b9dda1df7d1c" "/opt/rustwide/cargo-home/bin/cargo" "+1.75.0" "build" "--frozen" "--message-format=json", kill_on_drop: false }`
[INFO] [stdout] b5beff3d94f364d0768306ad2b1e141bbec618668f58cf9fd3fc0c1581c98a1e
[INFO] running `Command { std: "docker" "start" "-a" "b5beff3d94f364d0768306ad2b1e141bbec618668f58cf9fd3fc0c1581c98a1e", kill_on_drop: false }`
[INFO] [stderr]    Compiling proc-macro2 v1.0.49
[INFO] [stderr]    Compiling siphasher v0.3.10
[INFO] [stderr]    Compiling unicode-ident v1.0.6
[INFO] [stderr]    Compiling num-traits v0.2.15
[INFO] [stderr]    Compiling syn v1.0.107
[INFO] [stderr]    Compiling libc v0.2.139
[INFO] [stderr]    Compiling num-integer v0.1.45
[INFO] [stderr]    Compiling iana-time-zone v0.1.53
[INFO] [stderr]    Compiling static_assertions v1.1.0
[INFO] [stderr]    Compiling smartstring v1.0.1
[INFO] [stderr]    Compiling unicase v2.6.0
[INFO] [stderr]    Compiling phf_shared v0.11.1
[INFO] [stderr]    Compiling phf_generator v0.11.1
[INFO] [stderr]    Compiling quote v1.0.23
[INFO] [stderr]    Compiling time v0.1.45
[INFO] [stderr]    Compiling chrono v0.4.23
[INFO] [stderr]    Compiling phf_macros v0.11.1
[INFO] [stderr]    Compiling phf v0.11.1
[INFO] [stderr]    Compiling wsprspots v0.1.8 (/opt/rustwide/workdir)
[INFO] [stdout] error[E0554]: `#![feature]` may not be used on the stable release channel
[INFO] [stdout]  --> src/main.rs:1:1
[INFO] [stdout]   |
[INFO] [stdout] 1 | #![feature(exclusive_range_pattern, hash_drain_filter)]
[INFO] [stdout]   | ^^^^^^^^^^^^^^^^^^^^^^^^^^^^^^^^^^^^^^^^^^^^^^^^^^^^^^^
[INFO] [stdout] 
[INFO] [stdout] 
[INFO] [stdout] error[E0554]: `#![feature]` may not be used on the stable release channel
[INFO] [stdout]  --> src/main.rs:1:37
[INFO] [stdout]   |
[INFO] [stdout] 1 | #![feature(exclusive_range_pattern, hash_drain_filter)]
[INFO] [stdout]   |                                     ^^^^^^^^^^^^^^^^^
[INFO] [stdout] 
[INFO] [stdout] 
[INFO] [stdout] error[E0635]: unknown feature `hash_drain_filter`
[INFO] [stdout]  --> src/main.rs:1:37
[INFO] [stdout]   |
[INFO] [stdout] 1 | #![feature(exclusive_range_pattern, hash_drain_filter)]
[INFO] [stdout]   |                                     ^^^^^^^^^^^^^^^^^
[INFO] [stdout] 
[INFO] [stdout] 
[INFO] [stdout] warning: use of deprecated associated function `chrono::NaiveDateTime::from_timestamp`: use `from_timestamp_opt()` instead
[INFO] [stdout]    --> src/main.rs:382:44
[INFO] [stdout]     |
[INFO] [stdout] 382 |         DateTime::<Utc>::from_utc(NaiveDateTime::from_timestamp(self.time_first as i64, 0), Utc)
[INFO] [stdout]     |                                                  ^^^^^^^^^^^^^^
[INFO] [stdout]     |
[INFO] [stdout]     = note: `#[warn(deprecated)]` on by default
[INFO] [stdout] 
[INFO] [stdout] 
[INFO] [stdout] warning: use of deprecated associated function `chrono::NaiveDateTime::from_timestamp`: use `from_timestamp_opt()` instead
[INFO] [stdout]    --> src/main.rs:387:44
[INFO] [stdout]     |
[INFO] [stdout] 387 |         DateTime::<Utc>::from_utc(NaiveDateTime::from_timestamp((self.time_last + 120) as i64, 0), Utc)
[INFO] [stdout]     |                                                  ^^^^^^^^^^^^^^
[INFO] [stdout] 
[INFO] [stdout] 
[INFO] [stdout] error[E0599]: no method named `drain_filter` found for struct `HashMap` in the current scope
[INFO] [stdout]    --> src/main.rs:579:24
[INFO] [stdout]     |
[INFO] [stdout] 579 |         for (_, qso) in qsos.drain_filter(|_, qso| {
[INFO] [stdout]     |                         -----^^^^^^^^^^^^ method not found in `HashMap<QsoKey, Qso>`
[INFO] [stdout] 
[INFO] [stdout] 
[INFO] [stdout] error: aborting due to 4 previous errors; 2 warnings emitted
[INFO] [stdout] 
[INFO] [stdout] 
[INFO] [stdout] Some errors have detailed explanations: E0554, E0599, E0635.
[INFO] [stdout] 
[INFO] [stdout] For more information about an error, try `rustc --explain E0554`.
[INFO] [stdout] 
[INFO] [stderr] error: could not compile `wsprspots` (bin "wsprspots") due to 5 previous errors; 2 warnings emitted
[INFO] running `Command { std: "docker" "inspect" "b5beff3d94f364d0768306ad2b1e141bbec618668f58cf9fd3fc0c1581c98a1e", kill_on_drop: false }`
[INFO] running `Command { std: "docker" "rm" "-f" "b5beff3d94f364d0768306ad2b1e141bbec618668f58cf9fd3fc0c1581c98a1e", kill_on_drop: false }`
[INFO] [stdout] b5beff3d94f364d0768306ad2b1e141bbec618668f58cf9fd3fc0c1581c98a1e
