[INFO] fetching crate ws2812-esp32-rmt-driver 0.6.0...
[INFO] testing ws2812-esp32-rmt-driver-0.6.0 against 1.75.0 for beta-1.76-1
[INFO] extracting crate ws2812-esp32-rmt-driver 0.6.0 into /workspace/builds/worker-7-tc1/source
[INFO] validating manifest of crates.io crate ws2812-esp32-rmt-driver 0.6.0 on toolchain 1.75.0
[INFO] running `Command { std: CARGO_HOME="/workspace/cargo-home" RUSTUP_HOME="/workspace/rustup-home" "/workspace/cargo-home/bin/cargo" "+1.75.0" "metadata" "--manifest-path" "Cargo.toml" "--no-deps", kill_on_drop: false }`
[INFO] removed /workspace/builds/worker-7-tc1/source/.cargo/config.toml
[INFO] removed /workspace/builds/worker-7-tc1/source/rust-toolchain.toml
[INFO] started tweaking crates.io crate ws2812-esp32-rmt-driver 0.6.0
[INFO] finished tweaking crates.io crate ws2812-esp32-rmt-driver 0.6.0
[INFO] tweaked toml for crates.io crate ws2812-esp32-rmt-driver 0.6.0 written to /workspace/builds/worker-7-tc1/source/Cargo.toml
[INFO] crate crates.io crate ws2812-esp32-rmt-driver 0.6.0 already has a lockfile, it will not be regenerated
[INFO] running `Command { std: CARGO_HOME="/workspace/cargo-home" RUSTUP_HOME="/workspace/rustup-home" "/workspace/cargo-home/bin/cargo" "+1.75.0" "fetch" "--manifest-path" "Cargo.toml", kill_on_drop: false }`
[INFO] [stderr]     Updating crates.io index
[INFO] [stderr]     Blocking waiting for file lock on package cache
[INFO] [stderr]  Downloading crates ...
[INFO] [stderr]   Downloaded embedded-graphics-core v0.4.0
[INFO] [stderr]   Downloaded rustversion v1.0.13
[INFO] [stderr]   Downloaded fs_at v0.1.8
[INFO] [stderr]   Downloaded esp-idf-sys v0.33.1
[INFO] [stderr]   Downloaded embuild v0.31.2
[INFO] [stderr]   Downloaded embedded-graphics v0.8.0
[INFO] running `Command { std: "docker" "create" "-v" "/var/lib/crater-agent-workspace/builds/worker-7-tc1/target:/opt/rustwide/target:rw,Z" "-v" "/var/lib/crater-agent-workspace/builds/worker-7-tc1/source:/opt/rustwide/workdir:ro,Z" "-v" "/var/lib/crater-agent-workspace/cargo-home:/opt/rustwide/cargo-home:ro,Z" "-v" "/var/lib/crater-agent-workspace/rustup-home:/opt/rustwide/rustup-home:ro,Z" "-e" "SOURCE_DIR=/opt/rustwide/workdir" "-e" "CARGO_TARGET_DIR=/opt/rustwide/target" "-e" "CARGO_HOME=/opt/rustwide/cargo-home" "-e" "RUSTUP_HOME=/opt/rustwide/rustup-home" "-w" "/opt/rustwide/workdir" "-m" "1610612736" "--user" "0:0" "--network" "none" "ghcr.io/rust-lang/crates-build-env/linux@sha256:2788e3201cd34a07e3172128adcd8b3090168a8e3bcc40d7c032b9dda1df7d1c" "/opt/rustwide/cargo-home/bin/cargo" "+1.75.0" "metadata" "--no-deps" "--format-version=1", kill_on_drop: false }`
[INFO] [stdout] 0c75a3db76c325340c3b14c561297a180a81d78a826f2d91c94bb54f48dc03a7
[INFO] running `Command { std: "docker" "start" "-a" "0c75a3db76c325340c3b14c561297a180a81d78a826f2d91c94bb54f48dc03a7", kill_on_drop: false }`
[INFO] running `Command { std: "docker" "inspect" "0c75a3db76c325340c3b14c561297a180a81d78a826f2d91c94bb54f48dc03a7", kill_on_drop: false }`
[INFO] running `Command { std: "docker" "rm" "-f" "0c75a3db76c325340c3b14c561297a180a81d78a826f2d91c94bb54f48dc03a7", kill_on_drop: false }`
[INFO] [stdout] 0c75a3db76c325340c3b14c561297a180a81d78a826f2d91c94bb54f48dc03a7
[INFO] running `Command { std: "docker" "create" "-v" "/var/lib/crater-agent-workspace/builds/worker-7-tc1/target:/opt/rustwide/target:rw,Z" "-v" "/var/lib/crater-agent-workspace/builds/worker-7-tc1/source:/opt/rustwide/workdir:ro,Z" "-v" "/var/lib/crater-agent-workspace/cargo-home:/opt/rustwide/cargo-home:ro,Z" "-v" "/var/lib/crater-agent-workspace/rustup-home:/opt/rustwide/rustup-home:ro,Z" "-e" "SOURCE_DIR=/opt/rustwide/workdir" "-e" "CARGO_TARGET_DIR=/opt/rustwide/target" "-e" "CARGO_INCREMENTAL=0" "-e" "RUST_BACKTRACE=full" "-e" "RUSTFLAGS=--cap-lints=warn" "-e" "RUSTDOCFLAGS=--cap-lints=warn" "-e" "CARGO_HOME=/opt/rustwide/cargo-home" "-e" "RUSTUP_HOME=/opt/rustwide/rustup-home" "-w" "/opt/rustwide/workdir" "-m" "1610612736" "--user" "0:0" "--network" "none" "ghcr.io/rust-lang/crates-build-env/linux@sha256:2788e3201cd34a07e3172128adcd8b3090168a8e3bcc40d7c032b9dda1df7d1c" "/opt/rustwide/cargo-home/bin/cargo" "+1.75.0" "build" "--frozen" "--message-format=json", kill_on_drop: false }`
[INFO] [stdout] cda1f890a877a32238095aa11523153e6dd5bab2976b5c1d407192fb7d2b184a
[INFO] running `Command { std: "docker" "start" "-a" "cda1f890a877a32238095aa11523153e6dd5bab2976b5c1d407192fb7d2b184a", kill_on_drop: false }`
[INFO] [stderr]    Compiling proc-macro2 v1.0.64
[INFO] [stderr]    Compiling quote v1.0.29
[INFO] [stderr]    Compiling unicode-ident v1.0.10
[INFO] [stderr]    Compiling thiserror v1.0.43
[INFO] [stderr]    Compiling libc v0.2.147
[INFO] [stderr]    Compiling anyhow v1.0.71
[INFO] [stderr]    Compiling cfg-if v1.0.0
[INFO] [stderr]    Compiling log v0.4.19
[INFO] [stderr]    Compiling bitflags v1.3.2
[INFO] [stderr]    Compiling shlex v1.1.0
[INFO] [stderr]    Compiling az v1.2.1
[INFO] [stderr]    Compiling bytemuck v1.13.1
[INFO] [stderr]    Compiling byteorder v1.4.3
[INFO] [stderr]    Compiling once_cell v1.18.0
[INFO] [stderr]    Compiling rgb v0.8.36
[INFO] [stderr]    Compiling smart-leds-trait v0.2.1
[INFO] [stderr]    Compiling syn v2.0.25
[INFO] [stderr]    Compiling filetime v0.2.21
[INFO] [stderr]    Compiling embedded-graphics-core v0.4.0
[INFO] [stderr]    Compiling thiserror-impl v1.0.43
[INFO] [stderr]    Compiling embuild v0.31.2
[INFO] [stderr]    Compiling ws2812-esp32-rmt-driver v0.6.0 (/opt/rustwide/workdir)
[INFO] [stderr]     Finished dev [optimized + debuginfo] target(s) in 3.20s
[INFO] running `Command { std: "docker" "inspect" "cda1f890a877a32238095aa11523153e6dd5bab2976b5c1d407192fb7d2b184a", kill_on_drop: false }`
[INFO] running `Command { std: "docker" "rm" "-f" "cda1f890a877a32238095aa11523153e6dd5bab2976b5c1d407192fb7d2b184a", kill_on_drop: false }`
[INFO] [stdout] cda1f890a877a32238095aa11523153e6dd5bab2976b5c1d407192fb7d2b184a
[INFO] running `Command { std: "docker" "create" "-v" "/var/lib/crater-agent-workspace/builds/worker-7-tc1/target:/opt/rustwide/target:rw,Z" "-v" "/var/lib/crater-agent-workspace/builds/worker-7-tc1/source:/opt/rustwide/workdir:ro,Z" "-v" "/var/lib/crater-agent-workspace/cargo-home:/opt/rustwide/cargo-home:ro,Z" "-v" "/var/lib/crater-agent-workspace/rustup-home:/opt/rustwide/rustup-home:ro,Z" "-e" "SOURCE_DIR=/opt/rustwide/workdir" "-e" "CARGO_TARGET_DIR=/opt/rustwide/target" "-e" "CARGO_INCREMENTAL=0" "-e" "RUST_BACKTRACE=full" "-e" "RUSTFLAGS=--cap-lints=warn" "-e" "RUSTDOCFLAGS=--cap-lints=warn" "-e" "CARGO_HOME=/opt/rustwide/cargo-home" "-e" "RUSTUP_HOME=/opt/rustwide/rustup-home" "-w" "/opt/rustwide/workdir" "-m" "1610612736" "--user" "0:0" "--network" "none" "ghcr.io/rust-lang/crates-build-env/linux@sha256:2788e3201cd34a07e3172128adcd8b3090168a8e3bcc40d7c032b9dda1df7d1c" "/opt/rustwide/cargo-home/bin/cargo" "+1.75.0" "test" "--frozen" "--no-run" "--message-format=json", kill_on_drop: false }`
[INFO] [stdout] 20b9ab68db426a6cb65788357baf562e2a5972363e7495a62f504ff6f4c288d8
[INFO] running `Command { std: "docker" "start" "-a" "20b9ab68db426a6cb65788357baf562e2a5972363e7495a62f504ff6f4c288d8", kill_on_drop: false }`
[INFO] [stderr]    Compiling autocfg v1.1.0
[INFO] [stderr]    Compiling micromath v2.0.0
[INFO] [stderr]    Compiling smart-leds v0.3.0
[INFO] [stderr]    Compiling num-traits v0.2.15
[INFO] [stderr]    Compiling float-cmp v0.9.0
[INFO] [stderr]    Compiling embedded-graphics v0.8.0
[INFO] [stderr]    Compiling ws2812-esp32-rmt-driver v0.6.0 (/opt/rustwide/workdir)
[INFO] [stdout] error[E0432]: unresolved import `esp_idf_sys`
[INFO] [stdout]  --> examples/m5atom_smart_leds.rs:1:5
[INFO] [stdout]   |
[INFO] [stdout] 1 | use esp_idf_sys::*;
[INFO] [stdout]   |     ^^^^^^^^^^^ use of undeclared crate or module `esp_idf_sys`
[INFO] [stdout] 
[INFO] [stdout] 
[INFO] [stdout] error[E0601]: `main` function not found in crate `m5atom_embedded_graphics`
[INFO] [stdout]   --> examples/m5atom_embedded_graphics.rs:59:2
[INFO] [stdout]    |
[INFO] [stdout] 59 | }
[INFO] [stdout]    |  ^ consider adding a `main` function to `examples/m5atom_embedded_graphics.rs`
[INFO] [stdout] 
[INFO] [stdout] 
[INFO] [stdout] error: aborting due to previous error
[INFO] [stdout] 
[INFO] [stdout] 
[INFO] [stdout] For more information about this error, try `rustc --explain E0601`.
[INFO] [stdout] 
[INFO] [stderr] error: could not compile `ws2812-esp32-rmt-driver` (example "m5atom_embedded_graphics") due to 2 previous errors
[INFO] [stderr] warning: build failed, waiting for other jobs to finish...
[INFO] [stdout] error[E0433]: failed to resolve: use of undeclared crate or module `esp_idf_sys`
[INFO] [stdout]   --> examples/m5atom_smart_leds.rs:11:5
[INFO] [stdout]    |
[INFO] [stdout] 11 |     esp_idf_sys::link_patches();
[INFO] [stdout]    |     ^^^^^^^^^^^ use of undeclared crate or module `esp_idf_sys`
[INFO] [stdout] 
[INFO] [stdout] 
[INFO] [stdout] error[E0433]: failed to resolve: use of undeclared crate or module `esp_idf_sys`
[INFO] [stdout]   --> examples/smart_leds_sk6812_rgbw.rs:10:5
[INFO] [stdout]    |
[INFO] [stdout] 10 |     esp_idf_sys::link_patches();
[INFO] [stdout]    |     ^^^^^^^^^^^ use of undeclared crate or module `esp_idf_sys`
[INFO] [stdout] 
[INFO] [stdout] 
[INFO] [stdout] error[E0425]: cannot find function `esp_random` in this scope
[INFO] [stdout]   --> examples/m5atom_smart_leds.rs:17:28
[INFO] [stdout]    |
[INFO] [stdout] 17 |     let mut hue = unsafe { esp_random() } as u8;
[INFO] [stdout]    |                            ^^^^^^^^^^ not found in this scope
[INFO] [stdout] 
[INFO] [stdout] 
[INFO] [stdout] error: aborting due to previous error
[INFO] [stdout] 
[INFO] [stdout] 
[INFO] [stdout] For more information about this error, try `rustc --explain E0433`.
[INFO] [stdout] 
[INFO] [stdout] error: aborting due to 3 previous errors
[INFO] [stdout] 
[INFO] [stdout] 
[INFO] [stdout] Some errors have detailed explanations: E0425, E0432, E0433.
[INFO] [stdout] 
[INFO] [stdout] For more information about an error, try `rustc --explain E0425`.
[INFO] [stdout] 
[INFO] [stderr] error: could not compile `ws2812-esp32-rmt-driver` (example "smart_leds_sk6812_rgbw") due to 2 previous errors
[INFO] [stderr] error: could not compile `ws2812-esp32-rmt-driver` (example "m5atom_smart_leds") due to 4 previous errors
[INFO] running `Command { std: "docker" "inspect" "20b9ab68db426a6cb65788357baf562e2a5972363e7495a62f504ff6f4c288d8", kill_on_drop: false }`
[INFO] running `Command { std: "docker" "rm" "-f" "20b9ab68db426a6cb65788357baf562e2a5972363e7495a62f504ff6f4c288d8", kill_on_drop: false }`
[INFO] [stdout] 20b9ab68db426a6cb65788357baf562e2a5972363e7495a62f504ff6f4c288d8
[INFO] testing ws2812-esp32-rmt-driver-0.6.0 against beta-2023-12-22 for beta-1.76-1
[INFO] extracting crate ws2812-esp32-rmt-driver 0.6.0 into /workspace/builds/worker-7-tc2/source
[INFO] validating manifest of crates.io crate ws2812-esp32-rmt-driver 0.6.0 on toolchain beta-2023-12-22
[INFO] running `Command { std: CARGO_HOME="/workspace/cargo-home" RUSTUP_HOME="/workspace/rustup-home" "/workspace/cargo-home/bin/cargo" "+beta-2023-12-22" "metadata" "--manifest-path" "Cargo.toml" "--no-deps", kill_on_drop: false }`
[INFO] removed /workspace/builds/worker-7-tc2/source/.cargo/config.toml
[INFO] removed /workspace/builds/worker-7-tc2/source/rust-toolchain.toml
[INFO] started tweaking crates.io crate ws2812-esp32-rmt-driver 0.6.0
[INFO] finished tweaking crates.io crate ws2812-esp32-rmt-driver 0.6.0
[INFO] tweaked toml for crates.io crate ws2812-esp32-rmt-driver 0.6.0 written to /workspace/builds/worker-7-tc2/source/Cargo.toml
[INFO] crate crates.io crate ws2812-esp32-rmt-driver 0.6.0 already has a lockfile, it will not be regenerated
[INFO] running `Command { std: CARGO_HOME="/workspace/cargo-home" RUSTUP_HOME="/workspace/rustup-home" "/workspace/cargo-home/bin/cargo" "+beta-2023-12-22" "fetch" "--manifest-path" "Cargo.toml", kill_on_drop: false }`
[INFO] running `Command { std: "docker" "create" "-v" "/var/lib/crater-agent-workspace/builds/worker-7-tc2/target:/opt/rustwide/target:rw,Z" "-v" "/var/lib/crater-agent-workspace/builds/worker-7-tc2/source:/opt/rustwide/workdir:ro,Z" "-v" "/var/lib/crater-agent-workspace/cargo-home:/opt/rustwide/cargo-home:ro,Z" "-v" "/var/lib/crater-agent-workspace/rustup-home:/opt/rustwide/rustup-home:ro,Z" "-e" "SOURCE_DIR=/opt/rustwide/workdir" "-e" "CARGO_TARGET_DIR=/opt/rustwide/target" "-e" "CARGO_HOME=/opt/rustwide/cargo-home" "-e" "RUSTUP_HOME=/opt/rustwide/rustup-home" "-w" "/opt/rustwide/workdir" "-m" "1610612736" "--user" "0:0" "--network" "none" "ghcr.io/rust-lang/crates-build-env/linux@sha256:2788e3201cd34a07e3172128adcd8b3090168a8e3bcc40d7c032b9dda1df7d1c" "/opt/rustwide/cargo-home/bin/cargo" "+beta-2023-12-22" "metadata" "--no-deps" "--format-version=1", kill_on_drop: false }`
[INFO] [stdout] 576b2423ce10290346365d30bc5bf4c781b40cc3c1d87f8c5cb1fd0188d2414f
[INFO] running `Command { std: "docker" "start" "-a" "576b2423ce10290346365d30bc5bf4c781b40cc3c1d87f8c5cb1fd0188d2414f", kill_on_drop: false }`
[INFO] running `Command { std: "docker" "inspect" "576b2423ce10290346365d30bc5bf4c781b40cc3c1d87f8c5cb1fd0188d2414f", kill_on_drop: false }`
[INFO] running `Command { std: "docker" "rm" "-f" "576b2423ce10290346365d30bc5bf4c781b40cc3c1d87f8c5cb1fd0188d2414f", kill_on_drop: false }`
[INFO] [stdout] 576b2423ce10290346365d30bc5bf4c781b40cc3c1d87f8c5cb1fd0188d2414f
[INFO] running `Command { std: "docker" "create" "-v" "/var/lib/crater-agent-workspace/builds/worker-7-tc2/target:/opt/rustwide/target:rw,Z" "-v" "/var/lib/crater-agent-workspace/builds/worker-7-tc2/source:/opt/rustwide/workdir:ro,Z" "-v" "/var/lib/crater-agent-workspace/cargo-home:/opt/rustwide/cargo-home:ro,Z" "-v" "/var/lib/crater-agent-workspace/rustup-home:/opt/rustwide/rustup-home:ro,Z" "-e" "SOURCE_DIR=/opt/rustwide/workdir" "-e" "CARGO_TARGET_DIR=/opt/rustwide/target" "-e" "CARGO_INCREMENTAL=0" "-e" "RUST_BACKTRACE=full" "-e" "RUSTFLAGS=--cap-lints=warn" "-e" "RUSTDOCFLAGS=--cap-lints=warn" "-e" "CARGO_HOME=/opt/rustwide/cargo-home" "-e" "RUSTUP_HOME=/opt/rustwide/rustup-home" "-w" "/opt/rustwide/workdir" "-m" "1610612736" "--user" "0:0" "--network" "none" "ghcr.io/rust-lang/crates-build-env/linux@sha256:2788e3201cd34a07e3172128adcd8b3090168a8e3bcc40d7c032b9dda1df7d1c" "/opt/rustwide/cargo-home/bin/cargo" "+beta-2023-12-22" "build" "--frozen" "--message-format=json", kill_on_drop: false }`
[INFO] [stdout] e6cc7d4339eb802eff899afb0ecec97f7469440e517edc73b01f82588d799139
[INFO] running `Command { std: "docker" "start" "-a" "e6cc7d4339eb802eff899afb0ecec97f7469440e517edc73b01f82588d799139", kill_on_drop: false }`
[INFO] [stderr]    Compiling proc-macro2 v1.0.64
[INFO] [stderr]    Compiling unicode-ident v1.0.10
[INFO] [stderr]    Compiling quote v1.0.29
[INFO] [stderr]    Compiling thiserror v1.0.43
[INFO] [stderr]    Compiling libc v0.2.147
[INFO] [stderr]    Compiling anyhow v1.0.71
[INFO] [stderr]    Compiling cfg-if v1.0.0
[INFO] [stderr]    Compiling shlex v1.1.0
[INFO] [stderr]    Compiling az v1.2.1
[INFO] [stderr]    Compiling bitflags v1.3.2
[INFO] [stderr]    Compiling log v0.4.19
[INFO] [stderr]    Compiling bytemuck v1.13.1
[INFO] [stderr]    Compiling byteorder v1.4.3
[INFO] [stderr]    Compiling once_cell v1.18.0
[INFO] [stderr]    Compiling rgb v0.8.36
[INFO] [stderr]    Compiling smart-leds-trait v0.2.1
[INFO] [stderr]    Compiling filetime v0.2.21
[INFO] [stderr]    Compiling syn v2.0.25
[INFO] [stderr]    Compiling embedded-graphics-core v0.4.0
[INFO] [stderr]    Compiling thiserror-impl v1.0.43
[INFO] [stderr]    Compiling embuild v0.31.2
[INFO] [stderr]    Compiling ws2812-esp32-rmt-driver v0.6.0 (/opt/rustwide/workdir)
[INFO] [stderr]     Finished dev [optimized + debuginfo] target(s) in 3.11s
[INFO] running `Command { std: "docker" "inspect" "e6cc7d4339eb802eff899afb0ecec97f7469440e517edc73b01f82588d799139", kill_on_drop: false }`
[INFO] running `Command { std: "docker" "rm" "-f" "e6cc7d4339eb802eff899afb0ecec97f7469440e517edc73b01f82588d799139", kill_on_drop: false }`
[INFO] [stdout] e6cc7d4339eb802eff899afb0ecec97f7469440e517edc73b01f82588d799139
[INFO] running `Command { std: "docker" "create" "-v" "/var/lib/crater-agent-workspace/builds/worker-7-tc2/target:/opt/rustwide/target:rw,Z" "-v" "/var/lib/crater-agent-workspace/builds/worker-7-tc2/source:/opt/rustwide/workdir:ro,Z" "-v" "/var/lib/crater-agent-workspace/cargo-home:/opt/rustwide/cargo-home:ro,Z" "-v" "/var/lib/crater-agent-workspace/rustup-home:/opt/rustwide/rustup-home:ro,Z" "-e" "SOURCE_DIR=/opt/rustwide/workdir" "-e" "CARGO_TARGET_DIR=/opt/rustwide/target" "-e" "CARGO_INCREMENTAL=0" "-e" "RUST_BACKTRACE=full" "-e" "RUSTFLAGS=--cap-lints=warn" "-e" "RUSTDOCFLAGS=--cap-lints=warn" "-e" "CARGO_HOME=/opt/rustwide/cargo-home" "-e" "RUSTUP_HOME=/opt/rustwide/rustup-home" "-w" "/opt/rustwide/workdir" "-m" "1610612736" "--user" "0:0" "--network" "none" "ghcr.io/rust-lang/crates-build-env/linux@sha256:2788e3201cd34a07e3172128adcd8b3090168a8e3bcc40d7c032b9dda1df7d1c" "/opt/rustwide/cargo-home/bin/cargo" "+beta-2023-12-22" "test" "--frozen" "--no-run" "--message-format=json", kill_on_drop: false }`
[INFO] [stdout] ea2c9e7a44640bdac5c63290acc07ed63b395d0a8e0334958ba6641c39e94dac
[INFO] running `Command { std: "docker" "start" "-a" "ea2c9e7a44640bdac5c63290acc07ed63b395d0a8e0334958ba6641c39e94dac", kill_on_drop: false }`
[INFO] [stderr]    Compiling autocfg v1.1.0
[INFO] [stderr]    Compiling micromath v2.0.0
[INFO] [stderr]    Compiling smart-leds v0.3.0
[INFO] [stderr]    Compiling num-traits v0.2.15
[INFO] [stderr]    Compiling float-cmp v0.9.0
[INFO] [stderr]    Compiling embedded-graphics v0.8.0
[INFO] [stderr]    Compiling ws2812-esp32-rmt-driver v0.6.0 (/opt/rustwide/workdir)
[INFO] [stdout] error[E0601]: `main` function not found in crate `m5atom_embedded_graphics`
[INFO] [stdout]   --> examples/m5atom_embedded_graphics.rs:59:2
[INFO] [stdout]    |
[INFO] [stdout] 59 | }
[INFO] [stdout]    |  ^ consider adding a `main` function to `examples/m5atom_embedded_graphics.rs`
[INFO] [stdout] 
[INFO] [stdout] 
[INFO] [stdout] error[E0432]: unresolved import `esp_idf_sys`
[INFO] [stdout]  --> examples/m5atom_smart_leds.rs:1:5
[INFO] [stdout]   |
[INFO] [stdout] 1 | use esp_idf_sys::*;
[INFO] [stdout]   |     ^^^^^^^^^^^ use of undeclared crate or module `esp_idf_sys`
[INFO] [stdout] 
[INFO] [stdout] 
[INFO] [stdout] error: aborting due to 1 previous error
[INFO] [stdout] 
[INFO] [stdout] 
[INFO] [stdout] For more information about this error, try `rustc --explain E0601`.
[INFO] [stdout] 
[INFO] [stderr] error: could not compile `ws2812-esp32-rmt-driver` (example "m5atom_embedded_graphics") due to 2 previous errors
[INFO] [stderr] warning: build failed, waiting for other jobs to finish...
[INFO] [stdout] error[E0433]: failed to resolve: use of undeclared crate or module `esp_idf_sys`
[INFO] [stdout]   --> examples/m5atom_smart_leds.rs:11:5
[INFO] [stdout]    |
[INFO] [stdout] 11 |     esp_idf_sys::link_patches();
[INFO] [stdout]    |     ^^^^^^^^^^^ use of undeclared crate or module `esp_idf_sys`
[INFO] [stdout] 
[INFO] [stdout] 
[INFO] [stdout] error[E0433]: failed to resolve: use of undeclared crate or module `esp_idf_sys`
[INFO] [stdout]   --> examples/smart_leds_sk6812_rgbw.rs:10:5
[INFO] [stdout]    |
[INFO] [stdout] 10 |     esp_idf_sys::link_patches();
[INFO] [stdout]    |     ^^^^^^^^^^^ use of undeclared crate or module `esp_idf_sys`
[INFO] [stdout] 
[INFO] [stdout] 
[INFO] [stdout] error[E0425]: cannot find function `esp_random` in this scope
[INFO] [stdout]   --> examples/m5atom_smart_leds.rs:17:28
[INFO] [stdout]    |
[INFO] [stdout] 17 |     let mut hue = unsafe { esp_random() } as u8;
[INFO] [stdout]    |                            ^^^^^^^^^^ not found in this scope
[INFO] [stdout] 
[INFO] [stdout] 
[INFO] [stdout] error: aborting due to 3 previous errors
[INFO] [stdout] 
[INFO] [stdout] 
[INFO] [stdout] Some errors have detailed explanations: E0425, E0432, E0433.
[INFO] [stdout] 
[INFO] [stdout] For more information about an error, try `rustc --explain E0425`.
[INFO] [stdout] 
[INFO] [stdout] error: aborting due to 1 previous error
[INFO] [stdout] 
[INFO] [stdout] 
[INFO] [stdout] For more information about this error, try `rustc --explain E0433`.
[INFO] [stdout] 
[INFO] [stderr] error: could not compile `ws2812-esp32-rmt-driver` (example "m5atom_smart_leds") due to 4 previous errors
[INFO] [stderr] error: could not compile `ws2812-esp32-rmt-driver` (example "smart_leds_sk6812_rgbw") due to 2 previous errors
[INFO] running `Command { std: "docker" "inspect" "ea2c9e7a44640bdac5c63290acc07ed63b395d0a8e0334958ba6641c39e94dac", kill_on_drop: false }`
[INFO] running `Command { std: "docker" "rm" "-f" "ea2c9e7a44640bdac5c63290acc07ed63b395d0a8e0334958ba6641c39e94dac", kill_on_drop: false }`
[INFO] [stdout] ea2c9e7a44640bdac5c63290acc07ed63b395d0a8e0334958ba6641c39e94dac
