[INFO] fetching crate write-fonts 0.19.0...
[INFO] testing write-fonts-0.19.0 against 1.75.0 for beta-1.76-1
[INFO] extracting crate write-fonts 0.19.0 into /workspace/builds/worker-6-tc1/source
[INFO] validating manifest of crates.io crate write-fonts 0.19.0 on toolchain 1.75.0
[INFO] running `Command { std: CARGO_HOME="/workspace/cargo-home" RUSTUP_HOME="/workspace/rustup-home" "/workspace/cargo-home/bin/cargo" "+1.75.0" "metadata" "--manifest-path" "Cargo.toml" "--no-deps", kill_on_drop: false }`
[INFO] started tweaking crates.io crate write-fonts 0.19.0
[INFO] finished tweaking crates.io crate write-fonts 0.19.0
[INFO] tweaked toml for crates.io crate write-fonts 0.19.0 written to /workspace/builds/worker-6-tc1/source/Cargo.toml
[INFO] running `Command { std: CARGO_HOME="/workspace/cargo-home" RUSTUP_HOME="/workspace/rustup-home" "/workspace/cargo-home/bin/cargo" "+1.75.0" "generate-lockfile" "--manifest-path" "Cargo.toml", kill_on_drop: false }`
[INFO] [stderr]     Updating crates.io index
[INFO] running `Command { std: CARGO_HOME="/workspace/cargo-home" RUSTUP_HOME="/workspace/rustup-home" "/workspace/cargo-home/bin/cargo" "+1.75.0" "fetch" "--manifest-path" "Cargo.toml", kill_on_drop: false }`
[INFO] [stderr]  Downloading crates ...
[INFO] [stderr]   Downloaded font-types v0.4.2
[INFO] [stderr]   Downloaded dot2 v1.0.0
[INFO] [stderr]   Downloaded read-fonts v0.14.0
[INFO] [stderr]   Downloaded kurbo v0.10.4
[INFO] running `Command { std: "docker" "create" "-v" "/var/lib/crater-agent-workspace/builds/worker-6-tc1/target:/opt/rustwide/target:rw,Z" "-v" "/var/lib/crater-agent-workspace/builds/worker-6-tc1/source:/opt/rustwide/workdir:ro,Z" "-v" "/var/lib/crater-agent-workspace/cargo-home:/opt/rustwide/cargo-home:ro,Z" "-v" "/var/lib/crater-agent-workspace/rustup-home:/opt/rustwide/rustup-home:ro,Z" "-e" "SOURCE_DIR=/opt/rustwide/workdir" "-e" "CARGO_TARGET_DIR=/opt/rustwide/target" "-e" "CARGO_HOME=/opt/rustwide/cargo-home" "-e" "RUSTUP_HOME=/opt/rustwide/rustup-home" "-w" "/opt/rustwide/workdir" "-m" "1610612736" "--user" "0:0" "--network" "none" "ghcr.io/rust-lang/crates-build-env/linux@sha256:2788e3201cd34a07e3172128adcd8b3090168a8e3bcc40d7c032b9dda1df7d1c" "/opt/rustwide/cargo-home/bin/cargo" "+1.75.0" "metadata" "--no-deps" "--format-version=1", kill_on_drop: false }`
[INFO] [stdout] ffa16b6ce46a97b2fc04d8f35f42edc322126e90c2677c0a9609ab738b19ae3b
[INFO] running `Command { std: "docker" "start" "-a" "ffa16b6ce46a97b2fc04d8f35f42edc322126e90c2677c0a9609ab738b19ae3b", kill_on_drop: false }`
[INFO] running `Command { std: "docker" "inspect" "ffa16b6ce46a97b2fc04d8f35f42edc322126e90c2677c0a9609ab738b19ae3b", kill_on_drop: false }`
[INFO] running `Command { std: "docker" "rm" "-f" "ffa16b6ce46a97b2fc04d8f35f42edc322126e90c2677c0a9609ab738b19ae3b", kill_on_drop: false }`
[INFO] [stdout] ffa16b6ce46a97b2fc04d8f35f42edc322126e90c2677c0a9609ab738b19ae3b
[INFO] running `Command { std: "docker" "create" "-v" "/var/lib/crater-agent-workspace/builds/worker-6-tc1/target:/opt/rustwide/target:rw,Z" "-v" "/var/lib/crater-agent-workspace/builds/worker-6-tc1/source:/opt/rustwide/workdir:ro,Z" "-v" "/var/lib/crater-agent-workspace/cargo-home:/opt/rustwide/cargo-home:ro,Z" "-v" "/var/lib/crater-agent-workspace/rustup-home:/opt/rustwide/rustup-home:ro,Z" "-e" "SOURCE_DIR=/opt/rustwide/workdir" "-e" "CARGO_TARGET_DIR=/opt/rustwide/target" "-e" "CARGO_INCREMENTAL=0" "-e" "RUST_BACKTRACE=full" "-e" "RUSTFLAGS=--cap-lints=warn" "-e" "RUSTDOCFLAGS=--cap-lints=warn" "-e" "CARGO_HOME=/opt/rustwide/cargo-home" "-e" "RUSTUP_HOME=/opt/rustwide/rustup-home" "-w" "/opt/rustwide/workdir" "-m" "1610612736" "--user" "0:0" "--network" "none" "ghcr.io/rust-lang/crates-build-env/linux@sha256:2788e3201cd34a07e3172128adcd8b3090168a8e3bcc40d7c032b9dda1df7d1c" "/opt/rustwide/cargo-home/bin/cargo" "+1.75.0" "build" "--frozen" "--message-format=json", kill_on_drop: false }`
[INFO] [stdout] 78da6f953f33dd5e932dce63bdef297b85f64e7778b46ca4479f9a42b4e1a59d
[INFO] running `Command { std: "docker" "start" "-a" "78da6f953f33dd5e932dce63bdef297b85f64e7778b46ca4479f9a42b4e1a59d", kill_on_drop: false }`
[INFO] [stderr]    Compiling smallvec v1.11.2
[INFO] [stderr]    Compiling hashbrown v0.14.3
[INFO] [stderr]    Compiling font-types v0.4.2
[INFO] [stderr]    Compiling equivalent v1.0.1
[INFO] [stderr]    Compiling arrayvec v0.7.4
[INFO] [stderr]    Compiling dot2 v1.0.0
[INFO] [stderr]    Compiling log v0.4.20
[INFO] [stderr]    Compiling kurbo v0.10.4
[INFO] [stderr]    Compiling read-fonts v0.14.0
[INFO] [stderr]    Compiling indexmap v2.1.0
[INFO] [stderr]    Compiling write-fonts v0.19.0 (/opt/rustwide/workdir)
[INFO] [stdout] warning: unused imports: `WIDTH_16`, `WIDTH_24`
[INFO] [stdout]    --> src/lib.rs:158:66
[INFO] [stdout]     |
[INFO] [stdout] 158 |     pub use super::offsets::{NullableOffsetMarker, OffsetMarker, WIDTH_16, WIDTH_24, WIDTH_32};
[INFO] [stdout]     |                                                                  ^^^^^^^^  ^^^^^^^^
[INFO] [stdout]     |
[INFO] [stdout]     = note: `#[warn(unused_imports)]` on by default
[INFO] [stdout] 
[INFO] [stdout] 
[INFO] [stdout] warning: unused imports: `FontReadWithArgs`, `ReadArgs`, `ResolveOffset`
[INFO] [stdout]    --> src/lib.rs:166:29
[INFO] [stdout]     |
[INFO] [stdout] 166 |         FontData, FontRead, FontReadWithArgs, ReadArgs, ReadError, ResolveOffset, TopLevelTable,
[INFO] [stdout]     |                             ^^^^^^^^^^^^^^^^  ^^^^^^^^             ^^^^^^^^^^^^^
[INFO] [stdout] 
[INFO] [stdout] 
[INFO] [stdout] warning: 2 warnings emitted
[INFO] [stdout] 
[INFO] [stdout] 
[INFO] [stderr]     Finished dev [unoptimized + debuginfo] target(s) in 17.67s
[INFO] running `Command { std: "docker" "inspect" "78da6f953f33dd5e932dce63bdef297b85f64e7778b46ca4479f9a42b4e1a59d", kill_on_drop: false }`
[INFO] running `Command { std: "docker" "rm" "-f" "78da6f953f33dd5e932dce63bdef297b85f64e7778b46ca4479f9a42b4e1a59d", kill_on_drop: false }`
[INFO] [stdout] 78da6f953f33dd5e932dce63bdef297b85f64e7778b46ca4479f9a42b4e1a59d
[INFO] running `Command { std: "docker" "create" "-v" "/var/lib/crater-agent-workspace/builds/worker-6-tc1/target:/opt/rustwide/target:rw,Z" "-v" "/var/lib/crater-agent-workspace/builds/worker-6-tc1/source:/opt/rustwide/workdir:ro,Z" "-v" "/var/lib/crater-agent-workspace/cargo-home:/opt/rustwide/cargo-home:ro,Z" "-v" "/var/lib/crater-agent-workspace/rustup-home:/opt/rustwide/rustup-home:ro,Z" "-e" "SOURCE_DIR=/opt/rustwide/workdir" "-e" "CARGO_TARGET_DIR=/opt/rustwide/target" "-e" "CARGO_INCREMENTAL=0" "-e" "RUST_BACKTRACE=full" "-e" "RUSTFLAGS=--cap-lints=warn" "-e" "RUSTDOCFLAGS=--cap-lints=warn" "-e" "CARGO_HOME=/opt/rustwide/cargo-home" "-e" "RUSTUP_HOME=/opt/rustwide/rustup-home" "-w" "/opt/rustwide/workdir" "-m" "1610612736" "--user" "0:0" "--network" "none" "ghcr.io/rust-lang/crates-build-env/linux@sha256:2788e3201cd34a07e3172128adcd8b3090168a8e3bcc40d7c032b9dda1df7d1c" "/opt/rustwide/cargo-home/bin/cargo" "+1.75.0" "test" "--frozen" "--no-run" "--message-format=json", kill_on_drop: false }`
[INFO] [stdout] 38f2db7b3a78a44b8816769bf1ca296ef098f04a454ccaf15b536fd352b220f1
[INFO] running `Command { std: "docker" "start" "-a" "38f2db7b3a78a44b8816769bf1ca296ef098f04a454ccaf15b536fd352b220f1", kill_on_drop: false }`
[INFO] [stderr]    Compiling memchr v2.7.1
[INFO] [stderr]    Compiling proc-macro2 v1.0.75
[INFO] [stderr]    Compiling unicode-ident v1.0.12
[INFO] [stderr]    Compiling semver v1.0.21
[INFO] [stderr]    Compiling autocfg v1.1.0
[INFO] [stderr]    Compiling futures-sink v0.3.30
[INFO] [stderr]    Compiling futures-core v0.3.30
[INFO] [stderr]    Compiling regex-syntax v0.8.2
[INFO] [stderr]    Compiling pin-utils v0.1.0
[INFO] [stderr]    Compiling futures-channel v0.3.30
[INFO] [stderr]    Compiling pin-project-lite v0.2.13
[INFO] [stderr]    Compiling rustix v0.38.28
[INFO] [stderr]    Compiling futures-task v0.3.30
[INFO] [stderr]    Compiling futures-io v0.3.30
[INFO] [stderr]    Compiling serde v1.0.194
[INFO] [stderr]    Compiling slab v0.4.9
[INFO] [stderr]    Compiling linux-raw-sys v0.4.12
[INFO] [stderr]    Compiling bitflags v2.4.1
[INFO] [stderr]    Compiling aho-corasick v1.1.2
[INFO] [stderr]    Compiling quote v1.0.35
[INFO] [stderr]    Compiling rustc_version v0.4.0
[INFO] [stderr]    Compiling rstest_macros v0.18.2
[INFO] [stderr]    Compiling syn v2.0.48
[INFO] [stderr]    Compiling relative-path v1.9.2
[INFO] [stderr]    Compiling log v0.4.20
[INFO] [stderr]    Compiling glob v0.3.1
[INFO] [stderr]    Compiling cfg-if v1.0.0
[INFO] [stderr]    Compiling read-fonts v0.14.0
[INFO] [stderr]    Compiling is-terminal v0.4.10
[INFO] [stderr]    Compiling humantime v2.1.0
[INFO] [stderr]    Compiling futures-timer v3.0.2
[INFO] [stderr]    Compiling regex-automata v0.4.3
[INFO] [stderr]    Compiling diff v0.1.13
[INFO] [stderr]    Compiling regex v1.10.2
[INFO] [stderr]    Compiling termcolor v1.4.0
[INFO] [stderr]    Compiling yansi v0.5.1
[INFO] [stderr]    Compiling bincode v1.3.3
[INFO] [stderr]    Compiling env_logger v0.10.1
[INFO] [stderr]    Compiling pretty_assertions v1.4.0
[INFO] [stderr]    Compiling ansi_term v0.12.1
[INFO] [stderr]    Compiling write-fonts v0.19.0 (/opt/rustwide/workdir)
[INFO] [stderr]    Compiling futures-macro v0.3.30
[INFO] [stdout] warning: unused imports: `WIDTH_16`, `WIDTH_24`
[INFO] [stdout]    --> src/lib.rs:158:66
[INFO] [stdout]     |
[INFO] [stdout] 158 |     pub use super::offsets::{NullableOffsetMarker, OffsetMarker, WIDTH_16, WIDTH_24, WIDTH_32};
[INFO] [stdout]     |                                                                  ^^^^^^^^  ^^^^^^^^
[INFO] [stdout]     |
[INFO] [stdout]     = note: `#[warn(unused_imports)]` on by default
[INFO] [stdout] 
[INFO] [stdout] 
[INFO] [stdout] warning: unused imports: `FontReadWithArgs`, `ReadArgs`, `ResolveOffset`
[INFO] [stdout]    --> src/lib.rs:166:29
[INFO] [stdout]     |
[INFO] [stdout] 166 |         FontData, FontRead, FontReadWithArgs, ReadArgs, ReadError, ResolveOffset, TopLevelTable,
[INFO] [stdout]     |                             ^^^^^^^^^^^^^^^^  ^^^^^^^^             ^^^^^^^^^^^^^
[INFO] [stdout] 
[INFO] [stdout] 
[INFO] [stderr]    Compiling futures-util v0.3.30
[INFO] [stderr]    Compiling futures-executor v0.3.30
[INFO] [stderr]    Compiling futures v0.3.30
[INFO] [stderr]    Compiling rstest v0.18.2
[INFO] [stdout] error[E0432]: unresolved import `font_test_data`
[INFO] [stdout]   --> src/tables/post.rs:85:13
[INFO] [stdout]    |
[INFO] [stdout] 85 |         use font_test_data::post as test_data;
[INFO] [stdout]    |             ^^^^^^^^^^^^^^ use of undeclared crate or module `font_test_data`
[INFO] [stdout] 
[INFO] [stdout] 
[INFO] [stdout] error[E0432]: unresolved import `font_test_data`
[INFO] [stdout]  --> src/tables/../tests/test_gpos.rs:3:5
[INFO] [stdout]   |
[INFO] [stdout] 3 | use font_test_data::gpos as test_data;
[INFO] [stdout]   |     ^^^^^^^^^^^^^^ use of undeclared crate or module `font_test_data`
[INFO] [stdout] 
[INFO] [stdout] 
[INFO] [stdout] error[E0432]: unresolved import `font_test_data`
[INFO] [stdout]  --> src/tables/../tests/test_gsub.rs:3:5
[INFO] [stdout]   |
[INFO] [stdout] 3 | use font_test_data::gsub as test_data;
[INFO] [stdout]   |     ^^^^^^^^^^^^^^ use of undeclared crate or module `font_test_data`
[INFO] [stdout] 
[INFO] [stdout] 
[INFO] [stdout] error[E0432]: unresolved import `font_test_data`
[INFO] [stdout]  --> src/tables/../tests/layout.rs:3:5
[INFO] [stdout]   |
[INFO] [stdout] 3 | use font_test_data::layout as test_data;
[INFO] [stdout]   |     ^^^^^^^^^^^^^^ use of undeclared crate or module `font_test_data`
[INFO] [stdout] 
[INFO] [stdout] 
[INFO] [stdout] warning: unused imports: `WIDTH_16`, `WIDTH_24`
[INFO] [stdout]    --> src/lib.rs:158:66
[INFO] [stdout]     |
[INFO] [stdout] 158 |     pub use super::offsets::{NullableOffsetMarker, OffsetMarker, WIDTH_16, WIDTH_24, WIDTH_32};
[INFO] [stdout]     |                                                                  ^^^^^^^^  ^^^^^^^^
[INFO] [stdout]     |
[INFO] [stdout]     = note: `#[warn(unused_imports)]` on by default
[INFO] [stdout] 
[INFO] [stdout] 
[INFO] [stdout] warning: unused imports: `FontReadWithArgs`, `ReadArgs`, `ResolveOffset`
[INFO] [stdout]    --> src/lib.rs:166:29
[INFO] [stdout]     |
[INFO] [stdout] 166 |         FontData, FontRead, FontReadWithArgs, ReadArgs, ReadError, ResolveOffset, TopLevelTable,
[INFO] [stdout]     |                             ^^^^^^^^^^^^^^^^  ^^^^^^^^             ^^^^^^^^^^^^^
[INFO] [stdout] 
[INFO] [stdout] 
[INFO] [stdout] error[E0433]: failed to resolve: use of undeclared crate or module `font_test_data`
[INFO] [stdout]    --> src/tables/fvar.rs:196:33
[INFO] [stdout]     |
[INFO] [stdout] 196 |         let font = FontRef::new(font_test_data::VAZIRMATN_VAR).unwrap();
[INFO] [stdout]     |                                 ^^^^^^^^^^^^^^ use of undeclared crate or module `font_test_data`
[INFO] [stdout] 
[INFO] [stdout] 
[INFO] [stdout] error[E0433]: failed to resolve: use of undeclared crate or module `font_test_data`
[INFO] [stdout]    --> src/tables/glyf/composite.rs:310:33
[INFO] [stdout]     |
[INFO] [stdout] 310 |         let font = FontRef::new(font_test_data::VAZIRMATN_VAR).unwrap();
[INFO] [stdout]     |                                 ^^^^^^^^^^^^^^ use of undeclared crate or module `font_test_data`
[INFO] [stdout] 
[INFO] [stdout] 
[INFO] [stdout] error[E0433]: failed to resolve: use of undeclared crate or module `font_test_data`
[INFO] [stdout]    --> src/tables/glyf/simple.rs:665:33
[INFO] [stdout]     |
[INFO] [stdout] 665 |         let font = FontRef::new(font_test_data::SIMPLE_GLYF).unwrap();
[INFO] [stdout]     |                                 ^^^^^^^^^^^^^^ use of undeclared crate or module `font_test_data`
[INFO] [stdout] 
[INFO] [stdout] 
[INFO] [stdout] error[E0433]: failed to resolve: use of undeclared crate or module `font_test_data`
[INFO] [stdout]    --> src/tables/glyf/simple.rs:689:33
[INFO] [stdout]     |
[INFO] [stdout] 689 |         let font = FontRef::new(font_test_data::SIMPLE_GLYF).unwrap();
[INFO] [stdout]     |                                 ^^^^^^^^^^^^^^ use of undeclared crate or module `font_test_data`
[INFO] [stdout] 
[INFO] [stdout] 
[INFO] [stdout] error[E0433]: failed to resolve: use of undeclared crate or module `font_test_data`
[INFO] [stdout]    --> src/tables/glyf/simple.rs:715:33
[INFO] [stdout]     |
[INFO] [stdout] 715 |         let font = FontRef::new(font_test_data::VAZIRMATN_VAR).unwrap();
[INFO] [stdout]     |                                 ^^^^^^^^^^^^^^ use of undeclared crate or module `font_test_data`
[INFO] [stdout] 
[INFO] [stdout] 
[INFO] [stdout] error: aborting due to 9 previous errors; 2 warnings emitted
[INFO] [stdout] 
[INFO] [stdout] 
[INFO] [stdout] Some errors have detailed explanations: E0432, E0433.
[INFO] [stdout] 
[INFO] [stdout] For more information about an error, try `rustc --explain E0432`.
[INFO] [stdout] 
[INFO] [stderr] error: could not compile `write-fonts` (lib test) due to 10 previous errors; 2 warnings emitted
[INFO] [stderr] warning: build failed, waiting for other jobs to finish...
[INFO] [stdout] warning: 2 warnings emitted
[INFO] [stdout] 
[INFO] [stdout] 
[INFO] running `Command { std: "docker" "inspect" "38f2db7b3a78a44b8816769bf1ca296ef098f04a454ccaf15b536fd352b220f1", kill_on_drop: false }`
[INFO] running `Command { std: "docker" "rm" "-f" "38f2db7b3a78a44b8816769bf1ca296ef098f04a454ccaf15b536fd352b220f1", kill_on_drop: false }`
[INFO] [stdout] 38f2db7b3a78a44b8816769bf1ca296ef098f04a454ccaf15b536fd352b220f1
[INFO] testing write-fonts-0.19.0 against beta-2023-12-22 for beta-1.76-1
[INFO] extracting crate write-fonts 0.19.0 into /workspace/builds/worker-6-tc2/source
[INFO] validating manifest of crates.io crate write-fonts 0.19.0 on toolchain beta-2023-12-22
[INFO] running `Command { std: CARGO_HOME="/workspace/cargo-home" RUSTUP_HOME="/workspace/rustup-home" "/workspace/cargo-home/bin/cargo" "+beta-2023-12-22" "metadata" "--manifest-path" "Cargo.toml" "--no-deps", kill_on_drop: false }`
[INFO] started tweaking crates.io crate write-fonts 0.19.0
[INFO] finished tweaking crates.io crate write-fonts 0.19.0
[INFO] tweaked toml for crates.io crate write-fonts 0.19.0 written to /workspace/builds/worker-6-tc2/source/Cargo.toml
[INFO] running `Command { std: CARGO_HOME="/workspace/cargo-home" RUSTUP_HOME="/workspace/rustup-home" "/workspace/cargo-home/bin/cargo" "+beta-2023-12-22" "generate-lockfile" "--manifest-path" "Cargo.toml", kill_on_drop: false }`
[INFO] [stderr]     Updating crates.io index
[INFO] running `Command { std: CARGO_HOME="/workspace/cargo-home" RUSTUP_HOME="/workspace/rustup-home" "/workspace/cargo-home/bin/cargo" "+beta-2023-12-22" "fetch" "--manifest-path" "Cargo.toml", kill_on_drop: false }`
[INFO] running `Command { std: "docker" "create" "-v" "/var/lib/crater-agent-workspace/builds/worker-6-tc2/target:/opt/rustwide/target:rw,Z" "-v" "/var/lib/crater-agent-workspace/builds/worker-6-tc2/source:/opt/rustwide/workdir:ro,Z" "-v" "/var/lib/crater-agent-workspace/cargo-home:/opt/rustwide/cargo-home:ro,Z" "-v" "/var/lib/crater-agent-workspace/rustup-home:/opt/rustwide/rustup-home:ro,Z" "-e" "SOURCE_DIR=/opt/rustwide/workdir" "-e" "CARGO_TARGET_DIR=/opt/rustwide/target" "-e" "CARGO_HOME=/opt/rustwide/cargo-home" "-e" "RUSTUP_HOME=/opt/rustwide/rustup-home" "-w" "/opt/rustwide/workdir" "-m" "1610612736" "--user" "0:0" "--network" "none" "ghcr.io/rust-lang/crates-build-env/linux@sha256:2788e3201cd34a07e3172128adcd8b3090168a8e3bcc40d7c032b9dda1df7d1c" "/opt/rustwide/cargo-home/bin/cargo" "+beta-2023-12-22" "metadata" "--no-deps" "--format-version=1", kill_on_drop: false }`
[INFO] [stdout] 556045c4a954f0d3f4e4eb6ec5188c8179eaadc4e94ea6760d4e12eca16a9db0
[INFO] running `Command { std: "docker" "start" "-a" "556045c4a954f0d3f4e4eb6ec5188c8179eaadc4e94ea6760d4e12eca16a9db0", kill_on_drop: false }`
[INFO] running `Command { std: "docker" "inspect" "556045c4a954f0d3f4e4eb6ec5188c8179eaadc4e94ea6760d4e12eca16a9db0", kill_on_drop: false }`
[INFO] running `Command { std: "docker" "rm" "-f" "556045c4a954f0d3f4e4eb6ec5188c8179eaadc4e94ea6760d4e12eca16a9db0", kill_on_drop: false }`
[INFO] [stdout] 556045c4a954f0d3f4e4eb6ec5188c8179eaadc4e94ea6760d4e12eca16a9db0
[INFO] running `Command { std: "docker" "create" "-v" "/var/lib/crater-agent-workspace/builds/worker-6-tc2/target:/opt/rustwide/target:rw,Z" "-v" "/var/lib/crater-agent-workspace/builds/worker-6-tc2/source:/opt/rustwide/workdir:ro,Z" "-v" "/var/lib/crater-agent-workspace/cargo-home:/opt/rustwide/cargo-home:ro,Z" "-v" "/var/lib/crater-agent-workspace/rustup-home:/opt/rustwide/rustup-home:ro,Z" "-e" "SOURCE_DIR=/opt/rustwide/workdir" "-e" "CARGO_TARGET_DIR=/opt/rustwide/target" "-e" "CARGO_INCREMENTAL=0" "-e" "RUST_BACKTRACE=full" "-e" "RUSTFLAGS=--cap-lints=warn" "-e" "RUSTDOCFLAGS=--cap-lints=warn" "-e" "CARGO_HOME=/opt/rustwide/cargo-home" "-e" "RUSTUP_HOME=/opt/rustwide/rustup-home" "-w" "/opt/rustwide/workdir" "-m" "1610612736" "--user" "0:0" "--network" "none" "ghcr.io/rust-lang/crates-build-env/linux@sha256:2788e3201cd34a07e3172128adcd8b3090168a8e3bcc40d7c032b9dda1df7d1c" "/opt/rustwide/cargo-home/bin/cargo" "+beta-2023-12-22" "build" "--frozen" "--message-format=json", kill_on_drop: false }`
[INFO] [stdout] 65ebeced2c17c48f9fc608a037dcd563cfdaad3b222d7fae95f782ed478cedcc
[INFO] running `Command { std: "docker" "start" "-a" "65ebeced2c17c48f9fc608a037dcd563cfdaad3b222d7fae95f782ed478cedcc", kill_on_drop: false }`
[INFO] [stderr]    Compiling equivalent v1.0.1
[INFO] [stderr]    Compiling font-types v0.4.2
[INFO] [stderr]    Compiling hashbrown v0.14.3
[INFO] [stderr]    Compiling arrayvec v0.7.4
[INFO] [stderr]    Compiling smallvec v1.11.2
[INFO] [stderr]    Compiling dot2 v1.0.0
[INFO] [stderr]    Compiling log v0.4.20
[INFO] [stderr]    Compiling kurbo v0.10.4
[INFO] [stderr]    Compiling read-fonts v0.14.0
[INFO] [stderr]    Compiling indexmap v2.1.0
[INFO] [stderr]    Compiling write-fonts v0.19.0 (/opt/rustwide/workdir)
[INFO] [stdout] warning: unused imports: `WIDTH_16`, `WIDTH_24`
[INFO] [stdout]    --> src/lib.rs:158:66
[INFO] [stdout]     |
[INFO] [stdout] 158 |     pub use super::offsets::{NullableOffsetMarker, OffsetMarker, WIDTH_16, WIDTH_24, WIDTH_32};
[INFO] [stdout]     |                                                                  ^^^^^^^^  ^^^^^^^^
[INFO] [stdout]     |
[INFO] [stdout]     = note: `#[warn(unused_imports)]` on by default
[INFO] [stdout] 
[INFO] [stdout] 
[INFO] [stdout] warning: unused imports: `FontReadWithArgs`, `ReadArgs`, `ResolveOffset`
[INFO] [stdout]    --> src/lib.rs:166:29
[INFO] [stdout]     |
[INFO] [stdout] 166 |         FontData, FontRead, FontReadWithArgs, ReadArgs, ReadError, ResolveOffset, TopLevelTable,
[INFO] [stdout]     |                             ^^^^^^^^^^^^^^^^  ^^^^^^^^             ^^^^^^^^^^^^^
[INFO] [stdout] 
[INFO] [stdout] 
[INFO] [stdout] warning: 2 warnings emitted
[INFO] [stdout] 
[INFO] [stdout] 
[INFO] [stderr]     Finished dev [unoptimized + debuginfo] target(s) in 17.15s
[INFO] running `Command { std: "docker" "inspect" "65ebeced2c17c48f9fc608a037dcd563cfdaad3b222d7fae95f782ed478cedcc", kill_on_drop: false }`
[INFO] running `Command { std: "docker" "rm" "-f" "65ebeced2c17c48f9fc608a037dcd563cfdaad3b222d7fae95f782ed478cedcc", kill_on_drop: false }`
[INFO] [stdout] 65ebeced2c17c48f9fc608a037dcd563cfdaad3b222d7fae95f782ed478cedcc
[INFO] running `Command { std: "docker" "create" "-v" "/var/lib/crater-agent-workspace/builds/worker-6-tc2/target:/opt/rustwide/target:rw,Z" "-v" "/var/lib/crater-agent-workspace/builds/worker-6-tc2/source:/opt/rustwide/workdir:ro,Z" "-v" "/var/lib/crater-agent-workspace/cargo-home:/opt/rustwide/cargo-home:ro,Z" "-v" "/var/lib/crater-agent-workspace/rustup-home:/opt/rustwide/rustup-home:ro,Z" "-e" "SOURCE_DIR=/opt/rustwide/workdir" "-e" "CARGO_TARGET_DIR=/opt/rustwide/target" "-e" "CARGO_INCREMENTAL=0" "-e" "RUST_BACKTRACE=full" "-e" "RUSTFLAGS=--cap-lints=warn" "-e" "RUSTDOCFLAGS=--cap-lints=warn" "-e" "CARGO_HOME=/opt/rustwide/cargo-home" "-e" "RUSTUP_HOME=/opt/rustwide/rustup-home" "-w" "/opt/rustwide/workdir" "-m" "1610612736" "--user" "0:0" "--network" "none" "ghcr.io/rust-lang/crates-build-env/linux@sha256:2788e3201cd34a07e3172128adcd8b3090168a8e3bcc40d7c032b9dda1df7d1c" "/opt/rustwide/cargo-home/bin/cargo" "+beta-2023-12-22" "test" "--frozen" "--no-run" "--message-format=json", kill_on_drop: false }`
[INFO] [stdout] 63bc201f0f3e9630db8ee3b7156de2a60832c0ee0a4337b86d5dfe238069f088
[INFO] running `Command { std: "docker" "start" "-a" "63bc201f0f3e9630db8ee3b7156de2a60832c0ee0a4337b86d5dfe238069f088", kill_on_drop: false }`
[INFO] [stderr]    Compiling memchr v2.7.1
[INFO] [stderr]    Compiling proc-macro2 v1.0.75
[INFO] [stderr]    Compiling unicode-ident v1.0.12
[INFO] [stderr]    Compiling autocfg v1.1.0
[INFO] [stderr]    Compiling semver v1.0.21
[INFO] [stderr]    Compiling futures-core v0.3.30
[INFO] [stderr]    Compiling futures-sink v0.3.30
[INFO] [stderr]    Compiling pin-utils v0.1.0
[INFO] [stderr]    Compiling regex-syntax v0.8.2
[INFO] [stderr]    Compiling futures-channel v0.3.30
[INFO] [stderr]    Compiling futures-task v0.3.30
[INFO] [stderr]    Compiling futures-io v0.3.30
[INFO] [stderr]    Compiling rustix v0.38.28
[INFO] [stderr]    Compiling pin-project-lite v0.2.13
[INFO] [stderr]    Compiling bitflags v2.4.1
[INFO] [stderr]    Compiling linux-raw-sys v0.4.12
[INFO] [stderr]    Compiling slab v0.4.9
[INFO] [stderr]    Compiling serde v1.0.194
[INFO] [stderr]    Compiling rustc_version v0.4.0
[INFO] [stderr]    Compiling quote v1.0.35
[INFO] [stderr]    Compiling aho-corasick v1.1.2
[INFO] [stderr]    Compiling syn v2.0.48
[INFO] [stderr]    Compiling rstest_macros v0.18.2
[INFO] [stderr]    Compiling cfg-if v1.0.0
[INFO] [stderr]    Compiling glob v0.3.1
[INFO] [stderr]    Compiling log v0.4.20
[INFO] [stderr]    Compiling relative-path v1.9.2
[INFO] [stderr]    Compiling read-fonts v0.14.0
[INFO] [stderr]    Compiling diff v0.1.13
[INFO] [stderr]    Compiling regex-automata v0.4.3
[INFO] [stderr]    Compiling is-terminal v0.4.10
[INFO] [stderr]    Compiling termcolor v1.4.0
[INFO] [stderr]    Compiling futures-timer v3.0.2
[INFO] [stderr]    Compiling humantime v2.1.0
[INFO] [stderr]    Compiling yansi v0.5.1
[INFO] [stderr]    Compiling ansi_term v0.12.1
[INFO] [stderr]    Compiling pretty_assertions v1.4.0
[INFO] [stderr]    Compiling regex v1.10.2
[INFO] [stderr]    Compiling bincode v1.3.3
[INFO] [stderr]    Compiling env_logger v0.10.1
[INFO] [stderr]    Compiling futures-macro v0.3.30
[INFO] [stderr]    Compiling write-fonts v0.19.0 (/opt/rustwide/workdir)
[INFO] [stdout] warning: unused imports: `WIDTH_16`, `WIDTH_24`
[INFO] [stdout]    --> src/lib.rs:158:66
[INFO] [stdout]     |
[INFO] [stdout] 158 |     pub use super::offsets::{NullableOffsetMarker, OffsetMarker, WIDTH_16, WIDTH_24, WIDTH_32};
[INFO] [stdout]     |                                                                  ^^^^^^^^  ^^^^^^^^
[INFO] [stdout]     |
[INFO] [stdout]     = note: `#[warn(unused_imports)]` on by default
[INFO] [stdout] 
[INFO] [stdout] 
[INFO] [stdout] warning: unused imports: `FontReadWithArgs`, `ReadArgs`, `ResolveOffset`
[INFO] [stdout]    --> src/lib.rs:166:29
[INFO] [stdout]     |
[INFO] [stdout] 166 |         FontData, FontRead, FontReadWithArgs, ReadArgs, ReadError, ResolveOffset, TopLevelTable,
[INFO] [stdout]     |                             ^^^^^^^^^^^^^^^^  ^^^^^^^^             ^^^^^^^^^^^^^
[INFO] [stdout] 
[INFO] [stdout] 
[INFO] [stderr]    Compiling futures-util v0.3.30
[INFO] [stderr]    Compiling futures-executor v0.3.30
[INFO] [stderr]    Compiling futures v0.3.30
[INFO] [stderr]    Compiling rstest v0.18.2
[INFO] [stdout] error[E0432]: unresolved import `font_test_data`
[INFO] [stdout]   --> src/tables/post.rs:85:13
[INFO] [stdout]    |
[INFO] [stdout] 85 |         use font_test_data::post as test_data;
[INFO] [stdout]    |             ^^^^^^^^^^^^^^ use of undeclared crate or module `font_test_data`
[INFO] [stdout] 
[INFO] [stdout] 
[INFO] [stdout] error[E0432]: unresolved import `font_test_data`
[INFO] [stdout]  --> src/tables/../tests/test_gpos.rs:3:5
[INFO] [stdout]   |
[INFO] [stdout] 3 | use font_test_data::gpos as test_data;
[INFO] [stdout]   |     ^^^^^^^^^^^^^^ use of undeclared crate or module `font_test_data`
[INFO] [stdout] 
[INFO] [stdout] 
[INFO] [stdout] error[E0432]: unresolved import `font_test_data`
[INFO] [stdout]  --> src/tables/../tests/test_gsub.rs:3:5
[INFO] [stdout]   |
[INFO] [stdout] 3 | use font_test_data::gsub as test_data;
[INFO] [stdout]   |     ^^^^^^^^^^^^^^ use of undeclared crate or module `font_test_data`
[INFO] [stdout] 
[INFO] [stdout] 
[INFO] [stdout] error[E0432]: unresolved import `font_test_data`
[INFO] [stdout]  --> src/tables/../tests/layout.rs:3:5
[INFO] [stdout]   |
[INFO] [stdout] 3 | use font_test_data::layout as test_data;
[INFO] [stdout]   |     ^^^^^^^^^^^^^^ use of undeclared crate or module `font_test_data`
[INFO] [stdout] 
[INFO] [stdout] 
[INFO] [stdout] warning: unused imports: `WIDTH_16`, `WIDTH_24`
[INFO] [stdout]    --> src/lib.rs:158:66
[INFO] [stdout]     |
[INFO] [stdout] 158 |     pub use super::offsets::{NullableOffsetMarker, OffsetMarker, WIDTH_16, WIDTH_24, WIDTH_32};
[INFO] [stdout]     |                                                                  ^^^^^^^^  ^^^^^^^^
[INFO] [stdout]     |
[INFO] [stdout]     = note: `#[warn(unused_imports)]` on by default
[INFO] [stdout] 
[INFO] [stdout] 
[INFO] [stdout] warning: unused imports: `FontReadWithArgs`, `ReadArgs`, `ResolveOffset`
[INFO] [stdout]    --> src/lib.rs:166:29
[INFO] [stdout]     |
[INFO] [stdout] 166 |         FontData, FontRead, FontReadWithArgs, ReadArgs, ReadError, ResolveOffset, TopLevelTable,
[INFO] [stdout]     |                             ^^^^^^^^^^^^^^^^  ^^^^^^^^             ^^^^^^^^^^^^^
[INFO] [stdout] 
[INFO] [stdout] 
[INFO] [stdout] error[E0433]: failed to resolve: use of undeclared crate or module `font_test_data`
[INFO] [stdout]    --> src/tables/fvar.rs:196:33
[INFO] [stdout]     |
[INFO] [stdout] 196 |         let font = FontRef::new(font_test_data::VAZIRMATN_VAR).unwrap();
[INFO] [stdout]     |                                 ^^^^^^^^^^^^^^ use of undeclared crate or module `font_test_data`
[INFO] [stdout] 
[INFO] [stdout] 
[INFO] [stdout] error[E0433]: failed to resolve: use of undeclared crate or module `font_test_data`
[INFO] [stdout]    --> src/tables/glyf/composite.rs:310:33
[INFO] [stdout]     |
[INFO] [stdout] 310 |         let font = FontRef::new(font_test_data::VAZIRMATN_VAR).unwrap();
[INFO] [stdout]     |                                 ^^^^^^^^^^^^^^ use of undeclared crate or module `font_test_data`
[INFO] [stdout] 
[INFO] [stdout] 
[INFO] [stdout] error[E0433]: failed to resolve: use of undeclared crate or module `font_test_data`
[INFO] [stdout]    --> src/tables/glyf/simple.rs:665:33
[INFO] [stdout]     |
[INFO] [stdout] 665 |         let font = FontRef::new(font_test_data::SIMPLE_GLYF).unwrap();
[INFO] [stdout]     |                                 ^^^^^^^^^^^^^^ use of undeclared crate or module `font_test_data`
[INFO] [stdout] 
[INFO] [stdout] 
[INFO] [stdout] error[E0433]: failed to resolve: use of undeclared crate or module `font_test_data`
[INFO] [stdout]    --> src/tables/glyf/simple.rs:689:33
[INFO] [stdout]     |
[INFO] [stdout] 689 |         let font = FontRef::new(font_test_data::SIMPLE_GLYF).unwrap();
[INFO] [stdout]     |                                 ^^^^^^^^^^^^^^ use of undeclared crate or module `font_test_data`
[INFO] [stdout] 
[INFO] [stdout] 
[INFO] [stdout] error[E0433]: failed to resolve: use of undeclared crate or module `font_test_data`
[INFO] [stdout]    --> src/tables/glyf/simple.rs:715:33
[INFO] [stdout]     |
[INFO] [stdout] 715 |         let font = FontRef::new(font_test_data::VAZIRMATN_VAR).unwrap();
[INFO] [stdout]     |                                 ^^^^^^^^^^^^^^ use of undeclared crate or module `font_test_data`
[INFO] [stdout] 
[INFO] [stdout] 
[INFO] [stdout] error: aborting due to 9 previous errors; 2 warnings emitted
[INFO] [stdout] 
[INFO] [stdout] 
[INFO] [stdout] Some errors have detailed explanations: E0432, E0433.
[INFO] [stdout] 
[INFO] [stdout] For more information about an error, try `rustc --explain E0432`.
[INFO] [stdout] 
[INFO] [stderr] error: could not compile `write-fonts` (lib test) due to 10 previous errors; 2 warnings emitted
[INFO] [stderr] warning: build failed, waiting for other jobs to finish...
[INFO] [stdout] warning: 2 warnings emitted
[INFO] [stdout] 
[INFO] [stdout] 
[INFO] running `Command { std: "docker" "inspect" "63bc201f0f3e9630db8ee3b7156de2a60832c0ee0a4337b86d5dfe238069f088", kill_on_drop: false }`
[INFO] running `Command { std: "docker" "rm" "-f" "63bc201f0f3e9630db8ee3b7156de2a60832c0ee0a4337b86d5dfe238069f088", kill_on_drop: false }`
[INFO] [stdout] 63bc201f0f3e9630db8ee3b7156de2a60832c0ee0a4337b86d5dfe238069f088
