[INFO] fetching crate wnfs 0.1.26...
[INFO] testing wnfs-0.1.26 against 1.75.0 for beta-1.76-1
[INFO] extracting crate wnfs 0.1.26 into /workspace/builds/worker-0-tc1/source
[INFO] validating manifest of crates.io crate wnfs 0.1.26 on toolchain 1.75.0
[INFO] running `Command { std: CARGO_HOME="/workspace/cargo-home" RUSTUP_HOME="/workspace/rustup-home" "/workspace/cargo-home/bin/cargo" "+1.75.0" "metadata" "--manifest-path" "Cargo.toml" "--no-deps", kill_on_drop: false }`
[INFO] started tweaking crates.io crate wnfs 0.1.26
[INFO] finished tweaking crates.io crate wnfs 0.1.26
[INFO] tweaked toml for crates.io crate wnfs 0.1.26 written to /workspace/builds/worker-0-tc1/source/Cargo.toml
[INFO] crate crates.io crate wnfs 0.1.26 already has a lockfile, it will not be regenerated
[INFO] running `Command { std: CARGO_HOME="/workspace/cargo-home" RUSTUP_HOME="/workspace/rustup-home" "/workspace/cargo-home/bin/cargo" "+1.75.0" "fetch" "--manifest-path" "Cargo.toml", kill_on_drop: false }`
[INFO] [stderr]     Updating crates.io index
[INFO] [stderr]  Downloading crates ...
[INFO] [stderr]   Downloaded libipld-json v0.16.0
[INFO] [stderr]   Downloaded libipld-pb v0.16.0
[INFO] [stderr]   Downloaded async-trait v0.1.71
[INFO] [stderr]   Downloaded libipld-macro v0.16.0
[INFO] [stderr]   Downloaded serde_derive v1.0.171
[INFO] [stderr]   Downloaded serde-byte-array v0.1.2
[INFO] [stderr]   Downloaded libipld-cbor-derive v0.16.0
[INFO] [stderr]   Downloaded wnfs-common v0.1.25
[INFO] [stderr]   Downloaded multihash v0.19.0
[INFO] [stderr]   Downloaded libipld-cbor v0.16.0
[INFO] [stderr]   Downloaded serde_ipld_dagcbor v0.4.1
[INFO] [stderr]   Downloaded serde v1.0.171
[INFO] [stderr]   Downloaded fake v2.8.0
[INFO] [stderr]   Downloaded proptest v1.2.0
[INFO] [stderr]   Downloaded syn v2.0.26
[INFO] [stderr]   Downloaded sha3 v0.10.0
[INFO] [stderr]   Downloaded wnfs-hamt v0.1.25
[INFO] [stderr]   Downloaded libipld v0.16.0
[INFO] [stderr]   Downloaded quick_cache v0.3.0
[INFO] [stderr]   Downloaded wnfs-nameaccumulator v0.1.25
[INFO] [stderr]   Downloaded skip_ratchet v0.3.0
[INFO] running `Command { std: "docker" "create" "-v" "/var/lib/crater-agent-workspace/builds/worker-0-tc1/target:/opt/rustwide/target:rw,Z" "-v" "/var/lib/crater-agent-workspace/builds/worker-0-tc1/source:/opt/rustwide/workdir:ro,Z" "-v" "/var/lib/crater-agent-workspace/cargo-home:/opt/rustwide/cargo-home:ro,Z" "-v" "/var/lib/crater-agent-workspace/rustup-home:/opt/rustwide/rustup-home:ro,Z" "-e" "SOURCE_DIR=/opt/rustwide/workdir" "-e" "CARGO_TARGET_DIR=/opt/rustwide/target" "-e" "CARGO_HOME=/opt/rustwide/cargo-home" "-e" "RUSTUP_HOME=/opt/rustwide/rustup-home" "-w" "/opt/rustwide/workdir" "-m" "1610612736" "--user" "0:0" "--network" "none" "ghcr.io/rust-lang/crates-build-env/linux@sha256:2788e3201cd34a07e3172128adcd8b3090168a8e3bcc40d7c032b9dda1df7d1c" "/opt/rustwide/cargo-home/bin/cargo" "+1.75.0" "metadata" "--no-deps" "--format-version=1", kill_on_drop: false }`
[INFO] [stdout] dd4402ab1068eaa5856283f91fbb3227dfb624aad349284323bc735d6f8943e4
[INFO] running `Command { std: "docker" "start" "-a" "dd4402ab1068eaa5856283f91fbb3227dfb624aad349284323bc735d6f8943e4", kill_on_drop: false }`
[INFO] running `Command { std: "docker" "inspect" "dd4402ab1068eaa5856283f91fbb3227dfb624aad349284323bc735d6f8943e4", kill_on_drop: false }`
[INFO] running `Command { std: "docker" "rm" "-f" "dd4402ab1068eaa5856283f91fbb3227dfb624aad349284323bc735d6f8943e4", kill_on_drop: false }`
[INFO] [stdout] dd4402ab1068eaa5856283f91fbb3227dfb624aad349284323bc735d6f8943e4
[INFO] running `Command { std: "docker" "create" "-v" "/var/lib/crater-agent-workspace/builds/worker-0-tc1/target:/opt/rustwide/target:rw,Z" "-v" "/var/lib/crater-agent-workspace/builds/worker-0-tc1/source:/opt/rustwide/workdir:ro,Z" "-v" "/var/lib/crater-agent-workspace/cargo-home:/opt/rustwide/cargo-home:ro,Z" "-v" "/var/lib/crater-agent-workspace/rustup-home:/opt/rustwide/rustup-home:ro,Z" "-e" "SOURCE_DIR=/opt/rustwide/workdir" "-e" "CARGO_TARGET_DIR=/opt/rustwide/target" "-e" "CARGO_INCREMENTAL=0" "-e" "RUST_BACKTRACE=full" "-e" "RUSTFLAGS=--cap-lints=warn" "-e" "RUSTDOCFLAGS=--cap-lints=warn" "-e" "CARGO_HOME=/opt/rustwide/cargo-home" "-e" "RUSTUP_HOME=/opt/rustwide/rustup-home" "-w" "/opt/rustwide/workdir" "-m" "1610612736" "--user" "0:0" "--network" "none" "ghcr.io/rust-lang/crates-build-env/linux@sha256:2788e3201cd34a07e3172128adcd8b3090168a8e3bcc40d7c032b9dda1df7d1c" "/opt/rustwide/cargo-home/bin/cargo" "+1.75.0" "build" "--frozen" "--message-format=json", kill_on_drop: false }`
[INFO] [stdout] 1db9cb67b36c8c8a700dceb2a9b3258d8a7098c05ada46901102540b54aea72e
[INFO] running `Command { std: "docker" "start" "-a" "1db9cb67b36c8c8a700dceb2a9b3258d8a7098c05ada46901102540b54aea72e", kill_on_drop: false }`
[INFO] [stderr]    Compiling proc-macro2 v1.0.66
[INFO] [stderr]    Compiling unicode-ident v1.0.11
[INFO] [stderr]    Compiling libc v0.2.147
[INFO] [stderr]    Compiling typenum v1.16.0
[INFO] [stderr]    Compiling serde v1.0.171
[INFO] [stderr]    Compiling syn v1.0.109
[INFO] [stderr]    Compiling memchr v2.5.0
[INFO] [stderr]    Compiling cpufeatures v0.2.9
[INFO] [stderr]    Compiling const-oid v0.9.4
[INFO] [stderr]    Compiling thiserror v1.0.43
[INFO] [stderr]    Compiling cc v1.0.79
[INFO] [stderr]    Compiling arrayref v0.3.7
[INFO] [stderr]    Compiling arrayvec v0.7.4
[INFO] [stderr]    Compiling unicode-xid v0.2.4
[INFO] [stderr]    Compiling constant_time_eq v0.2.6
[INFO] [stderr]    Compiling data-encoding v2.4.0
[INFO] [stderr]    Compiling constant_time_eq v0.3.0
[INFO] [stderr]    Compiling unsigned-varint v0.7.1
[INFO] [stderr]    Compiling keccak v0.1.4
[INFO] [stderr]    Compiling blake2b_simd v1.0.1
[INFO] [stderr]    Compiling quote v1.0.31
[INFO] [stderr]    Compiling core2 v0.4.0
[INFO] [stderr]    Compiling syn v2.0.26
[INFO] [stderr]    Compiling proc-macro-error-attr v1.0.4
[INFO] [stderr]    Compiling generic-array v0.14.7
[INFO] [stderr]    Compiling blake3 v1.4.1
[INFO] [stderr]    Compiling getrandom v0.2.10
[INFO] [stderr]    Compiling rand_core v0.6.4
[INFO] [stderr]    Compiling blake2s_simd v1.0.1
[INFO] [stderr]    Compiling base-x v0.2.11
[INFO] [stderr]    Compiling block-buffer v0.10.4
[INFO] [stderr]    Compiling anyhow v1.0.72
[INFO] [stderr]    Compiling crypto-common v0.1.6
[INFO] [stderr]    Compiling libm v0.2.7
[INFO] [stderr]    Compiling num-traits v0.2.15
[INFO] [stderr]    Compiling digest v0.10.7
[INFO] [stderr]    Compiling futures-core v0.3.28
[INFO] [stderr]    Compiling sha2 v0.10.7
[INFO] [stderr]    Compiling sha3 v0.10.0
[INFO] [stderr]    Compiling byteorder v1.4.3
[INFO] [stderr]    Compiling slab v0.4.8
[INFO] [stderr]    Compiling futures-task v0.3.28
[INFO] [stderr]    Compiling futures-channel v0.3.28
[INFO] [stderr]    Compiling serde_json v1.0.103
[INFO] [stderr]    Compiling futures-sink v0.3.28
[INFO] [stderr]    Compiling ryu v1.0.15
[INFO] [stderr]    Compiling pin-project-lite v0.2.10
[INFO] [stderr]    Compiling itoa v1.0.9
[INFO] [stderr]    Compiling futures-util v0.3.28
[INFO] [stderr]    Compiling lazy_static v1.4.0
[INFO] [stderr]    Compiling quick-protobuf v0.8.1
[INFO] [stderr]    Compiling inout v0.1.3
[INFO] [stderr]    Compiling num-integer v0.1.45
[INFO] [stderr]    Compiling once_cell v1.18.0
[INFO] [stderr]    Compiling smallvec v1.11.0
[INFO] [stderr]    Compiling futures-io v0.3.28
[INFO] [stderr]    Compiling value-bag v1.4.1
[INFO] [stderr]    Compiling num-iter v0.1.43
[INFO] [stderr]    Compiling lock_api v0.4.10
[INFO] [stderr]    Compiling fnv v1.0.7
[INFO] [stderr]    Compiling parking_lot_core v0.9.8
[INFO] [stderr]    Compiling radium v0.7.0
[INFO] [stderr]    Compiling scopeguard v1.2.0
[INFO] [stderr]    Compiling log v0.4.19
[INFO] [stderr]    Compiling async-trait v0.1.71
[INFO] [stderr]    Compiling rand_chacha v0.3.1
[INFO] [stderr]    Compiling ahash v0.8.3
[INFO] [stderr]    Compiling semver v1.0.18
[INFO] [stderr]    Compiling num-bigint-dig v0.8.4
[INFO] [stderr]    Compiling tap v1.0.1
[INFO] [stderr]    Compiling linked-hash-map v0.5.6
[INFO] [stderr]    Compiling iana-time-zone v0.1.57
[INFO] [stderr]    Compiling wyz v0.5.1
[INFO] [stderr]    Compiling synstructure v0.12.6
[INFO] [stderr]    Compiling proc-macro-error v1.0.4
[INFO] [stderr]    Compiling chrono v0.4.26
[INFO] [stderr]    Compiling yaml-rust v0.4.5
[INFO] [stderr]    Compiling rand v0.8.5
[INFO] [stderr]    Compiling console v0.15.7
[INFO] [stderr]    Compiling universal-hash v0.5.1
[INFO] [stderr]    Compiling funty v2.0.0
[INFO] [stderr]    Compiling async-once-cell v0.5.3
[INFO] [stderr]    Compiling similar v2.2.1
[INFO] [stderr]    Compiling poly1305 v0.8.0
[INFO] [stderr]    Compiling parking_lot v0.12.1
[INFO] [stderr]    Compiling aead v0.5.2
[INFO] [stderr]    Compiling either v1.8.1
[INFO] [stderr]    Compiling hashbrown v0.13.2
[INFO] [stderr]    Compiling multihash v0.19.0
[INFO] [stderr]    Compiling quick_cache v0.3.0
[INFO] [stderr]    Compiling data-encoding-macro-internal v0.1.11
[INFO] [stderr]    Compiling serde_derive v1.0.171
[INFO] [stderr]    Compiling thiserror-impl v1.0.43
[INFO] [stderr]    Compiling zeroize_derive v1.4.2
[INFO] [stderr]    Compiling futures-macro v0.3.28
[INFO] [stderr]    Compiling async-stream-impl v0.3.5
[INFO] [stderr]    Compiling async-recursion v1.0.4
[INFO] [stderr]    Compiling data-encoding-macro v0.1.13
[INFO] [stderr]    Compiling multibase v0.9.1
[INFO] [stderr]    Compiling async-stream v0.3.5
[INFO] [stderr]    Compiling zeroize v1.6.0
[INFO] [stderr]    Compiling cipher v0.4.4
[INFO] [stderr]    Compiling chacha20 v0.9.1
[INFO] [stderr]    Compiling aes v0.8.3
[INFO] [stderr]    Compiling chacha20poly1305 v0.10.1
[INFO] [stderr]    Compiling aes-kw v0.2.1
[INFO] [stderr]    Compiling futures-executor v0.3.28
[INFO] [stderr]    Compiling futures v0.3.28
[INFO] [stderr]    Compiling toml v0.5.11
[INFO] [stderr]    Compiling serde-big-array v0.3.3
[INFO] [stderr]    Compiling serde_bytes v0.11.12
[INFO] [stderr]    Compiling bytes v1.4.0
[INFO] [stderr]    Compiling cbor4ii v0.2.14
[INFO] [stderr]    Compiling serde-byte-array v0.1.2
[INFO] [stderr]    Compiling bitvec v1.0.1
[INFO] [stderr]    Compiling insta v1.31.0
[INFO] [stderr]    Compiling skip_ratchet v0.3.0
[INFO] [stderr]    Compiling proc-macro-crate v1.1.3
[INFO] [stderr]    Compiling multihash-derive v0.8.1
[INFO] [stderr]    Compiling libipld-cbor-derive v0.16.0
[INFO] [stderr]    Compiling multihash v0.18.1
[INFO] [stderr]    Compiling cid v0.10.1
[INFO] [stderr]    Compiling libipld-core v0.16.0
[INFO] [stderr]    Compiling serde_ipld_dagcbor v0.4.1
[INFO] [stderr]    Compiling libipld-json v0.16.0
[INFO] [stderr]    Compiling libipld-pb v0.16.0
[INFO] [stderr]    Compiling libipld-macro v0.16.0
[INFO] [stderr]    Compiling libipld-cbor v0.16.0
[INFO] [stderr]    Compiling libipld v0.16.0
[INFO] [stderr]    Compiling wnfs-common v0.1.25
[INFO] [stderr]    Compiling wnfs-nameaccumulator v0.1.25
[INFO] [stderr]    Compiling wnfs-hamt v0.1.25
[INFO] [stderr]    Compiling wnfs v0.1.26 (/opt/rustwide/workdir)
[INFO] [stderr]     Finished dev [unoptimized + debuginfo] target(s) in 21.01s
[INFO] running `Command { std: "docker" "inspect" "1db9cb67b36c8c8a700dceb2a9b3258d8a7098c05ada46901102540b54aea72e", kill_on_drop: false }`
[INFO] running `Command { std: "docker" "rm" "-f" "1db9cb67b36c8c8a700dceb2a9b3258d8a7098c05ada46901102540b54aea72e", kill_on_drop: false }`
[INFO] [stdout] 1db9cb67b36c8c8a700dceb2a9b3258d8a7098c05ada46901102540b54aea72e
[INFO] running `Command { std: "docker" "create" "-v" "/var/lib/crater-agent-workspace/builds/worker-0-tc1/target:/opt/rustwide/target:rw,Z" "-v" "/var/lib/crater-agent-workspace/builds/worker-0-tc1/source:/opt/rustwide/workdir:ro,Z" "-v" "/var/lib/crater-agent-workspace/cargo-home:/opt/rustwide/cargo-home:ro,Z" "-v" "/var/lib/crater-agent-workspace/rustup-home:/opt/rustwide/rustup-home:ro,Z" "-e" "SOURCE_DIR=/opt/rustwide/workdir" "-e" "CARGO_TARGET_DIR=/opt/rustwide/target" "-e" "CARGO_INCREMENTAL=0" "-e" "RUST_BACKTRACE=full" "-e" "RUSTFLAGS=--cap-lints=warn" "-e" "RUSTDOCFLAGS=--cap-lints=warn" "-e" "CARGO_HOME=/opt/rustwide/cargo-home" "-e" "RUSTUP_HOME=/opt/rustwide/rustup-home" "-w" "/opt/rustwide/workdir" "-m" "1610612736" "--user" "0:0" "--network" "none" "ghcr.io/rust-lang/crates-build-env/linux@sha256:2788e3201cd34a07e3172128adcd8b3090168a8e3bcc40d7c032b9dda1df7d1c" "/opt/rustwide/cargo-home/bin/cargo" "+1.75.0" "test" "--frozen" "--no-run" "--message-format=json", kill_on_drop: false }`
[INFO] [stdout] 58d79431c16c4cde1ebcbc8e0af4f90820ade297c050dd2a0a62bffa19757753
[INFO] running `Command { std: "docker" "start" "-a" "58d79431c16c4cde1ebcbc8e0af4f90820ade297c050dd2a0a62bffa19757753", kill_on_drop: false }`
[INFO] [stderr]    Compiling io-lifetimes v1.0.11
[INFO] [stderr]    Compiling fastrand v1.9.0
[INFO] [stderr]    Compiling crossbeam-utils v0.8.16
[INFO] [stderr]    Compiling rustix v0.37.23
[INFO] [stderr]    Compiling linux-raw-sys v0.3.8
[INFO] [stderr]    Compiling event-listener v2.5.3
[INFO] [stderr]    Compiling base64ct v1.6.0
[INFO] [stderr]    Compiling parking v2.1.0
[INFO] [stderr]    Compiling waker-fn v1.1.0
[INFO] [stderr]    Compiling futures-lite v1.13.0
[INFO] [stderr]    Compiling pem-rfc7468 v0.7.0
[INFO] [stderr]    Compiling async-lock v2.7.0
[INFO] [stderr]    Compiling polling v2.8.0
[INFO] [stderr]    Compiling der v0.7.7
[INFO] [stderr]    Compiling async-io v1.13.0
[INFO] [stderr]    Compiling tempfile v3.6.0
[INFO] [stderr]    Compiling async-task v4.4.0
[INFO] [stderr]    Compiling concurrent-queue v2.2.0
[INFO] [stderr]    Compiling rustix v0.38.4
[INFO] [stderr]    Compiling async-channel v1.9.0
[INFO] [stderr]    Compiling aho-corasick v1.0.2
[INFO] [stderr]    Compiling socket2 v0.4.9
[INFO] [stderr]    Compiling bitflags v2.3.3
[INFO] [stderr]    Compiling atomic-waker v1.1.1
[INFO] [stderr]    Compiling linux-raw-sys v0.4.3
[INFO] [stderr]    Compiling regex-syntax v0.7.4
[INFO] [stderr]    Compiling blocking v1.3.1
[INFO] [stderr]    Compiling async-executor v1.5.1
[INFO] [stderr]    Compiling spki v0.7.2
[INFO] [stderr]    Compiling structmeta-derive v0.2.0
[INFO] [stderr]    Compiling pkcs8 v0.10.2
[INFO] [stderr]    Compiling wait-timeout v0.2.0
[INFO] [stderr]    Compiling bit-vec v0.6.3
[INFO] [stderr]    Compiling pkcs1 v0.7.5
[INFO] [stderr]    Compiling bit-set v0.5.3
[INFO] [stderr]    Compiling unicode-normalization v0.1.22
[INFO] [stderr]    Compiling is-terminal v0.4.9
[INFO] [stderr]    Compiling kv-log-macro v1.0.7
[INFO] [stderr]    Compiling regex-automata v0.3.3
[INFO] [stderr]    Compiling signature v2.1.0
[INFO] [stderr]    Compiling hmac v0.12.1
[INFO] [stderr]    Compiling pbkdf2 v0.11.0
[INFO] [stderr]    Compiling rusty-fork v0.3.0
[INFO] [stderr]    Compiling async-global-executor v2.3.1
[INFO] [stderr]    Compiling structmeta v0.2.0
[INFO] [stderr]    Compiling rand_xorshift v0.3.0
[INFO] [stderr]    Compiling async-attributes v1.1.2
[INFO] [stderr]    Compiling termcolor v1.2.0
[INFO] [stderr]    Compiling rustc-hash v1.1.0
[INFO] [stderr]    Compiling unidecode v0.3.0
[INFO] [stderr]    Compiling regex-syntax v0.6.29
[INFO] [stderr]    Compiling unarray v0.1.4
[INFO] [stderr]    Compiling tiny-bip39 v1.0.0
[INFO] [stderr]    Compiling async-std v1.12.0
[INFO] [stderr]    Compiling fake v2.8.0
[INFO] [stderr]    Compiling test-strategy v0.3.1
[INFO] [stderr]    Compiling rsa v0.9.2
[INFO] [stderr]    Compiling test-log v0.2.12
[INFO] [stderr]    Compiling regex v1.9.1
[INFO] [stderr]    Compiling proptest v1.2.0
[INFO] [stderr]    Compiling env_logger v0.10.0
[INFO] [stderr]    Compiling wnfs v0.1.26 (/opt/rustwide/workdir)
[INFO] [stdout] error[E0432]: unresolved import `wnfs_common::utils::SnapshotBlockStore`
[INFO] [stdout]     --> src/private/directory.rs:2227:9
[INFO] [stdout]      |
[INFO] [stdout] 2227 |     use wnfs_common::utils::SnapshotBlockStore;
[INFO] [stdout]      |         ^^^^^^^^^^^^^^^^^^^^^^^^^^^^^^^^^^^^^^ no `SnapshotBlockStore` in `utils`
[INFO] [stdout] 
[INFO] [stdout] 
[INFO] [stdout] error[E0432]: unresolved import `wnfs_common::utils::SnapshotBlockStore`
[INFO] [stdout]    --> src/private/forest/hamt.rs:536:9
[INFO] [stdout]     |
[INFO] [stdout] 536 |     use wnfs_common::utils::SnapshotBlockStore;
[INFO] [stdout]     |         ^^^^^^^^^^^^^^^^^^^^^^^^^^^^^^^^^^^^^^ no `SnapshotBlockStore` in `utils`
[INFO] [stdout] 
[INFO] [stdout] 
[INFO] [stdout] error[E0432]: unresolved import `wnfs_common::utils::SnapshotBlockStore`
[INFO] [stdout]    --> src/private/keys/access.rs:130:23
[INFO] [stdout]     |
[INFO] [stdout] 130 |     use wnfs_common::{utils::SnapshotBlockStore, BlockStore};
[INFO] [stdout]     |                       ^^^^^^^^^^^^^^^^^^^^^^^^^ no `SnapshotBlockStore` in `utils`
[INFO] [stdout] 
[INFO] [stdout] 
[INFO] [stdout] error[E0432]: unresolved import `wnfs_common::utils::SnapshotBlockStore`
[INFO] [stdout]     --> src/public/directory.rs:1351:9
[INFO] [stdout]      |
[INFO] [stdout] 1351 |     use wnfs_common::utils::SnapshotBlockStore;
[INFO] [stdout]      |         ^^^^^^^^^^^^^^^^^^^^^^^^^^^^^^^^^^^^^^ no `SnapshotBlockStore` in `utils`
[INFO] [stdout] 
[INFO] [stdout] 
[INFO] [stdout] error[E0432]: unresolved import `wnfs_common::utils::SnapshotBlockStore`
[INFO] [stdout]    --> src/public/file.rs:304:9
[INFO] [stdout]     |
[INFO] [stdout] 304 |     use wnfs_common::utils::SnapshotBlockStore;
[INFO] [stdout]     |         ^^^^^^^^^^^^^^^^^^^^^^^^^^^^^^^^^^^^^^ no `SnapshotBlockStore` in `utils`
[INFO] [stdout] 
[INFO] [stdout] 
[INFO] [stdout] error[E0432]: unresolved import `wnfs_common::utils::SnapshotBlockStore`
[INFO] [stdout]    --> src/public/node/node.rs:361:9
[INFO] [stdout]     |
[INFO] [stdout] 361 |     use wnfs_common::utils::SnapshotBlockStore;
[INFO] [stdout]     |         ^^^^^^^^^^^^^^^^^^^^^^^^^^^^^^^^^^^^^^ no `SnapshotBlockStore` in `utils`
[INFO] [stdout] 
[INFO] [stdout] 
[INFO] [stdout] error[E0432]: unresolved import `wnfs_common::utils::SnapshotBlockStore`
[INFO] [stdout]    --> src/root_tree.rs:442:9
[INFO] [stdout]     |
[INFO] [stdout] 442 |     use wnfs_common::utils::SnapshotBlockStore;
[INFO] [stdout]     |         ^^^^^^^^^^^^^^^^^^^^^^^^^^^^^^^^^^^^^^ no `SnapshotBlockStore` in `utils`
[INFO] [stdout] 
[INFO] [stdout] 
[INFO] [stdout] error[E0432]: unresolved import `wnfs_common::utils::SnapshotBlockStore`
[INFO] [stdout]  --> src/utils/test.rs:9:56
[INFO] [stdout]   |
[INFO] [stdout] 9 | use wnfs_common::{decode, libipld::cbor::DagCborCodec, utils::SnapshotBlockStore};
[INFO] [stdout]   |                                                        ^^^^^^^^^^^^^^^^^^^^^^^^^ no `SnapshotBlockStore` in `utils`
[INFO] [stdout] 
[INFO] [stdout] 
[INFO] [stdout] warning: unused import: `BlockStore`
[INFO] [stdout]    --> src/private/keys/access.rs:130:50
[INFO] [stdout]     |
[INFO] [stdout] 130 |     use wnfs_common::{utils::SnapshotBlockStore, BlockStore};
[INFO] [stdout]     |                                                  ^^^^^^^^^^
[INFO] [stdout]     |
[INFO] [stdout]     = note: `#[warn(unused_imports)]` on by default
[INFO] [stdout] 
[INFO] [stdout] 
[INFO] [stdout] error: aborting due to 8 previous errors; 1 warning emitted
[INFO] [stdout] 
[INFO] [stdout] 
[INFO] [stdout] For more information about this error, try `rustc --explain E0432`.
[INFO] [stdout] 
[INFO] [stderr] error: could not compile `wnfs` (lib test) due to 9 previous errors; 1 warning emitted
[INFO] [stderr] warning: build failed, waiting for other jobs to finish...
[INFO] running `Command { std: "docker" "inspect" "58d79431c16c4cde1ebcbc8e0af4f90820ade297c050dd2a0a62bffa19757753", kill_on_drop: false }`
[INFO] running `Command { std: "docker" "rm" "-f" "58d79431c16c4cde1ebcbc8e0af4f90820ade297c050dd2a0a62bffa19757753", kill_on_drop: false }`
[INFO] [stdout] 58d79431c16c4cde1ebcbc8e0af4f90820ade297c050dd2a0a62bffa19757753
[INFO] testing wnfs-0.1.26 against beta-2023-12-22 for beta-1.76-1
[INFO] extracting crate wnfs 0.1.26 into /workspace/builds/worker-0-tc2/source
[INFO] validating manifest of crates.io crate wnfs 0.1.26 on toolchain beta-2023-12-22
[INFO] running `Command { std: CARGO_HOME="/workspace/cargo-home" RUSTUP_HOME="/workspace/rustup-home" "/workspace/cargo-home/bin/cargo" "+beta-2023-12-22" "metadata" "--manifest-path" "Cargo.toml" "--no-deps", kill_on_drop: false }`
[INFO] started tweaking crates.io crate wnfs 0.1.26
[INFO] finished tweaking crates.io crate wnfs 0.1.26
[INFO] tweaked toml for crates.io crate wnfs 0.1.26 written to /workspace/builds/worker-0-tc2/source/Cargo.toml
[INFO] crate crates.io crate wnfs 0.1.26 already has a lockfile, it will not be regenerated
[INFO] running `Command { std: CARGO_HOME="/workspace/cargo-home" RUSTUP_HOME="/workspace/rustup-home" "/workspace/cargo-home/bin/cargo" "+beta-2023-12-22" "fetch" "--manifest-path" "Cargo.toml", kill_on_drop: false }`
[INFO] running `Command { std: "docker" "create" "-v" "/var/lib/crater-agent-workspace/builds/worker-0-tc2/target:/opt/rustwide/target:rw,Z" "-v" "/var/lib/crater-agent-workspace/builds/worker-0-tc2/source:/opt/rustwide/workdir:ro,Z" "-v" "/var/lib/crater-agent-workspace/cargo-home:/opt/rustwide/cargo-home:ro,Z" "-v" "/var/lib/crater-agent-workspace/rustup-home:/opt/rustwide/rustup-home:ro,Z" "-e" "SOURCE_DIR=/opt/rustwide/workdir" "-e" "CARGO_TARGET_DIR=/opt/rustwide/target" "-e" "CARGO_HOME=/opt/rustwide/cargo-home" "-e" "RUSTUP_HOME=/opt/rustwide/rustup-home" "-w" "/opt/rustwide/workdir" "-m" "1610612736" "--user" "0:0" "--network" "none" "ghcr.io/rust-lang/crates-build-env/linux@sha256:2788e3201cd34a07e3172128adcd8b3090168a8e3bcc40d7c032b9dda1df7d1c" "/opt/rustwide/cargo-home/bin/cargo" "+beta-2023-12-22" "metadata" "--no-deps" "--format-version=1", kill_on_drop: false }`
[INFO] [stdout] 560cdefbe95b2e9c5da6034b468a00031200dab28a7ca329b803b74f6834cd1a
[INFO] running `Command { std: "docker" "start" "-a" "560cdefbe95b2e9c5da6034b468a00031200dab28a7ca329b803b74f6834cd1a", kill_on_drop: false }`
[INFO] running `Command { std: "docker" "inspect" "560cdefbe95b2e9c5da6034b468a00031200dab28a7ca329b803b74f6834cd1a", kill_on_drop: false }`
[INFO] running `Command { std: "docker" "rm" "-f" "560cdefbe95b2e9c5da6034b468a00031200dab28a7ca329b803b74f6834cd1a", kill_on_drop: false }`
[INFO] [stdout] 560cdefbe95b2e9c5da6034b468a00031200dab28a7ca329b803b74f6834cd1a
[INFO] running `Command { std: "docker" "create" "-v" "/var/lib/crater-agent-workspace/builds/worker-0-tc2/target:/opt/rustwide/target:rw,Z" "-v" "/var/lib/crater-agent-workspace/builds/worker-0-tc2/source:/opt/rustwide/workdir:ro,Z" "-v" "/var/lib/crater-agent-workspace/cargo-home:/opt/rustwide/cargo-home:ro,Z" "-v" "/var/lib/crater-agent-workspace/rustup-home:/opt/rustwide/rustup-home:ro,Z" "-e" "SOURCE_DIR=/opt/rustwide/workdir" "-e" "CARGO_TARGET_DIR=/opt/rustwide/target" "-e" "CARGO_INCREMENTAL=0" "-e" "RUST_BACKTRACE=full" "-e" "RUSTFLAGS=--cap-lints=warn" "-e" "RUSTDOCFLAGS=--cap-lints=warn" "-e" "CARGO_HOME=/opt/rustwide/cargo-home" "-e" "RUSTUP_HOME=/opt/rustwide/rustup-home" "-w" "/opt/rustwide/workdir" "-m" "1610612736" "--user" "0:0" "--network" "none" "ghcr.io/rust-lang/crates-build-env/linux@sha256:2788e3201cd34a07e3172128adcd8b3090168a8e3bcc40d7c032b9dda1df7d1c" "/opt/rustwide/cargo-home/bin/cargo" "+beta-2023-12-22" "build" "--frozen" "--message-format=json", kill_on_drop: false }`
[INFO] [stdout] 56b348a72237df9d583bc6cf194a8395f3af2be39bdb1469c577444bdbccd4d3
[INFO] running `Command { std: "docker" "start" "-a" "56b348a72237df9d583bc6cf194a8395f3af2be39bdb1469c577444bdbccd4d3", kill_on_drop: false }`
[INFO] [stderr]    Compiling proc-macro2 v1.0.66
[INFO] [stderr]    Compiling unicode-ident v1.0.11
[INFO] [stderr]    Compiling libc v0.2.147
[INFO] [stderr]    Compiling typenum v1.16.0
[INFO] [stderr]    Compiling serde v1.0.171
[INFO] [stderr]    Compiling syn v1.0.109
[INFO] [stderr]    Compiling memchr v2.5.0
[INFO] [stderr]    Compiling cpufeatures v0.2.9
[INFO] [stderr]    Compiling thiserror v1.0.43
[INFO] [stderr]    Compiling const-oid v0.9.4
[INFO] [stderr]    Compiling cc v1.0.79
[INFO] [stderr]    Compiling arrayref v0.3.7
[INFO] [stderr]    Compiling arrayvec v0.7.4
[INFO] [stderr]    Compiling unicode-xid v0.2.4
[INFO] [stderr]    Compiling constant_time_eq v0.2.6
[INFO] [stderr]    Compiling data-encoding v2.4.0
[INFO] [stderr]    Compiling constant_time_eq v0.3.0
[INFO] [stderr]    Compiling keccak v0.1.4
[INFO] [stderr]    Compiling unsigned-varint v0.7.1
[INFO] [stderr]    Compiling core2 v0.4.0
[INFO] [stderr]    Compiling quote v1.0.31
[INFO] [stderr]    Compiling blake2b_simd v1.0.1
[INFO] [stderr]    Compiling blake2s_simd v1.0.1
[INFO] [stderr]    Compiling syn v2.0.26
[INFO] [stderr]    Compiling generic-array v0.14.7
[INFO] [stderr]    Compiling blake3 v1.4.1
[INFO] [stderr]    Compiling getrandom v0.2.10
[INFO] [stderr]    Compiling proc-macro-error-attr v1.0.4
[INFO] [stderr]    Compiling rand_core v0.6.4
[INFO] [stderr]    Compiling block-buffer v0.10.4
[INFO] [stderr]    Compiling crypto-common v0.1.6
[INFO] [stderr]    Compiling base-x v0.2.11
[INFO] [stderr]    Compiling digest v0.10.7
[INFO] [stderr]    Compiling anyhow v1.0.72
[INFO] [stderr]    Compiling libm v0.2.7
[INFO] [stderr]    Compiling sha2 v0.10.7
[INFO] [stderr]    Compiling sha3 v0.10.0
[INFO] [stderr]    Compiling num-traits v0.2.15
[INFO] [stderr]    Compiling futures-core v0.3.28
[INFO] [stderr]    Compiling byteorder v1.4.3
[INFO] [stderr]    Compiling slab v0.4.8
[INFO] [stderr]    Compiling futures-task v0.3.28
[INFO] [stderr]    Compiling futures-channel v0.3.28
[INFO] [stderr]    Compiling serde_json v1.0.103
[INFO] [stderr]    Compiling ryu v1.0.15
[INFO] [stderr]    Compiling futures-util v0.3.28
[INFO] [stderr]    Compiling itoa v1.0.9
[INFO] [stderr]    Compiling pin-project-lite v0.2.10
[INFO] [stderr]    Compiling futures-sink v0.3.28
[INFO] [stderr]    Compiling lazy_static v1.4.0
[INFO] [stderr]    Compiling quick-protobuf v0.8.1
[INFO] [stderr]    Compiling inout v0.1.3
[INFO] [stderr]    Compiling num-integer v0.1.45
[INFO] [stderr]    Compiling futures-io v0.3.28
[INFO] [stderr]    Compiling value-bag v1.4.1
[INFO] [stderr]    Compiling smallvec v1.11.0
[INFO] [stderr]    Compiling once_cell v1.18.0
[INFO] [stderr]    Compiling log v0.4.19
[INFO] [stderr]    Compiling num-iter v0.1.43
[INFO] [stderr]    Compiling lock_api v0.4.10
[INFO] [stderr]    Compiling radium v0.7.0
[INFO] [stderr]    Compiling scopeguard v1.2.0
[INFO] [stderr]    Compiling fnv v1.0.7
[INFO] [stderr]    Compiling parking_lot_core v0.9.8
[INFO] [stderr]    Compiling async-trait v0.1.71
[INFO] [stderr]    Compiling rand_chacha v0.3.1
[INFO] [stderr]    Compiling ahash v0.8.3
[INFO] [stderr]    Compiling linked-hash-map v0.5.6
[INFO] [stderr]    Compiling iana-time-zone v0.1.57
[INFO] [stderr]    Compiling num-bigint-dig v0.8.4
[INFO] [stderr]    Compiling tap v1.0.1
[INFO] [stderr]    Compiling semver v1.0.18
[INFO] [stderr]    Compiling synstructure v0.12.6
[INFO] [stderr]    Compiling proc-macro-error v1.0.4
[INFO] [stderr]    Compiling wyz v0.5.1
[INFO] [stderr]    Compiling yaml-rust v0.4.5
[INFO] [stderr]    Compiling chrono v0.4.26
[INFO] [stderr]    Compiling rand v0.8.5
[INFO] [stderr]    Compiling console v0.15.7
[INFO] [stderr]    Compiling universal-hash v0.5.1
[INFO] [stderr]    Compiling async-once-cell v0.5.3
[INFO] [stderr]    Compiling similar v2.2.1
[INFO] [stderr]    Compiling funty v2.0.0
[INFO] [stderr]    Compiling poly1305 v0.8.0
[INFO] [stderr]    Compiling parking_lot v0.12.1
[INFO] [stderr]    Compiling aead v0.5.2
[INFO] [stderr]    Compiling either v1.8.1
[INFO] [stderr]    Compiling hashbrown v0.13.2
[INFO] [stderr]    Compiling multihash v0.19.0
[INFO] [stderr]    Compiling serde_derive v1.0.171
[INFO] [stderr]    Compiling thiserror-impl v1.0.43
[INFO] [stderr]    Compiling zeroize_derive v1.4.2
[INFO] [stderr]    Compiling futures-macro v0.3.28
[INFO] [stderr]    Compiling async-recursion v1.0.4
[INFO] [stderr]    Compiling async-stream-impl v0.3.5
[INFO] [stderr]    Compiling data-encoding-macro-internal v0.1.11
[INFO] [stderr]    Compiling quick_cache v0.3.0
[INFO] [stderr]    Compiling zeroize v1.6.0
[INFO] [stderr]    Compiling data-encoding-macro v0.1.13
[INFO] [stderr]    Compiling async-stream v0.3.5
[INFO] [stderr]    Compiling multibase v0.9.1
[INFO] [stderr]    Compiling cipher v0.4.4
[INFO] [stderr]    Compiling chacha20 v0.9.1
[INFO] [stderr]    Compiling aes v0.8.3
[INFO] [stderr]    Compiling chacha20poly1305 v0.10.1
[INFO] [stderr]    Compiling aes-kw v0.2.1
[INFO] [stderr]    Compiling futures-executor v0.3.28
[INFO] [stderr]    Compiling futures v0.3.28
[INFO] [stderr]    Compiling toml v0.5.11
[INFO] [stderr]    Compiling serde_bytes v0.11.12
[INFO] [stderr]    Compiling serde-big-array v0.3.3
[INFO] [stderr]    Compiling bytes v1.4.0
[INFO] [stderr]    Compiling serde-byte-array v0.1.2
[INFO] [stderr]    Compiling bitvec v1.0.1
[INFO] [stderr]    Compiling cbor4ii v0.2.14
[INFO] [stderr]    Compiling insta v1.31.0
[INFO] [stderr]    Compiling skip_ratchet v0.3.0
[INFO] [stderr]    Compiling proc-macro-crate v1.1.3
[INFO] [stderr]    Compiling multihash-derive v0.8.1
[INFO] [stderr]    Compiling libipld-cbor-derive v0.16.0
[INFO] [stderr]    Compiling multihash v0.18.1
[INFO] [stderr]    Compiling cid v0.10.1
[INFO] [stderr]    Compiling libipld-core v0.16.0
[INFO] [stderr]    Compiling serde_ipld_dagcbor v0.4.1
[INFO] [stderr]    Compiling libipld-pb v0.16.0
[INFO] [stderr]    Compiling libipld-cbor v0.16.0
[INFO] [stderr]    Compiling libipld-macro v0.16.0
[INFO] [stderr]    Compiling libipld-json v0.16.0
[INFO] [stderr]    Compiling libipld v0.16.0
[INFO] [stderr]    Compiling wnfs-common v0.1.25
[INFO] [stderr]    Compiling wnfs-nameaccumulator v0.1.25
[INFO] [stderr]    Compiling wnfs-hamt v0.1.25
[INFO] [stderr]    Compiling wnfs v0.1.26 (/opt/rustwide/workdir)
[INFO] [stderr]     Finished dev [unoptimized + debuginfo] target(s) in 23.89s
[INFO] running `Command { std: "docker" "inspect" "56b348a72237df9d583bc6cf194a8395f3af2be39bdb1469c577444bdbccd4d3", kill_on_drop: false }`
[INFO] running `Command { std: "docker" "rm" "-f" "56b348a72237df9d583bc6cf194a8395f3af2be39bdb1469c577444bdbccd4d3", kill_on_drop: false }`
[INFO] [stdout] 56b348a72237df9d583bc6cf194a8395f3af2be39bdb1469c577444bdbccd4d3
[INFO] running `Command { std: "docker" "create" "-v" "/var/lib/crater-agent-workspace/builds/worker-0-tc2/target:/opt/rustwide/target:rw,Z" "-v" "/var/lib/crater-agent-workspace/builds/worker-0-tc2/source:/opt/rustwide/workdir:ro,Z" "-v" "/var/lib/crater-agent-workspace/cargo-home:/opt/rustwide/cargo-home:ro,Z" "-v" "/var/lib/crater-agent-workspace/rustup-home:/opt/rustwide/rustup-home:ro,Z" "-e" "SOURCE_DIR=/opt/rustwide/workdir" "-e" "CARGO_TARGET_DIR=/opt/rustwide/target" "-e" "CARGO_INCREMENTAL=0" "-e" "RUST_BACKTRACE=full" "-e" "RUSTFLAGS=--cap-lints=warn" "-e" "RUSTDOCFLAGS=--cap-lints=warn" "-e" "CARGO_HOME=/opt/rustwide/cargo-home" "-e" "RUSTUP_HOME=/opt/rustwide/rustup-home" "-w" "/opt/rustwide/workdir" "-m" "1610612736" "--user" "0:0" "--network" "none" "ghcr.io/rust-lang/crates-build-env/linux@sha256:2788e3201cd34a07e3172128adcd8b3090168a8e3bcc40d7c032b9dda1df7d1c" "/opt/rustwide/cargo-home/bin/cargo" "+beta-2023-12-22" "test" "--frozen" "--no-run" "--message-format=json", kill_on_drop: false }`
[INFO] [stdout] c01619de240411b3cf51d307e5ac444a6e89b4967b4053c2e668635983013c7c
[INFO] running `Command { std: "docker" "start" "-a" "c01619de240411b3cf51d307e5ac444a6e89b4967b4053c2e668635983013c7c", kill_on_drop: false }`
[INFO] [stderr]    Compiling crossbeam-utils v0.8.16
[INFO] [stderr]    Compiling fastrand v1.9.0
[INFO] [stderr]    Compiling io-lifetimes v1.0.11
[INFO] [stderr]    Compiling rustix v0.37.23
[INFO] [stderr]    Compiling linux-raw-sys v0.3.8
[INFO] [stderr]    Compiling event-listener v2.5.3
[INFO] [stderr]    Compiling parking v2.1.0
[INFO] [stderr]    Compiling waker-fn v1.1.0
[INFO] [stderr]    Compiling base64ct v1.6.0
[INFO] [stderr]    Compiling futures-lite v1.13.0
[INFO] [stderr]    Compiling async-lock v2.7.0
[INFO] [stderr]    Compiling polling v2.8.0
[INFO] [stderr]    Compiling pem-rfc7468 v0.7.0
[INFO] [stderr]    Compiling tempfile v3.6.0
[INFO] [stderr]    Compiling async-io v1.13.0
[INFO] [stderr]    Compiling concurrent-queue v2.2.0
[INFO] [stderr]    Compiling der v0.7.7
[INFO] [stderr]    Compiling rustix v0.38.4
[INFO] [stderr]    Compiling async-task v4.4.0
[INFO] [stderr]    Compiling async-channel v1.9.0
[INFO] [stderr]    Compiling aho-corasick v1.0.2
[INFO] [stderr]    Compiling socket2 v0.4.9
[INFO] [stderr]    Compiling bitflags v2.3.3
[INFO] [stderr]    Compiling atomic-waker v1.1.1
[INFO] [stderr]    Compiling regex-syntax v0.7.4
[INFO] [stderr]    Compiling linux-raw-sys v0.4.3
[INFO] [stderr]    Compiling blocking v1.3.1
[INFO] [stderr]    Compiling async-executor v1.5.1
[INFO] [stderr]    Compiling structmeta-derive v0.2.0
[INFO] [stderr]    Compiling spki v0.7.2
[INFO] [stderr]    Compiling wait-timeout v0.2.0
[INFO] [stderr]    Compiling pkcs8 v0.10.2
[INFO] [stderr]    Compiling bit-vec v0.6.3
[INFO] [stderr]    Compiling regex-automata v0.3.3
[INFO] [stderr]    Compiling is-terminal v0.4.9
[INFO] [stderr]    Compiling bit-set v0.5.3
[INFO] [stderr]    Compiling pkcs1 v0.7.5
[INFO] [stderr]    Compiling async-global-executor v2.3.1
[INFO] [stderr]    Compiling rusty-fork v0.3.0
[INFO] [stderr]    Compiling unicode-normalization v0.1.22
[INFO] [stderr]    Compiling structmeta v0.2.0
[INFO] [stderr]    Compiling kv-log-macro v1.0.7
[INFO] [stderr]    Compiling signature v2.1.0
[INFO] [stderr]    Compiling hmac v0.12.1
[INFO] [stderr]    Compiling pbkdf2 v0.11.0
[INFO] [stderr]    Compiling async-attributes v1.1.2
[INFO] [stderr]    Compiling rand_xorshift v0.3.0
[INFO] [stderr]    Compiling regex-syntax v0.6.29
[INFO] [stderr]    Compiling termcolor v1.2.0
[INFO] [stderr]    Compiling unidecode v0.3.0
[INFO] [stderr]    Compiling rustc-hash v1.1.0
[INFO] [stderr]    Compiling unarray v0.1.4
[INFO] [stderr]    Compiling tiny-bip39 v1.0.0
[INFO] [stderr]    Compiling rsa v0.9.2
[INFO] [stderr]    Compiling fake v2.8.0
[INFO] [stderr]    Compiling async-std v1.12.0
[INFO] [stderr]    Compiling test-strategy v0.3.1
[INFO] [stderr]    Compiling test-log v0.2.12
[INFO] [stderr]    Compiling regex v1.9.1
[INFO] [stderr]    Compiling env_logger v0.10.0
[INFO] [stderr]    Compiling proptest v1.2.0
[INFO] [stderr]    Compiling wnfs v0.1.26 (/opt/rustwide/workdir)
[INFO] [stdout] error[E0432]: unresolved import `wnfs_common::utils::SnapshotBlockStore`
[INFO] [stdout]     --> src/private/directory.rs:2227:9
[INFO] [stdout]      |
[INFO] [stdout] 2227 |     use wnfs_common::utils::SnapshotBlockStore;
[INFO] [stdout]      |         ^^^^^^^^^^^^^^^^^^^^^^^^^^^^^^^^^^^^^^ no `SnapshotBlockStore` in `utils`
[INFO] [stdout] 
[INFO] [stdout] 
[INFO] [stdout] error[E0432]: unresolved import `wnfs_common::utils::SnapshotBlockStore`
[INFO] [stdout]    --> src/private/forest/hamt.rs:536:9
[INFO] [stdout]     |
[INFO] [stdout] 536 |     use wnfs_common::utils::SnapshotBlockStore;
[INFO] [stdout]     |         ^^^^^^^^^^^^^^^^^^^^^^^^^^^^^^^^^^^^^^ no `SnapshotBlockStore` in `utils`
[INFO] [stdout] 
[INFO] [stdout] 
[INFO] [stdout] error[E0432]: unresolved import `wnfs_common::utils::SnapshotBlockStore`
[INFO] [stdout]    --> src/private/keys/access.rs:130:23
[INFO] [stdout]     |
[INFO] [stdout] 130 |     use wnfs_common::{utils::SnapshotBlockStore, BlockStore};
[INFO] [stdout]     |                       ^^^^^^^^^^^^^^^^^^^^^^^^^ no `SnapshotBlockStore` in `utils`
[INFO] [stdout] 
[INFO] [stdout] 
[INFO] [stdout] error[E0432]: unresolved import `wnfs_common::utils::SnapshotBlockStore`
[INFO] [stdout]     --> src/public/directory.rs:1351:9
[INFO] [stdout]      |
[INFO] [stdout] 1351 |     use wnfs_common::utils::SnapshotBlockStore;
[INFO] [stdout]      |         ^^^^^^^^^^^^^^^^^^^^^^^^^^^^^^^^^^^^^^ no `SnapshotBlockStore` in `utils`
[INFO] [stdout] 
[INFO] [stdout] 
[INFO] [stdout] error[E0432]: unresolved import `wnfs_common::utils::SnapshotBlockStore`
[INFO] [stdout]    --> src/public/file.rs:304:9
[INFO] [stdout]     |
[INFO] [stdout] 304 |     use wnfs_common::utils::SnapshotBlockStore;
[INFO] [stdout]     |         ^^^^^^^^^^^^^^^^^^^^^^^^^^^^^^^^^^^^^^ no `SnapshotBlockStore` in `utils`
[INFO] [stdout] 
[INFO] [stdout] 
[INFO] [stdout] error[E0432]: unresolved import `wnfs_common::utils::SnapshotBlockStore`
[INFO] [stdout]    --> src/public/node/node.rs:361:9
[INFO] [stdout]     |
[INFO] [stdout] 361 |     use wnfs_common::utils::SnapshotBlockStore;
[INFO] [stdout]     |         ^^^^^^^^^^^^^^^^^^^^^^^^^^^^^^^^^^^^^^ no `SnapshotBlockStore` in `utils`
[INFO] [stdout] 
[INFO] [stdout] 
[INFO] [stdout] error[E0432]: unresolved import `wnfs_common::utils::SnapshotBlockStore`
[INFO] [stdout]    --> src/root_tree.rs:442:9
[INFO] [stdout]     |
[INFO] [stdout] 442 |     use wnfs_common::utils::SnapshotBlockStore;
[INFO] [stdout]     |         ^^^^^^^^^^^^^^^^^^^^^^^^^^^^^^^^^^^^^^ no `SnapshotBlockStore` in `utils`
[INFO] [stdout] 
[INFO] [stdout] 
[INFO] [stdout] error[E0432]: unresolved import `wnfs_common::utils::SnapshotBlockStore`
[INFO] [stdout]  --> src/utils/test.rs:9:56
[INFO] [stdout]   |
[INFO] [stdout] 9 | use wnfs_common::{decode, libipld::cbor::DagCborCodec, utils::SnapshotBlockStore};
[INFO] [stdout]   |                                                        ^^^^^^^^^^^^^^^^^^^^^^^^^ no `SnapshotBlockStore` in `utils`
[INFO] [stdout] 
[INFO] [stdout] 
[INFO] [stdout] warning: unused import: `BlockStore`
[INFO] [stdout]    --> src/private/keys/access.rs:130:50
[INFO] [stdout]     |
[INFO] [stdout] 130 |     use wnfs_common::{utils::SnapshotBlockStore, BlockStore};
[INFO] [stdout]     |                                                  ^^^^^^^^^^
[INFO] [stdout]     |
[INFO] [stdout]     = note: `#[warn(unused_imports)]` on by default
[INFO] [stdout] 
[INFO] [stdout] 
[INFO] [stdout] error: aborting due to 8 previous errors; 1 warning emitted
[INFO] [stdout] 
[INFO] [stdout] 
[INFO] [stdout] For more information about this error, try `rustc --explain E0432`.
[INFO] [stdout] 
[INFO] [stderr] error: could not compile `wnfs` (lib test) due to 9 previous errors; 1 warning emitted
[INFO] [stderr] warning: build failed, waiting for other jobs to finish...
[INFO] running `Command { std: "docker" "inspect" "c01619de240411b3cf51d307e5ac444a6e89b4967b4053c2e668635983013c7c", kill_on_drop: false }`
[INFO] running `Command { std: "docker" "rm" "-f" "c01619de240411b3cf51d307e5ac444a6e89b4967b4053c2e668635983013c7c", kill_on_drop: false }`
[INFO] [stdout] c01619de240411b3cf51d307e5ac444a6e89b4967b4053c2e668635983013c7c
