[INFO] fetching crate wnfs-hamt 0.1.25...
[INFO] testing wnfs-hamt-0.1.25 against 1.75.0 for beta-1.76-1
[INFO] extracting crate wnfs-hamt 0.1.25 into /workspace/builds/worker-1-tc1/source
[INFO] validating manifest of crates.io crate wnfs-hamt 0.1.25 on toolchain 1.75.0
[INFO] running `Command { std: CARGO_HOME="/workspace/cargo-home" RUSTUP_HOME="/workspace/rustup-home" "/workspace/cargo-home/bin/cargo" "+1.75.0" "metadata" "--manifest-path" "Cargo.toml" "--no-deps", kill_on_drop: false }`
[INFO] started tweaking crates.io crate wnfs-hamt 0.1.25
[INFO] finished tweaking crates.io crate wnfs-hamt 0.1.25
[INFO] tweaked toml for crates.io crate wnfs-hamt 0.1.25 written to /workspace/builds/worker-1-tc1/source/Cargo.toml
[INFO] running `Command { std: CARGO_HOME="/workspace/cargo-home" RUSTUP_HOME="/workspace/rustup-home" "/workspace/cargo-home/bin/cargo" "+1.75.0" "generate-lockfile" "--manifest-path" "Cargo.toml", kill_on_drop: false }`
[INFO] [stderr]     Updating crates.io index
[INFO] running `Command { std: CARGO_HOME="/workspace/cargo-home" RUSTUP_HOME="/workspace/rustup-home" "/workspace/cargo-home/bin/cargo" "+1.75.0" "fetch" "--manifest-path" "Cargo.toml", kill_on_drop: false }`
[INFO] [stderr]  Downloading crates ...
[INFO] [stderr]   Downloaded async-once-cell v0.5.3
[INFO] [stderr]   Downloaded serde-byte-array v0.1.2
[INFO] [stderr]   Downloaded wnfs-common v0.1.25
[INFO] [stderr]   Downloaded test-strategy v0.3.1
[INFO] running `Command { std: "docker" "create" "-v" "/var/lib/crater-agent-workspace/builds/worker-1-tc1/target:/opt/rustwide/target:rw,Z" "-v" "/var/lib/crater-agent-workspace/builds/worker-1-tc1/source:/opt/rustwide/workdir:ro,Z" "-v" "/var/lib/crater-agent-workspace/cargo-home:/opt/rustwide/cargo-home:ro,Z" "-v" "/var/lib/crater-agent-workspace/rustup-home:/opt/rustwide/rustup-home:ro,Z" "-e" "SOURCE_DIR=/opt/rustwide/workdir" "-e" "CARGO_TARGET_DIR=/opt/rustwide/target" "-e" "CARGO_HOME=/opt/rustwide/cargo-home" "-e" "RUSTUP_HOME=/opt/rustwide/rustup-home" "-w" "/opt/rustwide/workdir" "-m" "1610612736" "--user" "0:0" "--network" "none" "ghcr.io/rust-lang/crates-build-env/linux@sha256:2788e3201cd34a07e3172128adcd8b3090168a8e3bcc40d7c032b9dda1df7d1c" "/opt/rustwide/cargo-home/bin/cargo" "+1.75.0" "metadata" "--no-deps" "--format-version=1", kill_on_drop: false }`
[INFO] [stdout] 959acce513597b7dd1619516b38952e02835bd972af749f5886015907868035e
[INFO] running `Command { std: "docker" "start" "-a" "959acce513597b7dd1619516b38952e02835bd972af749f5886015907868035e", kill_on_drop: false }`
[INFO] running `Command { std: "docker" "inspect" "959acce513597b7dd1619516b38952e02835bd972af749f5886015907868035e", kill_on_drop: false }`
[INFO] running `Command { std: "docker" "rm" "-f" "959acce513597b7dd1619516b38952e02835bd972af749f5886015907868035e", kill_on_drop: false }`
[INFO] [stdout] 959acce513597b7dd1619516b38952e02835bd972af749f5886015907868035e
[INFO] running `Command { std: "docker" "create" "-v" "/var/lib/crater-agent-workspace/builds/worker-1-tc1/target:/opt/rustwide/target:rw,Z" "-v" "/var/lib/crater-agent-workspace/builds/worker-1-tc1/source:/opt/rustwide/workdir:ro,Z" "-v" "/var/lib/crater-agent-workspace/cargo-home:/opt/rustwide/cargo-home:ro,Z" "-v" "/var/lib/crater-agent-workspace/rustup-home:/opt/rustwide/rustup-home:ro,Z" "-e" "SOURCE_DIR=/opt/rustwide/workdir" "-e" "CARGO_TARGET_DIR=/opt/rustwide/target" "-e" "CARGO_INCREMENTAL=0" "-e" "RUST_BACKTRACE=full" "-e" "RUSTFLAGS=--cap-lints=warn" "-e" "RUSTDOCFLAGS=--cap-lints=warn" "-e" "CARGO_HOME=/opt/rustwide/cargo-home" "-e" "RUSTUP_HOME=/opt/rustwide/rustup-home" "-w" "/opt/rustwide/workdir" "-m" "1610612736" "--user" "0:0" "--network" "none" "ghcr.io/rust-lang/crates-build-env/linux@sha256:2788e3201cd34a07e3172128adcd8b3090168a8e3bcc40d7c032b9dda1df7d1c" "/opt/rustwide/cargo-home/bin/cargo" "+1.75.0" "build" "--frozen" "--message-format=json", kill_on_drop: false }`
[INFO] [stdout] b51dfaf0effb28083c908734f2fad9b4aee79a590f395d00e81028dee74c7b63
[INFO] running `Command { std: "docker" "start" "-a" "b51dfaf0effb28083c908734f2fad9b4aee79a590f395d00e81028dee74c7b63", kill_on_drop: false }`
[INFO] [stderr]    Compiling serde v1.0.194
[INFO] [stderr]    Compiling syn v1.0.109
[INFO] [stderr]    Compiling generic-array v0.14.7
[INFO] [stderr]    Compiling proc-macro-error-attr v1.0.4
[INFO] [stderr]    Compiling subtle v2.5.0
[INFO] [stderr]    Compiling memchr v2.7.1
[INFO] [stderr]    Compiling cc v1.0.83
[INFO] [stderr]    Compiling proc-macro-error v1.0.4
[INFO] [stderr]    Compiling unicode-xid v0.2.4
[INFO] [stderr]    Compiling data-encoding v2.5.0
[INFO] [stderr]    Compiling blake2b_simd v1.0.2
[INFO] [stderr]    Compiling core2 v0.4.0
[INFO] [stderr]    Compiling block-buffer v0.10.4
[INFO] [stderr]    Compiling crypto-common v0.1.6
[INFO] [stderr]    Compiling digest v0.10.7
[INFO] [stderr]    Compiling blake2s_simd v1.0.2
[INFO] [stderr]    Compiling base-x v0.2.11
[INFO] [stderr]    Compiling sha3 v0.10.8
[INFO] [stderr]    Compiling sha2 v0.10.8
[INFO] [stderr]    Compiling blake3 v1.5.0
[INFO] [stderr]    Compiling unsigned-varint v0.7.2
[INFO] [stderr]    Compiling libm v0.2.8
[INFO] [stderr]    Compiling serde_json v1.0.111
[INFO] [stderr]    Compiling futures-sink v0.3.30
[INFO] [stderr]    Compiling futures-core v0.3.30
[INFO] [stderr]    Compiling byteorder v1.5.0
[INFO] [stderr]    Compiling futures-channel v0.3.30
[INFO] [stderr]    Compiling num-traits v0.2.17
[INFO] [stderr]    Compiling futures-macro v0.3.30
[INFO] [stderr]    Compiling futures-io v0.3.30
[INFO] [stderr]    Compiling quick-protobuf v0.8.1
[INFO] [stderr]    Compiling radium v0.7.0
[INFO] [stderr]    Compiling value-bag v1.4.3
[INFO] [stderr]    Compiling log v0.4.20
[INFO] [stderr]    Compiling getrandom v0.2.11
[INFO] [stderr]    Compiling iana-time-zone v0.1.59
[INFO] [stderr]    Compiling tap v1.0.1
[INFO] [stderr]    Compiling linked-hash-map v0.5.6
[INFO] [stderr]    Compiling semver v1.0.21
[INFO] [stderr]    Compiling yaml-rust v0.4.5
[INFO] [stderr]    Compiling wyz v0.5.1
[INFO] [stderr]    Compiling console v0.15.7
[INFO] [stderr]    Compiling toml v0.5.11
[INFO] [stderr]    Compiling serde-big-array v0.3.3
[INFO] [stderr]    Compiling serde_bytes v0.11.14
[INFO] [stderr]    Compiling futures-util v0.3.30
[INFO] [stderr]    Compiling bytes v1.5.0
[INFO] [stderr]    Compiling chrono v0.4.31
[INFO] [stderr]    Compiling synstructure v0.12.6
[INFO] [stderr]    Compiling proc-macro-crate v1.1.3
[INFO] [stderr]    Compiling rand_core v0.6.4
[INFO] [stderr]    Compiling async-trait v0.1.77
[INFO] [stderr]    Compiling similar v2.4.0
[INFO] [stderr]    Compiling funty v2.0.0
[INFO] [stderr]    Compiling async-once-cell v0.5.3
[INFO] [stderr]    Compiling bitvec v1.0.1
[INFO] [stderr]    Compiling insta v1.34.0
[INFO] [stderr]    Compiling serde-byte-array v0.1.2
[INFO] [stderr]    Compiling async-recursion v1.0.5
[INFO] [stderr]    Compiling data-encoding-macro-internal v0.1.12
[INFO] [stderr]    Compiling multihash-derive v0.8.1
[INFO] [stderr]    Compiling libipld-cbor-derive v0.16.0
[INFO] [stderr]    Compiling futures-executor v0.3.30
[INFO] [stderr]    Compiling futures v0.3.30
[INFO] [stderr]    Compiling data-encoding-macro v0.1.14
[INFO] [stderr]    Compiling multibase v0.9.1
[INFO] [stderr]    Compiling multihash v0.18.1
[INFO] [stderr]    Compiling cid v0.10.1
[INFO] [stderr]    Compiling libipld-core v0.16.0
[INFO] [stderr]    Compiling libipld-pb v0.16.0
[INFO] [stderr]    Compiling libipld-macro v0.16.0
[INFO] [stderr]    Compiling libipld-json v0.16.0
[INFO] [stderr]    Compiling libipld-cbor v0.16.0
[INFO] [stderr]    Compiling libipld v0.16.0
[INFO] [stderr]    Compiling wnfs-common v0.1.25
[INFO] [stderr]    Compiling wnfs-hamt v0.1.25 (/opt/rustwide/workdir)
[INFO] [stderr]     Finished dev [unoptimized + debuginfo] target(s) in 24.86s
[INFO] running `Command { std: "docker" "inspect" "b51dfaf0effb28083c908734f2fad9b4aee79a590f395d00e81028dee74c7b63", kill_on_drop: false }`
[INFO] running `Command { std: "docker" "rm" "-f" "b51dfaf0effb28083c908734f2fad9b4aee79a590f395d00e81028dee74c7b63", kill_on_drop: false }`
[INFO] [stdout] b51dfaf0effb28083c908734f2fad9b4aee79a590f395d00e81028dee74c7b63
[INFO] running `Command { std: "docker" "create" "-v" "/var/lib/crater-agent-workspace/builds/worker-1-tc1/target:/opt/rustwide/target:rw,Z" "-v" "/var/lib/crater-agent-workspace/builds/worker-1-tc1/source:/opt/rustwide/workdir:ro,Z" "-v" "/var/lib/crater-agent-workspace/cargo-home:/opt/rustwide/cargo-home:ro,Z" "-v" "/var/lib/crater-agent-workspace/rustup-home:/opt/rustwide/rustup-home:ro,Z" "-e" "SOURCE_DIR=/opt/rustwide/workdir" "-e" "CARGO_TARGET_DIR=/opt/rustwide/target" "-e" "CARGO_INCREMENTAL=0" "-e" "RUST_BACKTRACE=full" "-e" "RUSTFLAGS=--cap-lints=warn" "-e" "RUSTDOCFLAGS=--cap-lints=warn" "-e" "CARGO_HOME=/opt/rustwide/cargo-home" "-e" "RUSTUP_HOME=/opt/rustwide/rustup-home" "-w" "/opt/rustwide/workdir" "-m" "1610612736" "--user" "0:0" "--network" "none" "ghcr.io/rust-lang/crates-build-env/linux@sha256:2788e3201cd34a07e3172128adcd8b3090168a8e3bcc40d7c032b9dda1df7d1c" "/opt/rustwide/cargo-home/bin/cargo" "+1.75.0" "test" "--frozen" "--no-run" "--message-format=json", kill_on_drop: false }`
[INFO] [stdout] dce1d61c999a92a0eb5a88f2f68e024068e0999b0d2d02071e1c123a0653481c
[INFO] running `Command { std: "docker" "start" "-a" "dce1d61c999a92a0eb5a88f2f68e024068e0999b0d2d02071e1c123a0653481c", kill_on_drop: false }`
[INFO] [stderr]    Compiling parking v2.2.0
[INFO] [stderr]    Compiling concurrent-queue v2.4.0
[INFO] [stderr]    Compiling fastrand v2.0.1
[INFO] [stderr]    Compiling rustix v0.38.28
[INFO] [stderr]    Compiling bitflags v2.4.1
[INFO] [stderr]    Compiling linux-raw-sys v0.4.12
[INFO] [stderr]    Compiling tracing-core v0.1.32
[INFO] [stderr]    Compiling io-lifetimes v1.0.11
[INFO] [stderr]    Compiling polling v2.8.0
[INFO] [stderr]    Compiling event-listener v4.0.2
[INFO] [stderr]    Compiling futures-lite v2.1.0
[INFO] [stderr]    Compiling async-task v4.7.0
[INFO] [stderr]    Compiling rustix v0.37.27
[INFO] [stderr]    Compiling tracing v0.1.40
[INFO] [stderr]    Compiling event-listener-strategy v0.4.0
[INFO] [stderr]    Compiling event-listener v2.5.3
[INFO] [stderr]    Compiling atomic-waker v1.1.2
[INFO] [stderr]    Compiling async-lock v3.2.0
[INFO] [stderr]    Compiling async-channel v2.1.1
[INFO] [stderr]    Compiling piper v0.2.1
[INFO] [stderr]    Compiling async-io v1.13.0
[INFO] [stderr]    Compiling linux-raw-sys v0.3.8
[INFO] [stderr]    Compiling fastrand v1.9.0
[INFO] [stderr]    Compiling waker-fn v1.1.1
[INFO] [stderr]    Compiling rand_chacha v0.3.1
[INFO] [stderr]    Compiling futures-lite v1.13.0
[INFO] [stderr]    Compiling async-lock v2.8.0
[INFO] [stderr]    Compiling structmeta-derive v0.2.0
[INFO] [stderr]    Compiling async-executor v1.8.0
[INFO] [stderr]    Compiling blocking v1.5.1
[INFO] [stderr]    Compiling wait-timeout v0.2.0
[INFO] [stderr]    Compiling socket2 v0.4.10
[INFO] [stderr]    Compiling quick-error v1.2.3
[INFO] [stderr]    Compiling bit-vec v0.6.3
[INFO] [stderr]    Compiling rand v0.8.5
[INFO] [stderr]    Compiling async-channel v1.9.0
[INFO] [stderr]    Compiling rand_xorshift v0.3.0
[INFO] [stderr]    Compiling kv-log-macro v1.0.7
[INFO] [stderr]    Compiling bit-set v0.5.3
[INFO] [stderr]    Compiling async-attributes v1.1.2
[INFO] [stderr]    Compiling unarray v0.1.4
[INFO] [stderr]    Compiling regex-syntax v0.8.2
[INFO] [stderr]    Compiling structmeta v0.2.0
[INFO] [stderr]    Compiling test-strategy v0.3.1
[INFO] [stderr]    Compiling polling v3.3.1
[INFO] [stderr]    Compiling tempfile v3.9.0
[INFO] [stderr]    Compiling async-io v2.2.2
[INFO] [stderr]    Compiling rusty-fork v0.3.0
[INFO] [stderr]    Compiling proptest v1.4.0
[INFO] [stderr]    Compiling async-global-executor v2.4.1
[INFO] [stderr]    Compiling async-std v1.12.0
[INFO] [stderr]    Compiling wnfs-hamt v0.1.25 (/opt/rustwide/workdir)
[INFO] [stdout] error[E0432]: unresolved import `wnfs_common::utils::SnapshotBlockStore`
[INFO] [stdout]    --> src/hamt.rs:245:9
[INFO] [stdout]     |
[INFO] [stdout] 245 |     use wnfs_common::utils::SnapshotBlockStore;
[INFO] [stdout]     |         ^^^^^^^^^^^^^^^^^^^^^^^^^^^^^^^^^^^^^^ no `SnapshotBlockStore` in `utils`
[INFO] [stdout] 
[INFO] [stdout] 
[INFO] [stdout] error[E0432]: unresolved import `wnfs_common::utils::SnapshotBlockStore`
[INFO] [stdout]     --> src/node.rs:1342:9
[INFO] [stdout]      |
[INFO] [stdout] 1342 |     use wnfs_common::utils::SnapshotBlockStore;
[INFO] [stdout]      |         ^^^^^^^^^^^^^^^^^^^^^^^^^^^^^^^^^^^^^^ no `SnapshotBlockStore` in `utils`
[INFO] [stdout] 
[INFO] [stdout] 
[INFO] [stdout] error[E0432]: unresolved import `wnfs_common::utils::SnapshotBlockStore`
[INFO] [stdout]    --> src/pointer.rs:279:9
[INFO] [stdout]     |
[INFO] [stdout] 279 |     use wnfs_common::utils::SnapshotBlockStore;
[INFO] [stdout]     |         ^^^^^^^^^^^^^^^^^^^^^^^^^^^^^^^^^^^^^^ no `SnapshotBlockStore` in `utils`
[INFO] [stdout] 
[INFO] [stdout] 
[INFO] [stdout] error: aborting due to 3 previous errors
[INFO] [stdout] 
[INFO] [stdout] 
[INFO] [stdout] For more information about this error, try `rustc --explain E0432`.
[INFO] [stdout] 
[INFO] [stderr] error: could not compile `wnfs-hamt` (lib test) due to 4 previous errors
[INFO] running `Command { std: "docker" "inspect" "dce1d61c999a92a0eb5a88f2f68e024068e0999b0d2d02071e1c123a0653481c", kill_on_drop: false }`
[INFO] running `Command { std: "docker" "rm" "-f" "dce1d61c999a92a0eb5a88f2f68e024068e0999b0d2d02071e1c123a0653481c", kill_on_drop: false }`
[INFO] [stdout] dce1d61c999a92a0eb5a88f2f68e024068e0999b0d2d02071e1c123a0653481c
[INFO] testing wnfs-hamt-0.1.25 against beta-2023-12-22 for beta-1.76-1
[INFO] extracting crate wnfs-hamt 0.1.25 into /workspace/builds/worker-1-tc2/source
[INFO] validating manifest of crates.io crate wnfs-hamt 0.1.25 on toolchain beta-2023-12-22
[INFO] running `Command { std: CARGO_HOME="/workspace/cargo-home" RUSTUP_HOME="/workspace/rustup-home" "/workspace/cargo-home/bin/cargo" "+beta-2023-12-22" "metadata" "--manifest-path" "Cargo.toml" "--no-deps", kill_on_drop: false }`
[INFO] started tweaking crates.io crate wnfs-hamt 0.1.25
[INFO] finished tweaking crates.io crate wnfs-hamt 0.1.25
[INFO] tweaked toml for crates.io crate wnfs-hamt 0.1.25 written to /workspace/builds/worker-1-tc2/source/Cargo.toml
[INFO] running `Command { std: CARGO_HOME="/workspace/cargo-home" RUSTUP_HOME="/workspace/rustup-home" "/workspace/cargo-home/bin/cargo" "+beta-2023-12-22" "generate-lockfile" "--manifest-path" "Cargo.toml", kill_on_drop: false }`
[INFO] [stderr]     Updating crates.io index
[INFO] running `Command { std: CARGO_HOME="/workspace/cargo-home" RUSTUP_HOME="/workspace/rustup-home" "/workspace/cargo-home/bin/cargo" "+beta-2023-12-22" "fetch" "--manifest-path" "Cargo.toml", kill_on_drop: false }`
[INFO] running `Command { std: "docker" "create" "-v" "/var/lib/crater-agent-workspace/builds/worker-1-tc2/target:/opt/rustwide/target:rw,Z" "-v" "/var/lib/crater-agent-workspace/builds/worker-1-tc2/source:/opt/rustwide/workdir:ro,Z" "-v" "/var/lib/crater-agent-workspace/cargo-home:/opt/rustwide/cargo-home:ro,Z" "-v" "/var/lib/crater-agent-workspace/rustup-home:/opt/rustwide/rustup-home:ro,Z" "-e" "SOURCE_DIR=/opt/rustwide/workdir" "-e" "CARGO_TARGET_DIR=/opt/rustwide/target" "-e" "CARGO_HOME=/opt/rustwide/cargo-home" "-e" "RUSTUP_HOME=/opt/rustwide/rustup-home" "-w" "/opt/rustwide/workdir" "-m" "1610612736" "--user" "0:0" "--network" "none" "ghcr.io/rust-lang/crates-build-env/linux@sha256:2788e3201cd34a07e3172128adcd8b3090168a8e3bcc40d7c032b9dda1df7d1c" "/opt/rustwide/cargo-home/bin/cargo" "+beta-2023-12-22" "metadata" "--no-deps" "--format-version=1", kill_on_drop: false }`
[INFO] [stdout] 88675d1405b351c5ccc6057a5916b5407ba12a2e6afc6db813ccc66c4225ff6a
[INFO] running `Command { std: "docker" "start" "-a" "88675d1405b351c5ccc6057a5916b5407ba12a2e6afc6db813ccc66c4225ff6a", kill_on_drop: false }`
[INFO] running `Command { std: "docker" "inspect" "88675d1405b351c5ccc6057a5916b5407ba12a2e6afc6db813ccc66c4225ff6a", kill_on_drop: false }`
[INFO] running `Command { std: "docker" "rm" "-f" "88675d1405b351c5ccc6057a5916b5407ba12a2e6afc6db813ccc66c4225ff6a", kill_on_drop: false }`
[INFO] [stdout] 88675d1405b351c5ccc6057a5916b5407ba12a2e6afc6db813ccc66c4225ff6a
[INFO] running `Command { std: "docker" "create" "-v" "/var/lib/crater-agent-workspace/builds/worker-1-tc2/target:/opt/rustwide/target:rw,Z" "-v" "/var/lib/crater-agent-workspace/builds/worker-1-tc2/source:/opt/rustwide/workdir:ro,Z" "-v" "/var/lib/crater-agent-workspace/cargo-home:/opt/rustwide/cargo-home:ro,Z" "-v" "/var/lib/crater-agent-workspace/rustup-home:/opt/rustwide/rustup-home:ro,Z" "-e" "SOURCE_DIR=/opt/rustwide/workdir" "-e" "CARGO_TARGET_DIR=/opt/rustwide/target" "-e" "CARGO_INCREMENTAL=0" "-e" "RUST_BACKTRACE=full" "-e" "RUSTFLAGS=--cap-lints=warn" "-e" "RUSTDOCFLAGS=--cap-lints=warn" "-e" "CARGO_HOME=/opt/rustwide/cargo-home" "-e" "RUSTUP_HOME=/opt/rustwide/rustup-home" "-w" "/opt/rustwide/workdir" "-m" "1610612736" "--user" "0:0" "--network" "none" "ghcr.io/rust-lang/crates-build-env/linux@sha256:2788e3201cd34a07e3172128adcd8b3090168a8e3bcc40d7c032b9dda1df7d1c" "/opt/rustwide/cargo-home/bin/cargo" "+beta-2023-12-22" "build" "--frozen" "--message-format=json", kill_on_drop: false }`
[INFO] [stdout] e64b426d9454010f35de7b30eb88b528862598ef3f2f07c3ebd2c886e5afc84d
[INFO] running `Command { std: "docker" "start" "-a" "e64b426d9454010f35de7b30eb88b528862598ef3f2f07c3ebd2c886e5afc84d", kill_on_drop: false }`
[INFO] [stderr]    Compiling serde v1.0.194
[INFO] [stderr]    Compiling syn v1.0.109
[INFO] [stderr]    Compiling generic-array v0.14.7
[INFO] [stderr]    Compiling proc-macro-error-attr v1.0.4
[INFO] [stderr]    Compiling subtle v2.5.0
[INFO] [stderr]    Compiling memchr v2.7.1
[INFO] [stderr]    Compiling cc v1.0.83
[INFO] [stderr]    Compiling proc-macro-error v1.0.4
[INFO] [stderr]    Compiling unicode-xid v0.2.4
[INFO] [stderr]    Compiling data-encoding v2.5.0
[INFO] [stderr]    Compiling blake2s_simd v1.0.2
[INFO] [stderr]    Compiling core2 v0.4.0
[INFO] [stderr]    Compiling blake2b_simd v1.0.2
[INFO] [stderr]    Compiling crypto-common v0.1.6
[INFO] [stderr]    Compiling block-buffer v0.10.4
[INFO] [stderr]    Compiling digest v0.10.7
[INFO] [stderr]    Compiling base-x v0.2.11
[INFO] [stderr]    Compiling unsigned-varint v0.7.2
[INFO] [stderr]    Compiling sha2 v0.10.8
[INFO] [stderr]    Compiling sha3 v0.10.8
[INFO] [stderr]    Compiling blake3 v1.5.0
[INFO] [stderr]    Compiling serde_json v1.0.111
[INFO] [stderr]    Compiling futures-sink v0.3.30
[INFO] [stderr]    Compiling byteorder v1.5.0
[INFO] [stderr]    Compiling futures-core v0.3.30
[INFO] [stderr]    Compiling libm v0.2.8
[INFO] [stderr]    Compiling futures-channel v0.3.30
[INFO] [stderr]    Compiling num-traits v0.2.17
[INFO] [stderr]    Compiling futures-macro v0.3.30
[INFO] [stderr]    Compiling futures-io v0.3.30
[INFO] [stderr]    Compiling quick-protobuf v0.8.1
[INFO] [stderr]    Compiling value-bag v1.4.3
[INFO] [stderr]    Compiling radium v0.7.0
[INFO] [stderr]    Compiling getrandom v0.2.11
[INFO] [stderr]    Compiling log v0.4.20
[INFO] [stderr]    Compiling semver v1.0.21
[INFO] [stderr]    Compiling toml v0.5.11
[INFO] [stderr]    Compiling serde-big-array v0.3.3
[INFO] [stderr]    Compiling serde_bytes v0.11.14
[INFO] [stderr]    Compiling bytes v1.5.0
[INFO] [stderr]    Compiling futures-util v0.3.30
[INFO] [stderr]    Compiling tap v1.0.1
[INFO] [stderr]    Compiling linked-hash-map v0.5.6
[INFO] [stderr]    Compiling iana-time-zone v0.1.59
[INFO] [stderr]    Compiling console v0.15.7
[INFO] [stderr]    Compiling chrono v0.4.31
[INFO] [stderr]    Compiling yaml-rust v0.4.5
[INFO] [stderr]    Compiling wyz v0.5.1
[INFO] [stderr]    Compiling synstructure v0.12.6
[INFO] [stderr]    Compiling proc-macro-crate v1.1.3
[INFO] [stderr]    Compiling rand_core v0.6.4
[INFO] [stderr]    Compiling async-trait v0.1.77
[INFO] [stderr]    Compiling funty v2.0.0
[INFO] [stderr]    Compiling similar v2.4.0
[INFO] [stderr]    Compiling async-once-cell v0.5.3
[INFO] [stderr]    Compiling serde-byte-array v0.1.2
[INFO] [stderr]    Compiling insta v1.34.0
[INFO] [stderr]    Compiling bitvec v1.0.1
[INFO] [stderr]    Compiling async-recursion v1.0.5
[INFO] [stderr]    Compiling futures-executor v0.3.30
[INFO] [stderr]    Compiling futures v0.3.30
[INFO] [stderr]    Compiling data-encoding-macro-internal v0.1.12
[INFO] [stderr]    Compiling multihash-derive v0.8.1
[INFO] [stderr]    Compiling libipld-cbor-derive v0.16.0
[INFO] [stderr]    Compiling data-encoding-macro v0.1.14
[INFO] [stderr]    Compiling multibase v0.9.1
[INFO] [stderr]    Compiling multihash v0.18.1
[INFO] [stderr]    Compiling cid v0.10.1
[INFO] [stderr]    Compiling libipld-core v0.16.0
[INFO] [stderr]    Compiling libipld-pb v0.16.0
[INFO] [stderr]    Compiling libipld-cbor v0.16.0
[INFO] [stderr]    Compiling libipld-json v0.16.0
[INFO] [stderr]    Compiling libipld-macro v0.16.0
[INFO] [stderr]    Compiling libipld v0.16.0
[INFO] [stderr]    Compiling wnfs-common v0.1.25
[INFO] [stderr]    Compiling wnfs-hamt v0.1.25 (/opt/rustwide/workdir)
[INFO] [stderr]     Finished dev [unoptimized + debuginfo] target(s) in 14.37s
[INFO] running `Command { std: "docker" "inspect" "e64b426d9454010f35de7b30eb88b528862598ef3f2f07c3ebd2c886e5afc84d", kill_on_drop: false }`
[INFO] running `Command { std: "docker" "rm" "-f" "e64b426d9454010f35de7b30eb88b528862598ef3f2f07c3ebd2c886e5afc84d", kill_on_drop: false }`
[INFO] [stdout] e64b426d9454010f35de7b30eb88b528862598ef3f2f07c3ebd2c886e5afc84d
[INFO] running `Command { std: "docker" "create" "-v" "/var/lib/crater-agent-workspace/builds/worker-1-tc2/target:/opt/rustwide/target:rw,Z" "-v" "/var/lib/crater-agent-workspace/builds/worker-1-tc2/source:/opt/rustwide/workdir:ro,Z" "-v" "/var/lib/crater-agent-workspace/cargo-home:/opt/rustwide/cargo-home:ro,Z" "-v" "/var/lib/crater-agent-workspace/rustup-home:/opt/rustwide/rustup-home:ro,Z" "-e" "SOURCE_DIR=/opt/rustwide/workdir" "-e" "CARGO_TARGET_DIR=/opt/rustwide/target" "-e" "CARGO_INCREMENTAL=0" "-e" "RUST_BACKTRACE=full" "-e" "RUSTFLAGS=--cap-lints=warn" "-e" "RUSTDOCFLAGS=--cap-lints=warn" "-e" "CARGO_HOME=/opt/rustwide/cargo-home" "-e" "RUSTUP_HOME=/opt/rustwide/rustup-home" "-w" "/opt/rustwide/workdir" "-m" "1610612736" "--user" "0:0" "--network" "none" "ghcr.io/rust-lang/crates-build-env/linux@sha256:2788e3201cd34a07e3172128adcd8b3090168a8e3bcc40d7c032b9dda1df7d1c" "/opt/rustwide/cargo-home/bin/cargo" "+beta-2023-12-22" "test" "--frozen" "--no-run" "--message-format=json", kill_on_drop: false }`
[INFO] [stdout] 7155ee25ab8cf667193b69b81af33ff8e39c881fcaf945314ab9d58442d8d90d
[INFO] running `Command { std: "docker" "start" "-a" "7155ee25ab8cf667193b69b81af33ff8e39c881fcaf945314ab9d58442d8d90d", kill_on_drop: false }`
[INFO] [stderr]    Compiling parking v2.2.0
[INFO] [stderr]    Compiling concurrent-queue v2.4.0
[INFO] [stderr]    Compiling fastrand v2.0.1
[INFO] [stderr]    Compiling rustix v0.38.28
[INFO] [stderr]    Compiling bitflags v2.4.1
[INFO] [stderr]    Compiling linux-raw-sys v0.4.12
[INFO] [stderr]    Compiling tracing-core v0.1.32
[INFO] [stderr]    Compiling io-lifetimes v1.0.11
[INFO] [stderr]    Compiling polling v2.8.0
[INFO] [stderr]    Compiling futures-lite v2.1.0
[INFO] [stderr]    Compiling event-listener v4.0.2
[INFO] [stderr]    Compiling event-listener v2.5.3
[INFO] [stderr]    Compiling atomic-waker v1.1.2
[INFO] [stderr]    Compiling tracing v0.1.40
[INFO] [stderr]    Compiling async-task v4.7.0
[INFO] [stderr]    Compiling rustix v0.37.27
[INFO] [stderr]    Compiling event-listener-strategy v0.4.0
[INFO] [stderr]    Compiling piper v0.2.1
[INFO] [stderr]    Compiling async-lock v3.2.0
[INFO] [stderr]    Compiling async-channel v2.1.1
[INFO] [stderr]    Compiling async-io v1.13.0
[INFO] [stderr]    Compiling linux-raw-sys v0.3.8
[INFO] [stderr]    Compiling fastrand v1.9.0
[INFO] [stderr]    Compiling waker-fn v1.1.1
[INFO] [stderr]    Compiling rand_chacha v0.3.1
[INFO] [stderr]    Compiling async-lock v2.8.0
[INFO] [stderr]    Compiling futures-lite v1.13.0
[INFO] [stderr]    Compiling blocking v1.5.1
[INFO] [stderr]    Compiling async-executor v1.8.0
[INFO] [stderr]    Compiling wait-timeout v0.2.0
[INFO] [stderr]    Compiling socket2 v0.4.10
[INFO] [stderr]    Compiling structmeta-derive v0.2.0
[INFO] [stderr]    Compiling quick-error v1.2.3
[INFO] [stderr]    Compiling bit-vec v0.6.3
[INFO] [stderr]    Compiling rand v0.8.5
[INFO] [stderr]    Compiling async-channel v1.9.0
[INFO] [stderr]    Compiling bit-set v0.5.3
[INFO] [stderr]    Compiling rand_xorshift v0.3.0
[INFO] [stderr]    Compiling kv-log-macro v1.0.7
[INFO] [stderr]    Compiling async-attributes v1.1.2
[INFO] [stderr]    Compiling unarray v0.1.4
[INFO] [stderr]    Compiling regex-syntax v0.8.2
[INFO] [stderr]    Compiling structmeta v0.2.0
[INFO] [stderr]    Compiling test-strategy v0.3.1
[INFO] [stderr]    Compiling polling v3.3.1
[INFO] [stderr]    Compiling tempfile v3.9.0
[INFO] [stderr]    Compiling async-io v2.2.2
[INFO] [stderr]    Compiling rusty-fork v0.3.0
[INFO] [stderr]    Compiling proptest v1.4.0
[INFO] [stderr]    Compiling async-global-executor v2.4.1
[INFO] [stderr]    Compiling async-std v1.12.0
[INFO] [stderr]    Compiling wnfs-hamt v0.1.25 (/opt/rustwide/workdir)
[INFO] [stdout] error[E0432]: unresolved import `wnfs_common::utils::SnapshotBlockStore`
[INFO] [stdout]    --> src/hamt.rs:245:9
[INFO] [stdout]     |
[INFO] [stdout] 245 |     use wnfs_common::utils::SnapshotBlockStore;
[INFO] [stdout]     |         ^^^^^^^^^^^^^^^^^^^^^^^^^^^^^^^^^^^^^^ no `SnapshotBlockStore` in `utils`
[INFO] [stdout] 
[INFO] [stdout] 
[INFO] [stdout] error[E0432]: unresolved import `wnfs_common::utils::SnapshotBlockStore`
[INFO] [stdout]     --> src/node.rs:1342:9
[INFO] [stdout]      |
[INFO] [stdout] 1342 |     use wnfs_common::utils::SnapshotBlockStore;
[INFO] [stdout]      |         ^^^^^^^^^^^^^^^^^^^^^^^^^^^^^^^^^^^^^^ no `SnapshotBlockStore` in `utils`
[INFO] [stdout] 
[INFO] [stdout] 
[INFO] [stdout] error[E0432]: unresolved import `wnfs_common::utils::SnapshotBlockStore`
[INFO] [stdout]    --> src/pointer.rs:279:9
[INFO] [stdout]     |
[INFO] [stdout] 279 |     use wnfs_common::utils::SnapshotBlockStore;
[INFO] [stdout]     |         ^^^^^^^^^^^^^^^^^^^^^^^^^^^^^^^^^^^^^^ no `SnapshotBlockStore` in `utils`
[INFO] [stdout] 
[INFO] [stdout] 
[INFO] [stdout] error: aborting due to 3 previous errors
[INFO] [stdout] 
[INFO] [stdout] 
[INFO] [stdout] For more information about this error, try `rustc --explain E0432`.
[INFO] [stdout] 
[INFO] [stderr] error: could not compile `wnfs-hamt` (lib test) due to 4 previous errors
[INFO] running `Command { std: "docker" "inspect" "7155ee25ab8cf667193b69b81af33ff8e39c881fcaf945314ab9d58442d8d90d", kill_on_drop: false }`
[INFO] running `Command { std: "docker" "rm" "-f" "7155ee25ab8cf667193b69b81af33ff8e39c881fcaf945314ab9d58442d8d90d", kill_on_drop: false }`
[INFO] [stdout] 7155ee25ab8cf667193b69b81af33ff8e39c881fcaf945314ab9d58442d8d90d
