[INFO] fetching crate witas 0.11.2...
[INFO] testing witas-0.11.2 against 1.75.0 for beta-1.76-1
[INFO] extracting crate witas 0.11.2 into /workspace/builds/worker-0-tc1/source
[INFO] validating manifest of crates.io crate witas 0.11.2 on toolchain 1.75.0
[INFO] running `Command { std: CARGO_HOME="/workspace/cargo-home" RUSTUP_HOME="/workspace/rustup-home" "/workspace/cargo-home/bin/cargo" "+1.75.0" "metadata" "--manifest-path" "Cargo.toml" "--no-deps", kill_on_drop: false }`
[INFO] started tweaking crates.io crate witas 0.11.2
[INFO] finished tweaking crates.io crate witas 0.11.2
[INFO] tweaked toml for crates.io crate witas 0.11.2 written to /workspace/builds/worker-0-tc1/source/Cargo.toml
[INFO] crate crates.io crate witas 0.11.2 already has a lockfile, it will not be regenerated
[INFO] running `Command { std: CARGO_HOME="/workspace/cargo-home" RUSTUP_HOME="/workspace/rustup-home" "/workspace/cargo-home/bin/cargo" "+1.75.0" "fetch" "--manifest-path" "Cargo.toml", kill_on_drop: false }`
[INFO] [stderr]     Updating crates.io index
[INFO] [stderr]  Downloading crates ...
[INFO] [stderr]   Downloaded coinit v0.1.12
[INFO] running `Command { std: "docker" "create" "-v" "/var/lib/crater-agent-workspace/builds/worker-0-tc1/target:/opt/rustwide/target:rw,Z" "-v" "/var/lib/crater-agent-workspace/builds/worker-0-tc1/source:/opt/rustwide/workdir:ro,Z" "-v" "/var/lib/crater-agent-workspace/cargo-home:/opt/rustwide/cargo-home:ro,Z" "-v" "/var/lib/crater-agent-workspace/rustup-home:/opt/rustwide/rustup-home:ro,Z" "-e" "SOURCE_DIR=/opt/rustwide/workdir" "-e" "CARGO_TARGET_DIR=/opt/rustwide/target" "-e" "CARGO_HOME=/opt/rustwide/cargo-home" "-e" "RUSTUP_HOME=/opt/rustwide/rustup-home" "-w" "/opt/rustwide/workdir" "-m" "1610612736" "--user" "0:0" "--network" "none" "ghcr.io/rust-lang/crates-build-env/linux@sha256:2788e3201cd34a07e3172128adcd8b3090168a8e3bcc40d7c032b9dda1df7d1c" "/opt/rustwide/cargo-home/bin/cargo" "+1.75.0" "metadata" "--no-deps" "--format-version=1", kill_on_drop: false }`
[INFO] [stdout] c8144dc1e5b04866fa217fa7b3d4a5074273c84ab8af54bb9da9f4336241abcc
[INFO] running `Command { std: "docker" "start" "-a" "c8144dc1e5b04866fa217fa7b3d4a5074273c84ab8af54bb9da9f4336241abcc", kill_on_drop: false }`
[INFO] running `Command { std: "docker" "inspect" "c8144dc1e5b04866fa217fa7b3d4a5074273c84ab8af54bb9da9f4336241abcc", kill_on_drop: false }`
[INFO] running `Command { std: "docker" "rm" "-f" "c8144dc1e5b04866fa217fa7b3d4a5074273c84ab8af54bb9da9f4336241abcc", kill_on_drop: false }`
[INFO] [stdout] c8144dc1e5b04866fa217fa7b3d4a5074273c84ab8af54bb9da9f4336241abcc
[INFO] running `Command { std: "docker" "create" "-v" "/var/lib/crater-agent-workspace/builds/worker-0-tc1/target:/opt/rustwide/target:rw,Z" "-v" "/var/lib/crater-agent-workspace/builds/worker-0-tc1/source:/opt/rustwide/workdir:ro,Z" "-v" "/var/lib/crater-agent-workspace/cargo-home:/opt/rustwide/cargo-home:ro,Z" "-v" "/var/lib/crater-agent-workspace/rustup-home:/opt/rustwide/rustup-home:ro,Z" "-e" "SOURCE_DIR=/opt/rustwide/workdir" "-e" "CARGO_TARGET_DIR=/opt/rustwide/target" "-e" "CARGO_INCREMENTAL=0" "-e" "RUST_BACKTRACE=full" "-e" "RUSTFLAGS=--cap-lints=warn" "-e" "RUSTDOCFLAGS=--cap-lints=warn" "-e" "CARGO_HOME=/opt/rustwide/cargo-home" "-e" "RUSTUP_HOME=/opt/rustwide/rustup-home" "-w" "/opt/rustwide/workdir" "-m" "1610612736" "--user" "0:0" "--network" "none" "ghcr.io/rust-lang/crates-build-env/linux@sha256:2788e3201cd34a07e3172128adcd8b3090168a8e3bcc40d7c032b9dda1df7d1c" "/opt/rustwide/cargo-home/bin/cargo" "+1.75.0" "build" "--frozen" "--message-format=json", kill_on_drop: false }`
[INFO] [stdout] 8bd6b754f49aa3820b4b5b88343b1f871fea13fa6f94719be6afe697c7914c32
[INFO] running `Command { std: "docker" "start" "-a" "8bd6b754f49aa3820b4b5b88343b1f871fea13fa6f94719be6afe697c7914c32", kill_on_drop: false }`
[INFO] [stderr]    Compiling num-traits v0.2.16
[INFO] [stderr]    Compiling proc-macro2 v1.0.66
[INFO] [stderr]    Compiling unicode-ident v1.0.11
[INFO] [stderr]    Compiling num-integer v0.1.45
[INFO] [stderr]    Compiling windows_x86_64_gnu v0.48.3
[INFO] [stderr]    Compiling num-bigint v0.4.3
[INFO] [stderr]    Compiling libc v0.2.147
[INFO] [stderr]    Compiling num-iter v0.1.43
[INFO] [stderr]    Compiling num-rational v0.4.1
[INFO] [stderr]    Compiling thiserror v1.0.47
[INFO] [stderr]    Compiling windows-targets v0.48.3
[INFO] [stderr]    Compiling pin-project-lite v0.2.12
[INFO] [stderr]    Compiling windows-core v0.51.1
[INFO] [stderr]    Compiling raw-window-handle v0.5.2
[INFO] [stderr]    Compiling quote v1.0.32
[INFO] [stderr]    Compiling num_cpus v1.16.0
[INFO] [stderr]    Compiling syn v2.0.28
[INFO] [stderr]    Compiling windows v0.51.1
[INFO] [stderr]    Compiling num-complex v0.4.4
[INFO] [stderr]    Compiling num v0.4.1
[INFO] [stderr]    Compiling tokio-macros v2.1.0
[INFO] [stderr]    Compiling thiserror-impl v1.0.47
[INFO] [stderr]    Compiling tokio v1.32.0
[INFO] [stderr]    Compiling witas v0.11.2 (/opt/rustwide/workdir)
[INFO] [stdout] error[E0433]: failed to resolve: could not find `windows` in `os`
[INFO] [stdout]  --> src/ui_thread.rs:3:14
[INFO] [stdout]   |
[INFO] [stdout] 3 | use std::os::windows::prelude::*;
[INFO] [stdout]   |              ^^^^^^^ could not find `windows` in `os`
[INFO] [stdout] 
[INFO] [stdout] 
[INFO] [stdout] error[E0599]: no method named `as_raw_handle` found for reference `&std::thread::JoinHandle<()>` in the current scope
[INFO] [stdout]   --> src/ui_thread.rs:95:67
[INFO] [stdout]    |
[INFO] [stdout] 95 |             let th = GetThreadId(HANDLE(self.th.as_ref().unwrap().as_raw_handle() as _));
[INFO] [stdout]    |                                                                   ^^^^^^^^^^^^^ method not found in `&JoinHandle<()>`
[INFO] [stdout] 
[INFO] [stdout] 
[INFO] [stdout] error: aborting due to 2 previous errors
[INFO] [stdout] 
[INFO] [stdout] 
[INFO] [stdout] Some errors have detailed explanations: E0433, E0599.
[INFO] [stdout] 
[INFO] [stdout] For more information about an error, try `rustc --explain E0433`.
[INFO] [stdout] 
[INFO] [stderr] error: could not compile `witas` (lib) due to 3 previous errors
[INFO] [stderr] warning: build failed, waiting for other jobs to finish...
[INFO] running `Command { std: "docker" "inspect" "8bd6b754f49aa3820b4b5b88343b1f871fea13fa6f94719be6afe697c7914c32", kill_on_drop: false }`
[INFO] running `Command { std: "docker" "rm" "-f" "8bd6b754f49aa3820b4b5b88343b1f871fea13fa6f94719be6afe697c7914c32", kill_on_drop: false }`
[INFO] [stdout] 8bd6b754f49aa3820b4b5b88343b1f871fea13fa6f94719be6afe697c7914c32
[INFO] testing witas-0.11.2 against beta-2023-12-22 for beta-1.76-1
[INFO] extracting crate witas 0.11.2 into /workspace/builds/worker-0-tc2/source
[INFO] validating manifest of crates.io crate witas 0.11.2 on toolchain beta-2023-12-22
[INFO] running `Command { std: CARGO_HOME="/workspace/cargo-home" RUSTUP_HOME="/workspace/rustup-home" "/workspace/cargo-home/bin/cargo" "+beta-2023-12-22" "metadata" "--manifest-path" "Cargo.toml" "--no-deps", kill_on_drop: false }`
[INFO] started tweaking crates.io crate witas 0.11.2
[INFO] finished tweaking crates.io crate witas 0.11.2
[INFO] tweaked toml for crates.io crate witas 0.11.2 written to /workspace/builds/worker-0-tc2/source/Cargo.toml
[INFO] crate crates.io crate witas 0.11.2 already has a lockfile, it will not be regenerated
[INFO] running `Command { std: CARGO_HOME="/workspace/cargo-home" RUSTUP_HOME="/workspace/rustup-home" "/workspace/cargo-home/bin/cargo" "+beta-2023-12-22" "fetch" "--manifest-path" "Cargo.toml", kill_on_drop: false }`
[INFO] running `Command { std: "docker" "create" "-v" "/var/lib/crater-agent-workspace/builds/worker-0-tc2/target:/opt/rustwide/target:rw,Z" "-v" "/var/lib/crater-agent-workspace/builds/worker-0-tc2/source:/opt/rustwide/workdir:ro,Z" "-v" "/var/lib/crater-agent-workspace/cargo-home:/opt/rustwide/cargo-home:ro,Z" "-v" "/var/lib/crater-agent-workspace/rustup-home:/opt/rustwide/rustup-home:ro,Z" "-e" "SOURCE_DIR=/opt/rustwide/workdir" "-e" "CARGO_TARGET_DIR=/opt/rustwide/target" "-e" "CARGO_HOME=/opt/rustwide/cargo-home" "-e" "RUSTUP_HOME=/opt/rustwide/rustup-home" "-w" "/opt/rustwide/workdir" "-m" "1610612736" "--user" "0:0" "--network" "none" "ghcr.io/rust-lang/crates-build-env/linux@sha256:2788e3201cd34a07e3172128adcd8b3090168a8e3bcc40d7c032b9dda1df7d1c" "/opt/rustwide/cargo-home/bin/cargo" "+beta-2023-12-22" "metadata" "--no-deps" "--format-version=1", kill_on_drop: false }`
[INFO] [stdout] b0a66b371226f23d8d5bef259a4ae5dc8d453e4861606ded22d8ef94a5b898ec
[INFO] running `Command { std: "docker" "start" "-a" "b0a66b371226f23d8d5bef259a4ae5dc8d453e4861606ded22d8ef94a5b898ec", kill_on_drop: false }`
[INFO] running `Command { std: "docker" "inspect" "b0a66b371226f23d8d5bef259a4ae5dc8d453e4861606ded22d8ef94a5b898ec", kill_on_drop: false }`
[INFO] running `Command { std: "docker" "rm" "-f" "b0a66b371226f23d8d5bef259a4ae5dc8d453e4861606ded22d8ef94a5b898ec", kill_on_drop: false }`
[INFO] [stdout] b0a66b371226f23d8d5bef259a4ae5dc8d453e4861606ded22d8ef94a5b898ec
[INFO] running `Command { std: "docker" "create" "-v" "/var/lib/crater-agent-workspace/builds/worker-0-tc2/target:/opt/rustwide/target:rw,Z" "-v" "/var/lib/crater-agent-workspace/builds/worker-0-tc2/source:/opt/rustwide/workdir:ro,Z" "-v" "/var/lib/crater-agent-workspace/cargo-home:/opt/rustwide/cargo-home:ro,Z" "-v" "/var/lib/crater-agent-workspace/rustup-home:/opt/rustwide/rustup-home:ro,Z" "-e" "SOURCE_DIR=/opt/rustwide/workdir" "-e" "CARGO_TARGET_DIR=/opt/rustwide/target" "-e" "CARGO_INCREMENTAL=0" "-e" "RUST_BACKTRACE=full" "-e" "RUSTFLAGS=--cap-lints=warn" "-e" "RUSTDOCFLAGS=--cap-lints=warn" "-e" "CARGO_HOME=/opt/rustwide/cargo-home" "-e" "RUSTUP_HOME=/opt/rustwide/rustup-home" "-w" "/opt/rustwide/workdir" "-m" "1610612736" "--user" "0:0" "--network" "none" "ghcr.io/rust-lang/crates-build-env/linux@sha256:2788e3201cd34a07e3172128adcd8b3090168a8e3bcc40d7c032b9dda1df7d1c" "/opt/rustwide/cargo-home/bin/cargo" "+beta-2023-12-22" "build" "--frozen" "--message-format=json", kill_on_drop: false }`
[INFO] [stdout] 0e7a4ff0d5be4be8f32f15daddf005b0efc28fbe793523b26558aa2bddfa22de
[INFO] running `Command { std: "docker" "start" "-a" "0e7a4ff0d5be4be8f32f15daddf005b0efc28fbe793523b26558aa2bddfa22de", kill_on_drop: false }`
[INFO] [stderr]    Compiling num-traits v0.2.16
[INFO] [stderr]    Compiling proc-macro2 v1.0.66
[INFO] [stderr]    Compiling unicode-ident v1.0.11
[INFO] [stderr]    Compiling num-integer v0.1.45
[INFO] [stderr]    Compiling windows_x86_64_gnu v0.48.3
[INFO] [stderr]    Compiling num-bigint v0.4.3
[INFO] [stderr]    Compiling libc v0.2.147
[INFO] [stderr]    Compiling num-iter v0.1.43
[INFO] [stderr]    Compiling num-rational v0.4.1
[INFO] [stderr]    Compiling thiserror v1.0.47
[INFO] [stderr]    Compiling windows-targets v0.48.3
[INFO] [stderr]    Compiling pin-project-lite v0.2.12
[INFO] [stderr]    Compiling windows-core v0.51.1
[INFO] [stderr]    Compiling raw-window-handle v0.5.2
[INFO] [stderr]    Compiling quote v1.0.32
[INFO] [stderr]    Compiling syn v2.0.28
[INFO] [stderr]    Compiling num_cpus v1.16.0
[INFO] [stderr]    Compiling windows v0.51.1
[INFO] [stderr]    Compiling num-complex v0.4.4
[INFO] [stderr]    Compiling num v0.4.1
[INFO] [stderr]    Compiling tokio-macros v2.1.0
[INFO] [stderr]    Compiling thiserror-impl v1.0.47
[INFO] [stderr]    Compiling tokio v1.32.0
[INFO] [stderr]    Compiling witas v0.11.2 (/opt/rustwide/workdir)
[INFO] [stdout] error[E0433]: failed to resolve: could not find `windows` in `os`
[INFO] [stdout]  --> src/ui_thread.rs:3:14
[INFO] [stdout]   |
[INFO] [stdout] 3 | use std::os::windows::prelude::*;
[INFO] [stdout]   |              ^^^^^^^ could not find `windows` in `os`
[INFO] [stdout] 
[INFO] [stdout] 
[INFO] [stdout] error[E0599]: no method named `as_raw_handle` found for reference `&std::thread::JoinHandle<()>` in the current scope
[INFO] [stdout]   --> src/ui_thread.rs:95:67
[INFO] [stdout]    |
[INFO] [stdout] 95 |             let th = GetThreadId(HANDLE(self.th.as_ref().unwrap().as_raw_handle() as _));
[INFO] [stdout]    |                                                                   ^^^^^^^^^^^^^ method not found in `&JoinHandle<()>`
[INFO] [stdout] 
[INFO] [stdout] 
[INFO] [stdout] error: aborting due to 2 previous errors
[INFO] [stdout] 
[INFO] [stdout] 
[INFO] [stdout] Some errors have detailed explanations: E0433, E0599.
[INFO] [stdout] 
[INFO] [stdout] For more information about an error, try `rustc --explain E0433`.
[INFO] [stdout] 
[INFO] [stderr] error: could not compile `witas` (lib) due to 3 previous errors
[INFO] [stderr] warning: build failed, waiting for other jobs to finish...
[INFO] running `Command { std: "docker" "inspect" "0e7a4ff0d5be4be8f32f15daddf005b0efc28fbe793523b26558aa2bddfa22de", kill_on_drop: false }`
[INFO] running `Command { std: "docker" "rm" "-f" "0e7a4ff0d5be4be8f32f15daddf005b0efc28fbe793523b26558aa2bddfa22de", kill_on_drop: false }`
[INFO] [stdout] 0e7a4ff0d5be4be8f32f15daddf005b0efc28fbe793523b26558aa2bddfa22de
