[INFO] fetching crate wit-bindgen-rust 0.15.0...
[INFO] testing wit-bindgen-rust-0.15.0 against 1.75.0 for beta-1.76-1
[INFO] extracting crate wit-bindgen-rust 0.15.0 into /workspace/builds/worker-1-tc1/source
[INFO] validating manifest of crates.io crate wit-bindgen-rust 0.15.0 on toolchain 1.75.0
[INFO] running `Command { std: CARGO_HOME="/workspace/cargo-home" RUSTUP_HOME="/workspace/rustup-home" "/workspace/cargo-home/bin/cargo" "+1.75.0" "metadata" "--manifest-path" "Cargo.toml" "--no-deps", kill_on_drop: false }`
[INFO] started tweaking crates.io crate wit-bindgen-rust 0.15.0
[INFO] finished tweaking crates.io crate wit-bindgen-rust 0.15.0
[INFO] tweaked toml for crates.io crate wit-bindgen-rust 0.15.0 written to /workspace/builds/worker-1-tc1/source/Cargo.toml
[INFO] running `Command { std: CARGO_HOME="/workspace/cargo-home" RUSTUP_HOME="/workspace/rustup-home" "/workspace/cargo-home/bin/cargo" "+1.75.0" "generate-lockfile" "--manifest-path" "Cargo.toml", kill_on_drop: false }`
[INFO] [stderr]     Updating crates.io index
[INFO] running `Command { std: CARGO_HOME="/workspace/cargo-home" RUSTUP_HOME="/workspace/rustup-home" "/workspace/cargo-home/bin/cargo" "+1.75.0" "fetch" "--manifest-path" "Cargo.toml", kill_on_drop: false }`
[INFO] [stderr]  Downloading crates ...
[INFO] [stderr]   Downloaded wit-component v0.18.2
[INFO] [stderr]   Downloaded wit-bindgen-core v0.15.0
[INFO] [stderr]   Downloaded wit-parser v0.13.0
[INFO] [stderr]   Downloaded wasm-metadata v0.10.14
[INFO] running `Command { std: "docker" "create" "-v" "/var/lib/crater-agent-workspace/builds/worker-1-tc1/target:/opt/rustwide/target:rw,Z" "-v" "/var/lib/crater-agent-workspace/builds/worker-1-tc1/source:/opt/rustwide/workdir:ro,Z" "-v" "/var/lib/crater-agent-workspace/cargo-home:/opt/rustwide/cargo-home:ro,Z" "-v" "/var/lib/crater-agent-workspace/rustup-home:/opt/rustwide/rustup-home:ro,Z" "-e" "SOURCE_DIR=/opt/rustwide/workdir" "-e" "CARGO_TARGET_DIR=/opt/rustwide/target" "-e" "CARGO_HOME=/opt/rustwide/cargo-home" "-e" "RUSTUP_HOME=/opt/rustwide/rustup-home" "-w" "/opt/rustwide/workdir" "-m" "1610612736" "--user" "0:0" "--network" "none" "ghcr.io/rust-lang/crates-build-env/linux@sha256:2788e3201cd34a07e3172128adcd8b3090168a8e3bcc40d7c032b9dda1df7d1c" "/opt/rustwide/cargo-home/bin/cargo" "+1.75.0" "metadata" "--no-deps" "--format-version=1", kill_on_drop: false }`
[INFO] [stdout] bdcdf1faf71b8c2c6872061751de0bd2a9ddcda698eb04b85f6bca2f1af724b8
[INFO] running `Command { std: "docker" "start" "-a" "bdcdf1faf71b8c2c6872061751de0bd2a9ddcda698eb04b85f6bca2f1af724b8", kill_on_drop: false }`
[INFO] running `Command { std: "docker" "inspect" "bdcdf1faf71b8c2c6872061751de0bd2a9ddcda698eb04b85f6bca2f1af724b8", kill_on_drop: false }`
[INFO] running `Command { std: "docker" "rm" "-f" "bdcdf1faf71b8c2c6872061751de0bd2a9ddcda698eb04b85f6bca2f1af724b8", kill_on_drop: false }`
[INFO] [stdout] bdcdf1faf71b8c2c6872061751de0bd2a9ddcda698eb04b85f6bca2f1af724b8
[INFO] running `Command { std: "docker" "create" "-v" "/var/lib/crater-agent-workspace/builds/worker-1-tc1/target:/opt/rustwide/target:rw,Z" "-v" "/var/lib/crater-agent-workspace/builds/worker-1-tc1/source:/opt/rustwide/workdir:ro,Z" "-v" "/var/lib/crater-agent-workspace/cargo-home:/opt/rustwide/cargo-home:ro,Z" "-v" "/var/lib/crater-agent-workspace/rustup-home:/opt/rustwide/rustup-home:ro,Z" "-e" "SOURCE_DIR=/opt/rustwide/workdir" "-e" "CARGO_TARGET_DIR=/opt/rustwide/target" "-e" "CARGO_INCREMENTAL=0" "-e" "RUST_BACKTRACE=full" "-e" "RUSTFLAGS=--cap-lints=warn" "-e" "RUSTDOCFLAGS=--cap-lints=warn" "-e" "CARGO_HOME=/opt/rustwide/cargo-home" "-e" "RUSTUP_HOME=/opt/rustwide/rustup-home" "-w" "/opt/rustwide/workdir" "-m" "1610612736" "--user" "0:0" "--network" "none" "ghcr.io/rust-lang/crates-build-env/linux@sha256:2788e3201cd34a07e3172128adcd8b3090168a8e3bcc40d7c032b9dda1df7d1c" "/opt/rustwide/cargo-home/bin/cargo" "+1.75.0" "build" "--frozen" "--message-format=json", kill_on_drop: false }`
[INFO] [stdout] 567304bdeadae99aa20f90788f3dfc85158c166c14a86bac6054c799d20c3f28
[INFO] running `Command { std: "docker" "start" "-a" "567304bdeadae99aa20f90788f3dfc85158c166c14a86bac6054c799d20c3f28", kill_on_drop: false }`
[INFO] [stderr]    Compiling semver v1.0.21
[INFO] [stderr]    Compiling leb128 v0.2.5
[INFO] [stderr]    Compiling indexmap v2.1.0
[INFO] [stderr]    Compiling id-arena v2.2.1
[INFO] [stderr]    Compiling spdx v0.10.3
[INFO] [stderr]    Compiling unicode-xid v0.2.4
[INFO] [stderr]    Compiling wit-bindgen-rust v0.15.0 (/opt/rustwide/workdir)
[INFO] [stderr]    Compiling unicode-segmentation v1.10.1
[INFO] [stderr]    Compiling wasm-encoder v0.38.1
[INFO] [stderr]    Compiling heck v0.4.1
[INFO] [stderr]    Compiling wasmparser v0.118.1
[INFO] [stderr]    Compiling wit-parser v0.13.0
[INFO] [stderr]    Compiling wasm-metadata v0.10.14
[INFO] [stderr]    Compiling wit-component v0.18.2
[INFO] [stderr]    Compiling wit-bindgen-core v0.15.0
[INFO] [stderr]     Finished dev [unoptimized + debuginfo] target(s) in 7.50s
[INFO] running `Command { std: "docker" "inspect" "567304bdeadae99aa20f90788f3dfc85158c166c14a86bac6054c799d20c3f28", kill_on_drop: false }`
[INFO] running `Command { std: "docker" "rm" "-f" "567304bdeadae99aa20f90788f3dfc85158c166c14a86bac6054c799d20c3f28", kill_on_drop: false }`
[INFO] [stdout] 567304bdeadae99aa20f90788f3dfc85158c166c14a86bac6054c799d20c3f28
[INFO] running `Command { std: "docker" "create" "-v" "/var/lib/crater-agent-workspace/builds/worker-1-tc1/target:/opt/rustwide/target:rw,Z" "-v" "/var/lib/crater-agent-workspace/builds/worker-1-tc1/source:/opt/rustwide/workdir:ro,Z" "-v" "/var/lib/crater-agent-workspace/cargo-home:/opt/rustwide/cargo-home:ro,Z" "-v" "/var/lib/crater-agent-workspace/rustup-home:/opt/rustwide/rustup-home:ro,Z" "-e" "SOURCE_DIR=/opt/rustwide/workdir" "-e" "CARGO_TARGET_DIR=/opt/rustwide/target" "-e" "CARGO_INCREMENTAL=0" "-e" "RUST_BACKTRACE=full" "-e" "RUSTFLAGS=--cap-lints=warn" "-e" "RUSTDOCFLAGS=--cap-lints=warn" "-e" "CARGO_HOME=/opt/rustwide/cargo-home" "-e" "RUSTUP_HOME=/opt/rustwide/rustup-home" "-w" "/opt/rustwide/workdir" "-m" "1610612736" "--user" "0:0" "--network" "none" "ghcr.io/rust-lang/crates-build-env/linux@sha256:2788e3201cd34a07e3172128adcd8b3090168a8e3bcc40d7c032b9dda1df7d1c" "/opt/rustwide/cargo-home/bin/cargo" "+1.75.0" "test" "--frozen" "--no-run" "--message-format=json", kill_on_drop: false }`
[INFO] [stdout] 6ba43569516ed81724c4987f2fcd9065485ac4e1c2fc08d94509b0827e061d54
[INFO] running `Command { std: "docker" "start" "-a" "6ba43569516ed81724c4987f2fcd9065485ac4e1c2fc08d94509b0827e061d54", kill_on_drop: false }`
[INFO] [stderr]    Compiling serde v1.0.194
[INFO] [stderr]    Compiling indexmap v2.1.0
[INFO] [stderr]    Compiling serde_json v1.0.111
[INFO] [stderr]    Compiling wasmparser v0.118.1
[INFO] [stderr]    Compiling wit-parser v0.13.0
[INFO] [stderr]    Compiling wasm-metadata v0.10.14
[INFO] [stderr]    Compiling wit-component v0.18.2
[INFO] [stderr]    Compiling wit-bindgen-core v0.15.0
[INFO] [stderr]    Compiling wit-bindgen-rust v0.15.0 (/opt/rustwide/workdir)
[INFO] [stdout] error[E0433]: failed to resolve: use of undeclared crate or module `wit_bindgen`
[INFO] [stdout]   --> tests/codegen_no_std.rs:88:5
[INFO] [stdout]    |
[INFO] [stdout] 88 |     wit_bindgen::generate!({
[INFO] [stdout]    |     ^^^^^^^^^^^ use of undeclared crate or module `wit_bindgen`
[INFO] [stdout] 
[INFO] [stdout] 
[INFO] [stdout] error[E0433]: failed to resolve: use of undeclared crate or module `wit_bindgen`
[INFO] [stdout]   --> tests/codegen_no_std.rs:63:5
[INFO] [stdout]    |
[INFO] [stdout] 63 |     wit_bindgen::generate!({
[INFO] [stdout]    |     ^^^^^^^^^^^ use of undeclared crate or module `wit_bindgen`
[INFO] [stdout] 
[INFO] [stdout] 
[INFO] [stdout] error[E0433]: failed to resolve: use of undeclared crate or module `wit_bindgen`
[INFO] [stdout]   --> tests/codegen_no_std.rs:36:5
[INFO] [stdout]    |
[INFO] [stdout] 36 |     wit_bindgen::generate!({
[INFO] [stdout]    |     ^^^^^^^^^^^ use of undeclared crate or module `wit_bindgen`
[INFO] [stdout] 
[INFO] [stdout] 
[INFO] [stdout] error[E0433]: failed to resolve: use of undeclared crate or module `test_helpers`
[INFO] [stdout]   --> tests/codegen_no_std.rs:30:5
[INFO] [stdout]    |
[INFO] [stdout] 30 |     test_helpers::codegen_tests!();
[INFO] [stdout]    |     ^^^^^^^^^^^^ use of undeclared crate or module `test_helpers`
[INFO] [stdout] 
[INFO] [stdout] 
[INFO] [stdout] error[E0432]: unresolved import `wit_bindgen`
[INFO] [stdout]    --> tests/codegen.rs:189:20
[INFO] [stdout]     |
[INFO] [stdout] 189 |     pub(crate) use wit_bindgen::rt as my_rt;
[INFO] [stdout]     |                    ^^^^^^^^^^^ use of undeclared crate or module `wit_bindgen`
[INFO] [stdout] 
[INFO] [stdout] 
[INFO] [stdout] error[E0433]: failed to resolve: use of undeclared crate or module `exports`
[INFO] [stdout]    --> tests/codegen.rs:332:9
[INFO] [stdout]     |
[INFO] [stdout] 332 |     use exports::my::inline::blah::Foo;
[INFO] [stdout]     |         ^^^^^^^ use of undeclared crate or module `exports`
[INFO] [stdout] 
[INFO] [stdout] 
[INFO] [stdout] error[E0432]: unresolved import `wit_bindgen`
[INFO] [stdout]    --> tests/codegen.rs:217:20
[INFO] [stdout]     |
[INFO] [stdout] 217 |     pub(crate) use wit_bindgen::bitflags as my_bitflags;
[INFO] [stdout]     |                    ^^^^^^^^^^^ use of undeclared crate or module `wit_bindgen`
[INFO] [stdout] 
[INFO] [stdout] 
[INFO] [stdout] error[E0433]: failed to resolve: use of undeclared crate or module `test_helpers`
[INFO] [stdout]   --> tests/codegen.rs:38:5
[INFO] [stdout]    |
[INFO] [stdout] 38 |     test_helpers::codegen_tests!();
[INFO] [stdout]    |     ^^^^^^^^^^^^ use of undeclared crate or module `test_helpers`
[INFO] [stdout] 
[INFO] [stdout] 
[INFO] [stdout] error[E0433]: failed to resolve: use of undeclared crate or module `wit_bindgen`
[INFO] [stdout]   --> tests/codegen.rs:42:5
[INFO] [stdout]    |
[INFO] [stdout] 42 |     wit_bindgen::generate!({
[INFO] [stdout]    |     ^^^^^^^^^^^ use of undeclared crate or module `wit_bindgen`
[INFO] [stdout] 
[INFO] [stdout] 
[INFO] [stdout] error[E0433]: failed to resolve: use of undeclared crate or module `wit_bindgen`
[INFO] [stdout]   --> tests/codegen.rs:67:5
[INFO] [stdout]    |
[INFO] [stdout] 67 |     wit_bindgen::generate!({
[INFO] [stdout]    |     ^^^^^^^^^^^ use of undeclared crate or module `wit_bindgen`
[INFO] [stdout] 
[INFO] [stdout] 
[INFO] [stdout] error[E0433]: failed to resolve: use of undeclared crate or module `wit_bindgen`
[INFO] [stdout]   --> tests/codegen.rs:92:5
[INFO] [stdout]    |
[INFO] [stdout] 92 |     wit_bindgen::generate!({
[INFO] [stdout]    |     ^^^^^^^^^^^ use of undeclared crate or module `wit_bindgen`
[INFO] [stdout] 
[INFO] [stdout] 
[INFO] [stdout] error[E0433]: failed to resolve: use of undeclared crate or module `wit_bindgen`
[INFO] [stdout]    --> tests/codegen.rs:117:5
[INFO] [stdout]     |
[INFO] [stdout] 117 |     wit_bindgen::generate!({
[INFO] [stdout]     |     ^^^^^^^^^^^ use of undeclared crate or module `wit_bindgen`
[INFO] [stdout] 
[INFO] [stdout] 
[INFO] [stdout] error[E0433]: failed to resolve: use of undeclared crate or module `wit_bindgen`
[INFO] [stdout]    --> tests/codegen.rs:176:5
[INFO] [stdout]     |
[INFO] [stdout] 176 |     wit_bindgen::generate!({
[INFO] [stdout]     |     ^^^^^^^^^^^ use of undeclared crate or module `wit_bindgen`
[INFO] [stdout] 
[INFO] [stdout] 
[INFO] [stdout] error[E0433]: failed to resolve: use of undeclared crate or module `wit_bindgen`
[INFO] [stdout]    --> tests/codegen.rs:199:5
[INFO] [stdout]     |
[INFO] [stdout] 199 |     wit_bindgen::generate!({
[INFO] [stdout]     |     ^^^^^^^^^^^ use of undeclared crate or module `wit_bindgen`
[INFO] [stdout] 
[INFO] [stdout] 
[INFO] [stdout] error[E0433]: failed to resolve: use of undeclared crate or module `wit_bindgen`
[INFO] [stdout]    --> tests/codegen.rs:229:5
[INFO] [stdout]     |
[INFO] [stdout] 229 |     wit_bindgen::generate!({
[INFO] [stdout]     |     ^^^^^^^^^^^ use of undeclared crate or module `wit_bindgen`
[INFO] [stdout] 
[INFO] [stdout] 
[INFO] [stdout] error[E0433]: failed to resolve: use of undeclared crate or module `wit_bindgen`
[INFO] [stdout]    --> tests/codegen.rs:276:5
[INFO] [stdout]     |
[INFO] [stdout] 276 |     wit_bindgen::generate!({
[INFO] [stdout]     |     ^^^^^^^^^^^ use of undeclared crate or module `wit_bindgen`
[INFO] [stdout] 
[INFO] [stdout] 
[INFO] [stdout] error[E0433]: failed to resolve: use of undeclared crate or module `wit_bindgen`
[INFO] [stdout]    --> tests/codegen.rs:307:5
[INFO] [stdout]     |
[INFO] [stdout] 307 |     wit_bindgen::generate!({
[INFO] [stdout]     |     ^^^^^^^^^^^ use of undeclared crate or module `wit_bindgen`
[INFO] [stdout] 
[INFO] [stdout] 
[INFO] [stdout] error[E0433]: failed to resolve: use of undeclared crate or module `wit_bindgen`
[INFO] [stdout]    --> tests/codegen.rs:351:5
[INFO] [stdout]     |
[INFO] [stdout] 351 |     wit_bindgen::generate!({
[INFO] [stdout]     |     ^^^^^^^^^^^ use of undeclared crate or module `wit_bindgen`
[INFO] [stdout] 
[INFO] [stdout] 
[INFO] [stdout] error[E0433]: failed to resolve: use of undeclared crate or module `wit_bindgen`
[INFO] [stdout]    --> tests/codegen.rs:377:9
[INFO] [stdout]     |
[INFO] [stdout] 377 |         wit_bindgen::generate!({
[INFO] [stdout]     |         ^^^^^^^^^^^ use of undeclared crate or module `wit_bindgen`
[INFO] [stdout] 
[INFO] [stdout] 
[INFO] [stdout] error[E0433]: failed to resolve: use of undeclared crate or module `exports`
[INFO] [stdout]    --> tests/codegen_no_std.rs:107:10
[INFO] [stdout]     |
[INFO] [stdout] 107 |     impl exports::exports::Guest for Component {
[INFO] [stdout]     |          ^^^^^^^ use of undeclared crate or module `exports`
[INFO] [stdout] 
[INFO] [stdout] 
[INFO] [stdout] error[E0433]: failed to resolve: use of undeclared crate or module `exports`
[INFO] [stdout]    --> tests/codegen.rs:111:10
[INFO] [stdout]     |
[INFO] [stdout] 111 |     impl exports::exports::Guest for Component {
[INFO] [stdout]     |          ^^^^^^^ use of undeclared crate or module `exports`
[INFO] [stdout] 
[INFO] [stdout] 
[INFO] [stdout] error[E0433]: failed to resolve: use of undeclared crate or module `exports`
[INFO] [stdout]    --> tests/codegen.rs:154:10
[INFO] [stdout]     |
[INFO] [stdout] 154 |     impl exports::my::inline::foo1::Guest for Component {
[INFO] [stdout]     |          ^^^^^^^ use of undeclared crate or module `exports`
[INFO] [stdout] 
[INFO] [stdout] 
[INFO] [stdout] error[E0433]: failed to resolve: use of undeclared crate or module `cat`
[INFO] [stdout]   --> tests/codegen_no_std.rs:52:9
[INFO] [stdout]    |
[INFO] [stdout] 52 |         cat::foo("hello");
[INFO] [stdout]    |         ^^^ use of undeclared crate or module `cat`
[INFO] [stdout] 
[INFO] [stdout] 
[INFO] [stdout] error[E0433]: failed to resolve: use of undeclared crate or module `cat`
[INFO] [stdout]   --> tests/codegen_no_std.rs:55:26
[INFO] [stdout]    |
[INFO] [stdout] 55 |         let _t: String = cat::bar();
[INFO] [stdout]    |                          ^^^ use of undeclared crate or module `cat`
[INFO] [stdout] 
[INFO] [stdout] 
[INFO] [stdout] error[E0433]: failed to resolve: use of undeclared crate or module `cat`
[INFO] [stdout]   --> tests/codegen_no_std.rs:80:9
[INFO] [stdout]    |
[INFO] [stdout] 80 |         cat::foo(b"hello");
[INFO] [stdout]    |         ^^^ use of undeclared crate or module `cat`
[INFO] [stdout] 
[INFO] [stdout] 
[INFO] [stdout] error[E0433]: failed to resolve: use of undeclared crate or module `cat`
[INFO] [stdout]   --> tests/codegen_no_std.rs:83:27
[INFO] [stdout]    |
[INFO] [stdout] 83 |         let _t: Vec<u8> = cat::bar();
[INFO] [stdout]    |                           ^^^ use of undeclared crate or module `cat`
[INFO] [stdout] 
[INFO] [stdout] 
[INFO] [stdout] error: aborting due to 9 previous errors
[INFO] [stdout] 
[INFO] [stdout] 
[INFO] [stdout] For more information about this error, try `rustc --explain E0433`.
[INFO] [stdout] 
[INFO] [stdout] error[E0433]: failed to resolve: use of undeclared crate or module `exports`
[INFO] [stdout]    --> tests/codegen.rs:158:10
[INFO] [stdout]     |
[INFO] [stdout] 158 |     impl exports::my::inline::foo2::Guest for Component {
[INFO] [stdout]     |          ^^^^^^^ use of undeclared crate or module `exports`
[INFO] [stdout] 
[INFO] [stdout] 
[INFO] [stdout] error[E0433]: failed to resolve: use of undeclared crate or module `exports`
[INFO] [stdout]    --> tests/codegen.rs:162:10
[INFO] [stdout]     |
[INFO] [stdout] 162 |     impl exports::my::inline::bar1::Guest for Component {
[INFO] [stdout]     |          ^^^^^^^ use of undeclared crate or module `exports`
[INFO] [stdout] 
[INFO] [stdout] 
[INFO] [stdout] error[E0433]: failed to resolve: use of undeclared crate or module `exports`
[INFO] [stdout]    --> tests/codegen.rs:168:10
[INFO] [stdout]     |
[INFO] [stdout] 168 |     impl exports::my::inline::bar2::Guest for Component {
[INFO] [stdout]     |          ^^^^^^^ use of undeclared crate or module `exports`
[INFO] [stdout] 
[INFO] [stdout] 
[INFO] [stdout] error[E0433]: failed to resolve: use of undeclared crate or module `exports`
[INFO] [stdout]    --> tests/codegen.rs:254:10
[INFO] [stdout]     |
[INFO] [stdout] 254 |     impl exports::my::inline::foo::GuestBar for Resource {
[INFO] [stdout]     |          ^^^^^^^ use of undeclared crate or module `exports`
[INFO] [stdout] 
[INFO] [stdout] 
[INFO] [stdout] error[E0433]: failed to resolve: use of undeclared crate or module `exports`
[INFO] [stdout]    --> tests/codegen.rs:263:30
[INFO] [stdout]     |
[INFO] [stdout] 263 |         fn consume(mut this: exports::my::inline::foo::OwnBar) -> u32 {
[INFO] [stdout]     |                              ^^^^^^^ use of undeclared crate or module `exports`
[INFO] [stdout] 
[INFO] [stdout] 
[INFO] [stderr] error: could not compile `wit-bindgen-rust` (test "codegen_no_std") due to 10 previous errors
[INFO] [stderr] warning: build failed, waiting for other jobs to finish...
[INFO] [stdout] error[E0433]: failed to resolve: use of undeclared crate or module `exports`
[INFO] [stdout]    --> tests/codegen.rs:297:10
[INFO] [stdout]     |
[INFO] [stdout] 297 |     impl exports::my::inline::foo::GuestBar for Resource {
[INFO] [stdout]     |          ^^^^^^^ use of undeclared crate or module `exports`
[INFO] [stdout] 
[INFO] [stdout] 
[INFO] [stdout] error[E0433]: failed to resolve: use of undeclared crate or module `exports`
[INFO] [stdout]    --> tests/codegen.rs:335:10
[INFO] [stdout]     |
[INFO] [stdout] 335 |     impl exports::my::inline::blah::Guest for Component {
[INFO] [stdout]     |          ^^^^^^^ use of undeclared crate or module `exports`
[INFO] [stdout] 
[INFO] [stdout] 
[INFO] [stdout] error[E0433]: failed to resolve: could not find `my` in `other`
[INFO] [stdout]    --> tests/codegen.rs:397:26
[INFO] [stdout]     |
[INFO] [stdout] 397 |         let msg = other::my::inline::foo::Msg {
[INFO] [stdout]     |                          ^^ could not find `my` in `other`
[INFO] [stdout] 
[INFO] [stdout] 
[INFO] [stdout] error[E0433]: failed to resolve: use of undeclared crate or module `my`
[INFO] [stdout]    --> tests/codegen.rs:400:9
[INFO] [stdout]     |
[INFO] [stdout] 400 |         my::inline::bar::bar(&msg);
[INFO] [stdout]     |         ^^ use of undeclared crate or module `my`
[INFO] [stdout] 
[INFO] [stdout] 
[INFO] [stdout] error[E0405]: cannot find trait `Guest` in this scope
[INFO] [stdout]    --> tests/codegen.rs:193:10
[INFO] [stdout]     |
[INFO] [stdout] 193 |     impl Guest for Component {
[INFO] [stdout]     |          ^^^^^ not found in this scope
[INFO] [stdout] 
[INFO] [stdout] 
[INFO] [stdout] error[E0405]: cannot find trait `Guest` in this scope
[INFO] [stdout]    --> tests/codegen.rs:221:10
[INFO] [stdout]     |
[INFO] [stdout] 221 |     impl Guest for Component {
[INFO] [stdout]     |          ^^^^^ not found in this scope
[INFO] [stdout] 
[INFO] [stdout] 
[INFO] [stdout] error[E0412]: cannot find type `Bar` in this scope
[INFO] [stdout]    --> tests/codegen.rs:222:26
[INFO] [stdout]     |
[INFO] [stdout] 222 |         fn get_flag() -> Bar {
[INFO] [stdout]     |                          ^^^ not found in this scope
[INFO] [stdout] 
[INFO] [stdout] 
[INFO] [stdout] error[E0433]: failed to resolve: use of undeclared crate or module `cat`
[INFO] [stdout]   --> tests/codegen.rs:58:9
[INFO] [stdout]    |
[INFO] [stdout] 58 |         cat::foo("hello");
[INFO] [stdout]    |         ^^^ use of undeclared crate or module `cat`
[INFO] [stdout] 
[INFO] [stdout] 
[INFO] [stdout] error[E0433]: failed to resolve: use of undeclared crate or module `cat`
[INFO] [stdout]   --> tests/codegen.rs:61:26
[INFO] [stdout]    |
[INFO] [stdout] 61 |         let _t: String = cat::bar();
[INFO] [stdout]    |                          ^^^ use of undeclared crate or module `cat`
[INFO] [stdout] 
[INFO] [stdout] 
[INFO] [stdout] error[E0433]: failed to resolve: use of undeclared crate or module `cat`
[INFO] [stdout]   --> tests/codegen.rs:84:9
[INFO] [stdout]    |
[INFO] [stdout] 84 |         cat::foo(b"hello");
[INFO] [stdout]    |         ^^^ use of undeclared crate or module `cat`
[INFO] [stdout] 
[INFO] [stdout] 
[INFO] [stdout] error[E0433]: failed to resolve: use of undeclared crate or module `cat`
[INFO] [stdout]   --> tests/codegen.rs:87:27
[INFO] [stdout]    |
[INFO] [stdout] 87 |         let _t: Vec<u8> = cat::bar();
[INFO] [stdout]    |                           ^^^ use of undeclared crate or module `cat`
[INFO] [stdout] 
[INFO] [stdout] 
[INFO] [stdout] error[E0433]: failed to resolve: use of undeclared type `Bar`
[INFO] [stdout]    --> tests/codegen.rs:223:13
[INFO] [stdout]     |
[INFO] [stdout] 223 |             Bar::BAZ
[INFO] [stdout]     |             ^^^ use of undeclared type `Bar`
[INFO] [stdout] 
[INFO] [stdout] 
[INFO] [stdout] error: aborting due to 34 previous errors
[INFO] [stdout] 
[INFO] [stdout] 
[INFO] [stdout] Some errors have detailed explanations: E0405, E0412, E0432, E0433.
[INFO] [stdout] 
[INFO] [stdout] For more information about an error, try `rustc --explain E0405`.
[INFO] [stdout] 
[INFO] [stderr] error: could not compile `wit-bindgen-rust` (test "codegen") due to 35 previous errors
[INFO] running `Command { std: "docker" "inspect" "6ba43569516ed81724c4987f2fcd9065485ac4e1c2fc08d94509b0827e061d54", kill_on_drop: false }`
[INFO] running `Command { std: "docker" "rm" "-f" "6ba43569516ed81724c4987f2fcd9065485ac4e1c2fc08d94509b0827e061d54", kill_on_drop: false }`
[INFO] [stdout] 6ba43569516ed81724c4987f2fcd9065485ac4e1c2fc08d94509b0827e061d54
