[INFO] fetching crate wit-bindgen-gen-guest-teavm-java 0.3.0...
[INFO] testing wit-bindgen-gen-guest-teavm-java-0.3.0 against 1.75.0 for beta-1.76-1
[INFO] extracting crate wit-bindgen-gen-guest-teavm-java 0.3.0 into /workspace/builds/worker-0-tc1/source
[INFO] validating manifest of crates.io crate wit-bindgen-gen-guest-teavm-java 0.3.0 on toolchain 1.75.0
[INFO] running `Command { std: CARGO_HOME="/workspace/cargo-home" RUSTUP_HOME="/workspace/rustup-home" "/workspace/cargo-home/bin/cargo" "+1.75.0" "metadata" "--manifest-path" "Cargo.toml" "--no-deps", kill_on_drop: false }`
[INFO] started tweaking crates.io crate wit-bindgen-gen-guest-teavm-java 0.3.0
[INFO] finished tweaking crates.io crate wit-bindgen-gen-guest-teavm-java 0.3.0
[INFO] tweaked toml for crates.io crate wit-bindgen-gen-guest-teavm-java 0.3.0 written to /workspace/builds/worker-0-tc1/source/Cargo.toml
[INFO] running `Command { std: CARGO_HOME="/workspace/cargo-home" RUSTUP_HOME="/workspace/rustup-home" "/workspace/cargo-home/bin/cargo" "+1.75.0" "generate-lockfile" "--manifest-path" "Cargo.toml", kill_on_drop: false }`
[INFO] [stderr]     Updating crates.io index
[INFO] running `Command { std: CARGO_HOME="/workspace/cargo-home" RUSTUP_HOME="/workspace/rustup-home" "/workspace/cargo-home/bin/cargo" "+1.75.0" "fetch" "--manifest-path" "Cargo.toml", kill_on_drop: false }`
[INFO] [stderr]  Downloading crates ...
[INFO] [stderr]   Downloaded wasm-metadata v0.1.2
[INFO] [stderr]   Downloaded wasm-encoder v0.23.0
[INFO] [stderr]   Downloaded wit-parser v0.6.4
[INFO] [stderr]   Downloaded wit-bindgen-core v0.3.0
[INFO] [stderr]   Downloaded wit-component v0.6.0
[INFO] running `Command { std: "docker" "create" "-v" "/var/lib/crater-agent-workspace/builds/worker-0-tc1/target:/opt/rustwide/target:rw,Z" "-v" "/var/lib/crater-agent-workspace/builds/worker-0-tc1/source:/opt/rustwide/workdir:ro,Z" "-v" "/var/lib/crater-agent-workspace/cargo-home:/opt/rustwide/cargo-home:ro,Z" "-v" "/var/lib/crater-agent-workspace/rustup-home:/opt/rustwide/rustup-home:ro,Z" "-e" "SOURCE_DIR=/opt/rustwide/workdir" "-e" "CARGO_TARGET_DIR=/opt/rustwide/target" "-e" "CARGO_HOME=/opt/rustwide/cargo-home" "-e" "RUSTUP_HOME=/opt/rustwide/rustup-home" "-w" "/opt/rustwide/workdir" "-m" "1610612736" "--user" "0:0" "--network" "none" "ghcr.io/rust-lang/crates-build-env/linux@sha256:2788e3201cd34a07e3172128adcd8b3090168a8e3bcc40d7c032b9dda1df7d1c" "/opt/rustwide/cargo-home/bin/cargo" "+1.75.0" "metadata" "--no-deps" "--format-version=1", kill_on_drop: false }`
[INFO] [stdout] e8932a43b45d28463fde6f0acf0a82dc28aba2eb82dd06a7862fc240ea51f1fc
[INFO] running `Command { std: "docker" "start" "-a" "e8932a43b45d28463fde6f0acf0a82dc28aba2eb82dd06a7862fc240ea51f1fc", kill_on_drop: false }`
[INFO] running `Command { std: "docker" "inspect" "e8932a43b45d28463fde6f0acf0a82dc28aba2eb82dd06a7862fc240ea51f1fc", kill_on_drop: false }`
[INFO] running `Command { std: "docker" "rm" "-f" "e8932a43b45d28463fde6f0acf0a82dc28aba2eb82dd06a7862fc240ea51f1fc", kill_on_drop: false }`
[INFO] [stdout] e8932a43b45d28463fde6f0acf0a82dc28aba2eb82dd06a7862fc240ea51f1fc
[INFO] running `Command { std: "docker" "create" "-v" "/var/lib/crater-agent-workspace/builds/worker-0-tc1/target:/opt/rustwide/target:rw,Z" "-v" "/var/lib/crater-agent-workspace/builds/worker-0-tc1/source:/opt/rustwide/workdir:ro,Z" "-v" "/var/lib/crater-agent-workspace/cargo-home:/opt/rustwide/cargo-home:ro,Z" "-v" "/var/lib/crater-agent-workspace/rustup-home:/opt/rustwide/rustup-home:ro,Z" "-e" "SOURCE_DIR=/opt/rustwide/workdir" "-e" "CARGO_TARGET_DIR=/opt/rustwide/target" "-e" "CARGO_INCREMENTAL=0" "-e" "RUST_BACKTRACE=full" "-e" "RUSTFLAGS=--cap-lints=warn" "-e" "RUSTDOCFLAGS=--cap-lints=warn" "-e" "CARGO_HOME=/opt/rustwide/cargo-home" "-e" "RUSTUP_HOME=/opt/rustwide/rustup-home" "-w" "/opt/rustwide/workdir" "-m" "1610612736" "--user" "0:0" "--network" "none" "ghcr.io/rust-lang/crates-build-env/linux@sha256:2788e3201cd34a07e3172128adcd8b3090168a8e3bcc40d7c032b9dda1df7d1c" "/opt/rustwide/cargo-home/bin/cargo" "+1.75.0" "build" "--frozen" "--message-format=json", kill_on_drop: false }`
[INFO] [stdout] ab22e82123f39a02aad909a6fd1b7acd8ac6f2ec2b737d5b4be3611337cc3b4a
[INFO] running `Command { std: "docker" "start" "-a" "ab22e82123f39a02aad909a6fd1b7acd8ac6f2ec2b737d5b4be3611337cc3b4a", kill_on_drop: false }`
[INFO] [stderr]    Compiling indexmap v1.9.3
[INFO] [stderr]    Compiling serde v1.0.194
[INFO] [stderr]    Compiling unicase v2.7.0
[INFO] [stderr]    Compiling hashbrown v0.12.3
[INFO] [stderr]    Compiling unicode-normalization v0.1.22
[INFO] [stderr]    Compiling pulldown-cmark v0.8.0
[INFO] [stderr]    Compiling syn v2.0.48
[INFO] [stderr]    Compiling leb128 v0.2.5
[INFO] [stderr]    Compiling id-arena v2.2.1
[INFO] [stderr]    Compiling wasm-encoder v0.23.0
[INFO] [stderr]    Compiling unicode-xid v0.2.4
[INFO] [stderr]    Compiling log v0.4.20
[INFO] [stderr]    Compiling unicode-segmentation v1.10.1
[INFO] [stderr]    Compiling idna v0.5.0
[INFO] [stderr]    Compiling heck v0.4.1
[INFO] [stderr]    Compiling url v2.5.0
[INFO] [stderr]    Compiling serde_derive v1.0.194
[INFO] [stderr]    Compiling wasmparser v0.100.0
[INFO] [stderr]    Compiling wit-parser v0.6.4
[INFO] [stderr]    Compiling wasm-metadata v0.1.2
[INFO] [stderr]    Compiling wit-component v0.6.0
[INFO] [stderr]    Compiling wit-bindgen-core v0.3.0
[INFO] [stderr]    Compiling wit-bindgen-gen-guest-teavm-java v0.3.0 (/opt/rustwide/workdir)
[INFO] [stderr]     Finished dev [unoptimized + debuginfo] target(s) in 10.83s
[INFO] running `Command { std: "docker" "inspect" "ab22e82123f39a02aad909a6fd1b7acd8ac6f2ec2b737d5b4be3611337cc3b4a", kill_on_drop: false }`
[INFO] running `Command { std: "docker" "rm" "-f" "ab22e82123f39a02aad909a6fd1b7acd8ac6f2ec2b737d5b4be3611337cc3b4a", kill_on_drop: false }`
[INFO] [stdout] ab22e82123f39a02aad909a6fd1b7acd8ac6f2ec2b737d5b4be3611337cc3b4a
[INFO] running `Command { std: "docker" "create" "-v" "/var/lib/crater-agent-workspace/builds/worker-0-tc1/target:/opt/rustwide/target:rw,Z" "-v" "/var/lib/crater-agent-workspace/builds/worker-0-tc1/source:/opt/rustwide/workdir:ro,Z" "-v" "/var/lib/crater-agent-workspace/cargo-home:/opt/rustwide/cargo-home:ro,Z" "-v" "/var/lib/crater-agent-workspace/rustup-home:/opt/rustwide/rustup-home:ro,Z" "-e" "SOURCE_DIR=/opt/rustwide/workdir" "-e" "CARGO_TARGET_DIR=/opt/rustwide/target" "-e" "CARGO_INCREMENTAL=0" "-e" "RUST_BACKTRACE=full" "-e" "RUSTFLAGS=--cap-lints=warn" "-e" "RUSTDOCFLAGS=--cap-lints=warn" "-e" "CARGO_HOME=/opt/rustwide/cargo-home" "-e" "RUSTUP_HOME=/opt/rustwide/rustup-home" "-w" "/opt/rustwide/workdir" "-m" "1610612736" "--user" "0:0" "--network" "none" "ghcr.io/rust-lang/crates-build-env/linux@sha256:2788e3201cd34a07e3172128adcd8b3090168a8e3bcc40d7c032b9dda1df7d1c" "/opt/rustwide/cargo-home/bin/cargo" "+1.75.0" "test" "--frozen" "--no-run" "--message-format=json", kill_on_drop: false }`
[INFO] [stdout] 880899bb4f6ef4eb5392281978d142fc5dec4e53dab69c88cf5944cba39a1e74
[INFO] running `Command { std: "docker" "start" "-a" "880899bb4f6ef4eb5392281978d142fc5dec4e53dab69c88cf5944cba39a1e74", kill_on_drop: false }`
[INFO] [stderr]    Compiling wit-bindgen-gen-guest-teavm-java v0.3.0 (/opt/rustwide/workdir)
[INFO] [stdout] error[E0433]: failed to resolve: use of undeclared crate or module `test_helpers`
[INFO] [stdout]   --> tests/codegen.rs:23:1
[INFO] [stdout]    |
[INFO] [stdout] 23 | test_helpers::codegen_tests!("*.wit");
[INFO] [stdout]    | ^^^^^^^^^^^^ use of undeclared crate or module `test_helpers`
[INFO] [stdout] 
[INFO] [stdout] 
[INFO] [stdout] warning: unused macro definition: `codegen_test`
[INFO] [stdout]  --> tests/codegen.rs:4:14
[INFO] [stdout]   |
[INFO] [stdout] 4 | macro_rules! codegen_test {
[INFO] [stdout]   |              ^^^^^^^^^^^^
[INFO] [stdout]   |
[INFO] [stdout]   = note: `#[warn(unused_macros)]` on by default
[INFO] [stdout] 
[INFO] [stdout] 
[INFO] [stdout] error[E0433]: failed to resolve: use of undeclared crate or module `test_helpers`
[INFO] [stdout]   --> tests/codegen.rs:73:5
[INFO] [stdout]    |
[INFO] [stdout] 73 |     test_helpers::run_command(&mut cmd);
[INFO] [stdout]    |     ^^^^^^^^^^^^ use of undeclared crate or module `test_helpers`
[INFO] [stdout] 
[INFO] [stdout] 
[INFO] [stdout] error: aborting due to 2 previous errors; 1 warning emitted
[INFO] [stdout] 
[INFO] [stdout] 
[INFO] [stdout] For more information about this error, try `rustc --explain E0433`.
[INFO] [stdout] 
[INFO] [stderr] error: could not compile `wit-bindgen-gen-guest-teavm-java` (test "codegen") due to 3 previous errors; 1 warning emitted
[INFO] [stderr] warning: build failed, waiting for other jobs to finish...
[INFO] running `Command { std: "docker" "inspect" "880899bb4f6ef4eb5392281978d142fc5dec4e53dab69c88cf5944cba39a1e74", kill_on_drop: false }`
[INFO] running `Command { std: "docker" "rm" "-f" "880899bb4f6ef4eb5392281978d142fc5dec4e53dab69c88cf5944cba39a1e74", kill_on_drop: false }`
[INFO] [stdout] 880899bb4f6ef4eb5392281978d142fc5dec4e53dab69c88cf5944cba39a1e74
[INFO] testing wit-bindgen-gen-guest-teavm-java-0.3.0 against beta-2023-12-22 for beta-1.76-1
[INFO] extracting crate wit-bindgen-gen-guest-teavm-java 0.3.0 into /workspace/builds/worker-0-tc2/source
[INFO] validating manifest of crates.io crate wit-bindgen-gen-guest-teavm-java 0.3.0 on toolchain beta-2023-12-22
[INFO] running `Command { std: CARGO_HOME="/workspace/cargo-home" RUSTUP_HOME="/workspace/rustup-home" "/workspace/cargo-home/bin/cargo" "+beta-2023-12-22" "metadata" "--manifest-path" "Cargo.toml" "--no-deps", kill_on_drop: false }`
[INFO] started tweaking crates.io crate wit-bindgen-gen-guest-teavm-java 0.3.0
[INFO] finished tweaking crates.io crate wit-bindgen-gen-guest-teavm-java 0.3.0
[INFO] tweaked toml for crates.io crate wit-bindgen-gen-guest-teavm-java 0.3.0 written to /workspace/builds/worker-0-tc2/source/Cargo.toml
[INFO] running `Command { std: CARGO_HOME="/workspace/cargo-home" RUSTUP_HOME="/workspace/rustup-home" "/workspace/cargo-home/bin/cargo" "+beta-2023-12-22" "generate-lockfile" "--manifest-path" "Cargo.toml", kill_on_drop: false }`
[INFO] [stderr]     Updating crates.io index
[INFO] running `Command { std: CARGO_HOME="/workspace/cargo-home" RUSTUP_HOME="/workspace/rustup-home" "/workspace/cargo-home/bin/cargo" "+beta-2023-12-22" "fetch" "--manifest-path" "Cargo.toml", kill_on_drop: false }`
[INFO] running `Command { std: "docker" "create" "-v" "/var/lib/crater-agent-workspace/builds/worker-0-tc2/target:/opt/rustwide/target:rw,Z" "-v" "/var/lib/crater-agent-workspace/builds/worker-0-tc2/source:/opt/rustwide/workdir:ro,Z" "-v" "/var/lib/crater-agent-workspace/cargo-home:/opt/rustwide/cargo-home:ro,Z" "-v" "/var/lib/crater-agent-workspace/rustup-home:/opt/rustwide/rustup-home:ro,Z" "-e" "SOURCE_DIR=/opt/rustwide/workdir" "-e" "CARGO_TARGET_DIR=/opt/rustwide/target" "-e" "CARGO_HOME=/opt/rustwide/cargo-home" "-e" "RUSTUP_HOME=/opt/rustwide/rustup-home" "-w" "/opt/rustwide/workdir" "-m" "1610612736" "--user" "0:0" "--network" "none" "ghcr.io/rust-lang/crates-build-env/linux@sha256:2788e3201cd34a07e3172128adcd8b3090168a8e3bcc40d7c032b9dda1df7d1c" "/opt/rustwide/cargo-home/bin/cargo" "+beta-2023-12-22" "metadata" "--no-deps" "--format-version=1", kill_on_drop: false }`
[INFO] [stdout] 6090cbe2ae8159879fb1c69522efce2cd08080544e2ba41fde1741bc408b3afe
[INFO] running `Command { std: "docker" "start" "-a" "6090cbe2ae8159879fb1c69522efce2cd08080544e2ba41fde1741bc408b3afe", kill_on_drop: false }`
[INFO] running `Command { std: "docker" "inspect" "6090cbe2ae8159879fb1c69522efce2cd08080544e2ba41fde1741bc408b3afe", kill_on_drop: false }`
[INFO] running `Command { std: "docker" "rm" "-f" "6090cbe2ae8159879fb1c69522efce2cd08080544e2ba41fde1741bc408b3afe", kill_on_drop: false }`
[INFO] [stdout] 6090cbe2ae8159879fb1c69522efce2cd08080544e2ba41fde1741bc408b3afe
[INFO] running `Command { std: "docker" "create" "-v" "/var/lib/crater-agent-workspace/builds/worker-0-tc2/target:/opt/rustwide/target:rw,Z" "-v" "/var/lib/crater-agent-workspace/builds/worker-0-tc2/source:/opt/rustwide/workdir:ro,Z" "-v" "/var/lib/crater-agent-workspace/cargo-home:/opt/rustwide/cargo-home:ro,Z" "-v" "/var/lib/crater-agent-workspace/rustup-home:/opt/rustwide/rustup-home:ro,Z" "-e" "SOURCE_DIR=/opt/rustwide/workdir" "-e" "CARGO_TARGET_DIR=/opt/rustwide/target" "-e" "CARGO_INCREMENTAL=0" "-e" "RUST_BACKTRACE=full" "-e" "RUSTFLAGS=--cap-lints=warn" "-e" "RUSTDOCFLAGS=--cap-lints=warn" "-e" "CARGO_HOME=/opt/rustwide/cargo-home" "-e" "RUSTUP_HOME=/opt/rustwide/rustup-home" "-w" "/opt/rustwide/workdir" "-m" "1610612736" "--user" "0:0" "--network" "none" "ghcr.io/rust-lang/crates-build-env/linux@sha256:2788e3201cd34a07e3172128adcd8b3090168a8e3bcc40d7c032b9dda1df7d1c" "/opt/rustwide/cargo-home/bin/cargo" "+beta-2023-12-22" "build" "--frozen" "--message-format=json", kill_on_drop: false }`
[INFO] [stdout] 30b2936430118a21c0d0aa5407974325fc16e85faf0c55c314426cc489ba428c
[INFO] running `Command { std: "docker" "start" "-a" "30b2936430118a21c0d0aa5407974325fc16e85faf0c55c314426cc489ba428c", kill_on_drop: false }`
[INFO] [stderr]    Compiling unicode-normalization v0.1.22
[INFO] [stderr]    Compiling indexmap v1.9.3
[INFO] [stderr]    Compiling serde v1.0.194
[INFO] [stderr]    Compiling unicase v2.7.0
[INFO] [stderr]    Compiling hashbrown v0.12.3
[INFO] [stderr]    Compiling syn v2.0.48
[INFO] [stderr]    Compiling pulldown-cmark v0.8.0
[INFO] [stderr]    Compiling leb128 v0.2.5
[INFO] [stderr]    Compiling unicode-xid v0.2.4
[INFO] [stderr]    Compiling wasm-encoder v0.23.0
[INFO] [stderr]    Compiling id-arena v2.2.1
[INFO] [stderr]    Compiling log v0.4.20
[INFO] [stderr]    Compiling unicode-segmentation v1.10.1
[INFO] [stderr]    Compiling idna v0.5.0
[INFO] [stderr]    Compiling heck v0.4.1
[INFO] [stderr]    Compiling url v2.5.0
[INFO] [stderr]    Compiling serde_derive v1.0.194
[INFO] [stderr]    Compiling wasmparser v0.100.0
[INFO] [stderr]    Compiling wit-parser v0.6.4
[INFO] [stderr]    Compiling wasm-metadata v0.1.2
[INFO] [stderr]    Compiling wit-component v0.6.0
[INFO] [stderr]    Compiling wit-bindgen-core v0.3.0
[INFO] [stderr]    Compiling wit-bindgen-gen-guest-teavm-java v0.3.0 (/opt/rustwide/workdir)
[INFO] [stderr]     Finished dev [unoptimized + debuginfo] target(s) in 9.04s
[INFO] running `Command { std: "docker" "inspect" "30b2936430118a21c0d0aa5407974325fc16e85faf0c55c314426cc489ba428c", kill_on_drop: false }`
[INFO] running `Command { std: "docker" "rm" "-f" "30b2936430118a21c0d0aa5407974325fc16e85faf0c55c314426cc489ba428c", kill_on_drop: false }`
[INFO] [stdout] 30b2936430118a21c0d0aa5407974325fc16e85faf0c55c314426cc489ba428c
[INFO] running `Command { std: "docker" "create" "-v" "/var/lib/crater-agent-workspace/builds/worker-0-tc2/target:/opt/rustwide/target:rw,Z" "-v" "/var/lib/crater-agent-workspace/builds/worker-0-tc2/source:/opt/rustwide/workdir:ro,Z" "-v" "/var/lib/crater-agent-workspace/cargo-home:/opt/rustwide/cargo-home:ro,Z" "-v" "/var/lib/crater-agent-workspace/rustup-home:/opt/rustwide/rustup-home:ro,Z" "-e" "SOURCE_DIR=/opt/rustwide/workdir" "-e" "CARGO_TARGET_DIR=/opt/rustwide/target" "-e" "CARGO_INCREMENTAL=0" "-e" "RUST_BACKTRACE=full" "-e" "RUSTFLAGS=--cap-lints=warn" "-e" "RUSTDOCFLAGS=--cap-lints=warn" "-e" "CARGO_HOME=/opt/rustwide/cargo-home" "-e" "RUSTUP_HOME=/opt/rustwide/rustup-home" "-w" "/opt/rustwide/workdir" "-m" "1610612736" "--user" "0:0" "--network" "none" "ghcr.io/rust-lang/crates-build-env/linux@sha256:2788e3201cd34a07e3172128adcd8b3090168a8e3bcc40d7c032b9dda1df7d1c" "/opt/rustwide/cargo-home/bin/cargo" "+beta-2023-12-22" "test" "--frozen" "--no-run" "--message-format=json", kill_on_drop: false }`
[INFO] [stdout] 40e53cc9d14d403d2e05ace58a05b4d9763e6f4329c9e42bf5d3adeddf8dfa6c
[INFO] running `Command { std: "docker" "start" "-a" "40e53cc9d14d403d2e05ace58a05b4d9763e6f4329c9e42bf5d3adeddf8dfa6c", kill_on_drop: false }`
[INFO] [stderr]    Compiling wit-bindgen-gen-guest-teavm-java v0.3.0 (/opt/rustwide/workdir)
[INFO] [stdout] error[E0433]: failed to resolve: use of undeclared crate or module `test_helpers`
[INFO] [stdout]   --> tests/codegen.rs:23:1
[INFO] [stdout]    |
[INFO] [stdout] 23 | test_helpers::codegen_tests!("*.wit");
[INFO] [stdout]    | ^^^^^^^^^^^^ use of undeclared crate or module `test_helpers`
[INFO] [stdout] 
[INFO] [stdout] 
[INFO] [stdout] warning: unused macro definition: `codegen_test`
[INFO] [stdout]  --> tests/codegen.rs:4:14
[INFO] [stdout]   |
[INFO] [stdout] 4 | macro_rules! codegen_test {
[INFO] [stdout]   |              ^^^^^^^^^^^^
[INFO] [stdout]   |
[INFO] [stdout]   = note: `#[warn(unused_macros)]` on by default
[INFO] [stdout] 
[INFO] [stdout] 
[INFO] [stdout] error[E0433]: failed to resolve: use of undeclared crate or module `test_helpers`
[INFO] [stdout]   --> tests/codegen.rs:73:5
[INFO] [stdout]    |
[INFO] [stdout] 73 |     test_helpers::run_command(&mut cmd);
[INFO] [stdout]    |     ^^^^^^^^^^^^ use of undeclared crate or module `test_helpers`
[INFO] [stdout] 
[INFO] [stdout] 
[INFO] [stdout] error: aborting due to 2 previous errors; 1 warning emitted
[INFO] [stdout] 
[INFO] [stdout] 
[INFO] [stdout] For more information about this error, try `rustc --explain E0433`.
[INFO] [stdout] 
[INFO] [stderr] error: could not compile `wit-bindgen-gen-guest-teavm-java` (test "codegen") due to 3 previous errors; 1 warning emitted
[INFO] [stderr] warning: build failed, waiting for other jobs to finish...
[INFO] running `Command { std: "docker" "inspect" "40e53cc9d14d403d2e05ace58a05b4d9763e6f4329c9e42bf5d3adeddf8dfa6c", kill_on_drop: false }`
[INFO] running `Command { std: "docker" "rm" "-f" "40e53cc9d14d403d2e05ace58a05b4d9763e6f4329c9e42bf5d3adeddf8dfa6c", kill_on_drop: false }`
[INFO] [stdout] 40e53cc9d14d403d2e05ace58a05b4d9763e6f4329c9e42bf5d3adeddf8dfa6c
