[INFO] fetching crate wit-bindgen-gen-guest-rust 0.3.0...
[INFO] testing wit-bindgen-gen-guest-rust-0.3.0 against 1.75.0 for beta-1.76-1
[INFO] extracting crate wit-bindgen-gen-guest-rust 0.3.0 into /workspace/builds/worker-1-tc1/source
[INFO] validating manifest of crates.io crate wit-bindgen-gen-guest-rust 0.3.0 on toolchain 1.75.0
[INFO] running `Command { std: CARGO_HOME="/workspace/cargo-home" RUSTUP_HOME="/workspace/rustup-home" "/workspace/cargo-home/bin/cargo" "+1.75.0" "metadata" "--manifest-path" "Cargo.toml" "--no-deps", kill_on_drop: false }`
[INFO] started tweaking crates.io crate wit-bindgen-gen-guest-rust 0.3.0
[INFO] finished tweaking crates.io crate wit-bindgen-gen-guest-rust 0.3.0
[INFO] tweaked toml for crates.io crate wit-bindgen-gen-guest-rust 0.3.0 written to /workspace/builds/worker-1-tc1/source/Cargo.toml
[INFO] running `Command { std: CARGO_HOME="/workspace/cargo-home" RUSTUP_HOME="/workspace/rustup-home" "/workspace/cargo-home/bin/cargo" "+1.75.0" "generate-lockfile" "--manifest-path" "Cargo.toml", kill_on_drop: false }`
[INFO] [stderr]     Updating crates.io index
[INFO] running `Command { std: CARGO_HOME="/workspace/cargo-home" RUSTUP_HOME="/workspace/rustup-home" "/workspace/cargo-home/bin/cargo" "+1.75.0" "fetch" "--manifest-path" "Cargo.toml", kill_on_drop: false }`
[INFO] [stderr]     Blocking waiting for file lock on package cache
[INFO] [stderr]  Downloading crates ...
[INFO] [stderr]   Downloaded wit-bindgen-core v0.3.0
[INFO] [stderr]   Downloaded wit-parser v0.6.4
[INFO] [stderr]   Downloaded wasm-encoder v0.23.0
[INFO] [stderr]   Downloaded wit-bindgen-gen-rust-lib v0.3.0
[INFO] [stderr]   Downloaded wasm-metadata v0.1.2
[INFO] [stderr]   Downloaded wasmparser v0.100.0
[INFO] [stderr]   Downloaded wit-component v0.6.0
[INFO] running `Command { std: "docker" "create" "-v" "/var/lib/crater-agent-workspace/builds/worker-1-tc1/target:/opt/rustwide/target:rw,Z" "-v" "/var/lib/crater-agent-workspace/builds/worker-1-tc1/source:/opt/rustwide/workdir:ro,Z" "-v" "/var/lib/crater-agent-workspace/cargo-home:/opt/rustwide/cargo-home:ro,Z" "-v" "/var/lib/crater-agent-workspace/rustup-home:/opt/rustwide/rustup-home:ro,Z" "-e" "SOURCE_DIR=/opt/rustwide/workdir" "-e" "CARGO_TARGET_DIR=/opt/rustwide/target" "-e" "CARGO_HOME=/opt/rustwide/cargo-home" "-e" "RUSTUP_HOME=/opt/rustwide/rustup-home" "-w" "/opt/rustwide/workdir" "-m" "1610612736" "--user" "0:0" "--network" "none" "ghcr.io/rust-lang/crates-build-env/linux@sha256:2788e3201cd34a07e3172128adcd8b3090168a8e3bcc40d7c032b9dda1df7d1c" "/opt/rustwide/cargo-home/bin/cargo" "+1.75.0" "metadata" "--no-deps" "--format-version=1", kill_on_drop: false }`
[INFO] [stdout] eef873b1a3c041a91bbd68e494c647500fa801c75f2bab9bbb1d6393e08e3245
[INFO] running `Command { std: "docker" "start" "-a" "eef873b1a3c041a91bbd68e494c647500fa801c75f2bab9bbb1d6393e08e3245", kill_on_drop: false }`
[INFO] running `Command { std: "docker" "inspect" "eef873b1a3c041a91bbd68e494c647500fa801c75f2bab9bbb1d6393e08e3245", kill_on_drop: false }`
[INFO] running `Command { std: "docker" "rm" "-f" "eef873b1a3c041a91bbd68e494c647500fa801c75f2bab9bbb1d6393e08e3245", kill_on_drop: false }`
[INFO] [stdout] eef873b1a3c041a91bbd68e494c647500fa801c75f2bab9bbb1d6393e08e3245
[INFO] running `Command { std: "docker" "create" "-v" "/var/lib/crater-agent-workspace/builds/worker-1-tc1/target:/opt/rustwide/target:rw,Z" "-v" "/var/lib/crater-agent-workspace/builds/worker-1-tc1/source:/opt/rustwide/workdir:ro,Z" "-v" "/var/lib/crater-agent-workspace/cargo-home:/opt/rustwide/cargo-home:ro,Z" "-v" "/var/lib/crater-agent-workspace/rustup-home:/opt/rustwide/rustup-home:ro,Z" "-e" "SOURCE_DIR=/opt/rustwide/workdir" "-e" "CARGO_TARGET_DIR=/opt/rustwide/target" "-e" "CARGO_INCREMENTAL=0" "-e" "RUST_BACKTRACE=full" "-e" "RUSTFLAGS=--cap-lints=warn" "-e" "RUSTDOCFLAGS=--cap-lints=warn" "-e" "CARGO_HOME=/opt/rustwide/cargo-home" "-e" "RUSTUP_HOME=/opt/rustwide/rustup-home" "-w" "/opt/rustwide/workdir" "-m" "1610612736" "--user" "0:0" "--network" "none" "ghcr.io/rust-lang/crates-build-env/linux@sha256:2788e3201cd34a07e3172128adcd8b3090168a8e3bcc40d7c032b9dda1df7d1c" "/opt/rustwide/cargo-home/bin/cargo" "+1.75.0" "build" "--frozen" "--message-format=json", kill_on_drop: false }`
[INFO] [stdout] 3c1e5a9784764bc2b07e3b4b1cfc3209f941562c1c2b4dc23dc3e9e89dd3081f
[INFO] running `Command { std: "docker" "start" "-a" "3c1e5a9784764bc2b07e3b4b1cfc3209f941562c1c2b4dc23dc3e9e89dd3081f", kill_on_drop: false }`
[INFO] [stderr]    Compiling indexmap v1.9.3
[INFO] [stderr]    Compiling serde_derive v1.0.194
[INFO] [stderr]    Compiling unicase v2.7.0
[INFO] [stderr]    Compiling pulldown-cmark v0.8.0
[INFO] [stderr]    Compiling wasm-encoder v0.23.0
[INFO] [stderr]    Compiling unicode-xid v0.2.4
[INFO] [stderr]    Compiling id-arena v2.2.1
[INFO] [stderr]    Compiling unicode-segmentation v1.10.1
[INFO] [stderr]    Compiling wit-bindgen-gen-guest-rust v0.3.0 (/opt/rustwide/workdir)
[INFO] [stderr]    Compiling heck v0.4.1
[INFO] [stderr]    Compiling serde v1.0.194
[INFO] [stderr]    Compiling wasmparser v0.100.0
[INFO] [stderr]    Compiling wit-parser v0.6.4
[INFO] [stderr]    Compiling wasm-metadata v0.1.2
[INFO] [stderr]    Compiling wit-component v0.6.0
[INFO] [stderr]    Compiling wit-bindgen-core v0.3.0
[INFO] [stderr]    Compiling wit-bindgen-gen-rust-lib v0.3.0
[INFO] [stderr]     Finished dev [unoptimized + debuginfo] target(s) in 14.89s
[INFO] running `Command { std: "docker" "inspect" "3c1e5a9784764bc2b07e3b4b1cfc3209f941562c1c2b4dc23dc3e9e89dd3081f", kill_on_drop: false }`
[INFO] running `Command { std: "docker" "rm" "-f" "3c1e5a9784764bc2b07e3b4b1cfc3209f941562c1c2b4dc23dc3e9e89dd3081f", kill_on_drop: false }`
[INFO] [stdout] 3c1e5a9784764bc2b07e3b4b1cfc3209f941562c1c2b4dc23dc3e9e89dd3081f
[INFO] running `Command { std: "docker" "create" "-v" "/var/lib/crater-agent-workspace/builds/worker-1-tc1/target:/opt/rustwide/target:rw,Z" "-v" "/var/lib/crater-agent-workspace/builds/worker-1-tc1/source:/opt/rustwide/workdir:ro,Z" "-v" "/var/lib/crater-agent-workspace/cargo-home:/opt/rustwide/cargo-home:ro,Z" "-v" "/var/lib/crater-agent-workspace/rustup-home:/opt/rustwide/rustup-home:ro,Z" "-e" "SOURCE_DIR=/opt/rustwide/workdir" "-e" "CARGO_TARGET_DIR=/opt/rustwide/target" "-e" "CARGO_INCREMENTAL=0" "-e" "RUST_BACKTRACE=full" "-e" "RUSTFLAGS=--cap-lints=warn" "-e" "RUSTDOCFLAGS=--cap-lints=warn" "-e" "CARGO_HOME=/opt/rustwide/cargo-home" "-e" "RUSTUP_HOME=/opt/rustwide/rustup-home" "-w" "/opt/rustwide/workdir" "-m" "1610612736" "--user" "0:0" "--network" "none" "ghcr.io/rust-lang/crates-build-env/linux@sha256:2788e3201cd34a07e3172128adcd8b3090168a8e3bcc40d7c032b9dda1df7d1c" "/opt/rustwide/cargo-home/bin/cargo" "+1.75.0" "test" "--frozen" "--no-run" "--message-format=json", kill_on_drop: false }`
[INFO] [stdout] 1b9ff7adaa6077e13179fcaa63f8d25eba39b9e5ca8d74293c9d85568d178c31
[INFO] running `Command { std: "docker" "start" "-a" "1b9ff7adaa6077e13179fcaa63f8d25eba39b9e5ca8d74293c9d85568d178c31", kill_on_drop: false }`
[INFO] [stderr]    Compiling wit-bindgen-gen-guest-rust v0.3.0 (/opt/rustwide/workdir)
[INFO] [stdout] error[E0432]: unresolved import `export_baz`
[INFO] [stdout]    --> tests/codegen_no_std.rs:114:24
[INFO] [stdout]     |
[INFO] [stdout] 114 |         pub(crate) use export_baz;
[INFO] [stdout]     |                        ^^^^^^^^^^ no external crate `export_baz`
[INFO] [stdout] 
[INFO] [stdout] 
[INFO] [stdout] error[E0433]: failed to resolve: use of undeclared crate or module `test_helpers`
[INFO] [stdout]   --> tests/codegen_no_std.rs:36:5
[INFO] [stdout]    |
[INFO] [stdout] 36 |     test_helpers::codegen_tests!("*.wit");
[INFO] [stdout]    |     ^^^^^^^^^^^^ use of undeclared crate or module `test_helpers`
[INFO] [stdout] 
[INFO] [stdout] 
[INFO] [stdout] error[E0433]: failed to resolve: use of undeclared crate or module `wit_bindgen`
[INFO] [stdout]   --> tests/codegen_no_std.rs:42:5
[INFO] [stdout]    |
[INFO] [stdout] 42 |     wit_bindgen::generate!({
[INFO] [stdout]    |     ^^^^^^^^^^^ use of undeclared crate or module `wit_bindgen`
[INFO] [stdout] 
[INFO] [stdout] 
[INFO] [stdout] error[E0433]: failed to resolve: use of undeclared crate or module `wit_bindgen`
[INFO] [stdout]   --> tests/codegen_no_std.rs:68:5
[INFO] [stdout]    |
[INFO] [stdout] 68 |     wit_bindgen::generate!({
[INFO] [stdout]    |     ^^^^^^^^^^^ use of undeclared crate or module `wit_bindgen`
[INFO] [stdout] 
[INFO] [stdout] 
[INFO] [stdout] error[E0433]: failed to resolve: use of undeclared crate or module `wit_bindgen`
[INFO] [stdout]    --> tests/codegen_no_std.rs:101:9
[INFO] [stdout]     |
[INFO] [stdout] 101 |         wit_bindgen::generate!({
[INFO] [stdout]     |         ^^^^^^^^^^^ use of undeclared crate or module `wit_bindgen`
[INFO] [stdout] 
[INFO] [stdout] 
[INFO] [stdout] error: cannot determine resolution for the macro `bindings::export_baz`
[INFO] [stdout]    --> tests/codegen_no_std.rs:129:5
[INFO] [stdout]     |
[INFO] [stdout] 129 |     bindings::export_baz!(Component);
[INFO] [stdout]     |     ^^^^^^^^^^^^^^^^^^^^
[INFO] [stdout]     |
[INFO] [stdout]     = note: import resolution is stuck, try simplifying macro imports
[INFO] [stdout] 
[INFO] [stdout] 
[INFO] [stdout] error[E0433]: failed to resolve: use of undeclared crate or module `wit_bindgen`
[INFO] [stdout]    --> tests/codegen_no_std.rs:137:5
[INFO] [stdout]     |
[INFO] [stdout] 137 |     wit_bindgen::generate!({
[INFO] [stdout]     |     ^^^^^^^^^^^ use of undeclared crate or module `wit_bindgen`
[INFO] [stdout] 
[INFO] [stdout] 
[INFO] [stdout] error[E0433]: failed to resolve: use of undeclared crate or module `wit_bindgen`
[INFO] [stdout]    --> tests/codegen_no_std.rs:161:5
[INFO] [stdout]     |
[INFO] [stdout] 161 |     wit_bindgen::generate!({
[INFO] [stdout]     |     ^^^^^^^^^^^ use of undeclared crate or module `wit_bindgen`
[INFO] [stdout] 
[INFO] [stdout] 
[INFO] [stdout] error: cannot find macro `jam` in this scope
[INFO] [stdout]    --> tests/codegen_no_std.rs:157:5
[INFO] [stdout]     |
[INFO] [stdout] 157 |     jam!(Component);
[INFO] [stdout]     |     ^^^
[INFO] [stdout] 
[INFO] [stdout] 
[INFO] [stdout] error: cannot find macro `export_baz` in this scope
[INFO] [stdout]    --> tests/codegen_no_std.rs:180:5
[INFO] [stdout]     |
[INFO] [stdout] 180 |     export_baz!(Component);
[INFO] [stdout]     |     ^^^^^^^^^^
[INFO] [stdout] 
[INFO] [stdout] 
[INFO] [stdout] error[E0432]: unresolved import `export_baz`
[INFO] [stdout]   --> tests/codegen.rs:92:24
[INFO] [stdout]    |
[INFO] [stdout] 92 |         pub(crate) use export_baz;
[INFO] [stdout]    |                        ^^^^^^^^^^ no external crate `export_baz`
[INFO] [stdout] 
[INFO] [stdout] 
[INFO] [stdout] error[E0433]: failed to resolve: use of undeclared crate or module `test_helpers`
[INFO] [stdout]   --> tests/codegen.rs:26:5
[INFO] [stdout]    |
[INFO] [stdout] 26 |     test_helpers::codegen_tests!("*.wit");
[INFO] [stdout]    |     ^^^^^^^^^^^^ use of undeclared crate or module `test_helpers`
[INFO] [stdout] 
[INFO] [stdout] 
[INFO] [stdout] error[E0433]: failed to resolve: use of undeclared crate or module `wit_bindgen`
[INFO] [stdout]   --> tests/codegen.rs:30:5
[INFO] [stdout]    |
[INFO] [stdout] 30 |     wit_bindgen::generate!({
[INFO] [stdout]    |     ^^^^^^^^^^^ use of undeclared crate or module `wit_bindgen`
[INFO] [stdout] 
[INFO] [stdout] 
[INFO] [stdout] error[E0433]: failed to resolve: use of undeclared crate or module `wit_bindgen`
[INFO] [stdout]   --> tests/codegen.rs:53:5
[INFO] [stdout]    |
[INFO] [stdout] 53 |     wit_bindgen::generate!({
[INFO] [stdout]    |     ^^^^^^^^^^^ use of undeclared crate or module `wit_bindgen`
[INFO] [stdout] 
[INFO] [stdout] 
[INFO] [stdout] error[E0433]: failed to resolve: use of undeclared crate or module `wit_bindgen`
[INFO] [stdout]   --> tests/codegen.rs:80:9
[INFO] [stdout]    |
[INFO] [stdout] 80 |         wit_bindgen::generate!({
[INFO] [stdout]    |         ^^^^^^^^^^^ use of undeclared crate or module `wit_bindgen`
[INFO] [stdout] 
[INFO] [stdout] 
[INFO] [stdout] error[E0433]: failed to resolve: could not find `exports1` in `bindings`
[INFO] [stdout]    --> tests/codegen_no_std.rs:119:20
[INFO] [stdout]     |
[INFO] [stdout] 119 |     impl bindings::exports1::Exports1 for Component {
[INFO] [stdout]     |                    ^^^^^^^^ could not find `exports1` in `bindings`
[INFO] [stdout] 
[INFO] [stdout] 
[INFO] [stdout] error: cannot determine resolution for the macro `bindings::export_baz`
[INFO] [stdout]    --> tests/codegen.rs:107:5
[INFO] [stdout]     |
[INFO] [stdout] 107 |     bindings::export_baz!(Component);
[INFO] [stdout]     |     ^^^^^^^^^^^^^^^^^^^^
[INFO] [stdout]     |
[INFO] [stdout]     = note: import resolution is stuck, try simplifying macro imports
[INFO] [stdout] 
[INFO] [stdout] 
[INFO] [stdout] error[E0433]: failed to resolve: use of undeclared crate or module `wit_bindgen`
[INFO] [stdout]    --> tests/codegen.rs:113:5
[INFO] [stdout]     |
[INFO] [stdout] 113 |     wit_bindgen::generate!({
[INFO] [stdout]     |     ^^^^^^^^^^^ use of undeclared crate or module `wit_bindgen`
[INFO] [stdout] 
[INFO] [stdout] 
[INFO] [stdout] error[E0433]: failed to resolve: use of undeclared crate or module `wit_bindgen`
[INFO] [stdout]    --> tests/codegen.rs:136:5
[INFO] [stdout]     |
[INFO] [stdout] 136 |     wit_bindgen::generate!({
[INFO] [stdout]     |     ^^^^^^^^^^^ use of undeclared crate or module `wit_bindgen`
[INFO] [stdout] 
[INFO] [stdout] 
[INFO] [stdout] error: cannot find macro `jam` in this scope
[INFO] [stdout]    --> tests/codegen.rs:132:5
[INFO] [stdout]     |
[INFO] [stdout] 132 |     jam!(Component);
[INFO] [stdout]     |     ^^^
[INFO] [stdout] 
[INFO] [stdout] 
[INFO] [stdout] error: cannot find macro `export_baz` in this scope
[INFO] [stdout]    --> tests/codegen.rs:154:5
[INFO] [stdout]     |
[INFO] [stdout] 154 |     export_baz!(Component);
[INFO] [stdout]     |     ^^^^^^^^^^
[INFO] [stdout] 
[INFO] [stdout] 
[INFO] [stdout] error[E0433]: failed to resolve: use of undeclared crate or module `cat`
[INFO] [stdout]   --> tests/codegen_no_std.rs:57:9
[INFO] [stdout]    |
[INFO] [stdout] 57 |         cat::foo("hello");
[INFO] [stdout]    |         ^^^ use of undeclared crate or module `cat`
[INFO] [stdout] 
[INFO] [stdout] 
[INFO] [stdout] error[E0433]: failed to resolve: use of undeclared crate or module `cat`
[INFO] [stdout]   --> tests/codegen_no_std.rs:60:26
[INFO] [stdout]    |
[INFO] [stdout] 60 |         let _t: String = cat::bar();
[INFO] [stdout]    |                          ^^^ use of undeclared crate or module `cat`
[INFO] [stdout] 
[INFO] [stdout] 
[INFO] [stdout] error[E0433]: failed to resolve: use of undeclared crate or module `cat`
[INFO] [stdout]   --> tests/codegen_no_std.rs:84:9
[INFO] [stdout]    |
[INFO] [stdout] 84 |         cat::foo(b"hello");
[INFO] [stdout]    |         ^^^ use of undeclared crate or module `cat`
[INFO] [stdout] 
[INFO] [stdout] 
[INFO] [stdout] error[E0433]: failed to resolve: use of undeclared crate or module `cat`
[INFO] [stdout]   --> tests/codegen_no_std.rs:87:27
[INFO] [stdout]    |
[INFO] [stdout] 87 |         let _t: Vec<u8> = cat::bar();
[INFO] [stdout]    |                           ^^^ use of undeclared crate or module `cat`
[INFO] [stdout] 
[INFO] [stdout] 
[INFO] [stdout] error[E0433]: failed to resolve: use of undeclared crate or module `exports2`
[INFO] [stdout]    --> tests/codegen_no_std.rs:151:10
[INFO] [stdout]     |
[INFO] [stdout] 151 |     impl exports2::Exports2 for Component {
[INFO] [stdout]     |          ^^^^^^^^ use of undeclared crate or module `exports2`
[INFO] [stdout] 
[INFO] [stdout] 
[INFO] [stdout] error[E0433]: failed to resolve: use of undeclared crate or module `exports`
[INFO] [stdout]    --> tests/codegen_no_std.rs:176:10
[INFO] [stdout]     |
[INFO] [stdout] 176 |     impl exports::Exports for Component {
[INFO] [stdout]     |          ^^^^^^^ use of undeclared crate or module `exports`
[INFO] [stdout] 
[INFO] [stdout] 
[INFO] [stdout] error: aborting due to 17 previous errors
[INFO] [stdout] 
[INFO] [stdout] 
[INFO] [stdout] Some errors have detailed explanations: E0432, E0433.
[INFO] [stdout] 
[INFO] [stdout] For more information about an error, try `rustc --explain E0432`.
[INFO] [stdout] 
[INFO] [stderr] error: could not compile `wit-bindgen-gen-guest-rust` (test "codegen_no_std") due to 18 previous errors
[INFO] [stderr] warning: build failed, waiting for other jobs to finish...
[INFO] [stdout] error[E0433]: failed to resolve: could not find `exports1` in `bindings`
[INFO] [stdout]   --> tests/codegen.rs:97:20
[INFO] [stdout]    |
[INFO] [stdout] 97 |     impl bindings::exports1::Exports1 for Component {
[INFO] [stdout]    |                    ^^^^^^^^ could not find `exports1` in `bindings`
[INFO] [stdout] 
[INFO] [stdout] 
[INFO] [stdout] error[E0433]: failed to resolve: use of undeclared crate or module `cat`
[INFO] [stdout]   --> tests/codegen.rs:44:9
[INFO] [stdout]    |
[INFO] [stdout] 44 |         cat::foo("hello");
[INFO] [stdout]    |         ^^^ use of undeclared crate or module `cat`
[INFO] [stdout] 
[INFO] [stdout] 
[INFO] [stdout] error[E0433]: failed to resolve: use of undeclared crate or module `cat`
[INFO] [stdout]   --> tests/codegen.rs:47:26
[INFO] [stdout]    |
[INFO] [stdout] 47 |         let _t: String = cat::bar();
[INFO] [stdout]    |                          ^^^ use of undeclared crate or module `cat`
[INFO] [stdout] 
[INFO] [stdout] 
[INFO] [stdout] error[E0433]: failed to resolve: use of undeclared crate or module `cat`
[INFO] [stdout]   --> tests/codegen.rs:68:9
[INFO] [stdout]    |
[INFO] [stdout] 68 |         cat::foo(b"hello");
[INFO] [stdout]    |         ^^^ use of undeclared crate or module `cat`
[INFO] [stdout] 
[INFO] [stdout] 
[INFO] [stdout] error[E0433]: failed to resolve: use of undeclared crate or module `cat`
[INFO] [stdout]   --> tests/codegen.rs:71:27
[INFO] [stdout]    |
[INFO] [stdout] 71 |         let _t: Vec<u8> = cat::bar();
[INFO] [stdout]    |                           ^^^ use of undeclared crate or module `cat`
[INFO] [stdout] 
[INFO] [stdout] 
[INFO] [stdout] error[E0433]: failed to resolve: use of undeclared crate or module `exports2`
[INFO] [stdout]    --> tests/codegen.rs:126:10
[INFO] [stdout]     |
[INFO] [stdout] 126 |     impl exports2::Exports2 for Component {
[INFO] [stdout]     |          ^^^^^^^^ use of undeclared crate or module `exports2`
[INFO] [stdout] 
[INFO] [stdout] 
[INFO] [stdout] error[E0433]: failed to resolve: use of undeclared crate or module `exports`
[INFO] [stdout]    --> tests/codegen.rs:150:10
[INFO] [stdout]     |
[INFO] [stdout] 150 |     impl exports::Exports for Component {
[INFO] [stdout]     |          ^^^^^^^ use of undeclared crate or module `exports`
[INFO] [stdout] 
[INFO] [stdout] 
[INFO] [stdout] error: aborting due to 17 previous errors
[INFO] [stdout] 
[INFO] [stdout] 
[INFO] [stdout] Some errors have detailed explanations: E0432, E0433.
[INFO] [stdout] 
[INFO] [stdout] For more information about an error, try `rustc --explain E0432`.
[INFO] [stdout] 
[INFO] [stderr] error: could not compile `wit-bindgen-gen-guest-rust` (test "codegen") due to 18 previous errors
[INFO] running `Command { std: "docker" "inspect" "1b9ff7adaa6077e13179fcaa63f8d25eba39b9e5ca8d74293c9d85568d178c31", kill_on_drop: false }`
[INFO] running `Command { std: "docker" "rm" "-f" "1b9ff7adaa6077e13179fcaa63f8d25eba39b9e5ca8d74293c9d85568d178c31", kill_on_drop: false }`
[INFO] [stdout] 1b9ff7adaa6077e13179fcaa63f8d25eba39b9e5ca8d74293c9d85568d178c31
[INFO] testing wit-bindgen-gen-guest-rust-0.3.0 against beta-2023-12-22 for beta-1.76-1
[INFO] extracting crate wit-bindgen-gen-guest-rust 0.3.0 into /workspace/builds/worker-1-tc2/source
[INFO] validating manifest of crates.io crate wit-bindgen-gen-guest-rust 0.3.0 on toolchain beta-2023-12-22
[INFO] running `Command { std: CARGO_HOME="/workspace/cargo-home" RUSTUP_HOME="/workspace/rustup-home" "/workspace/cargo-home/bin/cargo" "+beta-2023-12-22" "metadata" "--manifest-path" "Cargo.toml" "--no-deps", kill_on_drop: false }`
[INFO] started tweaking crates.io crate wit-bindgen-gen-guest-rust 0.3.0
[INFO] finished tweaking crates.io crate wit-bindgen-gen-guest-rust 0.3.0
[INFO] tweaked toml for crates.io crate wit-bindgen-gen-guest-rust 0.3.0 written to /workspace/builds/worker-1-tc2/source/Cargo.toml
[INFO] running `Command { std: CARGO_HOME="/workspace/cargo-home" RUSTUP_HOME="/workspace/rustup-home" "/workspace/cargo-home/bin/cargo" "+beta-2023-12-22" "generate-lockfile" "--manifest-path" "Cargo.toml", kill_on_drop: false }`
[INFO] [stderr]     Updating crates.io index
[INFO] running `Command { std: CARGO_HOME="/workspace/cargo-home" RUSTUP_HOME="/workspace/rustup-home" "/workspace/cargo-home/bin/cargo" "+beta-2023-12-22" "fetch" "--manifest-path" "Cargo.toml", kill_on_drop: false }`
[INFO] running `Command { std: "docker" "create" "-v" "/var/lib/crater-agent-workspace/builds/worker-1-tc2/target:/opt/rustwide/target:rw,Z" "-v" "/var/lib/crater-agent-workspace/builds/worker-1-tc2/source:/opt/rustwide/workdir:ro,Z" "-v" "/var/lib/crater-agent-workspace/cargo-home:/opt/rustwide/cargo-home:ro,Z" "-v" "/var/lib/crater-agent-workspace/rustup-home:/opt/rustwide/rustup-home:ro,Z" "-e" "SOURCE_DIR=/opt/rustwide/workdir" "-e" "CARGO_TARGET_DIR=/opt/rustwide/target" "-e" "CARGO_HOME=/opt/rustwide/cargo-home" "-e" "RUSTUP_HOME=/opt/rustwide/rustup-home" "-w" "/opt/rustwide/workdir" "-m" "1610612736" "--user" "0:0" "--network" "none" "ghcr.io/rust-lang/crates-build-env/linux@sha256:2788e3201cd34a07e3172128adcd8b3090168a8e3bcc40d7c032b9dda1df7d1c" "/opt/rustwide/cargo-home/bin/cargo" "+beta-2023-12-22" "metadata" "--no-deps" "--format-version=1", kill_on_drop: false }`
[INFO] [stdout] f59561c8aa038f40c9dabddf3815b997e1637171bb66a87bbfb0c4b2d7e07eb5
[INFO] running `Command { std: "docker" "start" "-a" "f59561c8aa038f40c9dabddf3815b997e1637171bb66a87bbfb0c4b2d7e07eb5", kill_on_drop: false }`
[INFO] running `Command { std: "docker" "inspect" "f59561c8aa038f40c9dabddf3815b997e1637171bb66a87bbfb0c4b2d7e07eb5", kill_on_drop: false }`
[INFO] running `Command { std: "docker" "rm" "-f" "f59561c8aa038f40c9dabddf3815b997e1637171bb66a87bbfb0c4b2d7e07eb5", kill_on_drop: false }`
[INFO] [stdout] f59561c8aa038f40c9dabddf3815b997e1637171bb66a87bbfb0c4b2d7e07eb5
[INFO] running `Command { std: "docker" "create" "-v" "/var/lib/crater-agent-workspace/builds/worker-1-tc2/target:/opt/rustwide/target:rw,Z" "-v" "/var/lib/crater-agent-workspace/builds/worker-1-tc2/source:/opt/rustwide/workdir:ro,Z" "-v" "/var/lib/crater-agent-workspace/cargo-home:/opt/rustwide/cargo-home:ro,Z" "-v" "/var/lib/crater-agent-workspace/rustup-home:/opt/rustwide/rustup-home:ro,Z" "-e" "SOURCE_DIR=/opt/rustwide/workdir" "-e" "CARGO_TARGET_DIR=/opt/rustwide/target" "-e" "CARGO_INCREMENTAL=0" "-e" "RUST_BACKTRACE=full" "-e" "RUSTFLAGS=--cap-lints=warn" "-e" "RUSTDOCFLAGS=--cap-lints=warn" "-e" "CARGO_HOME=/opt/rustwide/cargo-home" "-e" "RUSTUP_HOME=/opt/rustwide/rustup-home" "-w" "/opt/rustwide/workdir" "-m" "1610612736" "--user" "0:0" "--network" "none" "ghcr.io/rust-lang/crates-build-env/linux@sha256:2788e3201cd34a07e3172128adcd8b3090168a8e3bcc40d7c032b9dda1df7d1c" "/opt/rustwide/cargo-home/bin/cargo" "+beta-2023-12-22" "build" "--frozen" "--message-format=json", kill_on_drop: false }`
[INFO] [stdout] d18d8d62f85c654f59f5dabb9020da8c6df42a8eb7442633098ee82f8a59377f
[INFO] running `Command { std: "docker" "start" "-a" "d18d8d62f85c654f59f5dabb9020da8c6df42a8eb7442633098ee82f8a59377f", kill_on_drop: false }`
[INFO] [stderr]    Compiling indexmap v1.9.3
[INFO] [stderr]    Compiling unicase v2.7.0
[INFO] [stderr]    Compiling pulldown-cmark v0.8.0
[INFO] [stderr]    Compiling id-arena v2.2.1
[INFO] [stderr]    Compiling serde_derive v1.0.194
[INFO] [stderr]    Compiling wasm-encoder v0.23.0
[INFO] [stderr]    Compiling unicode-xid v0.2.4
[INFO] [stderr]    Compiling unicode-segmentation v1.10.1
[INFO] [stderr]    Compiling wit-bindgen-gen-guest-rust v0.3.0 (/opt/rustwide/workdir)
[INFO] [stderr]    Compiling heck v0.4.1
[INFO] [stderr]    Compiling serde v1.0.194
[INFO] [stderr]    Compiling wasmparser v0.100.0
[INFO] [stderr]    Compiling wit-parser v0.6.4
[INFO] [stderr]    Compiling wasm-metadata v0.1.2
[INFO] [stderr]    Compiling wit-component v0.6.0
[INFO] [stderr]    Compiling wit-bindgen-core v0.3.0
[INFO] [stderr]    Compiling wit-bindgen-gen-rust-lib v0.3.0
[INFO] [stderr]     Finished dev [unoptimized + debuginfo] target(s) in 15.13s
[INFO] running `Command { std: "docker" "inspect" "d18d8d62f85c654f59f5dabb9020da8c6df42a8eb7442633098ee82f8a59377f", kill_on_drop: false }`
[INFO] running `Command { std: "docker" "rm" "-f" "d18d8d62f85c654f59f5dabb9020da8c6df42a8eb7442633098ee82f8a59377f", kill_on_drop: false }`
[INFO] [stdout] d18d8d62f85c654f59f5dabb9020da8c6df42a8eb7442633098ee82f8a59377f
[INFO] running `Command { std: "docker" "create" "-v" "/var/lib/crater-agent-workspace/builds/worker-1-tc2/target:/opt/rustwide/target:rw,Z" "-v" "/var/lib/crater-agent-workspace/builds/worker-1-tc2/source:/opt/rustwide/workdir:ro,Z" "-v" "/var/lib/crater-agent-workspace/cargo-home:/opt/rustwide/cargo-home:ro,Z" "-v" "/var/lib/crater-agent-workspace/rustup-home:/opt/rustwide/rustup-home:ro,Z" "-e" "SOURCE_DIR=/opt/rustwide/workdir" "-e" "CARGO_TARGET_DIR=/opt/rustwide/target" "-e" "CARGO_INCREMENTAL=0" "-e" "RUST_BACKTRACE=full" "-e" "RUSTFLAGS=--cap-lints=warn" "-e" "RUSTDOCFLAGS=--cap-lints=warn" "-e" "CARGO_HOME=/opt/rustwide/cargo-home" "-e" "RUSTUP_HOME=/opt/rustwide/rustup-home" "-w" "/opt/rustwide/workdir" "-m" "1610612736" "--user" "0:0" "--network" "none" "ghcr.io/rust-lang/crates-build-env/linux@sha256:2788e3201cd34a07e3172128adcd8b3090168a8e3bcc40d7c032b9dda1df7d1c" "/opt/rustwide/cargo-home/bin/cargo" "+beta-2023-12-22" "test" "--frozen" "--no-run" "--message-format=json", kill_on_drop: false }`
[INFO] [stdout] 37beba3ce096ca411f681b24cb22da03cfb3e75cbda0e5a7b9ae67889f2242da
[INFO] running `Command { std: "docker" "start" "-a" "37beba3ce096ca411f681b24cb22da03cfb3e75cbda0e5a7b9ae67889f2242da", kill_on_drop: false }`
[INFO] [stderr]    Compiling wit-bindgen-gen-guest-rust v0.3.0 (/opt/rustwide/workdir)
[INFO] [stdout] error[E0432]: unresolved import `export_baz`
[INFO] [stdout]    --> tests/codegen_no_std.rs:114:24
[INFO] [stdout]     |
[INFO] [stdout] 114 |         pub(crate) use export_baz;
[INFO] [stdout]     |                        ^^^^^^^^^^ no external crate `export_baz`
[INFO] [stdout] 
[INFO] [stdout] 
[INFO] [stdout] error[E0433]: failed to resolve: use of undeclared crate or module `test_helpers`
[INFO] [stdout]   --> tests/codegen_no_std.rs:36:5
[INFO] [stdout]    |
[INFO] [stdout] 36 |     test_helpers::codegen_tests!("*.wit");
[INFO] [stdout]    |     ^^^^^^^^^^^^ use of undeclared crate or module `test_helpers`
[INFO] [stdout] 
[INFO] [stdout] 
[INFO] [stdout] error[E0433]: failed to resolve: use of undeclared crate or module `wit_bindgen`
[INFO] [stdout]   --> tests/codegen_no_std.rs:42:5
[INFO] [stdout]    |
[INFO] [stdout] 42 |     wit_bindgen::generate!({
[INFO] [stdout]    |     ^^^^^^^^^^^ use of undeclared crate or module `wit_bindgen`
[INFO] [stdout] 
[INFO] [stdout] 
[INFO] [stdout] error[E0433]: failed to resolve: use of undeclared crate or module `wit_bindgen`
[INFO] [stdout]   --> tests/codegen_no_std.rs:68:5
[INFO] [stdout]    |
[INFO] [stdout] 68 |     wit_bindgen::generate!({
[INFO] [stdout]    |     ^^^^^^^^^^^ use of undeclared crate or module `wit_bindgen`
[INFO] [stdout] 
[INFO] [stdout] 
[INFO] [stdout] error[E0433]: failed to resolve: use of undeclared crate or module `wit_bindgen`
[INFO] [stdout]    --> tests/codegen_no_std.rs:101:9
[INFO] [stdout]     |
[INFO] [stdout] 101 |         wit_bindgen::generate!({
[INFO] [stdout]     |         ^^^^^^^^^^^ use of undeclared crate or module `wit_bindgen`
[INFO] [stdout] 
[INFO] [stdout] 
[INFO] [stdout] error: cannot determine resolution for the macro `bindings::export_baz`
[INFO] [stdout]    --> tests/codegen_no_std.rs:129:5
[INFO] [stdout]     |
[INFO] [stdout] 129 |     bindings::export_baz!(Component);
[INFO] [stdout]     |     ^^^^^^^^^^^^^^^^^^^^
[INFO] [stdout]     |
[INFO] [stdout]     = note: import resolution is stuck, try simplifying macro imports
[INFO] [stdout] 
[INFO] [stdout] 
[INFO] [stdout] error[E0433]: failed to resolve: use of undeclared crate or module `wit_bindgen`
[INFO] [stdout]    --> tests/codegen_no_std.rs:137:5
[INFO] [stdout]     |
[INFO] [stdout] 137 |     wit_bindgen::generate!({
[INFO] [stdout]     |     ^^^^^^^^^^^ use of undeclared crate or module `wit_bindgen`
[INFO] [stdout] 
[INFO] [stdout] 
[INFO] [stdout] error[E0433]: failed to resolve: use of undeclared crate or module `wit_bindgen`
[INFO] [stdout]    --> tests/codegen_no_std.rs:161:5
[INFO] [stdout]     |
[INFO] [stdout] 161 |     wit_bindgen::generate!({
[INFO] [stdout]     |     ^^^^^^^^^^^ use of undeclared crate or module `wit_bindgen`
[INFO] [stdout] 
[INFO] [stdout] 
[INFO] [stdout] error: cannot find macro `jam` in this scope
[INFO] [stdout]    --> tests/codegen_no_std.rs:157:5
[INFO] [stdout]     |
[INFO] [stdout] 157 |     jam!(Component);
[INFO] [stdout]     |     ^^^
[INFO] [stdout] 
[INFO] [stdout] 
[INFO] [stdout] error: cannot find macro `export_baz` in this scope
[INFO] [stdout]    --> tests/codegen_no_std.rs:180:5
[INFO] [stdout]     |
[INFO] [stdout] 180 |     export_baz!(Component);
[INFO] [stdout]     |     ^^^^^^^^^^
[INFO] [stdout] 
[INFO] [stdout] 
[INFO] [stdout] error[E0432]: unresolved import `export_baz`
[INFO] [stdout]   --> tests/codegen.rs:92:24
[INFO] [stdout]    |
[INFO] [stdout] 92 |         pub(crate) use export_baz;
[INFO] [stdout]    |                        ^^^^^^^^^^ no external crate `export_baz`
[INFO] [stdout] 
[INFO] [stdout] 
[INFO] [stdout] error[E0433]: failed to resolve: use of undeclared crate or module `test_helpers`
[INFO] [stdout]   --> tests/codegen.rs:26:5
[INFO] [stdout]    |
[INFO] [stdout] 26 |     test_helpers::codegen_tests!("*.wit");
[INFO] [stdout]    |     ^^^^^^^^^^^^ use of undeclared crate or module `test_helpers`
[INFO] [stdout] 
[INFO] [stdout] 
[INFO] [stdout] error[E0433]: failed to resolve: use of undeclared crate or module `wit_bindgen`
[INFO] [stdout]   --> tests/codegen.rs:30:5
[INFO] [stdout]    |
[INFO] [stdout] 30 |     wit_bindgen::generate!({
[INFO] [stdout]    |     ^^^^^^^^^^^ use of undeclared crate or module `wit_bindgen`
[INFO] [stdout] 
[INFO] [stdout] 
[INFO] [stdout] error[E0433]: failed to resolve: use of undeclared crate or module `wit_bindgen`
[INFO] [stdout]   --> tests/codegen.rs:53:5
[INFO] [stdout]    |
[INFO] [stdout] 53 |     wit_bindgen::generate!({
[INFO] [stdout]    |     ^^^^^^^^^^^ use of undeclared crate or module `wit_bindgen`
[INFO] [stdout] 
[INFO] [stdout] 
[INFO] [stdout] error[E0433]: failed to resolve: use of undeclared crate or module `wit_bindgen`
[INFO] [stdout]   --> tests/codegen.rs:80:9
[INFO] [stdout]    |
[INFO] [stdout] 80 |         wit_bindgen::generate!({
[INFO] [stdout]    |         ^^^^^^^^^^^ use of undeclared crate or module `wit_bindgen`
[INFO] [stdout] 
[INFO] [stdout] 
[INFO] [stdout] error[E0433]: failed to resolve: could not find `exports1` in `bindings`
[INFO] [stdout]    --> tests/codegen_no_std.rs:119:20
[INFO] [stdout]     |
[INFO] [stdout] 119 |     impl bindings::exports1::Exports1 for Component {
[INFO] [stdout]     |                    ^^^^^^^^ could not find `exports1` in `bindings`
[INFO] [stdout] 
[INFO] [stdout] 
[INFO] [stdout] error[E0433]: failed to resolve: use of undeclared crate or module `cat`
[INFO] [stdout]   --> tests/codegen_no_std.rs:57:9
[INFO] [stdout]    |
[INFO] [stdout] 57 |         cat::foo("hello");
[INFO] [stdout]    |         ^^^ use of undeclared crate or module `cat`
[INFO] [stdout] 
[INFO] [stdout] 
[INFO] [stdout] error[E0433]: failed to resolve: use of undeclared crate or module `cat`
[INFO] [stdout]   --> tests/codegen_no_std.rs:60:26
[INFO] [stdout]    |
[INFO] [stdout] 60 |         let _t: String = cat::bar();
[INFO] [stdout]    |                          ^^^ use of undeclared crate or module `cat`
[INFO] [stdout] 
[INFO] [stdout] 
[INFO] [stdout] error[E0433]: failed to resolve: use of undeclared crate or module `cat`
[INFO] [stdout]   --> tests/codegen_no_std.rs:84:9
[INFO] [stdout]    |
[INFO] [stdout] 84 |         cat::foo(b"hello");
[INFO] [stdout]    |         ^^^ use of undeclared crate or module `cat`
[INFO] [stdout] 
[INFO] [stdout] 
[INFO] [stdout] error[E0433]: failed to resolve: use of undeclared crate or module `cat`
[INFO] [stdout]   --> tests/codegen_no_std.rs:87:27
[INFO] [stdout]    |
[INFO] [stdout] 87 |         let _t: Vec<u8> = cat::bar();
[INFO] [stdout]    |                           ^^^ use of undeclared crate or module `cat`
[INFO] [stdout] 
[INFO] [stdout] 
[INFO] [stdout] error[E0433]: failed to resolve: use of undeclared crate or module `exports2`
[INFO] [stdout]    --> tests/codegen_no_std.rs:151:10
[INFO] [stdout]     |
[INFO] [stdout] 151 |     impl exports2::Exports2 for Component {
[INFO] [stdout]     |          ^^^^^^^^ use of undeclared crate or module `exports2`
[INFO] [stdout] 
[INFO] [stdout] 
[INFO] [stdout] error[E0433]: failed to resolve: use of undeclared crate or module `exports`
[INFO] [stdout]    --> tests/codegen_no_std.rs:176:10
[INFO] [stdout]     |
[INFO] [stdout] 176 |     impl exports::Exports for Component {
[INFO] [stdout]     |          ^^^^^^^ use of undeclared crate or module `exports`
[INFO] [stdout] 
[INFO] [stdout] 
[INFO] [stdout] error: aborting due to 17 previous errors
[INFO] [stdout] 
[INFO] [stdout] 
[INFO] [stdout] Some errors have detailed explanations: E0432, E0433.
[INFO] [stdout] 
[INFO] [stdout] For more information about an error, try `rustc --explain E0432`.
[INFO] [stdout] 
[INFO] [stderr] error: could not compile `wit-bindgen-gen-guest-rust` (test "codegen_no_std") due to 18 previous errors
[INFO] [stderr] warning: build failed, waiting for other jobs to finish...
[INFO] [stdout] error: cannot determine resolution for the macro `bindings::export_baz`
[INFO] [stdout]    --> tests/codegen.rs:107:5
[INFO] [stdout]     |
[INFO] [stdout] 107 |     bindings::export_baz!(Component);
[INFO] [stdout]     |     ^^^^^^^^^^^^^^^^^^^^
[INFO] [stdout]     |
[INFO] [stdout]     = note: import resolution is stuck, try simplifying macro imports
[INFO] [stdout] 
[INFO] [stdout] 
[INFO] [stdout] error[E0433]: failed to resolve: use of undeclared crate or module `wit_bindgen`
[INFO] [stdout]    --> tests/codegen.rs:113:5
[INFO] [stdout]     |
[INFO] [stdout] 113 |     wit_bindgen::generate!({
[INFO] [stdout]     |     ^^^^^^^^^^^ use of undeclared crate or module `wit_bindgen`
[INFO] [stdout] 
[INFO] [stdout] 
[INFO] [stdout] error[E0433]: failed to resolve: use of undeclared crate or module `wit_bindgen`
[INFO] [stdout]    --> tests/codegen.rs:136:5
[INFO] [stdout]     |
[INFO] [stdout] 136 |     wit_bindgen::generate!({
[INFO] [stdout]     |     ^^^^^^^^^^^ use of undeclared crate or module `wit_bindgen`
[INFO] [stdout] 
[INFO] [stdout] 
[INFO] [stdout] error: cannot find macro `jam` in this scope
[INFO] [stdout]    --> tests/codegen.rs:132:5
[INFO] [stdout]     |
[INFO] [stdout] 132 |     jam!(Component);
[INFO] [stdout]     |     ^^^
[INFO] [stdout] 
[INFO] [stdout] 
[INFO] [stdout] error: cannot find macro `export_baz` in this scope
[INFO] [stdout]    --> tests/codegen.rs:154:5
[INFO] [stdout]     |
[INFO] [stdout] 154 |     export_baz!(Component);
[INFO] [stdout]     |     ^^^^^^^^^^
[INFO] [stdout] 
[INFO] [stdout] 
[INFO] [stdout] error[E0433]: failed to resolve: could not find `exports1` in `bindings`
[INFO] [stdout]   --> tests/codegen.rs:97:20
[INFO] [stdout]    |
[INFO] [stdout] 97 |     impl bindings::exports1::Exports1 for Component {
[INFO] [stdout]    |                    ^^^^^^^^ could not find `exports1` in `bindings`
[INFO] [stdout] 
[INFO] [stdout] 
[INFO] [stdout] error[E0433]: failed to resolve: use of undeclared crate or module `cat`
[INFO] [stdout]   --> tests/codegen.rs:44:9
[INFO] [stdout]    |
[INFO] [stdout] 44 |         cat::foo("hello");
[INFO] [stdout]    |         ^^^ use of undeclared crate or module `cat`
[INFO] [stdout] 
[INFO] [stdout] 
[INFO] [stdout] error[E0433]: failed to resolve: use of undeclared crate or module `cat`
[INFO] [stdout]   --> tests/codegen.rs:47:26
[INFO] [stdout]    |
[INFO] [stdout] 47 |         let _t: String = cat::bar();
[INFO] [stdout]    |                          ^^^ use of undeclared crate or module `cat`
[INFO] [stdout] 
[INFO] [stdout] 
[INFO] [stdout] error[E0433]: failed to resolve: use of undeclared crate or module `cat`
[INFO] [stdout]   --> tests/codegen.rs:68:9
[INFO] [stdout]    |
[INFO] [stdout] 68 |         cat::foo(b"hello");
[INFO] [stdout]    |         ^^^ use of undeclared crate or module `cat`
[INFO] [stdout] 
[INFO] [stdout] 
[INFO] [stdout] error[E0433]: failed to resolve: use of undeclared crate or module `cat`
[INFO] [stdout]   --> tests/codegen.rs:71:27
[INFO] [stdout]    |
[INFO] [stdout] 71 |         let _t: Vec<u8> = cat::bar();
[INFO] [stdout]    |                           ^^^ use of undeclared crate or module `cat`
[INFO] [stdout] 
[INFO] [stdout] 
[INFO] [stdout] error[E0433]: failed to resolve: use of undeclared crate or module `exports2`
[INFO] [stdout]    --> tests/codegen.rs:126:10
[INFO] [stdout]     |
[INFO] [stdout] 126 |     impl exports2::Exports2 for Component {
[INFO] [stdout]     |          ^^^^^^^^ use of undeclared crate or module `exports2`
[INFO] [stdout] 
[INFO] [stdout] 
[INFO] [stdout] error[E0433]: failed to resolve: use of undeclared crate or module `exports`
[INFO] [stdout]    --> tests/codegen.rs:150:10
[INFO] [stdout]     |
[INFO] [stdout] 150 |     impl exports::Exports for Component {
[INFO] [stdout]     |          ^^^^^^^ use of undeclared crate or module `exports`
[INFO] [stdout] 
[INFO] [stdout] 
[INFO] [stdout] error: aborting due to 17 previous errors
[INFO] [stdout] 
[INFO] [stdout] 
[INFO] [stdout] Some errors have detailed explanations: E0432, E0433.
[INFO] [stdout] 
[INFO] [stdout] For more information about an error, try `rustc --explain E0432`.
[INFO] [stdout] 
[INFO] [stderr] error: could not compile `wit-bindgen-gen-guest-rust` (test "codegen") due to 18 previous errors
[INFO] running `Command { std: "docker" "inspect" "37beba3ce096ca411f681b24cb22da03cfb3e75cbda0e5a7b9ae67889f2242da", kill_on_drop: false }`
[INFO] running `Command { std: "docker" "rm" "-f" "37beba3ce096ca411f681b24cb22da03cfb3e75cbda0e5a7b9ae67889f2242da", kill_on_drop: false }`
[INFO] [stdout] 37beba3ce096ca411f681b24cb22da03cfb3e75cbda0e5a7b9ae67889f2242da
