[INFO] fetching crate wit-bindgen-c 0.15.0...
[INFO] testing wit-bindgen-c-0.15.0 against 1.75.0 for beta-1.76-1
[INFO] extracting crate wit-bindgen-c 0.15.0 into /workspace/builds/worker-0-tc1/source
[INFO] validating manifest of crates.io crate wit-bindgen-c 0.15.0 on toolchain 1.75.0
[INFO] running `Command { std: CARGO_HOME="/workspace/cargo-home" RUSTUP_HOME="/workspace/rustup-home" "/workspace/cargo-home/bin/cargo" "+1.75.0" "metadata" "--manifest-path" "Cargo.toml" "--no-deps", kill_on_drop: false }`
[INFO] started tweaking crates.io crate wit-bindgen-c 0.15.0
[INFO] finished tweaking crates.io crate wit-bindgen-c 0.15.0
[INFO] tweaked toml for crates.io crate wit-bindgen-c 0.15.0 written to /workspace/builds/worker-0-tc1/source/Cargo.toml
[INFO] running `Command { std: CARGO_HOME="/workspace/cargo-home" RUSTUP_HOME="/workspace/rustup-home" "/workspace/cargo-home/bin/cargo" "+1.75.0" "generate-lockfile" "--manifest-path" "Cargo.toml", kill_on_drop: false }`
[INFO] [stderr]     Updating crates.io index
[INFO] running `Command { std: CARGO_HOME="/workspace/cargo-home" RUSTUP_HOME="/workspace/rustup-home" "/workspace/cargo-home/bin/cargo" "+1.75.0" "fetch" "--manifest-path" "Cargo.toml", kill_on_drop: false }`
[INFO] [stderr]  Downloading crates ...
[INFO] [stderr]   Downloaded wasm-metadata v0.10.14
[INFO] [stderr]   Downloaded wit-bindgen-core v0.15.0
[INFO] [stderr]   Downloaded wit-parser v0.13.0
[INFO] [stderr]   Downloaded spdx v0.10.3
[INFO] [stderr]   Downloaded wit-component v0.18.2
[INFO] [stderr]   Downloaded wasmparser v0.118.1
[INFO] running `Command { std: "docker" "create" "-v" "/var/lib/crater-agent-workspace/builds/worker-0-tc1/target:/opt/rustwide/target:rw,Z" "-v" "/var/lib/crater-agent-workspace/builds/worker-0-tc1/source:/opt/rustwide/workdir:ro,Z" "-v" "/var/lib/crater-agent-workspace/cargo-home:/opt/rustwide/cargo-home:ro,Z" "-v" "/var/lib/crater-agent-workspace/rustup-home:/opt/rustwide/rustup-home:ro,Z" "-e" "SOURCE_DIR=/opt/rustwide/workdir" "-e" "CARGO_TARGET_DIR=/opt/rustwide/target" "-e" "CARGO_HOME=/opt/rustwide/cargo-home" "-e" "RUSTUP_HOME=/opt/rustwide/rustup-home" "-w" "/opt/rustwide/workdir" "-m" "1610612736" "--user" "0:0" "--network" "none" "ghcr.io/rust-lang/crates-build-env/linux@sha256:2788e3201cd34a07e3172128adcd8b3090168a8e3bcc40d7c032b9dda1df7d1c" "/opt/rustwide/cargo-home/bin/cargo" "+1.75.0" "metadata" "--no-deps" "--format-version=1", kill_on_drop: false }`
[INFO] [stdout] 642e2ec38310b83331cf3024e6b01cc63e23ea65c1cd1e0cf3aac4de6451a097
[INFO] running `Command { std: "docker" "start" "-a" "642e2ec38310b83331cf3024e6b01cc63e23ea65c1cd1e0cf3aac4de6451a097", kill_on_drop: false }`
[INFO] running `Command { std: "docker" "inspect" "642e2ec38310b83331cf3024e6b01cc63e23ea65c1cd1e0cf3aac4de6451a097", kill_on_drop: false }`
[INFO] running `Command { std: "docker" "rm" "-f" "642e2ec38310b83331cf3024e6b01cc63e23ea65c1cd1e0cf3aac4de6451a097", kill_on_drop: false }`
[INFO] [stdout] 642e2ec38310b83331cf3024e6b01cc63e23ea65c1cd1e0cf3aac4de6451a097
[INFO] running `Command { std: "docker" "create" "-v" "/var/lib/crater-agent-workspace/builds/worker-0-tc1/target:/opt/rustwide/target:rw,Z" "-v" "/var/lib/crater-agent-workspace/builds/worker-0-tc1/source:/opt/rustwide/workdir:ro,Z" "-v" "/var/lib/crater-agent-workspace/cargo-home:/opt/rustwide/cargo-home:ro,Z" "-v" "/var/lib/crater-agent-workspace/rustup-home:/opt/rustwide/rustup-home:ro,Z" "-e" "SOURCE_DIR=/opt/rustwide/workdir" "-e" "CARGO_TARGET_DIR=/opt/rustwide/target" "-e" "CARGO_INCREMENTAL=0" "-e" "RUST_BACKTRACE=full" "-e" "RUSTFLAGS=--cap-lints=warn" "-e" "RUSTDOCFLAGS=--cap-lints=warn" "-e" "CARGO_HOME=/opt/rustwide/cargo-home" "-e" "RUSTUP_HOME=/opt/rustwide/rustup-home" "-w" "/opt/rustwide/workdir" "-m" "1610612736" "--user" "0:0" "--network" "none" "ghcr.io/rust-lang/crates-build-env/linux@sha256:2788e3201cd34a07e3172128adcd8b3090168a8e3bcc40d7c032b9dda1df7d1c" "/opt/rustwide/cargo-home/bin/cargo" "+1.75.0" "build" "--frozen" "--message-format=json", kill_on_drop: false }`
[INFO] [stdout] a7ba487baa47c100218168e18d35d395d852bea36a0a9ec1d4e432a1400a045e
[INFO] running `Command { std: "docker" "start" "-a" "a7ba487baa47c100218168e18d35d395d852bea36a0a9ec1d4e432a1400a045e", kill_on_drop: false }`
[INFO] [stderr]    Compiling anyhow v1.0.79
[INFO] [stderr]    Compiling indexmap v2.1.0
[INFO] [stderr]    Compiling leb128 v0.2.5
[INFO] [stderr]    Compiling spdx v0.10.3
[INFO] [stderr]    Compiling id-arena v2.2.1
[INFO] [stderr]    Compiling unicode-xid v0.2.4
[INFO] [stderr]    Compiling bitflags v2.4.1
[INFO] [stderr]    Compiling unicode-segmentation v1.10.1
[INFO] [stderr]    Compiling wasm-encoder v0.38.1
[INFO] [stderr]    Compiling heck v0.4.1
[INFO] [stderr]    Compiling wasmparser v0.118.1
[INFO] [stderr]    Compiling wit-parser v0.13.0
[INFO] [stderr]    Compiling wasm-metadata v0.10.14
[INFO] [stderr]    Compiling wit-component v0.18.2
[INFO] [stderr]    Compiling wit-bindgen-core v0.15.0
[INFO] [stderr]    Compiling wit-bindgen-c v0.15.0 (/opt/rustwide/workdir)
[INFO] [stderr]     Finished dev [unoptimized + debuginfo] target(s) in 12.81s
[INFO] running `Command { std: "docker" "inspect" "a7ba487baa47c100218168e18d35d395d852bea36a0a9ec1d4e432a1400a045e", kill_on_drop: false }`
[INFO] running `Command { std: "docker" "rm" "-f" "a7ba487baa47c100218168e18d35d395d852bea36a0a9ec1d4e432a1400a045e", kill_on_drop: false }`
[INFO] [stdout] a7ba487baa47c100218168e18d35d395d852bea36a0a9ec1d4e432a1400a045e
[INFO] running `Command { std: "docker" "create" "-v" "/var/lib/crater-agent-workspace/builds/worker-0-tc1/target:/opt/rustwide/target:rw,Z" "-v" "/var/lib/crater-agent-workspace/builds/worker-0-tc1/source:/opt/rustwide/workdir:ro,Z" "-v" "/var/lib/crater-agent-workspace/cargo-home:/opt/rustwide/cargo-home:ro,Z" "-v" "/var/lib/crater-agent-workspace/rustup-home:/opt/rustwide/rustup-home:ro,Z" "-e" "SOURCE_DIR=/opt/rustwide/workdir" "-e" "CARGO_TARGET_DIR=/opt/rustwide/target" "-e" "CARGO_INCREMENTAL=0" "-e" "RUST_BACKTRACE=full" "-e" "RUSTFLAGS=--cap-lints=warn" "-e" "RUSTDOCFLAGS=--cap-lints=warn" "-e" "CARGO_HOME=/opt/rustwide/cargo-home" "-e" "RUSTUP_HOME=/opt/rustwide/rustup-home" "-w" "/opt/rustwide/workdir" "-m" "1610612736" "--user" "0:0" "--network" "none" "ghcr.io/rust-lang/crates-build-env/linux@sha256:2788e3201cd34a07e3172128adcd8b3090168a8e3bcc40d7c032b9dda1df7d1c" "/opt/rustwide/cargo-home/bin/cargo" "+1.75.0" "test" "--frozen" "--no-run" "--message-format=json", kill_on_drop: false }`
[INFO] [stdout] ab88352fa279f2c888bfca0aa9e615431d970627a17896f505bec9977a6c7fe0
[INFO] running `Command { std: "docker" "start" "-a" "ab88352fa279f2c888bfca0aa9e615431d970627a17896f505bec9977a6c7fe0", kill_on_drop: false }`
[INFO] [stderr]    Compiling wit-bindgen-c v0.15.0 (/opt/rustwide/workdir)
[INFO] [stdout] error[E0433]: failed to resolve: use of undeclared crate or module `test_helpers`
[INFO] [stdout]   --> tests/codegen.rs:35:1
[INFO] [stdout]    |
[INFO] [stdout] 35 | test_helpers::codegen_tests!();
[INFO] [stdout]    | ^^^^^^^^^^^^ use of undeclared crate or module `test_helpers`
[INFO] [stdout] 
[INFO] [stdout] 
[INFO] [stdout] warning: unused macro definition: `codegen_test`
[INFO] [stdout]  --> tests/codegen.rs:6:14
[INFO] [stdout]   |
[INFO] [stdout] 6 | macro_rules! codegen_test {
[INFO] [stdout]   |              ^^^^^^^^^^^^
[INFO] [stdout]   |
[INFO] [stdout]   = note: `#[warn(unused_macros)]` on by default
[INFO] [stdout] 
[INFO] [stdout] 
[INFO] [stdout] error[E0433]: failed to resolve: use of undeclared crate or module `test_helpers`
[INFO] [stdout]   --> tests/codegen.rs:62:5
[INFO] [stdout]    |
[INFO] [stdout] 62 |     test_helpers::run_command(&mut cmd);
[INFO] [stdout]    |     ^^^^^^^^^^^^ use of undeclared crate or module `test_helpers`
[INFO] [stdout] 
[INFO] [stdout] 
[INFO] [stdout] error[E0433]: failed to resolve: use of undeclared crate or module `test_helpers`
[INFO] [stdout]   --> tests/codegen.rs:70:5
[INFO] [stdout]    |
[INFO] [stdout] 70 |     test_helpers::run_command(&mut cmd);
[INFO] [stdout]    |     ^^^^^^^^^^^^ use of undeclared crate or module `test_helpers`
[INFO] [stdout] 
[INFO] [stdout] 
[INFO] [stdout] error: aborting due to 3 previous errors; 1 warning emitted
[INFO] [stdout] 
[INFO] [stdout] 
[INFO] [stdout] For more information about this error, try `rustc --explain E0433`.
[INFO] [stdout] 
[INFO] [stderr] error: could not compile `wit-bindgen-c` (test "codegen") due to 4 previous errors; 1 warning emitted
[INFO] running `Command { std: "docker" "inspect" "ab88352fa279f2c888bfca0aa9e615431d970627a17896f505bec9977a6c7fe0", kill_on_drop: false }`
[INFO] running `Command { std: "docker" "rm" "-f" "ab88352fa279f2c888bfca0aa9e615431d970627a17896f505bec9977a6c7fe0", kill_on_drop: false }`
[INFO] [stdout] ab88352fa279f2c888bfca0aa9e615431d970627a17896f505bec9977a6c7fe0
[INFO] testing wit-bindgen-c-0.15.0 against beta-2023-12-22 for beta-1.76-1
[INFO] extracting crate wit-bindgen-c 0.15.0 into /workspace/builds/worker-0-tc2/source
[INFO] validating manifest of crates.io crate wit-bindgen-c 0.15.0 on toolchain beta-2023-12-22
[INFO] running `Command { std: CARGO_HOME="/workspace/cargo-home" RUSTUP_HOME="/workspace/rustup-home" "/workspace/cargo-home/bin/cargo" "+beta-2023-12-22" "metadata" "--manifest-path" "Cargo.toml" "--no-deps", kill_on_drop: false }`
[INFO] started tweaking crates.io crate wit-bindgen-c 0.15.0
[INFO] finished tweaking crates.io crate wit-bindgen-c 0.15.0
[INFO] tweaked toml for crates.io crate wit-bindgen-c 0.15.0 written to /workspace/builds/worker-0-tc2/source/Cargo.toml
[INFO] running `Command { std: CARGO_HOME="/workspace/cargo-home" RUSTUP_HOME="/workspace/rustup-home" "/workspace/cargo-home/bin/cargo" "+beta-2023-12-22" "generate-lockfile" "--manifest-path" "Cargo.toml", kill_on_drop: false }`
[INFO] [stderr]     Updating crates.io index
[INFO] running `Command { std: CARGO_HOME="/workspace/cargo-home" RUSTUP_HOME="/workspace/rustup-home" "/workspace/cargo-home/bin/cargo" "+beta-2023-12-22" "fetch" "--manifest-path" "Cargo.toml", kill_on_drop: false }`
[INFO] running `Command { std: "docker" "create" "-v" "/var/lib/crater-agent-workspace/builds/worker-0-tc2/target:/opt/rustwide/target:rw,Z" "-v" "/var/lib/crater-agent-workspace/builds/worker-0-tc2/source:/opt/rustwide/workdir:ro,Z" "-v" "/var/lib/crater-agent-workspace/cargo-home:/opt/rustwide/cargo-home:ro,Z" "-v" "/var/lib/crater-agent-workspace/rustup-home:/opt/rustwide/rustup-home:ro,Z" "-e" "SOURCE_DIR=/opt/rustwide/workdir" "-e" "CARGO_TARGET_DIR=/opt/rustwide/target" "-e" "CARGO_HOME=/opt/rustwide/cargo-home" "-e" "RUSTUP_HOME=/opt/rustwide/rustup-home" "-w" "/opt/rustwide/workdir" "-m" "1610612736" "--user" "0:0" "--network" "none" "ghcr.io/rust-lang/crates-build-env/linux@sha256:2788e3201cd34a07e3172128adcd8b3090168a8e3bcc40d7c032b9dda1df7d1c" "/opt/rustwide/cargo-home/bin/cargo" "+beta-2023-12-22" "metadata" "--no-deps" "--format-version=1", kill_on_drop: false }`
[INFO] [stdout] 8009ee5f7d9b52a16fc722783bf6e44495403de8689144fa335e8d5fd5bf9edc
[INFO] running `Command { std: "docker" "start" "-a" "8009ee5f7d9b52a16fc722783bf6e44495403de8689144fa335e8d5fd5bf9edc", kill_on_drop: false }`
[INFO] running `Command { std: "docker" "inspect" "8009ee5f7d9b52a16fc722783bf6e44495403de8689144fa335e8d5fd5bf9edc", kill_on_drop: false }`
[INFO] running `Command { std: "docker" "rm" "-f" "8009ee5f7d9b52a16fc722783bf6e44495403de8689144fa335e8d5fd5bf9edc", kill_on_drop: false }`
[INFO] [stdout] 8009ee5f7d9b52a16fc722783bf6e44495403de8689144fa335e8d5fd5bf9edc
[INFO] running `Command { std: "docker" "create" "-v" "/var/lib/crater-agent-workspace/builds/worker-0-tc2/target:/opt/rustwide/target:rw,Z" "-v" "/var/lib/crater-agent-workspace/builds/worker-0-tc2/source:/opt/rustwide/workdir:ro,Z" "-v" "/var/lib/crater-agent-workspace/cargo-home:/opt/rustwide/cargo-home:ro,Z" "-v" "/var/lib/crater-agent-workspace/rustup-home:/opt/rustwide/rustup-home:ro,Z" "-e" "SOURCE_DIR=/opt/rustwide/workdir" "-e" "CARGO_TARGET_DIR=/opt/rustwide/target" "-e" "CARGO_INCREMENTAL=0" "-e" "RUST_BACKTRACE=full" "-e" "RUSTFLAGS=--cap-lints=warn" "-e" "RUSTDOCFLAGS=--cap-lints=warn" "-e" "CARGO_HOME=/opt/rustwide/cargo-home" "-e" "RUSTUP_HOME=/opt/rustwide/rustup-home" "-w" "/opt/rustwide/workdir" "-m" "1610612736" "--user" "0:0" "--network" "none" "ghcr.io/rust-lang/crates-build-env/linux@sha256:2788e3201cd34a07e3172128adcd8b3090168a8e3bcc40d7c032b9dda1df7d1c" "/opt/rustwide/cargo-home/bin/cargo" "+beta-2023-12-22" "build" "--frozen" "--message-format=json", kill_on_drop: false }`
[INFO] [stdout] 7fdcc41494ea849078486f673790121d2faac8307fe4c81fd51e8428dd6990d0
[INFO] running `Command { std: "docker" "start" "-a" "7fdcc41494ea849078486f673790121d2faac8307fe4c81fd51e8428dd6990d0", kill_on_drop: false }`
[INFO] [stderr]    Compiling anyhow v1.0.79
[INFO] [stderr]    Compiling indexmap v2.1.0
[INFO] [stderr]    Compiling leb128 v0.2.5
[INFO] [stderr]    Compiling spdx v0.10.3
[INFO] [stderr]    Compiling unicode-xid v0.2.4
[INFO] [stderr]    Compiling id-arena v2.2.1
[INFO] [stderr]    Compiling bitflags v2.4.1
[INFO] [stderr]    Compiling unicode-segmentation v1.10.1
[INFO] [stderr]    Compiling wasm-encoder v0.38.1
[INFO] [stderr]    Compiling heck v0.4.1
[INFO] [stderr]    Compiling wasmparser v0.118.1
[INFO] [stderr]    Compiling wit-parser v0.13.0
[INFO] [stderr]    Compiling wasm-metadata v0.10.14
[INFO] [stderr]    Compiling wit-component v0.18.2
[INFO] [stderr]    Compiling wit-bindgen-core v0.15.0
[INFO] [stderr]    Compiling wit-bindgen-c v0.15.0 (/opt/rustwide/workdir)
[INFO] [stderr]     Finished dev [unoptimized + debuginfo] target(s) in 12.76s
[INFO] running `Command { std: "docker" "inspect" "7fdcc41494ea849078486f673790121d2faac8307fe4c81fd51e8428dd6990d0", kill_on_drop: false }`
[INFO] running `Command { std: "docker" "rm" "-f" "7fdcc41494ea849078486f673790121d2faac8307fe4c81fd51e8428dd6990d0", kill_on_drop: false }`
[INFO] [stdout] 7fdcc41494ea849078486f673790121d2faac8307fe4c81fd51e8428dd6990d0
[INFO] running `Command { std: "docker" "create" "-v" "/var/lib/crater-agent-workspace/builds/worker-0-tc2/target:/opt/rustwide/target:rw,Z" "-v" "/var/lib/crater-agent-workspace/builds/worker-0-tc2/source:/opt/rustwide/workdir:ro,Z" "-v" "/var/lib/crater-agent-workspace/cargo-home:/opt/rustwide/cargo-home:ro,Z" "-v" "/var/lib/crater-agent-workspace/rustup-home:/opt/rustwide/rustup-home:ro,Z" "-e" "SOURCE_DIR=/opt/rustwide/workdir" "-e" "CARGO_TARGET_DIR=/opt/rustwide/target" "-e" "CARGO_INCREMENTAL=0" "-e" "RUST_BACKTRACE=full" "-e" "RUSTFLAGS=--cap-lints=warn" "-e" "RUSTDOCFLAGS=--cap-lints=warn" "-e" "CARGO_HOME=/opt/rustwide/cargo-home" "-e" "RUSTUP_HOME=/opt/rustwide/rustup-home" "-w" "/opt/rustwide/workdir" "-m" "1610612736" "--user" "0:0" "--network" "none" "ghcr.io/rust-lang/crates-build-env/linux@sha256:2788e3201cd34a07e3172128adcd8b3090168a8e3bcc40d7c032b9dda1df7d1c" "/opt/rustwide/cargo-home/bin/cargo" "+beta-2023-12-22" "test" "--frozen" "--no-run" "--message-format=json", kill_on_drop: false }`
[INFO] [stdout] db70df104043891077f16ce5158339c0cdaa7154a0f6061d2a38708eafeabe30
[INFO] running `Command { std: "docker" "start" "-a" "db70df104043891077f16ce5158339c0cdaa7154a0f6061d2a38708eafeabe30", kill_on_drop: false }`
[INFO] [stderr]    Compiling wit-bindgen-c v0.15.0 (/opt/rustwide/workdir)
[INFO] [stdout] error[E0433]: failed to resolve: use of undeclared crate or module `test_helpers`
[INFO] [stdout]   --> tests/codegen.rs:35:1
[INFO] [stdout]    |
[INFO] [stdout] 35 | test_helpers::codegen_tests!();
[INFO] [stdout]    | ^^^^^^^^^^^^ use of undeclared crate or module `test_helpers`
[INFO] [stdout] 
[INFO] [stdout] 
[INFO] [stdout] warning: unused macro definition: `codegen_test`
[INFO] [stdout]  --> tests/codegen.rs:6:14
[INFO] [stdout]   |
[INFO] [stdout] 6 | macro_rules! codegen_test {
[INFO] [stdout]   |              ^^^^^^^^^^^^
[INFO] [stdout]   |
[INFO] [stdout]   = note: `#[warn(unused_macros)]` on by default
[INFO] [stdout] 
[INFO] [stdout] 
[INFO] [stdout] error[E0433]: failed to resolve: use of undeclared crate or module `test_helpers`
[INFO] [stdout]   --> tests/codegen.rs:62:5
[INFO] [stdout]    |
[INFO] [stdout] 62 |     test_helpers::run_command(&mut cmd);
[INFO] [stdout]    |     ^^^^^^^^^^^^ use of undeclared crate or module `test_helpers`
[INFO] [stdout] 
[INFO] [stdout] 
[INFO] [stdout] error[E0433]: failed to resolve: use of undeclared crate or module `test_helpers`
[INFO] [stdout]   --> tests/codegen.rs:70:5
[INFO] [stdout]    |
[INFO] [stdout] 70 |     test_helpers::run_command(&mut cmd);
[INFO] [stdout]    |     ^^^^^^^^^^^^ use of undeclared crate or module `test_helpers`
[INFO] [stdout] 
[INFO] [stdout] 
[INFO] [stdout] error: aborting due to 3 previous errors; 1 warning emitted
[INFO] [stdout] 
[INFO] [stdout] 
[INFO] [stdout] For more information about this error, try `rustc --explain E0433`.
[INFO] [stdout] 
[INFO] [stderr] error: could not compile `wit-bindgen-c` (test "codegen") due to 4 previous errors; 1 warning emitted
[INFO] running `Command { std: "docker" "inspect" "db70df104043891077f16ce5158339c0cdaa7154a0f6061d2a38708eafeabe30", kill_on_drop: false }`
[INFO] running `Command { std: "docker" "rm" "-f" "db70df104043891077f16ce5158339c0cdaa7154a0f6061d2a38708eafeabe30", kill_on_drop: false }`
[INFO] [stdout] db70df104043891077f16ce5158339c0cdaa7154a0f6061d2a38708eafeabe30
