[INFO] fetching crate wintun2 0.1.0...
[INFO] testing wintun2-0.1.0 against 1.75.0 for beta-1.76-1
[INFO] extracting crate wintun2 0.1.0 into /workspace/builds/worker-3-tc1/source
[INFO] validating manifest of crates.io crate wintun2 0.1.0 on toolchain 1.75.0
[INFO] running `Command { std: CARGO_HOME="/workspace/cargo-home" RUSTUP_HOME="/workspace/rustup-home" "/workspace/cargo-home/bin/cargo" "+1.75.0" "metadata" "--manifest-path" "Cargo.toml" "--no-deps", kill_on_drop: false }`
[INFO] started tweaking crates.io crate wintun2 0.1.0
[INFO] finished tweaking crates.io crate wintun2 0.1.0
[INFO] tweaked toml for crates.io crate wintun2 0.1.0 written to /workspace/builds/worker-3-tc1/source/Cargo.toml
[INFO] running `Command { std: CARGO_HOME="/workspace/cargo-home" RUSTUP_HOME="/workspace/rustup-home" "/workspace/cargo-home/bin/cargo" "+1.75.0" "generate-lockfile" "--manifest-path" "Cargo.toml", kill_on_drop: false }`
[INFO] [stderr]     Updating crates.io index
[INFO] running `Command { std: CARGO_HOME="/workspace/cargo-home" RUSTUP_HOME="/workspace/rustup-home" "/workspace/cargo-home/bin/cargo" "+1.75.0" "fetch" "--manifest-path" "Cargo.toml", kill_on_drop: false }`
[INFO] [stderr]  Downloading crates ...
[INFO] [stderr]   Downloaded either v0.1.7
[INFO] [stderr]   Downloaded debugtrace v0.1.0
[INFO] [stderr]   Downloaded get-last-error v0.1.1
[INFO] [stderr]   Downloaded guid-parser v0.1.0
[INFO] [stderr]   Downloaded chomp v0.3.1
[INFO] running `Command { std: "docker" "create" "-v" "/var/lib/crater-agent-workspace/builds/worker-3-tc1/target:/opt/rustwide/target:rw,Z" "-v" "/var/lib/crater-agent-workspace/builds/worker-3-tc1/source:/opt/rustwide/workdir:ro,Z" "-v" "/var/lib/crater-agent-workspace/cargo-home:/opt/rustwide/cargo-home:ro,Z" "-v" "/var/lib/crater-agent-workspace/rustup-home:/opt/rustwide/rustup-home:ro,Z" "-e" "SOURCE_DIR=/opt/rustwide/workdir" "-e" "CARGO_TARGET_DIR=/opt/rustwide/target" "-e" "CARGO_HOME=/opt/rustwide/cargo-home" "-e" "RUSTUP_HOME=/opt/rustwide/rustup-home" "-w" "/opt/rustwide/workdir" "-m" "1610612736" "--user" "0:0" "--network" "none" "ghcr.io/rust-lang/crates-build-env/linux@sha256:2788e3201cd34a07e3172128adcd8b3090168a8e3bcc40d7c032b9dda1df7d1c" "/opt/rustwide/cargo-home/bin/cargo" "+1.75.0" "metadata" "--no-deps" "--format-version=1", kill_on_drop: false }`
[INFO] [stdout] 9be5ba690eae7364997c549ec791b96993ba73fb8272d62cf6d51041eaaf2cc8
[INFO] running `Command { std: "docker" "start" "-a" "9be5ba690eae7364997c549ec791b96993ba73fb8272d62cf6d51041eaaf2cc8", kill_on_drop: false }`
[INFO] running `Command { std: "docker" "inspect" "9be5ba690eae7364997c549ec791b96993ba73fb8272d62cf6d51041eaaf2cc8", kill_on_drop: false }`
[INFO] running `Command { std: "docker" "rm" "-f" "9be5ba690eae7364997c549ec791b96993ba73fb8272d62cf6d51041eaaf2cc8", kill_on_drop: false }`
[INFO] [stdout] 9be5ba690eae7364997c549ec791b96993ba73fb8272d62cf6d51041eaaf2cc8
[INFO] running `Command { std: "docker" "create" "-v" "/var/lib/crater-agent-workspace/builds/worker-3-tc1/target:/opt/rustwide/target:rw,Z" "-v" "/var/lib/crater-agent-workspace/builds/worker-3-tc1/source:/opt/rustwide/workdir:ro,Z" "-v" "/var/lib/crater-agent-workspace/cargo-home:/opt/rustwide/cargo-home:ro,Z" "-v" "/var/lib/crater-agent-workspace/rustup-home:/opt/rustwide/rustup-home:ro,Z" "-e" "SOURCE_DIR=/opt/rustwide/workdir" "-e" "CARGO_TARGET_DIR=/opt/rustwide/target" "-e" "CARGO_INCREMENTAL=0" "-e" "RUST_BACKTRACE=full" "-e" "RUSTFLAGS=--cap-lints=warn" "-e" "RUSTDOCFLAGS=--cap-lints=warn" "-e" "CARGO_HOME=/opt/rustwide/cargo-home" "-e" "RUSTUP_HOME=/opt/rustwide/rustup-home" "-w" "/opt/rustwide/workdir" "-m" "1610612736" "--user" "0:0" "--network" "none" "ghcr.io/rust-lang/crates-build-env/linux@sha256:2788e3201cd34a07e3172128adcd8b3090168a8e3bcc40d7c032b9dda1df7d1c" "/opt/rustwide/cargo-home/bin/cargo" "+1.75.0" "build" "--frozen" "--message-format=json", kill_on_drop: false }`
[INFO] [stdout] 2e2bec75608a228f058fefe301b18b6962b5df45eb73e962b875b0c6179d5903
[INFO] running `Command { std: "docker" "start" "-a" "2e2bec75608a228f058fefe301b18b6962b5df45eb73e962b875b0c6179d5903", kill_on_drop: false }`
[INFO] [stderr]    Compiling winapi-build v0.1.1
[INFO] [stderr]    Compiling libc v0.2.151
[INFO] [stderr]    Compiling winapi v0.2.8
[INFO] [stderr]    Compiling debug-builders v0.1.0
[INFO] [stderr]    Compiling debugtrace v0.1.0
[INFO] [stderr]    Compiling custom_derive v0.1.7
[INFO] [stderr]    Compiling bitflags v0.7.0
[INFO] [stderr]    Compiling winapi v0.3.9
[INFO] [stderr]    Compiling either v0.1.7
[INFO] [stderr]    Compiling wintun2 v0.1.0 (/opt/rustwide/workdir)
[INFO] [stderr]    Compiling widestring v1.0.2
[INFO] [stderr]    Compiling get-last-error v0.1.1
[INFO] [stderr]    Compiling conv v0.3.3
[INFO] [stderr]    Compiling dbghelp-sys v0.2.0
[INFO] [stderr]    Compiling kernel32-sys v0.2.2
[INFO] [stderr]    Compiling cc v1.0.83
[INFO] [stderr]    Compiling backtrace-sys v0.1.37
[INFO] [stderr]    Compiling backtrace v0.1.8
[INFO] [stderr]    Compiling chomp v0.3.1
[INFO] [stderr]    Compiling guid-parser v0.1.0
[INFO] [stdout] error[E0433]: failed to resolve: could not find `shared` in `winapi`
[INFO] [stdout]  --> src/adapter.rs:3:3
[INFO] [stdout]   |
[INFO] [stdout] 3 |   shared::{guiddef::GUID, ifdef::NET_LUID, winerror},
[INFO] [stdout]   |   ^^^^^^ could not find `shared` in `winapi`
[INFO] [stdout] 
[INFO] [stdout] 
[INFO] [stdout] error[E0433]: failed to resolve: could not find `shared` in `winapi`
[INFO] [stdout]  --> src/packet.rs:1:13
[INFO] [stdout]   |
[INFO] [stdout] 1 | use winapi::shared::minwindef::BYTE;
[INFO] [stdout]   |             ^^^^^^ could not find `shared` in `winapi`
[INFO] [stdout] 
[INFO] [stdout] 
[INFO] [stdout] error[E0433]: failed to resolve: could not find `shared` in `winapi`
[INFO] [stdout]  --> src/session.rs:1:13
[INFO] [stdout]   |
[INFO] [stdout] 1 | use winapi::shared::{ntdef::HANDLE, winerror};
[INFO] [stdout]   |             ^^^^^^ could not find `shared` in `winapi`
[INFO] [stdout] 
[INFO] [stdout] 
[INFO] [stdout] error[E0432]: unresolved imports `winapi::shared`, `winapi::um`
[INFO] [stdout]  --> src/adapter.rs:3:3
[INFO] [stdout]   |
[INFO] [stdout] 3 |   shared::{guiddef::GUID, ifdef::NET_LUID, winerror},
[INFO] [stdout]   |   ^^^^^^ could not find `shared` in `winapi`
[INFO] [stdout] 4 |   um::{ipexport, iphlpapi},
[INFO] [stdout]   |   ^^ could not find `um` in `winapi`
[INFO] [stdout] 
[INFO] [stdout] 
[INFO] [stdout] error[E0432]: unresolved import `winapi::shared`
[INFO] [stdout]  --> src/session.rs:1:13
[INFO] [stdout]   |
[INFO] [stdout] 1 | use winapi::shared::{ntdef::HANDLE, winerror};
[INFO] [stdout]   |             ^^^^^^ could not find `shared` in `winapi`
[INFO] [stdout] 
[INFO] [stdout] 
[INFO] [stdout] error[E0433]: failed to resolve: could not find `shared` in `winapi`
[INFO] [stdout]  --> src/utility.rs:3:13
[INFO] [stdout]   |
[INFO] [stdout] 3 | use winapi::shared::{
[INFO] [stdout]   |             ^^^^^^ could not find `shared` in `winapi`
[INFO] [stdout] 
[INFO] [stdout] 
[INFO] [stdout] error[E0432]: unresolved import `get_last_error::Win32Error`
[INFO] [stdout]  --> src/utility.rs:1:5
[INFO] [stdout]   |
[INFO] [stdout] 1 | use get_last_error::Win32Error;
[INFO] [stdout]   |     ^^^^^^^^^^^^^^^^^^^^^^^^^^ no `Win32Error` in the root
[INFO] [stdout] 
[INFO] [stdout] 
[INFO] [stdout] error[E0433]: failed to resolve: could not find `windows` in `os`
[INFO] [stdout]  --> src/wintun_raw.rs:3:14
[INFO] [stdout]   |
[INFO] [stdout] 3 | use std::os::windows::raw::HANDLE;
[INFO] [stdout]   |              ^^^^^^^ could not find `windows` in `os`
[INFO] [stdout] 
[INFO] [stdout] 
[INFO] [stdout] error[E0433]: failed to resolve: could not find `shared` in `winapi`
[INFO] [stdout]  --> src/wintun_raw.rs:5:13
[INFO] [stdout]   |
[INFO] [stdout] 5 | use winapi::shared::{basetsd::DWORD64, guiddef::GUID, ifdef::NET_LUID, ntdef::LPCWSTR, minwindef::BYTE};
[INFO] [stdout]   |             ^^^^^^ could not find `shared` in `winapi`
[INFO] [stdout] 
[INFO] [stdout] 
[INFO] [stdout] error[E0432]: unresolved import `winapi::shared`
[INFO] [stdout]  --> src/utility.rs:3:13
[INFO] [stdout]   |
[INFO] [stdout] 3 | use winapi::shared::{
[INFO] [stdout]   |             ^^^^^^ could not find `shared` in `winapi`
[INFO] [stdout] 
[INFO] [stdout] 
[INFO] [stdout] error[E0433]: failed to resolve: could not find `shared` in `winapi`
[INFO] [stdout]   --> src/lib.rs:14:13
[INFO] [stdout]    |
[INFO] [stdout] 14 | use winapi::shared::{basetsd::DWORD64, ntdef::LPCWSTR, winerror};
[INFO] [stdout]    |             ^^^^^^ could not find `shared` in `winapi`
[INFO] [stdout] 
[INFO] [stdout] 
[INFO] [stdout] error[E0432]: unresolved import `get_last_error::Win32Error`
[INFO] [stdout]   --> src/lib.rs:11:5
[INFO] [stdout]    |
[INFO] [stdout] 11 | use get_last_error::Win32Error;
[INFO] [stdout]    |     ^^^^^^^^^^^^^^^^^^^^^^^^^^ no `Win32Error` in the root
[INFO] [stdout] 
[INFO] [stdout] 
[INFO] [stdout] error[E0432]: unresolved import `winapi::shared`
[INFO] [stdout]   --> src/lib.rs:14:13
[INFO] [stdout]    |
[INFO] [stdout] 14 | use winapi::shared::{basetsd::DWORD64, ntdef::LPCWSTR, winerror};
[INFO] [stdout]    |             ^^^^^^ could not find `shared` in `winapi`
[INFO] [stdout] 
[INFO] [stdout] 
[INFO] [stdout] error[E0433]: failed to resolve: could not find `Win32Error` in `get_last_error`
[INFO] [stdout]   --> src/adapter.rs:51:34
[INFO] [stdout]    |
[INFO] [stdout] 51 |       return Err(get_last_error::Win32Error::get_last_error().into());
[INFO] [stdout]    |                                  ^^^^^^^^^^ could not find `Win32Error` in `get_last_error`
[INFO] [stdout] 
[INFO] [stdout] 
[INFO] [stdout] error[E0433]: failed to resolve: could not find `Win32Error` in `get_last_error`
[INFO] [stdout]   --> src/adapter.rs:62:34
[INFO] [stdout]    |
[INFO] [stdout] 62 |       return Err(get_last_error::Win32Error::get_last_error().into());
[INFO] [stdout]    |                                  ^^^^^^^^^^ could not find `Win32Error` in `get_last_error`
[INFO] [stdout] 
[INFO] [stdout] 
[INFO] [stdout] error[E0433]: failed to resolve: could not find `Win32Error` in `get_last_error`
[INFO] [stdout]   --> src/adapter.rs:84:34
[INFO] [stdout]    |
[INFO] [stdout] 84 |       return Err(get_last_error::Win32Error::get_last_error().into());
[INFO] [stdout]    |                                  ^^^^^^^^^^ could not find `Win32Error` in `get_last_error`
[INFO] [stdout] 
[INFO] [stdout] 
[INFO] [stdout] error[E0433]: failed to resolve: could not find `shared` in `winapi`
[INFO] [stdout]   --> src/adapter.rs:89:35
[INFO] [stdout]    |
[INFO] [stdout] 89 |     let mut address_row = winapi::shared::netioapi::MIB_UNICASTIPADDRESS_ROW::default();
[INFO] [stdout]    |                                   ^^^^^^ could not find `shared` in `winapi`
[INFO] [stdout] 
[INFO] [stdout] 
[INFO] [stdout] error[E0433]: failed to resolve: could not find `shared` in `winapi`
[INFO] [stdout]   --> src/adapter.rs:91:15
[INFO] [stdout]    |
[INFO] [stdout] 91 |       winapi::shared::netioapi::InitializeUnicastIpAddressEntry(&mut address_row as *mut _);
[INFO] [stdout]    |               ^^^^^^ could not find `shared` in `winapi`
[INFO] [stdout] 
[INFO] [stdout] 
[INFO] [stdout] error[E0433]: failed to resolve: could not find `shared` in `winapi`
[INFO] [stdout]   --> src/adapter.rs:93:42
[INFO] [stdout]    |
[INFO] [stdout] 93 |     const IP_SUFFIX_ORIGIN_DHCP: winapi::shared::nldef::NL_SUFFIX_ORIGIN = 3;
[INFO] [stdout]    |                                          ^^^^^^ could not find `shared` in `winapi`
[INFO] [stdout] 
[INFO] [stdout] 
[INFO] [stdout] error[E0433]: failed to resolve: could not find `shared` in `winapi`
[INFO] [stdout]   --> src/adapter.rs:94:42
[INFO] [stdout]    |
[INFO] [stdout] 94 |     const IP_PREFIX_ORIGIN_DHCP: winapi::shared::nldef::NL_PREFIX_ORIGIN = 3;
[INFO] [stdout]    |                                          ^^^^^^ could not find `shared` in `winapi`
[INFO] [stdout] 
[INFO] [stdout] 
[INFO] [stdout] error[E0433]: failed to resolve: could not find `ctypes` in `winapi`
[INFO] [stdout]   --> src/adapter.rs:97:38
[INFO] [stdout]    |
[INFO] [stdout] 97 |     const LIFETIME_INFINITE: winapi::ctypes::c_ulong = 0xffffffff;
[INFO] [stdout]    |                                      ^^^^^^ could not find `ctypes` in `winapi`
[INFO] [stdout] 
[INFO] [stdout] 
[INFO] [stdout] error[E0433]: failed to resolve: could not find `shared` in `winapi`
[INFO] [stdout]    --> src/adapter.rs:100:41
[INFO] [stdout]     |
[INFO] [stdout] 100 |     address_row.InterfaceLuid = winapi::shared::ifdef::NET_LUID_LH {
[INFO] [stdout]     |                                         ^^^^^^ could not find `shared` in `winapi`
[INFO] [stdout] 
[INFO] [stdout] 
[INFO] [stdout] error[E0433]: failed to resolve: could not find `shared` in `winapi`
[INFO] [stdout]    --> src/adapter.rs:107:37
[INFO] [stdout]     |
[INFO] [stdout] 107 |           ipv4.sin_family = winapi::shared::ws2def::AF_INET as _;
[INFO] [stdout]     |                                     ^^^^^^ could not find `shared` in `winapi`
[INFO] [stdout] 
[INFO] [stdout] 
[INFO] [stdout] error[E0433]: failed to resolve: could not find `shared` in `winapi`
[INFO] [stdout]    --> src/adapter.rs:115:38
[INFO] [stdout]     |
[INFO] [stdout] 115 |           ipv6.sin6_family = winapi::shared::ws2def::AF_INET as _;
[INFO] [stdout]     |                                      ^^^^^^ could not find `shared` in `winapi`
[INFO] [stdout] 
[INFO] [stdout] 
[INFO] [stdout] error[E0433]: failed to resolve: could not find `shared` in `winapi`
[INFO] [stdout]    --> src/adapter.rs:122:36
[INFO] [stdout]     |
[INFO] [stdout] 122 |     address_row.DadState = winapi::shared::nldef::IpDadStatePreferred;
[INFO] [stdout]     |                                    ^^^^^^ could not find `shared` in `winapi`
[INFO] [stdout] 
[INFO] [stdout] 
[INFO] [stdout] error[E0433]: failed to resolve: could not find `shared` in `winapi`
[INFO] [stdout]    --> src/adapter.rs:124:24
[INFO] [stdout]     |
[INFO] [stdout] 124 |       unsafe { winapi::shared::netioapi::CreateUnicastIpAddressEntry(&mut address_row as *mut _) };
[INFO] [stdout]     |                        ^^^^^^ could not find `shared` in `winapi`
[INFO] [stdout] 
[INFO] [stdout] 
[INFO] [stdout] error[E0433]: failed to resolve: could not find `shared` in `winapi`
[INFO] [stdout]    --> src/adapter.rs:125:25
[INFO] [stdout]     |
[INFO] [stdout] 125 |     if error != winapi::shared::winerror::ERROR_SUCCESS {
[INFO] [stdout]     |                         ^^^^^^ could not find `shared` in `winapi`
[INFO] [stdout] 
[INFO] [stdout] 
[INFO] [stdout] error[E0433]: failed to resolve: could not find `Win32Error` in `get_last_error`
[INFO] [stdout]    --> src/adapter.rs:126:34
[INFO] [stdout]     |
[INFO] [stdout] 126 |       return Err(get_last_error::Win32Error::get_last_error().into());
[INFO] [stdout]     |                                  ^^^^^^^^^^ could not find `Win32Error` in `get_last_error`
[INFO] [stdout] 
[INFO] [stdout] 
[INFO] [stdout] error[E0433]: failed to resolve: could not find `Win32Error` in `get_last_error`
[INFO] [stdout]    --> src/adapter.rs:142:34
[INFO] [stdout]     |
[INFO] [stdout] 142 |       return Err(get_last_error::Win32Error::get_last_error().into());
[INFO] [stdout]     |                                  ^^^^^^^^^^ could not find `Win32Error` in `get_last_error`
[INFO] [stdout] 
[INFO] [stdout] 
[INFO] [stdout] error[E0433]: failed to resolve: could not find `Win32Error` in `get_last_error`
[INFO] [stdout]    --> src/adapter.rs:171:34
[INFO] [stdout]     |
[INFO] [stdout] 171 |       return Err(get_last_error::Win32Error::get_last_error().into());
[INFO] [stdout]     |                                  ^^^^^^^^^^ could not find `Win32Error` in `get_last_error`
[INFO] [stdout] 
[INFO] [stdout] 
[INFO] [stdout] error[E0433]: failed to resolve: could not find `Win32Error` in `get_last_error`
[INFO] [stdout]   --> src/session.rs:27:34
[INFO] [stdout]    |
[INFO] [stdout] 27 |       return Err(get_last_error::Win32Error::get_last_error().into());
[INFO] [stdout]    |                                  ^^^^^^^^^^ could not find `Win32Error` in `get_last_error`
[INFO] [stdout] 
[INFO] [stdout] 
[INFO] [stdout] error[E0433]: failed to resolve: could not find `Win32Error` in `get_last_error`
[INFO] [stdout]   --> src/session.rs:35:35
[INFO] [stdout]    |
[INFO] [stdout] 35 |       let error = get_last_error::Win32Error::get_last_error();
[INFO] [stdout]    |                                   ^^^^^^^^^^ could not find `Win32Error` in `get_last_error`
[INFO] [stdout] 
[INFO] [stdout] 
[INFO] [stdout] error[E0433]: failed to resolve: could not find `Win32Error` in `get_last_error`
[INFO] [stdout]   --> src/session.rs:48:35
[INFO] [stdout]    |
[INFO] [stdout] 48 |       let error = get_last_error::Win32Error::get_last_error();
[INFO] [stdout]    |                                   ^^^^^^^^^^ could not find `Win32Error` in `get_last_error`
[INFO] [stdout] 
[INFO] [stdout] 
[INFO] [stdout] error[E0433]: failed to resolve: could not find `Win32Error` in `get_last_error`
[INFO] [stdout]   --> src/utility.rs:42:32
[INFO] [stdout]    |
[INFO] [stdout] 42 |     return Err(get_last_error::Win32Error::get_last_error());
[INFO] [stdout]    |                                ^^^^^^^^^^ could not find `Win32Error` in `get_last_error`
[INFO] [stdout] 
[INFO] [stdout] 
[INFO] [stdout] error: aborting due to 34 previous errors
[INFO] [stdout] 
[INFO] [stdout] 
[INFO] [stdout] Some errors have detailed explanations: E0432, E0433.
[INFO] [stdout] 
[INFO] [stdout] For more information about an error, try `rustc --explain E0432`.
[INFO] [stdout] 
[INFO] [stderr] error: could not compile `wintun2` (lib) due to 35 previous errors
[INFO] running `Command { std: "docker" "inspect" "2e2bec75608a228f058fefe301b18b6962b5df45eb73e962b875b0c6179d5903", kill_on_drop: false }`
[INFO] running `Command { std: "docker" "rm" "-f" "2e2bec75608a228f058fefe301b18b6962b5df45eb73e962b875b0c6179d5903", kill_on_drop: false }`
[INFO] [stdout] 2e2bec75608a228f058fefe301b18b6962b5df45eb73e962b875b0c6179d5903
