[INFO] fetching crate winmtp 0.2.1...
[INFO] testing winmtp-0.2.1 against 1.75.0 for beta-1.76-1
[INFO] extracting crate winmtp 0.2.1 into /workspace/builds/worker-6-tc1/source
[INFO] validating manifest of crates.io crate winmtp 0.2.1 on toolchain 1.75.0
[INFO] running `Command { std: CARGO_HOME="/workspace/cargo-home" RUSTUP_HOME="/workspace/rustup-home" "/workspace/cargo-home/bin/cargo" "+1.75.0" "metadata" "--manifest-path" "Cargo.toml" "--no-deps", kill_on_drop: false }`
[INFO] started tweaking crates.io crate winmtp 0.2.1
[INFO] finished tweaking crates.io crate winmtp 0.2.1
[INFO] tweaked toml for crates.io crate winmtp 0.2.1 written to /workspace/builds/worker-6-tc1/source/Cargo.toml
[INFO] crate crates.io crate winmtp 0.2.1 already has a lockfile, it will not be regenerated
[INFO] running `Command { std: CARGO_HOME="/workspace/cargo-home" RUSTUP_HOME="/workspace/rustup-home" "/workspace/cargo-home/bin/cargo" "+1.75.0" "fetch" "--manifest-path" "Cargo.toml", kill_on_drop: false }`
[INFO] [stderr]     Blocking waiting for file lock on package cache
[INFO] [stderr]     Blocking waiting for file lock on package cache
[INFO] running `Command { std: "docker" "create" "-v" "/var/lib/crater-agent-workspace/builds/worker-6-tc1/target:/opt/rustwide/target:rw,Z" "-v" "/var/lib/crater-agent-workspace/builds/worker-6-tc1/source:/opt/rustwide/workdir:ro,Z" "-v" "/var/lib/crater-agent-workspace/cargo-home:/opt/rustwide/cargo-home:ro,Z" "-v" "/var/lib/crater-agent-workspace/rustup-home:/opt/rustwide/rustup-home:ro,Z" "-e" "SOURCE_DIR=/opt/rustwide/workdir" "-e" "CARGO_TARGET_DIR=/opt/rustwide/target" "-e" "CARGO_HOME=/opt/rustwide/cargo-home" "-e" "RUSTUP_HOME=/opt/rustwide/rustup-home" "-w" "/opt/rustwide/workdir" "-m" "1610612736" "--user" "0:0" "--network" "none" "ghcr.io/rust-lang/crates-build-env/linux@sha256:2788e3201cd34a07e3172128adcd8b3090168a8e3bcc40d7c032b9dda1df7d1c" "/opt/rustwide/cargo-home/bin/cargo" "+1.75.0" "metadata" "--no-deps" "--format-version=1", kill_on_drop: false }`
[INFO] [stdout] 2d9c9e79525b7893d8e507afe82f717728ace6fb700888f57e98a6ac15606d84
[INFO] running `Command { std: "docker" "start" "-a" "2d9c9e79525b7893d8e507afe82f717728ace6fb700888f57e98a6ac15606d84", kill_on_drop: false }`
[INFO] running `Command { std: "docker" "inspect" "2d9c9e79525b7893d8e507afe82f717728ace6fb700888f57e98a6ac15606d84", kill_on_drop: false }`
[INFO] running `Command { std: "docker" "rm" "-f" "2d9c9e79525b7893d8e507afe82f717728ace6fb700888f57e98a6ac15606d84", kill_on_drop: false }`
[INFO] [stdout] 2d9c9e79525b7893d8e507afe82f717728ace6fb700888f57e98a6ac15606d84
[INFO] running `Command { std: "docker" "create" "-v" "/var/lib/crater-agent-workspace/builds/worker-6-tc1/target:/opt/rustwide/target:rw,Z" "-v" "/var/lib/crater-agent-workspace/builds/worker-6-tc1/source:/opt/rustwide/workdir:ro,Z" "-v" "/var/lib/crater-agent-workspace/cargo-home:/opt/rustwide/cargo-home:ro,Z" "-v" "/var/lib/crater-agent-workspace/rustup-home:/opt/rustwide/rustup-home:ro,Z" "-e" "SOURCE_DIR=/opt/rustwide/workdir" "-e" "CARGO_TARGET_DIR=/opt/rustwide/target" "-e" "CARGO_INCREMENTAL=0" "-e" "RUST_BACKTRACE=full" "-e" "RUSTFLAGS=--cap-lints=warn" "-e" "RUSTDOCFLAGS=--cap-lints=warn" "-e" "CARGO_HOME=/opt/rustwide/cargo-home" "-e" "RUSTUP_HOME=/opt/rustwide/rustup-home" "-w" "/opt/rustwide/workdir" "-m" "1610612736" "--user" "0:0" "--network" "none" "ghcr.io/rust-lang/crates-build-env/linux@sha256:2788e3201cd34a07e3172128adcd8b3090168a8e3bcc40d7c032b9dda1df7d1c" "/opt/rustwide/cargo-home/bin/cargo" "+1.75.0" "build" "--frozen" "--message-format=json", kill_on_drop: false }`
[INFO] [stdout] 514dee11c7379e9189acf951d0e6ff823ceef8cb57a2c867f60b94519c5a883b
[INFO] running `Command { std: "docker" "start" "-a" "514dee11c7379e9189acf951d0e6ff823ceef8cb57a2c867f60b94519c5a883b", kill_on_drop: false }`
[INFO] [stderr]    Compiling proc-macro2 v1.0.51
[INFO] [stderr]    Compiling unicode-ident v1.0.6
[INFO] [stderr]    Compiling quote v1.0.23
[INFO] [stderr]    Compiling syn v1.0.109
[INFO] [stderr]    Compiling thiserror v1.0.38
[INFO] [stderr]    Compiling windows-targets v0.42.1
[INFO] [stderr]    Compiling widestring v1.0.2
[INFO] [stderr]    Compiling windows v0.44.0
[INFO] [stderr]    Compiling thiserror-impl v1.0.38
[INFO] [stderr]    Compiling winmtp v0.2.1 (/opt/rustwide/workdir)
[INFO] [stdout] warning: field `basic_device` is never read
[INFO] [stdout]   --> src/device/mod.rs:67:5
[INFO] [stdout]    |
[INFO] [stdout] 66 | pub struct Device {
[INFO] [stdout]    |            ------ field in this struct
[INFO] [stdout] 67 |     basic_device: BasicDevice,
[INFO] [stdout]    |     ^^^^^^^^^^^^
[INFO] [stdout]    |
[INFO] [stdout]    = note: `#[warn(dead_code)]` on by default
[INFO] [stdout] 
[INFO] [stdout] 
[INFO] [stdout] warning: 1 warning emitted
[INFO] [stdout] 
[INFO] [stdout] 
[INFO] [stderr]     Finished dev [unoptimized + debuginfo] target(s) in 14.08s
[INFO] running `Command { std: "docker" "inspect" "514dee11c7379e9189acf951d0e6ff823ceef8cb57a2c867f60b94519c5a883b", kill_on_drop: false }`
[INFO] running `Command { std: "docker" "rm" "-f" "514dee11c7379e9189acf951d0e6ff823ceef8cb57a2c867f60b94519c5a883b", kill_on_drop: false }`
[INFO] [stdout] 514dee11c7379e9189acf951d0e6ff823ceef8cb57a2c867f60b94519c5a883b
[INFO] running `Command { std: "docker" "create" "-v" "/var/lib/crater-agent-workspace/builds/worker-6-tc1/target:/opt/rustwide/target:rw,Z" "-v" "/var/lib/crater-agent-workspace/builds/worker-6-tc1/source:/opt/rustwide/workdir:ro,Z" "-v" "/var/lib/crater-agent-workspace/cargo-home:/opt/rustwide/cargo-home:ro,Z" "-v" "/var/lib/crater-agent-workspace/rustup-home:/opt/rustwide/rustup-home:ro,Z" "-e" "SOURCE_DIR=/opt/rustwide/workdir" "-e" "CARGO_TARGET_DIR=/opt/rustwide/target" "-e" "CARGO_INCREMENTAL=0" "-e" "RUST_BACKTRACE=full" "-e" "RUSTFLAGS=--cap-lints=warn" "-e" "RUSTDOCFLAGS=--cap-lints=warn" "-e" "CARGO_HOME=/opt/rustwide/cargo-home" "-e" "RUSTUP_HOME=/opt/rustwide/rustup-home" "-w" "/opt/rustwide/workdir" "-m" "1610612736" "--user" "0:0" "--network" "none" "ghcr.io/rust-lang/crates-build-env/linux@sha256:2788e3201cd34a07e3172128adcd8b3090168a8e3bcc40d7c032b9dda1df7d1c" "/opt/rustwide/cargo-home/bin/cargo" "+1.75.0" "test" "--frozen" "--no-run" "--message-format=json", kill_on_drop: false }`
[INFO] [stdout] d31421fede69ba18a54d5656a15a882e92fd355e5a024f2f775881107cfeb0b2
[INFO] running `Command { std: "docker" "start" "-a" "d31421fede69ba18a54d5656a15a882e92fd355e5a024f2f775881107cfeb0b2", kill_on_drop: false }`
[INFO] [stdout] warning: field `basic_device` is never read
[INFO] [stdout]   --> src/device/mod.rs:67:5
[INFO] [stdout]    |
[INFO] [stdout] 66 | pub struct Device {
[INFO] [stdout]    |            ------ field in this struct
[INFO] [stdout] 67 |     basic_device: BasicDevice,
[INFO] [stdout]    |     ^^^^^^^^^^^^
[INFO] [stdout]    |
[INFO] [stdout]    = note: `#[warn(dead_code)]` on by default
[INFO] [stdout] 
[INFO] [stdout] 
[INFO] [stdout] warning: 1 warning emitted
[INFO] [stdout] 
[INFO] [stdout] 
[INFO] [stderr]    Compiling winmtp v0.2.1 (/opt/rustwide/workdir)
[INFO] [stdout] error: expected one of `.`, `;`, `?`, `else`, or an operator, found `!`
[INFO] [stdout]   --> examples/list-devices.rs:30:73
[INFO] [stdout]    |
[INFO] [stdout] 30 |     let app_ident = winmtp::make_current_app_identifiers("list_devices")!;
[INFO] [stdout]    |                                                                         ^ expected one of `.`, `;`, `?`, `else`, or an operator
[INFO] [stdout] 
[INFO] [stdout] 
[INFO] [stdout] warning: unused import: `std::error::Error`
[INFO] [stdout]  --> tests/file_access.rs:4:5
[INFO] [stdout]   |
[INFO] [stdout] 4 | use std::error::Error;
[INFO] [stdout]   |     ^^^^^^^^^^^^^^^^^
[INFO] [stdout]   |
[INFO] [stdout]   = note: `#[warn(unused_imports)]` on by default
[INFO] [stdout] 
[INFO] [stdout] 
[INFO] [stdout] warning: unused import: `windows::core::PCWSTR`
[INFO] [stdout]  --> tests/file_access.rs:6:5
[INFO] [stdout]   |
[INFO] [stdout] 6 | use windows::core::PCWSTR;
[INFO] [stdout]   |     ^^^^^^^^^^^^^^^^^^^^^
[INFO] [stdout] 
[INFO] [stdout] 
[INFO] [stdout] error[E0603]: struct `AppIdentifiers` is private
[INFO] [stdout]  --> examples/list-devices.rs:9:21
[INFO] [stdout]   |
[INFO] [stdout] 9 | use winmtp::device::AppIdentifiers;
[INFO] [stdout]   |                     ^^^^^^^^^^^^^^ private struct
[INFO] [stdout]   |
[INFO] [stdout] note: the struct `AppIdentifiers` is defined here
[INFO] [stdout]  --> /opt/rustwide/workdir/src/device/mod.rs:7:5
[INFO] [stdout]   |
[INFO] [stdout] 7 | use crate::device::device_values::AppIdentifiers;
[INFO] [stdout]   |     ^^^^^^^^^^^^^^^^^^^^^^^^^^^^^^^^^^^^^^^^^^^^
[INFO] [stdout] 
[INFO] [stdout] 
[INFO] [stdout] warning: unused import: `std::path::Path`
[INFO] [stdout]  --> examples/list-devices.rs:1:5
[INFO] [stdout]   |
[INFO] [stdout] 1 | use std::path::Path;
[INFO] [stdout]   |     ^^^^^^^^^^^^^^^
[INFO] [stdout]   |
[INFO] [stdout]   = note: `#[warn(unused_imports)]` on by default
[INFO] [stdout] 
[INFO] [stdout] 
[INFO] [stdout] warning: unused import: `windows::core::PCWSTR`
[INFO] [stdout]  --> examples/list-devices.rs:4:5
[INFO] [stdout]   |
[INFO] [stdout] 4 | use windows::core::PCWSTR;
[INFO] [stdout]   |     ^^^^^^^^^^^^^^^^^^^^^
[INFO] [stdout] 
[INFO] [stdout] 
[INFO] [stdout] warning: unused imports: `U16CStr`, `U16CString`
[INFO] [stdout]  --> examples/list-devices.rs:5:18
[INFO] [stdout]   |
[INFO] [stdout] 5 | use widestring::{U16CString, U16CStr};
[INFO] [stdout]   |                  ^^^^^^^^^^  ^^^^^^^
[INFO] [stdout] 
[INFO] [stdout] 
[INFO] [stdout] warning: unused import: `winmtp::object::ObjectId`
[INFO] [stdout]   --> examples/list-devices.rs:10:5
[INFO] [stdout]    |
[INFO] [stdout] 10 | use winmtp::object::ObjectId;
[INFO] [stdout]    |     ^^^^^^^^^^^^^^^^^^^^^^^^
[INFO] [stdout] 
[INFO] [stdout] 
[INFO] [stdout] warning: unused import: `U16CStr`
[INFO] [stdout]  --> tests/file_access.rs:7:30
[INFO] [stdout]   |
[INFO] [stdout] 7 | use widestring::{U16CString, U16CStr};
[INFO] [stdout]   |                              ^^^^^^^
[INFO] [stdout] 
[INFO] [stdout] 
[INFO] [stdout] warning: unused import: `winmtp::object::ObjectId`
[INFO] [stdout]   --> tests/file_access.rs:12:5
[INFO] [stdout]    |
[INFO] [stdout] 12 | use winmtp::object::ObjectId;
[INFO] [stdout]    |     ^^^^^^^^^^^^^^^^^^^^^^^^
[INFO] [stdout] 
[INFO] [stdout] 
[INFO] [stdout] error: aborting due to 2 previous errors; 4 warnings emitted
[INFO] [stdout] 
[INFO] [stdout] 
[INFO] [stdout] For more information about this error, try `rustc --explain E0603`.
[INFO] [stdout] 
[INFO] [stdout] error[E0061]: this method takes 2 arguments but 1 argument was supplied
[INFO] [stdout]   --> tests/file_access.rs:31:31
[INFO] [stdout]    |
[INFO] [stdout] 31 |     let device = basic_device.open(&app_ident).unwrap();
[INFO] [stdout]    |                               ^^^^------------ an argument of type `bool` is missing
[INFO] [stdout]    |
[INFO] [stdout] note: method defined here
[INFO] [stdout]   --> /opt/rustwide/workdir/src/device/mod.rs:42:12
[INFO] [stdout]    |
[INFO] [stdout] 42 |     pub fn open(&self, app_identifiers: &AppIdentifiers, case_sensitive_fs: bool) -> crate::WindowsResult<Device> {
[INFO] [stdout]    |            ^^^^
[INFO] [stdout] help: provide the argument
[INFO] [stdout]    |
[INFO] [stdout] 31 |     let device = basic_device.open(&app_ident, /* bool */).unwrap();
[INFO] [stdout]    |                                   ~~~~~~~~~~~~~~~~~~~~~~~~
[INFO] [stdout] 
[INFO] [stdout] 
[INFO] [stdout] error[E0061]: this method takes 2 arguments but 1 argument was supplied
[INFO] [stdout]   --> tests/file_access.rs:75:31
[INFO] [stdout]    |
[INFO] [stdout] 75 |     let device = basic_device.open(&app_ident).unwrap();
[INFO] [stdout]    |                               ^^^^------------ an argument of type `bool` is missing
[INFO] [stdout]    |
[INFO] [stdout] note: method defined here
[INFO] [stdout]   --> /opt/rustwide/workdir/src/device/mod.rs:42:12
[INFO] [stdout]    |
[INFO] [stdout] 42 |     pub fn open(&self, app_identifiers: &AppIdentifiers, case_sensitive_fs: bool) -> crate::WindowsResult<Device> {
[INFO] [stdout]    |            ^^^^
[INFO] [stdout] help: provide the argument
[INFO] [stdout]    |
[INFO] [stdout] 75 |     let device = basic_device.open(&app_ident, /* bool */).unwrap();
[INFO] [stdout]    |                                   ~~~~~~~~~~~~~~~~~~~~~~~~
[INFO] [stdout] 
[INFO] [stdout] 
[INFO] [stdout] error[E0061]: this method takes 2 arguments but 1 argument was supplied
[INFO] [stdout]   --> tests/file_access.rs:88:31
[INFO] [stdout]    |
[INFO] [stdout] 88 |     let device = basic_device.open(&app_identifiers).unwrap();
[INFO] [stdout]    |                               ^^^^------------------ an argument of type `bool` is missing
[INFO] [stdout]    |
[INFO] [stdout] note: method defined here
[INFO] [stdout]   --> /opt/rustwide/workdir/src/device/mod.rs:42:12
[INFO] [stdout]    |
[INFO] [stdout] 42 |     pub fn open(&self, app_identifiers: &AppIdentifiers, case_sensitive_fs: bool) -> crate::WindowsResult<Device> {
[INFO] [stdout]    |            ^^^^
[INFO] [stdout] help: provide the argument
[INFO] [stdout]    |
[INFO] [stdout] 88 |     let device = basic_device.open(&app_identifiers, /* bool */).unwrap();
[INFO] [stdout]    |                                   ~~~~~~~~~~~~~~~~~~~~~~~~~~~~~~
[INFO] [stdout] 
[INFO] [stdout] 
[INFO] [stderr] error: could not compile `winmtp` (example "list-devices") due to 3 previous errors; 4 warnings emitted
[INFO] [stderr] warning: build failed, waiting for other jobs to finish...
[INFO] [stdout] error[E0308]: mismatched types
[INFO] [stdout]    --> tests/file_access.rs:91:65
[INFO] [stdout]     |
[INFO] [stdout] 91  |     let test_folder_id = match download_folder.create_subfolder("winmtp_test") {
[INFO] [stdout]     |                                                ---------------- ^^^^^^^^^^^^^ expected `&OsStr`, found `&str`
[INFO] [stdout]     |                                                |
[INFO] [stdout]     |                                                arguments to this method are incorrect
[INFO] [stdout]     |
[INFO] [stdout]     = note: expected reference `&OsStr`
[INFO] [stdout]                found reference `&'static str`
[INFO] [stdout] note: method defined here
[INFO] [stdout]    --> /opt/rustwide/workdir/src/object/mod.rs:184:12
[INFO] [stdout]     |
[INFO] [stdout] 184 |     pub fn create_subfolder(&self, folder_name: &OsStr) -> Result<U16CString, CreateFolderError> {
[INFO] [stdout]     |            ^^^^^^^^^^^^^^^^
[INFO] [stdout] 
[INFO] [stdout] 
[INFO] [stdout] error[E0308]: mismatched types
[INFO] [stdout]    --> tests/file_access.rs:97:46
[INFO] [stdout]     |
[INFO] [stdout] 97  |             download_folder.create_subfolder("winmtp_test").unwrap()
[INFO] [stdout]     |                             ---------------- ^^^^^^^^^^^^^ expected `&OsStr`, found `&str`
[INFO] [stdout]     |                             |
[INFO] [stdout]     |                             arguments to this method are incorrect
[INFO] [stdout]     |
[INFO] [stdout]     = note: expected reference `&OsStr`
[INFO] [stdout]                found reference `&'static str`
[INFO] [stdout] note: method defined here
[INFO] [stdout]    --> /opt/rustwide/workdir/src/object/mod.rs:184:12
[INFO] [stdout]     |
[INFO] [stdout] 184 |     pub fn create_subfolder(&self, folder_name: &OsStr) -> Result<U16CString, CreateFolderError> {
[INFO] [stdout]     |            ^^^^^^^^^^^^^^^^
[INFO] [stdout] 
[INFO] [stdout] 
[INFO] [stdout] error[E0061]: this method takes 2 arguments but 1 argument was supplied
[INFO] [stdout]    --> tests/file_access.rs:103:17
[INFO] [stdout]     |
[INFO] [stdout] 103 |     test_folder.push_file(Path::new(r"tests\assets\Rough Draft (open source mp3 from audiohub.com).mp3")).unwrap();
[INFO] [stdout]     |                 ^^^^^^^^^-------------------------------------------------------------------------------- an argument of type `bool` is missing
[INFO] [stdout]     |
[INFO] [stdout] note: method defined here
[INFO] [stdout]    --> /opt/rustwide/workdir/src/object/mod.rs:233:12
[INFO] [stdout]     |
[INFO] [stdout] 233 |     pub fn push_file(&self, local_file: &Path, allow_overwrite: bool) -> Result<(), AddFileError> {
[INFO] [stdout]     |            ^^^^^^^^^
[INFO] [stdout] help: provide the argument
[INFO] [stdout]     |
[INFO] [stdout] 103 |     test_folder.push_file(Path::new(r"tests\assets\Rough Draft (open source mp3 from audiohub.com).mp3"), /* bool */).unwrap();
[INFO] [stdout]     |                          ~~~~~~~~~~~~~~~~~~~~~~~~~~~~~~~~~~~~~~~~~~~~~~~~~~~~~~~~~~~~~~~~~~~~~~~~~~~~~~~~~~~~~~~~~~~~
[INFO] [stdout] 
[INFO] [stdout] 
[INFO] [stdout] error[E0061]: this method takes 2 arguments but 1 argument was supplied
[INFO] [stdout]    --> tests/file_access.rs:110:31
[INFO] [stdout]     |
[INFO] [stdout] 110 |     let device = basic_device.open(&app_identifiers).unwrap();
[INFO] [stdout]     |                               ^^^^------------------ an argument of type `bool` is missing
[INFO] [stdout]     |
[INFO] [stdout] note: method defined here
[INFO] [stdout]    --> /opt/rustwide/workdir/src/device/mod.rs:42:12
[INFO] [stdout]     |
[INFO] [stdout] 42  |     pub fn open(&self, app_identifiers: &AppIdentifiers, case_sensitive_fs: bool) -> crate::WindowsResult<Device> {
[INFO] [stdout]     |            ^^^^
[INFO] [stdout] help: provide the argument
[INFO] [stdout]     |
[INFO] [stdout] 110 |     let device = basic_device.open(&app_identifiers, /* bool */).unwrap();
[INFO] [stdout]     |                                   ~~~~~~~~~~~~~~~~~~~~~~~~~~~~~~
[INFO] [stdout] 
[INFO] [stdout] 
[INFO] [stdout] error: aborting due to 7 previous errors; 4 warnings emitted
[INFO] [stdout] 
[INFO] [stdout] 
[INFO] [stdout] Some errors have detailed explanations: E0061, E0308.
[INFO] [stdout] 
[INFO] [stdout] For more information about an error, try `rustc --explain E0061`.
[INFO] [stdout] 
[INFO] [stderr] error: could not compile `winmtp` (test "file_access") due to 8 previous errors; 4 warnings emitted
[INFO] [stdout] warning: field `basic_device` is never read
[INFO] [stdout]   --> src/device/mod.rs:67:5
[INFO] [stdout]    |
[INFO] [stdout] 66 | pub struct Device {
[INFO] [stdout]    |            ------ field in this struct
[INFO] [stdout] 67 |     basic_device: BasicDevice,
[INFO] [stdout]    |     ^^^^^^^^^^^^
[INFO] [stdout]    |
[INFO] [stdout]    = note: `#[warn(dead_code)]` on by default
[INFO] [stdout] 
[INFO] [stdout] 
[INFO] [stdout] error: linking with `cc` failed: exit status: 1
[INFO] [stdout]   |
[INFO] [stdout]   = note: LC_ALL="C" PATH="/opt/rustwide/rustup-home/toolchains/1.75.0-x86_64-unknown-linux-gnu/lib/rustlib/x86_64-unknown-linux-gnu/bin:/opt/rustwide/cargo-home/bin:/usr/local/sbin:/usr/local/bin:/usr/sbin:/usr/bin:/sbin:/bin" VSLANG="1033" "cc" "-m64" "/tmp/rustczWW9DP/symbols.o" "/opt/rustwide/target/debug/deps/winmtp-362986f243d840b1.winmtp.3c8ba4f5c1eaeb8f-cgu.0.rcgu.o" "/opt/rustwide/target/debug/deps/winmtp-362986f243d840b1.40fos5nlfuwxf1h2.rcgu.o" "-Wl,--as-needed" "-L" "/opt/rustwide/target/debug/deps" "-L" "/opt/rustwide/rustup-home/toolchains/1.75.0-x86_64-unknown-linux-gnu/lib/rustlib/x86_64-unknown-linux-gnu/lib" "-Wl,-Bstatic" "/opt/rustwide/rustup-home/toolchains/1.75.0-x86_64-unknown-linux-gnu/lib/rustlib/x86_64-unknown-linux-gnu/lib/libtest-3df1bed8075ce1de.rlib" "/opt/rustwide/rustup-home/toolchains/1.75.0-x86_64-unknown-linux-gnu/lib/rustlib/x86_64-unknown-linux-gnu/lib/libgetopts-2076fd86b325cb5d.rlib" "/opt/rustwide/rustup-home/toolchains/1.75.0-x86_64-unknown-linux-gnu/lib/rustlib/x86_64-unknown-linux-gnu/lib/libunicode_width-caa7152ee70c190f.rlib" "/opt/rustwide/rustup-home/toolchains/1.75.0-x86_64-unknown-linux-gnu/lib/rustlib/x86_64-unknown-linux-gnu/lib/librustc_std_workspace_std-04e6425e07f02a3c.rlib" "/opt/rustwide/target/debug/deps/libthiserror-2b0eb6daeaca2454.rlib" "/opt/rustwide/target/debug/deps/libwidestring-588fc71f5245109c.rlib" "/opt/rustwide/target/debug/deps/libwindows-a0968a9dd0e517a7.rlib" "/opt/rustwide/rustup-home/toolchains/1.75.0-x86_64-unknown-linux-gnu/lib/rustlib/x86_64-unknown-linux-gnu/lib/libstd-90f6ddbf82de36ec.rlib" "/opt/rustwide/rustup-home/toolchains/1.75.0-x86_64-unknown-linux-gnu/lib/rustlib/x86_64-unknown-linux-gnu/lib/libpanic_unwind-480c41e9d4e1f677.rlib" "/opt/rustwide/rustup-home/toolchains/1.75.0-x86_64-unknown-linux-gnu/lib/rustlib/x86_64-unknown-linux-gnu/lib/libobject-db744c0ca03eed1d.rlib" "/opt/rustwide/rustup-home/toolchains/1.75.0-x86_64-unknown-linux-gnu/lib/rustlib/x86_64-unknown-linux-gnu/lib/libmemchr-8ba652dc7d4b285a.rlib" "/opt/rustwide/rustup-home/toolchains/1.75.0-x86_64-unknown-linux-gnu/lib/rustlib/x86_64-unknown-linux-gnu/lib/libaddr2line-d5f4520a9ebc0d58.rlib" "/opt/rustwide/rustup-home/toolchains/1.75.0-x86_64-unknown-linux-gnu/lib/rustlib/x86_64-unknown-linux-gnu/lib/libgimli-4ad84de58f0cb463.rlib" "/opt/rustwide/rustup-home/toolchains/1.75.0-x86_64-unknown-linux-gnu/lib/rustlib/x86_64-unknown-linux-gnu/lib/librustc_demangle-0d10aae2e0f38735.rlib" "/opt/rustwide/rustup-home/toolchains/1.75.0-x86_64-unknown-linux-gnu/lib/rustlib/x86_64-unknown-linux-gnu/lib/libstd_detect-0c17cff739e6745b.rlib" "/opt/rustwide/rustup-home/toolchains/1.75.0-x86_64-unknown-linux-gnu/lib/rustlib/x86_64-unknown-linux-gnu/lib/libhashbrown-b29e17139dde1aa8.rlib" "/opt/rustwide/rustup-home/toolchains/1.75.0-x86_64-unknown-linux-gnu/lib/rustlib/x86_64-unknown-linux-gnu/lib/librustc_std_workspace_alloc-1f975299829cc7bd.rlib" "/opt/rustwide/rustup-home/toolchains/1.75.0-x86_64-unknown-linux-gnu/lib/rustlib/x86_64-unknown-linux-gnu/lib/libminiz_oxide-86bae3bc3079f89b.rlib" "/opt/rustwide/rustup-home/toolchains/1.75.0-x86_64-unknown-linux-gnu/lib/rustlib/x86_64-unknown-linux-gnu/lib/libadler-321b82c30dffdf5f.rlib" "/opt/rustwide/rustup-home/toolchains/1.75.0-x86_64-unknown-linux-gnu/lib/rustlib/x86_64-unknown-linux-gnu/lib/libunwind-3dd8a6810a0bdfef.rlib" "/opt/rustwide/rustup-home/toolchains/1.75.0-x86_64-unknown-linux-gnu/lib/rustlib/x86_64-unknown-linux-gnu/lib/libcfg_if-eb39a61c0c879984.rlib" "/opt/rustwide/rustup-home/toolchains/1.75.0-x86_64-unknown-linux-gnu/lib/rustlib/x86_64-unknown-linux-gnu/lib/liblibc-aa769569f91c3548.rlib" "/opt/rustwide/rustup-home/toolchains/1.75.0-x86_64-unknown-linux-gnu/lib/rustlib/x86_64-unknown-linux-gnu/lib/liballoc-510a192a50a983ed.rlib" "/opt/rustwide/rustup-home/toolchains/1.75.0-x86_64-unknown-linux-gnu/lib/rustlib/x86_64-unknown-linux-gnu/lib/librustc_std_workspace_core-0577018320f99037.rlib" "/opt/rustwide/rustup-home/toolchains/1.75.0-x86_64-unknown-linux-gnu/lib/rustlib/x86_64-unknown-linux-gnu/lib/libcore-193cf992125ccd4c.rlib" "/opt/rustwide/rustup-home/toolchains/1.75.0-x86_64-unknown-linux-gnu/lib/rustlib/x86_64-unknown-linux-gnu/lib/libcompiler_builtins-8e138eaf26ebb4a8.rlib" "-Wl,-Bdynamic" "-lwindows" "-lgcc_s" "-lutil" "-lrt" "-lpthread" "-lm" "-ldl" "-lc" "-Wl,--eh-frame-hdr" "-Wl,-z,noexecstack" "-L" "/opt/rustwide/rustup-home/toolchains/1.75.0-x86_64-unknown-linux-gnu/lib/rustlib/x86_64-unknown-linux-gnu/lib" "-o" "/opt/rustwide/target/debug/deps/winmtp-362986f243d840b1" "-Wl,--gc-sections" "-pie" "-Wl,-z,relro,-z,now" "-nodefaultlibs"
[INFO] [stdout]   = note: /usr/bin/ld: cannot find -lwindows: No such file or directory
[INFO] [stdout]           collect2: error: ld returned 1 exit status
[INFO] [stdout]           
[INFO] [stdout] 
[INFO] [stdout] 
[INFO] [stdout] error: aborting due to previous error; 1 warning emitted
[INFO] [stdout] 
[INFO] [stdout] 
[INFO] [stderr] error: could not compile `winmtp` (lib test) due to 2 previous errors; 1 warning emitted
[INFO] running `Command { std: "docker" "inspect" "d31421fede69ba18a54d5656a15a882e92fd355e5a024f2f775881107cfeb0b2", kill_on_drop: false }`
[INFO] running `Command { std: "docker" "rm" "-f" "d31421fede69ba18a54d5656a15a882e92fd355e5a024f2f775881107cfeb0b2", kill_on_drop: false }`
[INFO] [stdout] d31421fede69ba18a54d5656a15a882e92fd355e5a024f2f775881107cfeb0b2
