[INFO] fetching crate winit 0.29.4...
[INFO] testing winit-0.29.4 against 1.75.0 for beta-1.76-1
[INFO] extracting crate winit 0.29.4 into /workspace/builds/worker-6-tc1/source
[INFO] validating manifest of crates.io crate winit 0.29.4 on toolchain 1.75.0
[INFO] running `Command { std: CARGO_HOME="/workspace/cargo-home" RUSTUP_HOME="/workspace/rustup-home" "/workspace/cargo-home/bin/cargo" "+1.75.0" "metadata" "--manifest-path" "Cargo.toml" "--no-deps", kill_on_drop: false }`
[INFO] removed /workspace/builds/worker-6-tc1/source/.cargo/config.toml
[INFO] started tweaking crates.io crate winit 0.29.4
[INFO] finished tweaking crates.io crate winit 0.29.4
[INFO] tweaked toml for crates.io crate winit 0.29.4 written to /workspace/builds/worker-6-tc1/source/Cargo.toml
[INFO] crate crates.io crate winit 0.29.4 already has a lockfile, it will not be regenerated
[INFO] running `Command { std: CARGO_HOME="/workspace/cargo-home" RUSTUP_HOME="/workspace/rustup-home" "/workspace/cargo-home/bin/cargo" "+1.75.0" "fetch" "--manifest-path" "Cargo.toml", kill_on_drop: false }`
[INFO] [stderr]  Downloading crates ...
[INFO] [stderr]   Downloaded num_enum_derive v0.7.0
[INFO] [stderr]   Downloaded as-raw-xcb-connection v1.0.0
[INFO] [stderr]   Downloaded memchr v2.6.1
[INFO] [stderr]   Downloaded num_enum v0.7.0
[INFO] [stderr]   Downloaded tiny-skia-path v0.11.1
[INFO] [stderr]   Downloaded web-time v0.2.0
[INFO] [stderr]   Downloaded objc-sys v0.3.1
[INFO] [stderr]   Downloaded sctk-adwaita v0.7.0
[INFO] [stderr]   Downloaded tiny-skia v0.11.1
[INFO] [stderr]   Downloaded android-activity v0.5.0
[INFO] [stderr]   Downloaded softbuffer v0.3.0
[INFO] [stderr]   Downloaded polling v3.2.0
[INFO] [stderr]   Downloaded crossfont v0.5.1
[INFO] running `Command { std: "docker" "create" "-v" "/var/lib/crater-agent-workspace/builds/worker-6-tc1/target:/opt/rustwide/target:rw,Z" "-v" "/var/lib/crater-agent-workspace/builds/worker-6-tc1/source:/opt/rustwide/workdir:ro,Z" "-v" "/var/lib/crater-agent-workspace/cargo-home:/opt/rustwide/cargo-home:ro,Z" "-v" "/var/lib/crater-agent-workspace/rustup-home:/opt/rustwide/rustup-home:ro,Z" "-e" "SOURCE_DIR=/opt/rustwide/workdir" "-e" "CARGO_TARGET_DIR=/opt/rustwide/target" "-e" "CARGO_HOME=/opt/rustwide/cargo-home" "-e" "RUSTUP_HOME=/opt/rustwide/rustup-home" "-w" "/opt/rustwide/workdir" "-m" "1610612736" "--user" "0:0" "--network" "none" "ghcr.io/rust-lang/crates-build-env/linux@sha256:2788e3201cd34a07e3172128adcd8b3090168a8e3bcc40d7c032b9dda1df7d1c" "/opt/rustwide/cargo-home/bin/cargo" "+1.75.0" "metadata" "--no-deps" "--format-version=1", kill_on_drop: false }`
[INFO] [stdout] 0cf9c0b3ddec2fe12dca9bce8f2243bc8af3a3448e14af1a0b71e3980746d8cc
[INFO] running `Command { std: "docker" "start" "-a" "0cf9c0b3ddec2fe12dca9bce8f2243bc8af3a3448e14af1a0b71e3980746d8cc", kill_on_drop: false }`
[INFO] running `Command { std: "docker" "inspect" "0cf9c0b3ddec2fe12dca9bce8f2243bc8af3a3448e14af1a0b71e3980746d8cc", kill_on_drop: false }`
[INFO] running `Command { std: "docker" "rm" "-f" "0cf9c0b3ddec2fe12dca9bce8f2243bc8af3a3448e14af1a0b71e3980746d8cc", kill_on_drop: false }`
[INFO] [stdout] 0cf9c0b3ddec2fe12dca9bce8f2243bc8af3a3448e14af1a0b71e3980746d8cc
[INFO] running `Command { std: "docker" "create" "-v" "/var/lib/crater-agent-workspace/builds/worker-6-tc1/target:/opt/rustwide/target:rw,Z" "-v" "/var/lib/crater-agent-workspace/builds/worker-6-tc1/source:/opt/rustwide/workdir:ro,Z" "-v" "/var/lib/crater-agent-workspace/cargo-home:/opt/rustwide/cargo-home:ro,Z" "-v" "/var/lib/crater-agent-workspace/rustup-home:/opt/rustwide/rustup-home:ro,Z" "-e" "SOURCE_DIR=/opt/rustwide/workdir" "-e" "CARGO_TARGET_DIR=/opt/rustwide/target" "-e" "CARGO_INCREMENTAL=0" "-e" "RUST_BACKTRACE=full" "-e" "RUSTFLAGS=--cap-lints=warn" "-e" "RUSTDOCFLAGS=--cap-lints=warn" "-e" "CARGO_HOME=/opt/rustwide/cargo-home" "-e" "RUSTUP_HOME=/opt/rustwide/rustup-home" "-w" "/opt/rustwide/workdir" "-m" "1610612736" "--user" "0:0" "--network" "none" "ghcr.io/rust-lang/crates-build-env/linux@sha256:2788e3201cd34a07e3172128adcd8b3090168a8e3bcc40d7c032b9dda1df7d1c" "/opt/rustwide/cargo-home/bin/cargo" "+1.75.0" "build" "--frozen" "--message-format=json", kill_on_drop: false }`
[INFO] [stdout] 8f63b7cf2ab18364d283b9b92b8a9731375688786099b7e931699f390db467f4
[INFO] running `Command { std: "docker" "start" "-a" "8f63b7cf2ab18364d283b9b92b8a9731375688786099b7e931699f390db467f4", kill_on_drop: false }`
[INFO] [stderr]    Compiling libc v0.2.149
[INFO] [stderr]    Compiling proc-macro2 v1.0.66
[INFO] [stderr]    Compiling pkg-config v0.3.27
[INFO] [stderr]    Compiling memoffset v0.7.1
[INFO] [stderr]    Compiling once_cell v1.18.0
[INFO] [stderr]    Compiling unicode-ident v1.0.11
[INFO] [stderr]    Compiling libloading v0.8.0
[INFO] [stderr]    Compiling bitflags v2.4.0
[INFO] [stderr]    Compiling scoped-tls v1.0.1
[INFO] [stderr]    Compiling downcast-rs v1.2.0
[INFO] [stderr]    Compiling memchr v2.6.1
[INFO] [stderr]    Compiling smallvec v1.11.0
[INFO] [stderr]    Compiling rustix v0.38.20
[INFO] [stderr]    Compiling linux-raw-sys v0.4.10
[INFO] [stderr]    Compiling tracing-core v0.1.32
[INFO] [stderr]    Compiling thiserror v1.0.47
[INFO] [stderr]    Compiling minimal-lexical v0.2.1
[INFO] [stderr]    Compiling dlib v0.5.2
[INFO] [stderr]    Compiling bytemuck v1.13.1
[INFO] [stderr]    Compiling ttf-parser v0.19.1
[INFO] [stderr]    Compiling arrayref v0.3.7
[INFO] [stderr]    Compiling xkeysym v0.2.0
[INFO] [stderr]    Compiling smithay-client-toolkit v0.18.0
[INFO] [stderr]    Compiling strict-num v0.1.1
[INFO] [stderr]    Compiling cursor-icon v1.1.0
[INFO] [stderr]    Compiling tracing v0.1.40
[INFO] [stderr]    Compiling tiny-skia-path v0.11.1
[INFO] [stderr]    Compiling ahash v0.8.3
[INFO] [stderr]    Compiling ab_glyph_rasterizer v0.1.8
[INFO] [stderr]    Compiling arrayvec v0.7.4
[INFO] [stderr]    Compiling cfg_aliases v0.1.1
[INFO] [stderr]    Compiling wayland-sys v0.31.1
[INFO] [stderr]    Compiling x11-dl v2.21.0
[INFO] [stderr]    Compiling quick-xml v0.30.0
[INFO] [stderr]    Compiling nom v7.1.3
[INFO] [stderr]    Compiling x11rb v0.12.0
[INFO] [stderr]    Compiling winit v0.29.4 (/opt/rustwide/workdir)
[INFO] [stderr]    Compiling libloading v0.7.4
[INFO] [stderr]    Compiling quote v1.0.33
[INFO] [stderr]    Compiling as-raw-xcb-connection v1.0.0
[INFO] [stderr]    Compiling tiny-skia v0.11.1
[INFO] [stderr]    Compiling raw-window-handle v0.6.0
[INFO] [stderr]    Compiling cc v1.0.83
[INFO] [stderr]    Compiling syn v2.0.29
[INFO] [stderr]    Compiling smol_str v0.2.0
[INFO] [stderr]    Compiling percent-encoding v2.3.0
[INFO] [stderr]    Compiling xkbcommon-dl v0.4.1
[INFO] [stderr]    Compiling wayland-scanner v0.31.0
[INFO] [stderr]    Compiling nix v0.26.4
[INFO] [stderr]    Compiling memmap2 v0.9.0
[INFO] [stderr]    Compiling gethostname v0.3.0
[INFO] [stderr]    Compiling getrandom v0.2.10
[INFO] [stderr]    Compiling wayland-backend v0.3.2
[INFO] [stderr]    Compiling xcursor v0.3.4
[INFO] [stderr]    Compiling owned_ttf_parser v0.19.0
[INFO] [stderr]    Compiling ab_glyph v0.2.21
[INFO] [stderr]    Compiling thiserror-impl v1.0.47
[INFO] [stderr]    Compiling x11rb-protocol v0.12.0
[INFO] [stderr]    Compiling wayland-client v0.31.1
[INFO] [stderr]    Compiling wayland-csd-frame v0.3.0
[INFO] [stderr]    Compiling polling v3.2.0
[INFO] [stderr]    Compiling calloop v0.12.3
[INFO] [stderr]    Compiling wayland-protocols v0.31.0
[INFO] [stderr]    Compiling calloop-wayland-source v0.2.0
[INFO] [stderr]    Compiling wayland-cursor v0.31.0
[INFO] [stderr]    Compiling wayland-protocols-wlr v0.2.0
[INFO] [stderr]    Compiling wayland-protocols-plasma v0.2.0
[INFO] [stderr]    Compiling sctk-adwaita v0.7.0
[INFO] [stderr]     Finished dev [unoptimized + debuginfo] target(s) in 20.34s
[INFO] running `Command { std: "docker" "inspect" "8f63b7cf2ab18364d283b9b92b8a9731375688786099b7e931699f390db467f4", kill_on_drop: false }`
[INFO] running `Command { std: "docker" "rm" "-f" "8f63b7cf2ab18364d283b9b92b8a9731375688786099b7e931699f390db467f4", kill_on_drop: false }`
[INFO] [stdout] 8f63b7cf2ab18364d283b9b92b8a9731375688786099b7e931699f390db467f4
[INFO] running `Command { std: "docker" "create" "-v" "/var/lib/crater-agent-workspace/builds/worker-6-tc1/target:/opt/rustwide/target:rw,Z" "-v" "/var/lib/crater-agent-workspace/builds/worker-6-tc1/source:/opt/rustwide/workdir:ro,Z" "-v" "/var/lib/crater-agent-workspace/cargo-home:/opt/rustwide/cargo-home:ro,Z" "-v" "/var/lib/crater-agent-workspace/rustup-home:/opt/rustwide/rustup-home:ro,Z" "-e" "SOURCE_DIR=/opt/rustwide/workdir" "-e" "CARGO_TARGET_DIR=/opt/rustwide/target" "-e" "CARGO_INCREMENTAL=0" "-e" "RUST_BACKTRACE=full" "-e" "RUSTFLAGS=--cap-lints=warn" "-e" "RUSTDOCFLAGS=--cap-lints=warn" "-e" "CARGO_HOME=/opt/rustwide/cargo-home" "-e" "RUSTUP_HOME=/opt/rustwide/rustup-home" "-w" "/opt/rustwide/workdir" "-m" "1610612736" "--user" "0:0" "--network" "none" "ghcr.io/rust-lang/crates-build-env/linux@sha256:2788e3201cd34a07e3172128adcd8b3090168a8e3bcc40d7c032b9dda1df7d1c" "/opt/rustwide/cargo-home/bin/cargo" "+1.75.0" "test" "--frozen" "--no-run" "--message-format=json", kill_on_drop: false }`
[INFO] [stdout] 97057509405fa5f91db57f9b0c55eb46fcab2e603af593e308a8792e7397afc7
[INFO] running `Command { std: "docker" "start" "-a" "97057509405fa5f91db57f9b0c55eb46fcab2e603af593e308a8792e7397afc7", kill_on_drop: false }`
[INFO] [stderr]    Compiling log v0.4.20
[INFO] [stderr]    Compiling bytemuck v1.13.1
[INFO] [stderr]    Compiling wayland-sys v0.30.1
[INFO] [stderr]    Compiling num-traits v0.2.16
[INFO] [stderr]    Compiling io-lifetimes v1.0.11
[INFO] [stderr]    Compiling simd-adler32 v0.3.7
[INFO] [stderr]    Compiling nix v0.26.4
[INFO] [stderr]    Compiling wayland-backend v0.1.2
[INFO] [stderr]    Compiling crc32fast v1.3.2
[INFO] [stderr]    Compiling num-integer v0.1.45
[INFO] [stderr]    Compiling adler v1.0.2
[INFO] [stderr]    Compiling x11rb v0.12.0
[INFO] [stderr]    Compiling quick-xml v0.28.2
[INFO] [stderr]    Compiling num-rational v0.4.1
[INFO] [stderr]    Compiling softbuffer v0.3.0
[INFO] [stderr]    Compiling memmap2 v0.6.2
[INFO] [stderr]    Compiling miniz_oxide v0.7.1
[INFO] [stderr]    Compiling wayland-sys v0.31.1
[INFO] [stderr]    Compiling calloop v0.12.3
[INFO] [stderr]    Compiling tiny-skia-path v0.11.1
[INFO] [stderr]    Compiling fdeflate v0.3.0
[INFO] [stderr]    Compiling xkbcommon-dl v0.4.1
[INFO] [stderr]    Compiling color_quant v1.1.0
[INFO] [stderr]    Compiling byteorder v1.4.3
[INFO] [stderr]    Compiling raw-window-handle v0.5.2
[INFO] [stderr]    Compiling simple_logger v4.2.0
[INFO] [stderr]    Compiling flate2 v1.0.27
[INFO] [stderr]    Compiling wayland-scanner v0.30.1
[INFO] [stderr]    Compiling tiny-skia v0.11.1
[INFO] [stderr]    Compiling png v0.17.10
[INFO] [stderr]    Compiling image v0.24.7
[INFO] [stderr]    Compiling wayland-backend v0.3.2
[INFO] [stderr]    Compiling x11rb-protocol v0.12.0
[INFO] [stderr]    Compiling wayland-client v0.31.1
[INFO] [stderr]    Compiling wayland-csd-frame v0.3.0
[INFO] [stderr]    Compiling wayland-client v0.30.2
[INFO] [stderr]    Compiling wayland-protocols v0.31.0
[INFO] [stderr]    Compiling calloop-wayland-source v0.2.0
[INFO] [stderr]    Compiling wayland-cursor v0.31.0
[INFO] [stderr]    Compiling wayland-protocols-wlr v0.2.0
[INFO] [stderr]    Compiling wayland-protocols-plasma v0.2.0
[INFO] [stderr]    Compiling smithay-client-toolkit v0.18.0
[INFO] [stderr]    Compiling sctk-adwaita v0.7.0
[INFO] [stderr]    Compiling winit v0.29.4 (/opt/rustwide/workdir)
[INFO] [stderr] error: could not compile `winit` (lib test)
[INFO] [stderr] 
[INFO] [stderr] Caused by:
[INFO] [stderr]   process didn't exit successfully: `/opt/rustwide/rustup-home/toolchains/1.75.0-x86_64-unknown-linux-gnu/bin/rustc --crate-name winit --edition=2021 src/lib.rs --error-format=json --json=diagnostic-rendered-ansi,artifacts,future-incompat --emit=dep-info,link -C embed-bitcode=no -C debuginfo=2 --test --cfg 'feature="ahash"' --cfg 'feature="bytemuck"' --cfg 'feature="default"' --cfg 'feature="memmap2"' --cfg 'feature="percent-encoding"' --cfg 'feature="rwh_06"' --cfg 'feature="sctk"' --cfg 'feature="sctk-adwaita"' --cfg 'feature="wayland"' --cfg 'feature="wayland-backend"' --cfg 'feature="wayland-client"' --cfg 'feature="wayland-csd-adwaita"' --cfg 'feature="wayland-dlopen"' --cfg 'feature="wayland-protocols"' --cfg 'feature="wayland-protocols-plasma"' --cfg 'feature="x11"' --cfg 'feature="x11-dl"' --cfg 'feature="x11rb"' -C metadata=3bffae8626acda9c -C extra-filename=-3bffae8626acda9c --out-dir /opt/rustwide/target/debug/deps -L dependency=/opt/rustwide/target/debug/deps --extern ahash=/opt/rustwide/target/debug/deps/libahash-79331341206808c8.rlib --extern bitflags=/opt/rustwide/target/debug/deps/libbitflags-78da337a9db99d1b.rlib --extern bytemuck=/opt/rustwide/target/debug/deps/libbytemuck-628cfc1d6277b052.rlib --extern calloop=/opt/rustwide/target/debug/deps/libcalloop-5b6cd08a11eeb49f.rlib --extern cursor_icon=/opt/rustwide/target/debug/deps/libcursor_icon-fd8c2f8af645f9f3.rlib --extern image=/opt/rustwide/target/debug/deps/libimage-ad990b17ad705448.rlib --extern libc=/opt/rustwide/target/debug/deps/liblibc-229081a4ee43464c.rlib --extern log=/opt/rustwide/target/debug/deps/liblog-e491f2c1d0b13538.rlib --extern memmap2=/opt/rustwide/target/debug/deps/libmemmap2-86db8ee912746f89.rlib --extern once_cell=/opt/rustwide/target/debug/deps/libonce_cell-a342312cc2ec3f6b.rlib --extern percent_encoding=/opt/rustwide/target/debug/deps/libpercent_encoding-5d42724fd4d173a7.rlib --extern rwh_06=/opt/rustwide/target/debug/deps/libraw_window_handle-19b2bcbb2ca6a558.rlib --extern rustix=/opt/rustwide/target/debug/deps/librustix-33d687fb76be3e2d.rlib --extern sctk_adwaita=/opt/rustwide/target/debug/deps/libsctk_adwaita-0bea091f6cb3236a.rlib --extern simple_logger=/opt/rustwide/target/debug/deps/libsimple_logger-fd9b0830aa8793b6.rlib --extern sctk=/opt/rustwide/target/debug/deps/libsmithay_client_toolkit-72c9e857bb4dedff.rlib --extern smol_str=/opt/rustwide/target/debug/deps/libsmol_str-c0a10d5df875b054.rlib --extern softbuffer=/opt/rustwide/target/debug/deps/libsoftbuffer-46e9459a3b66bca4.rlib --extern wayland_backend=/opt/rustwide/target/debug/deps/libwayland_backend-29fe86bf4c3a2f23.rlib --extern wayland_client=/opt/rustwide/target/debug/deps/libwayland_client-d8f5f887be60bd0a.rlib --extern wayland_protocols=/opt/rustwide/target/debug/deps/libwayland_protocols-22e9516d5984dc10.rlib --extern wayland_protocols_plasma=/opt/rustwide/target/debug/deps/libwayland_protocols_plasma-237a120e70bbc361.rlib --extern x11_dl=/opt/rustwide/target/debug/deps/libx11_dl-679a574d74b9653c.rlib --extern x11rb=/opt/rustwide/target/debug/deps/libx11rb-6bcc194935dd2049.rlib --extern xkbcommon_dl=/opt/rustwide/target/debug/deps/libxkbcommon_dl-10e036258b9a5eff.rlib --cap-lints=warn --cfg free_unix --cfg x11_platform --cfg wayland_platform` (signal: 9, SIGKILL: kill)
[INFO] [stderr] warning: build failed, waiting for other jobs to finish...
[INFO] [stderr] error: could not compile `winit` (example "multithreaded")
[INFO] [stderr] 
[INFO] [stderr] Caused by:
[INFO] [stderr]   process didn't exit successfully: `/opt/rustwide/rustup-home/toolchains/1.75.0-x86_64-unknown-linux-gnu/bin/rustc --crate-name multithreaded --edition=2021 examples/multithreaded.rs --error-format=json --json=diagnostic-rendered-ansi,artifacts,future-incompat --crate-type bin --emit=dep-info,link -C embed-bitcode=no -C debuginfo=2 --cfg 'feature="ahash"' --cfg 'feature="bytemuck"' --cfg 'feature="default"' --cfg 'feature="memmap2"' --cfg 'feature="percent-encoding"' --cfg 'feature="rwh_06"' --cfg 'feature="sctk"' --cfg 'feature="sctk-adwaita"' --cfg 'feature="wayland"' --cfg 'feature="wayland-backend"' --cfg 'feature="wayland-client"' --cfg 'feature="wayland-csd-adwaita"' --cfg 'feature="wayland-dlopen"' --cfg 'feature="wayland-protocols"' --cfg 'feature="wayland-protocols-plasma"' --cfg 'feature="x11"' --cfg 'feature="x11-dl"' --cfg 'feature="x11rb"' -C metadata=bde33d4de64f0917 -C extra-filename=-bde33d4de64f0917 --out-dir /opt/rustwide/target/debug/examples -L dependency=/opt/rustwide/target/debug/deps --extern ahash=/opt/rustwide/target/debug/deps/libahash-79331341206808c8.rlib --extern bitflags=/opt/rustwide/target/debug/deps/libbitflags-78da337a9db99d1b.rlib --extern bytemuck=/opt/rustwide/target/debug/deps/libbytemuck-628cfc1d6277b052.rlib --extern calloop=/opt/rustwide/target/debug/deps/libcalloop-5b6cd08a11eeb49f.rlib --extern cursor_icon=/opt/rustwide/target/debug/deps/libcursor_icon-fd8c2f8af645f9f3.rlib --extern image=/opt/rustwide/target/debug/deps/libimage-ad990b17ad705448.rlib --extern libc=/opt/rustwide/target/debug/deps/liblibc-229081a4ee43464c.rlib --extern log=/opt/rustwide/target/debug/deps/liblog-e491f2c1d0b13538.rlib --extern memmap2=/opt/rustwide/target/debug/deps/libmemmap2-86db8ee912746f89.rlib --extern once_cell=/opt/rustwide/target/debug/deps/libonce_cell-a342312cc2ec3f6b.rlib --extern percent_encoding=/opt/rustwide/target/debug/deps/libpercent_encoding-5d42724fd4d173a7.rlib --extern rwh_06=/opt/rustwide/target/debug/deps/libraw_window_handle-19b2bcbb2ca6a558.rlib --extern rustix=/opt/rustwide/target/debug/deps/librustix-33d687fb76be3e2d.rlib --extern sctk_adwaita=/opt/rustwide/target/debug/deps/libsctk_adwaita-0bea091f6cb3236a.rlib --extern simple_logger=/opt/rustwide/target/debug/deps/libsimple_logger-fd9b0830aa8793b6.rlib --extern sctk=/opt/rustwide/target/debug/deps/libsmithay_client_toolkit-72c9e857bb4dedff.rlib --extern smol_str=/opt/rustwide/target/debug/deps/libsmol_str-c0a10d5df875b054.rlib --extern softbuffer=/opt/rustwide/target/debug/deps/libsoftbuffer-46e9459a3b66bca4.rlib --extern wayland_backend=/opt/rustwide/target/debug/deps/libwayland_backend-29fe86bf4c3a2f23.rlib --extern wayland_client=/opt/rustwide/target/debug/deps/libwayland_client-d8f5f887be60bd0a.rlib --extern wayland_protocols=/opt/rustwide/target/debug/deps/libwayland_protocols-22e9516d5984dc10.rlib --extern wayland_protocols_plasma=/opt/rustwide/target/debug/deps/libwayland_protocols_plasma-237a120e70bbc361.rlib --extern winit=/opt/rustwide/target/debug/deps/libwinit-531d406519f49486.rlib --extern x11_dl=/opt/rustwide/target/debug/deps/libx11_dl-679a574d74b9653c.rlib --extern x11rb=/opt/rustwide/target/debug/deps/libx11rb-6bcc194935dd2049.rlib --extern xkbcommon_dl=/opt/rustwide/target/debug/deps/libxkbcommon_dl-10e036258b9a5eff.rlib --cap-lints=warn --cfg free_unix --cfg x11_platform --cfg wayland_platform` (signal: 9, SIGKILL: kill)
[INFO] [stdout] error: linking with `cc` failed: exit status: 1
[INFO] [stdout]   |
[INFO] [stdout]   = note: LC_ALL="C" PATH="/opt/rustwide/rustup-home/toolchains/1.75.0-x86_64-unknown-linux-gnu/lib/rustlib/x86_64-unknown-linux-gnu/bin:/opt/rustwide/cargo-home/bin:/usr/local/sbin:/usr/local/bin:/usr/sbin:/usr/bin:/sbin:/bin" VSLANG="1033" "cc" "-m64" "/tmp/rustc3QYZy7/symbols.o" "/opt/rustwide/target/debug/examples/video_modes-4a33d5db21e5f8ed.video_modes.b82de3dbe98beb9f-cgu.00.rcgu.o" "/opt/rustwide/target/debug/examples/video_modes-4a33d5db21e5f8ed.video_modes.b82de3dbe98beb9f-cgu.01.rcgu.o" "/opt/rustwide/target/debug/examples/video_modes-4a33d5db21e5f8ed.video_modes.b82de3dbe98beb9f-cgu.02.rcgu.o" "/opt/rustwide/target/debug/examples/video_modes-4a33d5db21e5f8ed.video_modes.b82de3dbe98beb9f-cgu.03.rcgu.o" "/opt/rustwide/target/debug/examples/video_modes-4a33d5db21e5f8ed.video_modes.b82de3dbe98beb9f-cgu.04.rcgu.o" "/opt/rustwide/target/debug/examples/video_modes-4a33d5db21e5f8ed.video_modes.b82de3dbe98beb9f-cgu.05.rcgu.o" "/opt/rustwide/target/debug/examples/video_modes-4a33d5db21e5f8ed.video_modes.b82de3dbe98beb9f-cgu.06.rcgu.o" "/opt/rustwide/target/debug/examples/video_modes-4a33d5db21e5f8ed.video_modes.b82de3dbe98beb9f-cgu.07.rcgu.o" "/opt/rustwide/target/debug/examples/video_modes-4a33d5db21e5f8ed.video_modes.b82de3dbe98beb9f-cgu.08.rcgu.o" "/opt/rustwide/target/debug/examples/video_modes-4a33d5db21e5f8ed.video_modes.b82de3dbe98beb9f-cgu.09.rcgu.o" "/opt/rustwide/target/debug/examples/video_modes-4a33d5db21e5f8ed.video_modes.b82de3dbe98beb9f-cgu.10.rcgu.o" "/opt/rustwide/target/debug/examples/video_modes-4a33d5db21e5f8ed.video_modes.b82de3dbe98beb9f-cgu.11.rcgu.o" "/opt/rustwide/target/debug/examples/video_modes-4a33d5db21e5f8ed.video_modes.b82de3dbe98beb9f-cgu.12.rcgu.o" "/opt/rustwide/target/debug/examples/video_modes-4a33d5db21e5f8ed.video_modes.b82de3dbe98beb9f-cgu.13.rcgu.o" "/opt/rustwide/target/debug/examples/video_modes-4a33d5db21e5f8ed.video_modes.b82de3dbe98beb9f-cgu.14.rcgu.o" "/opt/rustwide/target/debug/examples/video_modes-4a33d5db21e5f8ed.video_modes.b82de3dbe98beb9f-cgu.15.rcgu.o" "/opt/rustwide/target/debug/examples/video_modes-4a33d5db21e5f8ed.40pzj9fe5ytu0o1t.rcgu.o" "-Wl,--as-needed" "-L" "/opt/rustwide/target/debug/deps" "-L" "/opt/rustwide/rustup-home/toolchains/1.75.0-x86_64-unknown-linux-gnu/lib/rustlib/x86_64-unknown-linux-gnu/lib" "-Wl,-Bstatic" "/opt/rustwide/target/debug/deps/libwinit-531d406519f49486.rlib" "/opt/rustwide/target/debug/deps/libsctk_adwaita-0bea091f6cb3236a.rlib" "/opt/rustwide/target/debug/deps/libab_glyph-422e13a3912b8285.rlib" "/opt/rustwide/target/debug/deps/libowned_ttf_parser-2f40425cc99729f0.rlib" "/opt/rustwide/target/debug/deps/libttf_parser-2dd8484fbde7c105.rlib" "/opt/rustwide/target/debug/deps/libab_glyph_rasterizer-085a93a36ad7f9e0.rlib" "/opt/rustwide/target/debug/deps/libtiny_skia-a3b1575cf2cb07fb.rlib" "/opt/rustwide/target/debug/deps/libarrayvec-531100a46ff9d9df.rlib" "/opt/rustwide/target/debug/deps/libtiny_skia_path-ba69426a7332ec4a.rlib" "/opt/rustwide/target/debug/deps/libstrict_num-8375261d38d7e628.rlib" "/opt/rustwide/target/debug/deps/libarrayref-50afdd1ea8722a59.rlib" "/opt/rustwide/target/debug/deps/libbytemuck-628cfc1d6277b052.rlib" "/opt/rustwide/target/debug/deps/libpercent_encoding-5d42724fd4d173a7.rlib" "/opt/rustwide/target/debug/deps/libx11rb-6bcc194935dd2049.rlib" "/opt/rustwide/target/debug/deps/libgethostname-2a1864ba951f8d01.rlib" "/opt/rustwide/target/debug/deps/libas_raw_xcb_connection-4c1b627a5f5e8c7c.rlib" "/opt/rustwide/target/debug/deps/liblibloading-b7eb8bc211ce6205.rlib" "/opt/rustwide/target/debug/deps/libx11rb_protocol-5c650fb5856fefb7.rlib" "/opt/rustwide/target/debug/deps/libwayland_protocols_plasma-237a120e70bbc361.rlib" "/opt/rustwide/target/debug/deps/libahash-79331341206808c8.rlib" "/opt/rustwide/target/debug/deps/libgetrandom-120ef5b67c9f1c82.rlib" "/opt/rustwide/target/debug/deps/libsmithay_client_toolkit-72c9e857bb4dedff.rlib" "/opt/rustwide/target/debug/deps/libwayland_cursor-16f8581e40c67f61.rlib" "/opt/rustwide/target/debug/deps/libxcursor-fa2ea54917389057.rlib" "/opt/rustwide/target/debug/deps/libnom-1b10f19b8af05a56.rlib" "/opt/rustwide/target/debug/deps/libmemchr-cf5ba409adc35fa8.rlib" "/opt/rustwide/target/debug/deps/libwayland_protocols_wlr-7a6bb523401f3640.rlib" "/opt/rustwide/target/debug/deps/libwayland_protocols-22e9516d5984dc10.rlib" "/opt/rustwide/target/debug/deps/libwayland_csd_frame-aa42c02fc13f7066.rlib" "/opt/rustwide/target/debug/deps/libcursor_icon-fd8c2f8af645f9f3.rlib" "/opt/rustwide/target/debug/deps/libcalloop_wayland_source-be7f75fa24202185.rlib" "/opt/rustwide/target/debug/deps/libwayland_client-d8f5f887be60bd0a.rlib" "/opt/rustwide/target/debug/deps/libwayland_backend-29fe86bf4c3a2f23.rlib" "/opt/rustwide/target/debug/deps/libdowncast_rs-c097a54188a9369f.rlib" "/opt/rustwide/target/debug/deps/libnix-f810ef197ade145a.rlib" "/opt/rustwide/target/debug/deps/libmemoffset-f02e326318b611eb.rlib" "/opt/rustwide/target/debug/deps/libpin_utils-741f7d9d160e4a16.rlib" "/opt/rustwide/target/debug/deps/libbitflags-b7cee2ca4fb438d0.rlib" "/opt/rustwide/target/debug/deps/libscoped_tls-169b605071c9f714.rlib" "/opt/rustwide/target/debug/deps/libwayland_sys-ce0f1fa935aedd96.rlib" "/opt/rustwide/target/debug/deps/libsmallvec-33767bde67bbee07.rlib" "/opt/rustwide/target/debug/deps/libcalloop-5b6cd08a11eeb49f.rlib" "/opt/rustwide/target/debug/deps/libthiserror-294da154f44c93fe.rlib" "/opt/rustwide/target/debug/deps/libpolling-b6754950d94ba486.rlib" "/opt/rustwide/target/debug/deps/librustix-33d687fb76be3e2d.rlib" "/opt/rustwide/target/debug/deps/liblinux_raw_sys-9c3a80a640d14684.rlib" "/opt/rustwide/target/debug/deps/libtracing-8f071831d2e12fd0.rlib" "/opt/rustwide/target/debug/deps/libpin_project_lite-e0757e0deaa2f8a0.rlib" "/opt/rustwide/target/debug/deps/libtracing_core-b5149497671dd27b.rlib" "/opt/rustwide/target/debug/deps/libx11_dl-679a574d74b9653c.rlib" "/opt/rustwide/target/debug/deps/libmemmap2-86db8ee912746f89.rlib" "/opt/rustwide/target/debug/deps/liblibc-229081a4ee43464c.rlib" "/opt/rustwide/target/debug/deps/libxkbcommon_dl-10e036258b9a5eff.rlib" "/opt/rustwide/target/debug/deps/libxkeysym-d6e42d3cd3fbd249.rlib" "/opt/rustwide/target/debug/deps/libdlib-1469d2ebc5d5b243.rlib" "/opt/rustwide/target/debug/deps/liblibloading-c56166b7b8dc6e8f.rlib" "/opt/rustwide/target/debug/deps/libcfg_if-61dc7a6799e72b18.rlib" "/opt/rustwide/target/debug/deps/libonce_cell-a342312cc2ec3f6b.rlib" "/opt/rustwide/target/debug/deps/libsmol_str-c0a10d5df875b054.rlib" "/opt/rustwide/target/debug/deps/libraw_window_handle-19b2bcbb2ca6a558.rlib" "/opt/rustwide/target/debug/deps/libbitflags-78da337a9db99d1b.rlib" "/opt/rustwide/target/debug/deps/libsimple_logger-fd9b0830aa8793b6.rlib" "/opt/rustwide/target/debug/deps/liblog-e491f2c1d0b13538.rlib" "/opt/rustwide/rustup-home/toolchains/1.75.0-x86_64-unknown-linux-gnu/lib/rustlib/x86_64-unknown-linux-gnu/lib/libstd-90f6ddbf82de36ec.rlib" "/opt/rustwide/rustup-home/toolchains/1.75.0-x86_64-unknown-linux-gnu/lib/rustlib/x86_64-unknown-linux-gnu/lib/libpanic_unwind-480c41e9d4e1f677.rlib" "/opt/rustwide/rustup-home/toolchains/1.75.0-x86_64-unknown-linux-gnu/lib/rustlib/x86_64-unknown-linux-gnu/lib/libobject-db744c0ca03eed1d.rlib" "/opt/rustwide/rustup-home/toolchains/1.75.0-x86_64-unknown-linux-gnu/lib/rustlib/x86_64-unknown-linux-gnu/lib/libmemchr-8ba652dc7d4b285a.rlib" "/opt/rustwide/rustup-home/toolchains/1.75.0-x86_64-unknown-linux-gnu/lib/rustlib/x86_64-unknown-linux-gnu/lib/libaddr2line-d5f4520a9ebc0d58.rlib" "/opt/rustwide/rustup-home/toolchains/1.75.0-x86_64-unknown-linux-gnu/lib/rustlib/x86_64-unknown-linux-gnu/lib/libgimli-4ad84de58f0cb463.rlib" "/opt/rustwide/rustup-home/toolchains/1.75.0-x86_64-unknown-linux-gnu/lib/rustlib/x86_64-unknown-linux-gnu/lib/librustc_demangle-0d10aae2e0f38735.rlib" "/opt/rustwide/rustup-home/toolchains/1.75.0-x86_64-unknown-linux-gnu/lib/rustlib/x86_64-unknown-linux-gnu/lib/libstd_detect-0c17cff739e6745b.rlib" "/opt/rustwide/rustup-home/toolchains/1.75.0-x86_64-unknown-linux-gnu/lib/rustlib/x86_64-unknown-linux-gnu/lib/libhashbrown-b29e17139dde1aa8.rlib" "/opt/rustwide/rustup-home/toolchains/1.75.0-x86_64-unknown-linux-gnu/lib/rustlib/x86_64-unknown-linux-gnu/lib/librustc_std_workspace_alloc-1f975299829cc7bd.rlib" "/opt/rustwide/rustup-home/toolchains/1.75.0-x86_64-unknown-linux-gnu/lib/rustlib/x86_64-unknown-linux-gnu/lib/libminiz_oxide-86bae3bc3079f89b.rlib" "/opt/rustwide/rustup-home/toolchains/1.75.0-x86_64-unknown-linux-gnu/lib/rustlib/x86_64-unknown-linux-gnu/lib/libadler-321b82c30dffdf5f.rlib" "/opt/rustwide/rustup-home/toolchains/1.75.0-x86_64-unknown-linux-gnu/lib/rustlib/x86_64-unknown-linux-gnu/lib/libunwind-3dd8a6810a0bdfef.rlib" "/opt/rustwide/rustup-home/toolchains/1.75.0-x86_64-unknown-linux-gnu/lib/rustlib/x86_64-unknown-linux-gnu/lib/libcfg_if-eb39a61c0c879984.rlib" "/opt/rustwide/rustup-home/toolchains/1.75.0-x86_64-unknown-linux-gnu/lib/rustlib/x86_64-unknown-linux-gnu/lib/liblibc-aa769569f91c3548.rlib" "/opt/rustwide/rustup-home/toolchains/1.75.0-x86_64-unknown-linux-gnu/lib/rustlib/x86_64-unknown-linux-gnu/lib/liballoc-510a192a50a983ed.rlib" "/opt/rustwide/rustup-home/toolchains/1.75.0-x86_64-unknown-linux-gnu/lib/rustlib/x86_64-unknown-linux-gnu/lib/librustc_std_workspace_core-0577018320f99037.rlib" "/opt/rustwide/rustup-home/toolchains/1.75.0-x86_64-unknown-linux-gnu/lib/rustlib/x86_64-unknown-linux-gnu/lib/libcore-193cf992125ccd4c.rlib" "/opt/rustwide/rustup-home/toolchains/1.75.0-x86_64-unknown-linux-gnu/lib/rustlib/x86_64-unknown-linux-gnu/lib/libcompiler_builtins-8e138eaf26ebb4a8.rlib" "-Wl,-Bdynamic" "-ldl" "-ldl" "-ldl" "-lgcc_s" "-lutil" "-lrt" "-lpthread" "-lm" "-ldl" "-lc" "-Wl,--eh-frame-hdr" "-Wl,-z,noexecstack" "-L" "/opt/rustwide/rustup-home/toolchains/1.75.0-x86_64-unknown-linux-gnu/lib/rustlib/x86_64-unknown-linux-gnu/lib" "-o" "/opt/rustwide/target/debug/examples/video_modes-4a33d5db21e5f8ed" "-Wl,--gc-sections" "-pie" "-Wl,-z,relro,-z,now" "-nodefaultlibs"
[INFO] [stdout]   = note: collect2: fatal error: ld terminated with signal 9 [Killed]
[INFO] [stdout]           compilation terminated.
[INFO] [stdout]           
[INFO] [stdout] 
[INFO] [stdout] 
[INFO] [stdout] error: aborting due to previous error
[INFO] [stdout] 
[INFO] [stdout] 
[INFO] [stderr] error: could not compile `winit` (example "video_modes") due to 2 previous errors
[INFO] [stderr] error: could not compile `winit` (example "cursor_grab")
[INFO] [stderr] 
[INFO] [stderr] Caused by:
[INFO] [stderr]   process didn't exit successfully: `/opt/rustwide/rustup-home/toolchains/1.75.0-x86_64-unknown-linux-gnu/bin/rustc --crate-name cursor_grab --edition=2021 examples/cursor_grab.rs --error-format=json --json=diagnostic-rendered-ansi,artifacts,future-incompat --crate-type bin --emit=dep-info,link -C embed-bitcode=no -C debuginfo=2 --cfg 'feature="ahash"' --cfg 'feature="bytemuck"' --cfg 'feature="default"' --cfg 'feature="memmap2"' --cfg 'feature="percent-encoding"' --cfg 'feature="rwh_06"' --cfg 'feature="sctk"' --cfg 'feature="sctk-adwaita"' --cfg 'feature="wayland"' --cfg 'feature="wayland-backend"' --cfg 'feature="wayland-client"' --cfg 'feature="wayland-csd-adwaita"' --cfg 'feature="wayland-dlopen"' --cfg 'feature="wayland-protocols"' --cfg 'feature="wayland-protocols-plasma"' --cfg 'feature="x11"' --cfg 'feature="x11-dl"' --cfg 'feature="x11rb"' -C metadata=d1f8c6bb9deb1e3a -C extra-filename=-d1f8c6bb9deb1e3a --out-dir /opt/rustwide/target/debug/examples -L dependency=/opt/rustwide/target/debug/deps --extern ahash=/opt/rustwide/target/debug/deps/libahash-79331341206808c8.rlib --extern bitflags=/opt/rustwide/target/debug/deps/libbitflags-78da337a9db99d1b.rlib --extern bytemuck=/opt/rustwide/target/debug/deps/libbytemuck-628cfc1d6277b052.rlib --extern calloop=/opt/rustwide/target/debug/deps/libcalloop-5b6cd08a11eeb49f.rlib --extern cursor_icon=/opt/rustwide/target/debug/deps/libcursor_icon-fd8c2f8af645f9f3.rlib --extern image=/opt/rustwide/target/debug/deps/libimage-ad990b17ad705448.rlib --extern libc=/opt/rustwide/target/debug/deps/liblibc-229081a4ee43464c.rlib --extern log=/opt/rustwide/target/debug/deps/liblog-e491f2c1d0b13538.rlib --extern memmap2=/opt/rustwide/target/debug/deps/libmemmap2-86db8ee912746f89.rlib --extern once_cell=/opt/rustwide/target/debug/deps/libonce_cell-a342312cc2ec3f6b.rlib --extern percent_encoding=/opt/rustwide/target/debug/deps/libpercent_encoding-5d42724fd4d173a7.rlib --extern rwh_06=/opt/rustwide/target/debug/deps/libraw_window_handle-19b2bcbb2ca6a558.rlib --extern rustix=/opt/rustwide/target/debug/deps/librustix-33d687fb76be3e2d.rlib --extern sctk_adwaita=/opt/rustwide/target/debug/deps/libsctk_adwaita-0bea091f6cb3236a.rlib --extern simple_logger=/opt/rustwide/target/debug/deps/libsimple_logger-fd9b0830aa8793b6.rlib --extern sctk=/opt/rustwide/target/debug/deps/libsmithay_client_toolkit-72c9e857bb4dedff.rlib --extern smol_str=/opt/rustwide/target/debug/deps/libsmol_str-c0a10d5df875b054.rlib --extern softbuffer=/opt/rustwide/target/debug/deps/libsoftbuffer-46e9459a3b66bca4.rlib --extern wayland_backend=/opt/rustwide/target/debug/deps/libwayland_backend-29fe86bf4c3a2f23.rlib --extern wayland_client=/opt/rustwide/target/debug/deps/libwayland_client-d8f5f887be60bd0a.rlib --extern wayland_protocols=/opt/rustwide/target/debug/deps/libwayland_protocols-22e9516d5984dc10.rlib --extern wayland_protocols_plasma=/opt/rustwide/target/debug/deps/libwayland_protocols_plasma-237a120e70bbc361.rlib --extern winit=/opt/rustwide/target/debug/deps/libwinit-531d406519f49486.rlib --extern x11_dl=/opt/rustwide/target/debug/deps/libx11_dl-679a574d74b9653c.rlib --extern x11rb=/opt/rustwide/target/debug/deps/libx11rb-6bcc194935dd2049.rlib --extern xkbcommon_dl=/opt/rustwide/target/debug/deps/libxkbcommon_dl-10e036258b9a5eff.rlib --cap-lints=warn --cfg free_unix --cfg x11_platform --cfg wayland_platform` (signal: 9, SIGKILL: kill)
[INFO] [stderr] error: could not compile `winit` (example "control_flow")
[INFO] [stderr] 
[INFO] [stderr] Caused by:
[INFO] [stderr]   process didn't exit successfully: `/opt/rustwide/rustup-home/toolchains/1.75.0-x86_64-unknown-linux-gnu/bin/rustc --crate-name control_flow --edition=2021 examples/control_flow.rs --error-format=json --json=diagnostic-rendered-ansi,artifacts,future-incompat --crate-type bin --emit=dep-info,link -C embed-bitcode=no -C debuginfo=2 --cfg 'feature="ahash"' --cfg 'feature="bytemuck"' --cfg 'feature="default"' --cfg 'feature="memmap2"' --cfg 'feature="percent-encoding"' --cfg 'feature="rwh_06"' --cfg 'feature="sctk"' --cfg 'feature="sctk-adwaita"' --cfg 'feature="wayland"' --cfg 'feature="wayland-backend"' --cfg 'feature="wayland-client"' --cfg 'feature="wayland-csd-adwaita"' --cfg 'feature="wayland-dlopen"' --cfg 'feature="wayland-protocols"' --cfg 'feature="wayland-protocols-plasma"' --cfg 'feature="x11"' --cfg 'feature="x11-dl"' --cfg 'feature="x11rb"' -C metadata=8d9eb8bf519e5a46 -C extra-filename=-8d9eb8bf519e5a46 --out-dir /opt/rustwide/target/debug/examples -L dependency=/opt/rustwide/target/debug/deps --extern ahash=/opt/rustwide/target/debug/deps/libahash-79331341206808c8.rlib --extern bitflags=/opt/rustwide/target/debug/deps/libbitflags-78da337a9db99d1b.rlib --extern bytemuck=/opt/rustwide/target/debug/deps/libbytemuck-628cfc1d6277b052.rlib --extern calloop=/opt/rustwide/target/debug/deps/libcalloop-5b6cd08a11eeb49f.rlib --extern cursor_icon=/opt/rustwide/target/debug/deps/libcursor_icon-fd8c2f8af645f9f3.rlib --extern image=/opt/rustwide/target/debug/deps/libimage-ad990b17ad705448.rlib --extern libc=/opt/rustwide/target/debug/deps/liblibc-229081a4ee43464c.rlib --extern log=/opt/rustwide/target/debug/deps/liblog-e491f2c1d0b13538.rlib --extern memmap2=/opt/rustwide/target/debug/deps/libmemmap2-86db8ee912746f89.rlib --extern once_cell=/opt/rustwide/target/debug/deps/libonce_cell-a342312cc2ec3f6b.rlib --extern percent_encoding=/opt/rustwide/target/debug/deps/libpercent_encoding-5d42724fd4d173a7.rlib --extern rwh_06=/opt/rustwide/target/debug/deps/libraw_window_handle-19b2bcbb2ca6a558.rlib --extern rustix=/opt/rustwide/target/debug/deps/librustix-33d687fb76be3e2d.rlib --extern sctk_adwaita=/opt/rustwide/target/debug/deps/libsctk_adwaita-0bea091f6cb3236a.rlib --extern simple_logger=/opt/rustwide/target/debug/deps/libsimple_logger-fd9b0830aa8793b6.rlib --extern sctk=/opt/rustwide/target/debug/deps/libsmithay_client_toolkit-72c9e857bb4dedff.rlib --extern smol_str=/opt/rustwide/target/debug/deps/libsmol_str-c0a10d5df875b054.rlib --extern softbuffer=/opt/rustwide/target/debug/deps/libsoftbuffer-46e9459a3b66bca4.rlib --extern wayland_backend=/opt/rustwide/target/debug/deps/libwayland_backend-29fe86bf4c3a2f23.rlib --extern wayland_client=/opt/rustwide/target/debug/deps/libwayland_client-d8f5f887be60bd0a.rlib --extern wayland_protocols=/opt/rustwide/target/debug/deps/libwayland_protocols-22e9516d5984dc10.rlib --extern wayland_protocols_plasma=/opt/rustwide/target/debug/deps/libwayland_protocols_plasma-237a120e70bbc361.rlib --extern winit=/opt/rustwide/target/debug/deps/libwinit-531d406519f49486.rlib --extern x11_dl=/opt/rustwide/target/debug/deps/libx11_dl-679a574d74b9653c.rlib --extern x11rb=/opt/rustwide/target/debug/deps/libx11rb-6bcc194935dd2049.rlib --extern xkbcommon_dl=/opt/rustwide/target/debug/deps/libxkbcommon_dl-10e036258b9a5eff.rlib --cap-lints=warn --cfg free_unix --cfg x11_platform --cfg wayland_platform` (signal: 9, SIGKILL: kill)
[INFO] [stderr] error: could not compile `winit` (example "request_redraw")
[INFO] [stderr] 
[INFO] [stderr] Caused by:
[INFO] [stderr]   process didn't exit successfully: `/opt/rustwide/rustup-home/toolchains/1.75.0-x86_64-unknown-linux-gnu/bin/rustc --crate-name request_redraw --edition=2021 examples/request_redraw.rs --error-format=json --json=diagnostic-rendered-ansi,artifacts,future-incompat --crate-type bin --emit=dep-info,link -C embed-bitcode=no -C debuginfo=2 --cfg 'feature="ahash"' --cfg 'feature="bytemuck"' --cfg 'feature="default"' --cfg 'feature="memmap2"' --cfg 'feature="percent-encoding"' --cfg 'feature="rwh_06"' --cfg 'feature="sctk"' --cfg 'feature="sctk-adwaita"' --cfg 'feature="wayland"' --cfg 'feature="wayland-backend"' --cfg 'feature="wayland-client"' --cfg 'feature="wayland-csd-adwaita"' --cfg 'feature="wayland-dlopen"' --cfg 'feature="wayland-protocols"' --cfg 'feature="wayland-protocols-plasma"' --cfg 'feature="x11"' --cfg 'feature="x11-dl"' --cfg 'feature="x11rb"' -C metadata=363e0a21673915b8 -C extra-filename=-363e0a21673915b8 --out-dir /opt/rustwide/target/debug/examples -L dependency=/opt/rustwide/target/debug/deps --extern ahash=/opt/rustwide/target/debug/deps/libahash-79331341206808c8.rlib --extern bitflags=/opt/rustwide/target/debug/deps/libbitflags-78da337a9db99d1b.rlib --extern bytemuck=/opt/rustwide/target/debug/deps/libbytemuck-628cfc1d6277b052.rlib --extern calloop=/opt/rustwide/target/debug/deps/libcalloop-5b6cd08a11eeb49f.rlib --extern cursor_icon=/opt/rustwide/target/debug/deps/libcursor_icon-fd8c2f8af645f9f3.rlib --extern image=/opt/rustwide/target/debug/deps/libimage-ad990b17ad705448.rlib --extern libc=/opt/rustwide/target/debug/deps/liblibc-229081a4ee43464c.rlib --extern log=/opt/rustwide/target/debug/deps/liblog-e491f2c1d0b13538.rlib --extern memmap2=/opt/rustwide/target/debug/deps/libmemmap2-86db8ee912746f89.rlib --extern once_cell=/opt/rustwide/target/debug/deps/libonce_cell-a342312cc2ec3f6b.rlib --extern percent_encoding=/opt/rustwide/target/debug/deps/libpercent_encoding-5d42724fd4d173a7.rlib --extern rwh_06=/opt/rustwide/target/debug/deps/libraw_window_handle-19b2bcbb2ca6a558.rlib --extern rustix=/opt/rustwide/target/debug/deps/librustix-33d687fb76be3e2d.rlib --extern sctk_adwaita=/opt/rustwide/target/debug/deps/libsctk_adwaita-0bea091f6cb3236a.rlib --extern simple_logger=/opt/rustwide/target/debug/deps/libsimple_logger-fd9b0830aa8793b6.rlib --extern sctk=/opt/rustwide/target/debug/deps/libsmithay_client_toolkit-72c9e857bb4dedff.rlib --extern smol_str=/opt/rustwide/target/debug/deps/libsmol_str-c0a10d5df875b054.rlib --extern softbuffer=/opt/rustwide/target/debug/deps/libsoftbuffer-46e9459a3b66bca4.rlib --extern wayland_backend=/opt/rustwide/target/debug/deps/libwayland_backend-29fe86bf4c3a2f23.rlib --extern wayland_client=/opt/rustwide/target/debug/deps/libwayland_client-d8f5f887be60bd0a.rlib --extern wayland_protocols=/opt/rustwide/target/debug/deps/libwayland_protocols-22e9516d5984dc10.rlib --extern wayland_protocols_plasma=/opt/rustwide/target/debug/deps/libwayland_protocols_plasma-237a120e70bbc361.rlib --extern winit=/opt/rustwide/target/debug/deps/libwinit-531d406519f49486.rlib --extern x11_dl=/opt/rustwide/target/debug/deps/libx11_dl-679a574d74b9653c.rlib --extern x11rb=/opt/rustwide/target/debug/deps/libx11rb-6bcc194935dd2049.rlib --extern xkbcommon_dl=/opt/rustwide/target/debug/deps/libxkbcommon_dl-10e036258b9a5eff.rlib --cap-lints=warn --cfg free_unix --cfg x11_platform --cfg wayland_platform` (signal: 9, SIGKILL: kill)
[INFO] [stdout] error: linking with `cc` failed: exit status: 1
[INFO] [stdout]   |
[INFO] [stdout]   = note: LC_ALL="C" PATH="/opt/rustwide/rustup-home/toolchains/1.75.0-x86_64-unknown-linux-gnu/lib/rustlib/x86_64-unknown-linux-gnu/bin:/opt/rustwide/cargo-home/bin:/usr/local/sbin:/usr/local/bin:/usr/sbin:/usr/bin:/sbin:/bin" VSLANG="1033" "cc" "-m64" "/tmp/rustceevvzz/symbols.o" "/opt/rustwide/target/debug/examples/monitor_list-03f30dceccba5b20.monitor_list.f2e0f68aec3bd3f8-cgu.00.rcgu.o" "/opt/rustwide/target/debug/examples/monitor_list-03f30dceccba5b20.monitor_list.f2e0f68aec3bd3f8-cgu.01.rcgu.o" "/opt/rustwide/target/debug/examples/monitor_list-03f30dceccba5b20.monitor_list.f2e0f68aec3bd3f8-cgu.02.rcgu.o" "/opt/rustwide/target/debug/examples/monitor_list-03f30dceccba5b20.monitor_list.f2e0f68aec3bd3f8-cgu.03.rcgu.o" "/opt/rustwide/target/debug/examples/monitor_list-03f30dceccba5b20.monitor_list.f2e0f68aec3bd3f8-cgu.04.rcgu.o" "/opt/rustwide/target/debug/examples/monitor_list-03f30dceccba5b20.monitor_list.f2e0f68aec3bd3f8-cgu.05.rcgu.o" "/opt/rustwide/target/debug/examples/monitor_list-03f30dceccba5b20.monitor_list.f2e0f68aec3bd3f8-cgu.06.rcgu.o" "/opt/rustwide/target/debug/examples/monitor_list-03f30dceccba5b20.monitor_list.f2e0f68aec3bd3f8-cgu.07.rcgu.o" "/opt/rustwide/target/debug/examples/monitor_list-03f30dceccba5b20.monitor_list.f2e0f68aec3bd3f8-cgu.08.rcgu.o" "/opt/rustwide/target/debug/examples/monitor_list-03f30dceccba5b20.monitor_list.f2e0f68aec3bd3f8-cgu.09.rcgu.o" "/opt/rustwide/target/debug/examples/monitor_list-03f30dceccba5b20.monitor_list.f2e0f68aec3bd3f8-cgu.10.rcgu.o" "/opt/rustwide/target/debug/examples/monitor_list-03f30dceccba5b20.monitor_list.f2e0f68aec3bd3f8-cgu.11.rcgu.o" "/opt/rustwide/target/debug/examples/monitor_list-03f30dceccba5b20.monitor_list.f2e0f68aec3bd3f8-cgu.12.rcgu.o" "/opt/rustwide/target/debug/examples/monitor_list-03f30dceccba5b20.monitor_list.f2e0f68aec3bd3f8-cgu.13.rcgu.o" "/opt/rustwide/target/debug/examples/monitor_list-03f30dceccba5b20.monitor_list.f2e0f68aec3bd3f8-cgu.14.rcgu.o" "/opt/rustwide/target/debug/examples/monitor_list-03f30dceccba5b20.monitor_list.f2e0f68aec3bd3f8-cgu.15.rcgu.o" "/opt/rustwide/target/debug/examples/monitor_list-03f30dceccba5b20.1y0qruo3ogc0of5s.rcgu.o" "-Wl,--as-needed" "-L" "/opt/rustwide/target/debug/deps" "-L" "/opt/rustwide/rustup-home/toolchains/1.75.0-x86_64-unknown-linux-gnu/lib/rustlib/x86_64-unknown-linux-gnu/lib" "-Wl,-Bstatic" "/opt/rustwide/target/debug/deps/libwinit-531d406519f49486.rlib" "/opt/rustwide/target/debug/deps/libsctk_adwaita-0bea091f6cb3236a.rlib" "/opt/rustwide/target/debug/deps/libab_glyph-422e13a3912b8285.rlib" "/opt/rustwide/target/debug/deps/libowned_ttf_parser-2f40425cc99729f0.rlib" "/opt/rustwide/target/debug/deps/libttf_parser-2dd8484fbde7c105.rlib" "/opt/rustwide/target/debug/deps/libab_glyph_rasterizer-085a93a36ad7f9e0.rlib" "/opt/rustwide/target/debug/deps/libtiny_skia-a3b1575cf2cb07fb.rlib" "/opt/rustwide/target/debug/deps/libarrayvec-531100a46ff9d9df.rlib" "/opt/rustwide/target/debug/deps/libtiny_skia_path-ba69426a7332ec4a.rlib" "/opt/rustwide/target/debug/deps/libstrict_num-8375261d38d7e628.rlib" "/opt/rustwide/target/debug/deps/libarrayref-50afdd1ea8722a59.rlib" "/opt/rustwide/target/debug/deps/libbytemuck-628cfc1d6277b052.rlib" "/opt/rustwide/target/debug/deps/libpercent_encoding-5d42724fd4d173a7.rlib" "/opt/rustwide/target/debug/deps/libx11rb-6bcc194935dd2049.rlib" "/opt/rustwide/target/debug/deps/libgethostname-2a1864ba951f8d01.rlib" "/opt/rustwide/target/debug/deps/libas_raw_xcb_connection-4c1b627a5f5e8c7c.rlib" "/opt/rustwide/target/debug/deps/liblibloading-b7eb8bc211ce6205.rlib" "/opt/rustwide/target/debug/deps/libx11rb_protocol-5c650fb5856fefb7.rlib" "/opt/rustwide/target/debug/deps/libwayland_protocols_plasma-237a120e70bbc361.rlib" "/opt/rustwide/target/debug/deps/libahash-79331341206808c8.rlib" "/opt/rustwide/target/debug/deps/libgetrandom-120ef5b67c9f1c82.rlib" "/opt/rustwide/target/debug/deps/libsmithay_client_toolkit-72c9e857bb4dedff.rlib" "/opt/rustwide/target/debug/deps/libwayland_cursor-16f8581e40c67f61.rlib" "/opt/rustwide/target/debug/deps/libxcursor-fa2ea54917389057.rlib" "/opt/rustwide/target/debug/deps/libnom-1b10f19b8af05a56.rlib" "/opt/rustwide/target/debug/deps/libmemchr-cf5ba409adc35fa8.rlib" "/opt/rustwide/target/debug/deps/libwayland_protocols_wlr-7a6bb523401f3640.rlib" "/opt/rustwide/target/debug/deps/libwayland_protocols-22e9516d5984dc10.rlib" "/opt/rustwide/target/debug/deps/libwayland_csd_frame-aa42c02fc13f7066.rlib" "/opt/rustwide/target/debug/deps/libcursor_icon-fd8c2f8af645f9f3.rlib" "/opt/rustwide/target/debug/deps/libcalloop_wayland_source-be7f75fa24202185.rlib" "/opt/rustwide/target/debug/deps/libwayland_client-d8f5f887be60bd0a.rlib" "/opt/rustwide/target/debug/deps/libwayland_backend-29fe86bf4c3a2f23.rlib" "/opt/rustwide/target/debug/deps/libdowncast_rs-c097a54188a9369f.rlib" "/opt/rustwide/target/debug/deps/libnix-f810ef197ade145a.rlib" "/opt/rustwide/target/debug/deps/libmemoffset-f02e326318b611eb.rlib" "/opt/rustwide/target/debug/deps/libpin_utils-741f7d9d160e4a16.rlib" "/opt/rustwide/target/debug/deps/libbitflags-b7cee2ca4fb438d0.rlib" "/opt/rustwide/target/debug/deps/libscoped_tls-169b605071c9f714.rlib" "/opt/rustwide/target/debug/deps/libwayland_sys-ce0f1fa935aedd96.rlib" "/opt/rustwide/target/debug/deps/libsmallvec-33767bde67bbee07.rlib" "/opt/rustwide/target/debug/deps/libcalloop-5b6cd08a11eeb49f.rlib" "/opt/rustwide/target/debug/deps/libthiserror-294da154f44c93fe.rlib" "/opt/rustwide/target/debug/deps/libpolling-b6754950d94ba486.rlib" "/opt/rustwide/target/debug/deps/librustix-33d687fb76be3e2d.rlib" "/opt/rustwide/target/debug/deps/liblinux_raw_sys-9c3a80a640d14684.rlib" "/opt/rustwide/target/debug/deps/libtracing-8f071831d2e12fd0.rlib" "/opt/rustwide/target/debug/deps/libpin_project_lite-e0757e0deaa2f8a0.rlib" "/opt/rustwide/target/debug/deps/libtracing_core-b5149497671dd27b.rlib" "/opt/rustwide/target/debug/deps/libx11_dl-679a574d74b9653c.rlib" "/opt/rustwide/target/debug/deps/libmemmap2-86db8ee912746f89.rlib" "/opt/rustwide/target/debug/deps/liblibc-229081a4ee43464c.rlib" "/opt/rustwide/target/debug/deps/libxkbcommon_dl-10e036258b9a5eff.rlib" "/opt/rustwide/target/debug/deps/libxkeysym-d6e42d3cd3fbd249.rlib" "/opt/rustwide/target/debug/deps/libdlib-1469d2ebc5d5b243.rlib" "/opt/rustwide/target/debug/deps/liblibloading-c56166b7b8dc6e8f.rlib" "/opt/rustwide/target/debug/deps/libcfg_if-61dc7a6799e72b18.rlib" "/opt/rustwide/target/debug/deps/libonce_cell-a342312cc2ec3f6b.rlib" "/opt/rustwide/target/debug/deps/libsmol_str-c0a10d5df875b054.rlib" "/opt/rustwide/target/debug/deps/libraw_window_handle-19b2bcbb2ca6a558.rlib" "/opt/rustwide/target/debug/deps/libbitflags-78da337a9db99d1b.rlib" "/opt/rustwide/target/debug/deps/libsimple_logger-fd9b0830aa8793b6.rlib" "/opt/rustwide/target/debug/deps/liblog-e491f2c1d0b13538.rlib" "/opt/rustwide/rustup-home/toolchains/1.75.0-x86_64-unknown-linux-gnu/lib/rustlib/x86_64-unknown-linux-gnu/lib/libstd-90f6ddbf82de36ec.rlib" "/opt/rustwide/rustup-home/toolchains/1.75.0-x86_64-unknown-linux-gnu/lib/rustlib/x86_64-unknown-linux-gnu/lib/libpanic_unwind-480c41e9d4e1f677.rlib" "/opt/rustwide/rustup-home/toolchains/1.75.0-x86_64-unknown-linux-gnu/lib/rustlib/x86_64-unknown-linux-gnu/lib/libobject-db744c0ca03eed1d.rlib" "/opt/rustwide/rustup-home/toolchains/1.75.0-x86_64-unknown-linux-gnu/lib/rustlib/x86_64-unknown-linux-gnu/lib/libmemchr-8ba652dc7d4b285a.rlib" "/opt/rustwide/rustup-home/toolchains/1.75.0-x86_64-unknown-linux-gnu/lib/rustlib/x86_64-unknown-linux-gnu/lib/libaddr2line-d5f4520a9ebc0d58.rlib" "/opt/rustwide/rustup-home/toolchains/1.75.0-x86_64-unknown-linux-gnu/lib/rustlib/x86_64-unknown-linux-gnu/lib/libgimli-4ad84de58f0cb463.rlib" "/opt/rustwide/rustup-home/toolchains/1.75.0-x86_64-unknown-linux-gnu/lib/rustlib/x86_64-unknown-linux-gnu/lib/librustc_demangle-0d10aae2e0f38735.rlib" "/opt/rustwide/rustup-home/toolchains/1.75.0-x86_64-unknown-linux-gnu/lib/rustlib/x86_64-unknown-linux-gnu/lib/libstd_detect-0c17cff739e6745b.rlib" "/opt/rustwide/rustup-home/toolchains/1.75.0-x86_64-unknown-linux-gnu/lib/rustlib/x86_64-unknown-linux-gnu/lib/libhashbrown-b29e17139dde1aa8.rlib" "/opt/rustwide/rustup-home/toolchains/1.75.0-x86_64-unknown-linux-gnu/lib/rustlib/x86_64-unknown-linux-gnu/lib/librustc_std_workspace_alloc-1f975299829cc7bd.rlib" "/opt/rustwide/rustup-home/toolchains/1.75.0-x86_64-unknown-linux-gnu/lib/rustlib/x86_64-unknown-linux-gnu/lib/libminiz_oxide-86bae3bc3079f89b.rlib" "/opt/rustwide/rustup-home/toolchains/1.75.0-x86_64-unknown-linux-gnu/lib/rustlib/x86_64-unknown-linux-gnu/lib/libadler-321b82c30dffdf5f.rlib" "/opt/rustwide/rustup-home/toolchains/1.75.0-x86_64-unknown-linux-gnu/lib/rustlib/x86_64-unknown-linux-gnu/lib/libunwind-3dd8a6810a0bdfef.rlib" "/opt/rustwide/rustup-home/toolchains/1.75.0-x86_64-unknown-linux-gnu/lib/rustlib/x86_64-unknown-linux-gnu/lib/libcfg_if-eb39a61c0c879984.rlib" "/opt/rustwide/rustup-home/toolchains/1.75.0-x86_64-unknown-linux-gnu/lib/rustlib/x86_64-unknown-linux-gnu/lib/liblibc-aa769569f91c3548.rlib" "/opt/rustwide/rustup-home/toolchains/1.75.0-x86_64-unknown-linux-gnu/lib/rustlib/x86_64-unknown-linux-gnu/lib/liballoc-510a192a50a983ed.rlib" "/opt/rustwide/rustup-home/toolchains/1.75.0-x86_64-unknown-linux-gnu/lib/rustlib/x86_64-unknown-linux-gnu/lib/librustc_std_workspace_core-0577018320f99037.rlib" "/opt/rustwide/rustup-home/toolchains/1.75.0-x86_64-unknown-linux-gnu/lib/rustlib/x86_64-unknown-linux-gnu/lib/libcore-193cf992125ccd4c.rlib" "/opt/rustwide/rustup-home/toolchains/1.75.0-x86_64-unknown-linux-gnu/lib/rustlib/x86_64-unknown-linux-gnu/lib/libcompiler_builtins-8e138eaf26ebb4a8.rlib" "-Wl,-Bdynamic" "-ldl" "-ldl" "-ldl" "-lgcc_s" "-lutil" "-lrt" "-lpthread" "-lm" "-ldl" "-lc" "-Wl,--eh-frame-hdr" "-Wl,-z,noexecstack" "-L" "/opt/rustwide/rustup-home/toolchains/1.75.0-x86_64-unknown-linux-gnu/lib/rustlib/x86_64-unknown-linux-gnu/lib" "-o" "/opt/rustwide/target/debug/examples/monitor_list-03f30dceccba5b20" "-Wl,--gc-sections" "-pie" "-Wl,-z,relro,-z,now" "-nodefaultlibs"
[INFO] [stdout]   = note: collect2: fatal error: ld terminated with signal 9 [Killed]
[INFO] [stdout]           compilation terminated.
[INFO] [stdout]           
[INFO] [stdout] 
[INFO] [stdout] 
[INFO] [stdout] error: aborting due to previous error
[INFO] [stdout] 
[INFO] [stdout] 
[INFO] [stderr] error: could not compile `winit` (example "monitor_list") due to 2 previous errors
[INFO] [stderr] error: could not compile `winit` (example "custom_events")
[INFO] [stderr] 
[INFO] [stderr] Caused by:
[INFO] [stderr]   process didn't exit successfully: `/opt/rustwide/rustup-home/toolchains/1.75.0-x86_64-unknown-linux-gnu/bin/rustc --crate-name custom_events --edition=2021 examples/custom_events.rs --error-format=json --json=diagnostic-rendered-ansi,artifacts,future-incompat --crate-type bin --emit=dep-info,link -C embed-bitcode=no -C debuginfo=2 --cfg 'feature="ahash"' --cfg 'feature="bytemuck"' --cfg 'feature="default"' --cfg 'feature="memmap2"' --cfg 'feature="percent-encoding"' --cfg 'feature="rwh_06"' --cfg 'feature="sctk"' --cfg 'feature="sctk-adwaita"' --cfg 'feature="wayland"' --cfg 'feature="wayland-backend"' --cfg 'feature="wayland-client"' --cfg 'feature="wayland-csd-adwaita"' --cfg 'feature="wayland-dlopen"' --cfg 'feature="wayland-protocols"' --cfg 'feature="wayland-protocols-plasma"' --cfg 'feature="x11"' --cfg 'feature="x11-dl"' --cfg 'feature="x11rb"' -C metadata=e8a25cd8e745304d -C extra-filename=-e8a25cd8e745304d --out-dir /opt/rustwide/target/debug/examples -L dependency=/opt/rustwide/target/debug/deps --extern ahash=/opt/rustwide/target/debug/deps/libahash-79331341206808c8.rlib --extern bitflags=/opt/rustwide/target/debug/deps/libbitflags-78da337a9db99d1b.rlib --extern bytemuck=/opt/rustwide/target/debug/deps/libbytemuck-628cfc1d6277b052.rlib --extern calloop=/opt/rustwide/target/debug/deps/libcalloop-5b6cd08a11eeb49f.rlib --extern cursor_icon=/opt/rustwide/target/debug/deps/libcursor_icon-fd8c2f8af645f9f3.rlib --extern image=/opt/rustwide/target/debug/deps/libimage-ad990b17ad705448.rlib --extern libc=/opt/rustwide/target/debug/deps/liblibc-229081a4ee43464c.rlib --extern log=/opt/rustwide/target/debug/deps/liblog-e491f2c1d0b13538.rlib --extern memmap2=/opt/rustwide/target/debug/deps/libmemmap2-86db8ee912746f89.rlib --extern once_cell=/opt/rustwide/target/debug/deps/libonce_cell-a342312cc2ec3f6b.rlib --extern percent_encoding=/opt/rustwide/target/debug/deps/libpercent_encoding-5d42724fd4d173a7.rlib --extern rwh_06=/opt/rustwide/target/debug/deps/libraw_window_handle-19b2bcbb2ca6a558.rlib --extern rustix=/opt/rustwide/target/debug/deps/librustix-33d687fb76be3e2d.rlib --extern sctk_adwaita=/opt/rustwide/target/debug/deps/libsctk_adwaita-0bea091f6cb3236a.rlib --extern simple_logger=/opt/rustwide/target/debug/deps/libsimple_logger-fd9b0830aa8793b6.rlib --extern sctk=/opt/rustwide/target/debug/deps/libsmithay_client_toolkit-72c9e857bb4dedff.rlib --extern smol_str=/opt/rustwide/target/debug/deps/libsmol_str-c0a10d5df875b054.rlib --extern softbuffer=/opt/rustwide/target/debug/deps/libsoftbuffer-46e9459a3b66bca4.rlib --extern wayland_backend=/opt/rustwide/target/debug/deps/libwayland_backend-29fe86bf4c3a2f23.rlib --extern wayland_client=/opt/rustwide/target/debug/deps/libwayland_client-d8f5f887be60bd0a.rlib --extern wayland_protocols=/opt/rustwide/target/debug/deps/libwayland_protocols-22e9516d5984dc10.rlib --extern wayland_protocols_plasma=/opt/rustwide/target/debug/deps/libwayland_protocols_plasma-237a120e70bbc361.rlib --extern winit=/opt/rustwide/target/debug/deps/libwinit-531d406519f49486.rlib --extern x11_dl=/opt/rustwide/target/debug/deps/libx11_dl-679a574d74b9653c.rlib --extern x11rb=/opt/rustwide/target/debug/deps/libx11rb-6bcc194935dd2049.rlib --extern xkbcommon_dl=/opt/rustwide/target/debug/deps/libxkbcommon_dl-10e036258b9a5eff.rlib --cap-lints=warn --cfg free_unix --cfg x11_platform --cfg wayland_platform` (signal: 9, SIGKILL: kill)
[INFO] [stderr] error: could not compile `winit` (example "drag_window")
[INFO] [stderr] 
[INFO] [stderr] Caused by:
[INFO] [stderr]   process didn't exit successfully: `/opt/rustwide/rustup-home/toolchains/1.75.0-x86_64-unknown-linux-gnu/bin/rustc --crate-name drag_window --edition=2021 examples/drag_window.rs --error-format=json --json=diagnostic-rendered-ansi,artifacts,future-incompat --crate-type bin --emit=dep-info,link -C embed-bitcode=no -C debuginfo=2 --cfg 'feature="ahash"' --cfg 'feature="bytemuck"' --cfg 'feature="default"' --cfg 'feature="memmap2"' --cfg 'feature="percent-encoding"' --cfg 'feature="rwh_06"' --cfg 'feature="sctk"' --cfg 'feature="sctk-adwaita"' --cfg 'feature="wayland"' --cfg 'feature="wayland-backend"' --cfg 'feature="wayland-client"' --cfg 'feature="wayland-csd-adwaita"' --cfg 'feature="wayland-dlopen"' --cfg 'feature="wayland-protocols"' --cfg 'feature="wayland-protocols-plasma"' --cfg 'feature="x11"' --cfg 'feature="x11-dl"' --cfg 'feature="x11rb"' -C metadata=7fbe0c4d07a3f641 -C extra-filename=-7fbe0c4d07a3f641 --out-dir /opt/rustwide/target/debug/examples -L dependency=/opt/rustwide/target/debug/deps --extern ahash=/opt/rustwide/target/debug/deps/libahash-79331341206808c8.rlib --extern bitflags=/opt/rustwide/target/debug/deps/libbitflags-78da337a9db99d1b.rlib --extern bytemuck=/opt/rustwide/target/debug/deps/libbytemuck-628cfc1d6277b052.rlib --extern calloop=/opt/rustwide/target/debug/deps/libcalloop-5b6cd08a11eeb49f.rlib --extern cursor_icon=/opt/rustwide/target/debug/deps/libcursor_icon-fd8c2f8af645f9f3.rlib --extern image=/opt/rustwide/target/debug/deps/libimage-ad990b17ad705448.rlib --extern libc=/opt/rustwide/target/debug/deps/liblibc-229081a4ee43464c.rlib --extern log=/opt/rustwide/target/debug/deps/liblog-e491f2c1d0b13538.rlib --extern memmap2=/opt/rustwide/target/debug/deps/libmemmap2-86db8ee912746f89.rlib --extern once_cell=/opt/rustwide/target/debug/deps/libonce_cell-a342312cc2ec3f6b.rlib --extern percent_encoding=/opt/rustwide/target/debug/deps/libpercent_encoding-5d42724fd4d173a7.rlib --extern rwh_06=/opt/rustwide/target/debug/deps/libraw_window_handle-19b2bcbb2ca6a558.rlib --extern rustix=/opt/rustwide/target/debug/deps/librustix-33d687fb76be3e2d.rlib --extern sctk_adwaita=/opt/rustwide/target/debug/deps/libsctk_adwaita-0bea091f6cb3236a.rlib --extern simple_logger=/opt/rustwide/target/debug/deps/libsimple_logger-fd9b0830aa8793b6.rlib --extern sctk=/opt/rustwide/target/debug/deps/libsmithay_client_toolkit-72c9e857bb4dedff.rlib --extern smol_str=/opt/rustwide/target/debug/deps/libsmol_str-c0a10d5df875b054.rlib --extern softbuffer=/opt/rustwide/target/debug/deps/libsoftbuffer-46e9459a3b66bca4.rlib --extern wayland_backend=/opt/rustwide/target/debug/deps/libwayland_backend-29fe86bf4c3a2f23.rlib --extern wayland_client=/opt/rustwide/target/debug/deps/libwayland_client-d8f5f887be60bd0a.rlib --extern wayland_protocols=/opt/rustwide/target/debug/deps/libwayland_protocols-22e9516d5984dc10.rlib --extern wayland_protocols_plasma=/opt/rustwide/target/debug/deps/libwayland_protocols_plasma-237a120e70bbc361.rlib --extern winit=/opt/rustwide/target/debug/deps/libwinit-531d406519f49486.rlib --extern x11_dl=/opt/rustwide/target/debug/deps/libx11_dl-679a574d74b9653c.rlib --extern x11rb=/opt/rustwide/target/debug/deps/libx11rb-6bcc194935dd2049.rlib --extern xkbcommon_dl=/opt/rustwide/target/debug/deps/libxkbcommon_dl-10e036258b9a5eff.rlib --cap-lints=warn --cfg free_unix --cfg x11_platform --cfg wayland_platform` (signal: 9, SIGKILL: kill)
[INFO] [stderr] error: could not compile `winit` (example "ime")
[INFO] [stderr] 
[INFO] [stderr] Caused by:
[INFO] [stderr]   process didn't exit successfully: `/opt/rustwide/rustup-home/toolchains/1.75.0-x86_64-unknown-linux-gnu/bin/rustc --crate-name ime --edition=2021 examples/ime.rs --error-format=json --json=diagnostic-rendered-ansi,artifacts,future-incompat --crate-type bin --emit=dep-info,link -C embed-bitcode=no -C debuginfo=2 --cfg 'feature="ahash"' --cfg 'feature="bytemuck"' --cfg 'feature="default"' --cfg 'feature="memmap2"' --cfg 'feature="percent-encoding"' --cfg 'feature="rwh_06"' --cfg 'feature="sctk"' --cfg 'feature="sctk-adwaita"' --cfg 'feature="wayland"' --cfg 'feature="wayland-backend"' --cfg 'feature="wayland-client"' --cfg 'feature="wayland-csd-adwaita"' --cfg 'feature="wayland-dlopen"' --cfg 'feature="wayland-protocols"' --cfg 'feature="wayland-protocols-plasma"' --cfg 'feature="x11"' --cfg 'feature="x11-dl"' --cfg 'feature="x11rb"' -C metadata=5ec83d996b79b6e2 -C extra-filename=-5ec83d996b79b6e2 --out-dir /opt/rustwide/target/debug/examples -L dependency=/opt/rustwide/target/debug/deps --extern ahash=/opt/rustwide/target/debug/deps/libahash-79331341206808c8.rlib --extern bitflags=/opt/rustwide/target/debug/deps/libbitflags-78da337a9db99d1b.rlib --extern bytemuck=/opt/rustwide/target/debug/deps/libbytemuck-628cfc1d6277b052.rlib --extern calloop=/opt/rustwide/target/debug/deps/libcalloop-5b6cd08a11eeb49f.rlib --extern cursor_icon=/opt/rustwide/target/debug/deps/libcursor_icon-fd8c2f8af645f9f3.rlib --extern image=/opt/rustwide/target/debug/deps/libimage-ad990b17ad705448.rlib --extern libc=/opt/rustwide/target/debug/deps/liblibc-229081a4ee43464c.rlib --extern log=/opt/rustwide/target/debug/deps/liblog-e491f2c1d0b13538.rlib --extern memmap2=/opt/rustwide/target/debug/deps/libmemmap2-86db8ee912746f89.rlib --extern once_cell=/opt/rustwide/target/debug/deps/libonce_cell-a342312cc2ec3f6b.rlib --extern percent_encoding=/opt/rustwide/target/debug/deps/libpercent_encoding-5d42724fd4d173a7.rlib --extern rwh_06=/opt/rustwide/target/debug/deps/libraw_window_handle-19b2bcbb2ca6a558.rlib --extern rustix=/opt/rustwide/target/debug/deps/librustix-33d687fb76be3e2d.rlib --extern sctk_adwaita=/opt/rustwide/target/debug/deps/libsctk_adwaita-0bea091f6cb3236a.rlib --extern simple_logger=/opt/rustwide/target/debug/deps/libsimple_logger-fd9b0830aa8793b6.rlib --extern sctk=/opt/rustwide/target/debug/deps/libsmithay_client_toolkit-72c9e857bb4dedff.rlib --extern smol_str=/opt/rustwide/target/debug/deps/libsmol_str-c0a10d5df875b054.rlib --extern softbuffer=/opt/rustwide/target/debug/deps/libsoftbuffer-46e9459a3b66bca4.rlib --extern wayland_backend=/opt/rustwide/target/debug/deps/libwayland_backend-29fe86bf4c3a2f23.rlib --extern wayland_client=/opt/rustwide/target/debug/deps/libwayland_client-d8f5f887be60bd0a.rlib --extern wayland_protocols=/opt/rustwide/target/debug/deps/libwayland_protocols-22e9516d5984dc10.rlib --extern wayland_protocols_plasma=/opt/rustwide/target/debug/deps/libwayland_protocols_plasma-237a120e70bbc361.rlib --extern winit=/opt/rustwide/target/debug/deps/libwinit-531d406519f49486.rlib --extern x11_dl=/opt/rustwide/target/debug/deps/libx11_dl-679a574d74b9653c.rlib --extern x11rb=/opt/rustwide/target/debug/deps/libx11rb-6bcc194935dd2049.rlib --extern xkbcommon_dl=/opt/rustwide/target/debug/deps/libxkbcommon_dl-10e036258b9a5eff.rlib --cap-lints=warn --cfg free_unix --cfg x11_platform --cfg wayland_platform` (signal: 9, SIGKILL: kill)
[INFO] [stderr] error: could not compile `winit` (example "resizable")
[INFO] [stderr] 
[INFO] [stderr] Caused by:
[INFO] [stderr]   process didn't exit successfully: `/opt/rustwide/rustup-home/toolchains/1.75.0-x86_64-unknown-linux-gnu/bin/rustc --crate-name resizable --edition=2021 examples/resizable.rs --error-format=json --json=diagnostic-rendered-ansi,artifacts,future-incompat --crate-type bin --emit=dep-info,link -C embed-bitcode=no -C debuginfo=2 --cfg 'feature="ahash"' --cfg 'feature="bytemuck"' --cfg 'feature="default"' --cfg 'feature="memmap2"' --cfg 'feature="percent-encoding"' --cfg 'feature="rwh_06"' --cfg 'feature="sctk"' --cfg 'feature="sctk-adwaita"' --cfg 'feature="wayland"' --cfg 'feature="wayland-backend"' --cfg 'feature="wayland-client"' --cfg 'feature="wayland-csd-adwaita"' --cfg 'feature="wayland-dlopen"' --cfg 'feature="wayland-protocols"' --cfg 'feature="wayland-protocols-plasma"' --cfg 'feature="x11"' --cfg 'feature="x11-dl"' --cfg 'feature="x11rb"' -C metadata=4316d97de37c6d01 -C extra-filename=-4316d97de37c6d01 --out-dir /opt/rustwide/target/debug/examples -L dependency=/opt/rustwide/target/debug/deps --extern ahash=/opt/rustwide/target/debug/deps/libahash-79331341206808c8.rlib --extern bitflags=/opt/rustwide/target/debug/deps/libbitflags-78da337a9db99d1b.rlib --extern bytemuck=/opt/rustwide/target/debug/deps/libbytemuck-628cfc1d6277b052.rlib --extern calloop=/opt/rustwide/target/debug/deps/libcalloop-5b6cd08a11eeb49f.rlib --extern cursor_icon=/opt/rustwide/target/debug/deps/libcursor_icon-fd8c2f8af645f9f3.rlib --extern image=/opt/rustwide/target/debug/deps/libimage-ad990b17ad705448.rlib --extern libc=/opt/rustwide/target/debug/deps/liblibc-229081a4ee43464c.rlib --extern log=/opt/rustwide/target/debug/deps/liblog-e491f2c1d0b13538.rlib --extern memmap2=/opt/rustwide/target/debug/deps/libmemmap2-86db8ee912746f89.rlib --extern once_cell=/opt/rustwide/target/debug/deps/libonce_cell-a342312cc2ec3f6b.rlib --extern percent_encoding=/opt/rustwide/target/debug/deps/libpercent_encoding-5d42724fd4d173a7.rlib --extern rwh_06=/opt/rustwide/target/debug/deps/libraw_window_handle-19b2bcbb2ca6a558.rlib --extern rustix=/opt/rustwide/target/debug/deps/librustix-33d687fb76be3e2d.rlib --extern sctk_adwaita=/opt/rustwide/target/debug/deps/libsctk_adwaita-0bea091f6cb3236a.rlib --extern simple_logger=/opt/rustwide/target/debug/deps/libsimple_logger-fd9b0830aa8793b6.rlib --extern sctk=/opt/rustwide/target/debug/deps/libsmithay_client_toolkit-72c9e857bb4dedff.rlib --extern smol_str=/opt/rustwide/target/debug/deps/libsmol_str-c0a10d5df875b054.rlib --extern softbuffer=/opt/rustwide/target/debug/deps/libsoftbuffer-46e9459a3b66bca4.rlib --extern wayland_backend=/opt/rustwide/target/debug/deps/libwayland_backend-29fe86bf4c3a2f23.rlib --extern wayland_client=/opt/rustwide/target/debug/deps/libwayland_client-d8f5f887be60bd0a.rlib --extern wayland_protocols=/opt/rustwide/target/debug/deps/libwayland_protocols-22e9516d5984dc10.rlib --extern wayland_protocols_plasma=/opt/rustwide/target/debug/deps/libwayland_protocols_plasma-237a120e70bbc361.rlib --extern winit=/opt/rustwide/target/debug/deps/libwinit-531d406519f49486.rlib --extern x11_dl=/opt/rustwide/target/debug/deps/libx11_dl-679a574d74b9653c.rlib --extern x11rb=/opt/rustwide/target/debug/deps/libx11rb-6bcc194935dd2049.rlib --extern xkbcommon_dl=/opt/rustwide/target/debug/deps/libxkbcommon_dl-10e036258b9a5eff.rlib --cap-lints=warn --cfg free_unix --cfg x11_platform --cfg wayland_platform` (signal: 9, SIGKILL: kill)
[INFO] [stderr] error: could not compile `winit` (example "startup_notification")
[INFO] [stderr] 
[INFO] [stderr] Caused by:
[INFO] [stderr]   process didn't exit successfully: `/opt/rustwide/rustup-home/toolchains/1.75.0-x86_64-unknown-linux-gnu/bin/rustc --crate-name startup_notification --edition=2021 examples/startup_notification.rs --error-format=json --json=diagnostic-rendered-ansi,artifacts,future-incompat --crate-type bin --emit=dep-info,link -C embed-bitcode=no -C debuginfo=2 --cfg 'feature="ahash"' --cfg 'feature="bytemuck"' --cfg 'feature="default"' --cfg 'feature="memmap2"' --cfg 'feature="percent-encoding"' --cfg 'feature="rwh_06"' --cfg 'feature="sctk"' --cfg 'feature="sctk-adwaita"' --cfg 'feature="wayland"' --cfg 'feature="wayland-backend"' --cfg 'feature="wayland-client"' --cfg 'feature="wayland-csd-adwaita"' --cfg 'feature="wayland-dlopen"' --cfg 'feature="wayland-protocols"' --cfg 'feature="wayland-protocols-plasma"' --cfg 'feature="x11"' --cfg 'feature="x11-dl"' --cfg 'feature="x11rb"' -C metadata=9c3ab7ed00a14114 -C extra-filename=-9c3ab7ed00a14114 --out-dir /opt/rustwide/target/debug/examples -L dependency=/opt/rustwide/target/debug/deps --extern ahash=/opt/rustwide/target/debug/deps/libahash-79331341206808c8.rlib --extern bitflags=/opt/rustwide/target/debug/deps/libbitflags-78da337a9db99d1b.rlib --extern bytemuck=/opt/rustwide/target/debug/deps/libbytemuck-628cfc1d6277b052.rlib --extern calloop=/opt/rustwide/target/debug/deps/libcalloop-5b6cd08a11eeb49f.rlib --extern cursor_icon=/opt/rustwide/target/debug/deps/libcursor_icon-fd8c2f8af645f9f3.rlib --extern image=/opt/rustwide/target/debug/deps/libimage-ad990b17ad705448.rlib --extern libc=/opt/rustwide/target/debug/deps/liblibc-229081a4ee43464c.rlib --extern log=/opt/rustwide/target/debug/deps/liblog-e491f2c1d0b13538.rlib --extern memmap2=/opt/rustwide/target/debug/deps/libmemmap2-86db8ee912746f89.rlib --extern once_cell=/opt/rustwide/target/debug/deps/libonce_cell-a342312cc2ec3f6b.rlib --extern percent_encoding=/opt/rustwide/target/debug/deps/libpercent_encoding-5d42724fd4d173a7.rlib --extern rwh_06=/opt/rustwide/target/debug/deps/libraw_window_handle-19b2bcbb2ca6a558.rlib --extern rustix=/opt/rustwide/target/debug/deps/librustix-33d687fb76be3e2d.rlib --extern sctk_adwaita=/opt/rustwide/target/debug/deps/libsctk_adwaita-0bea091f6cb3236a.rlib --extern simple_logger=/opt/rustwide/target/debug/deps/libsimple_logger-fd9b0830aa8793b6.rlib --extern sctk=/opt/rustwide/target/debug/deps/libsmithay_client_toolkit-72c9e857bb4dedff.rlib --extern smol_str=/opt/rustwide/target/debug/deps/libsmol_str-c0a10d5df875b054.rlib --extern softbuffer=/opt/rustwide/target/debug/deps/libsoftbuffer-46e9459a3b66bca4.rlib --extern wayland_backend=/opt/rustwide/target/debug/deps/libwayland_backend-29fe86bf4c3a2f23.rlib --extern wayland_client=/opt/rustwide/target/debug/deps/libwayland_client-d8f5f887be60bd0a.rlib --extern wayland_protocols=/opt/rustwide/target/debug/deps/libwayland_protocols-22e9516d5984dc10.rlib --extern wayland_protocols_plasma=/opt/rustwide/target/debug/deps/libwayland_protocols_plasma-237a120e70bbc361.rlib --extern winit=/opt/rustwide/target/debug/deps/libwinit-531d406519f49486.rlib --extern x11_dl=/opt/rustwide/target/debug/deps/libx11_dl-679a574d74b9653c.rlib --extern x11rb=/opt/rustwide/target/debug/deps/libx11rb-6bcc194935dd2049.rlib --extern xkbcommon_dl=/opt/rustwide/target/debug/deps/libxkbcommon_dl-10e036258b9a5eff.rlib --cap-lints=warn --cfg free_unix --cfg x11_platform --cfg wayland_platform` (signal: 9, SIGKILL: kill)
[INFO] [stderr] error: could not compile `winit` (example "transparent")
[INFO] [stderr] 
[INFO] [stderr] Caused by:
[INFO] [stderr]   process didn't exit successfully: `/opt/rustwide/rustup-home/toolchains/1.75.0-x86_64-unknown-linux-gnu/bin/rustc --crate-name transparent --edition=2021 examples/transparent.rs --error-format=json --json=diagnostic-rendered-ansi,artifacts,future-incompat --crate-type bin --emit=dep-info,link -C embed-bitcode=no -C debuginfo=2 --cfg 'feature="ahash"' --cfg 'feature="bytemuck"' --cfg 'feature="default"' --cfg 'feature="memmap2"' --cfg 'feature="percent-encoding"' --cfg 'feature="rwh_06"' --cfg 'feature="sctk"' --cfg 'feature="sctk-adwaita"' --cfg 'feature="wayland"' --cfg 'feature="wayland-backend"' --cfg 'feature="wayland-client"' --cfg 'feature="wayland-csd-adwaita"' --cfg 'feature="wayland-dlopen"' --cfg 'feature="wayland-protocols"' --cfg 'feature="wayland-protocols-plasma"' --cfg 'feature="x11"' --cfg 'feature="x11-dl"' --cfg 'feature="x11rb"' -C metadata=f63624c7fc900f1d -C extra-filename=-f63624c7fc900f1d --out-dir /opt/rustwide/target/debug/examples -L dependency=/opt/rustwide/target/debug/deps --extern ahash=/opt/rustwide/target/debug/deps/libahash-79331341206808c8.rlib --extern bitflags=/opt/rustwide/target/debug/deps/libbitflags-78da337a9db99d1b.rlib --extern bytemuck=/opt/rustwide/target/debug/deps/libbytemuck-628cfc1d6277b052.rlib --extern calloop=/opt/rustwide/target/debug/deps/libcalloop-5b6cd08a11eeb49f.rlib --extern cursor_icon=/opt/rustwide/target/debug/deps/libcursor_icon-fd8c2f8af645f9f3.rlib --extern image=/opt/rustwide/target/debug/deps/libimage-ad990b17ad705448.rlib --extern libc=/opt/rustwide/target/debug/deps/liblibc-229081a4ee43464c.rlib --extern log=/opt/rustwide/target/debug/deps/liblog-e491f2c1d0b13538.rlib --extern memmap2=/opt/rustwide/target/debug/deps/libmemmap2-86db8ee912746f89.rlib --extern once_cell=/opt/rustwide/target/debug/deps/libonce_cell-a342312cc2ec3f6b.rlib --extern percent_encoding=/opt/rustwide/target/debug/deps/libpercent_encoding-5d42724fd4d173a7.rlib --extern rwh_06=/opt/rustwide/target/debug/deps/libraw_window_handle-19b2bcbb2ca6a558.rlib --extern rustix=/opt/rustwide/target/debug/deps/librustix-33d687fb76be3e2d.rlib --extern sctk_adwaita=/opt/rustwide/target/debug/deps/libsctk_adwaita-0bea091f6cb3236a.rlib --extern simple_logger=/opt/rustwide/target/debug/deps/libsimple_logger-fd9b0830aa8793b6.rlib --extern sctk=/opt/rustwide/target/debug/deps/libsmithay_client_toolkit-72c9e857bb4dedff.rlib --extern smol_str=/opt/rustwide/target/debug/deps/libsmol_str-c0a10d5df875b054.rlib --extern softbuffer=/opt/rustwide/target/debug/deps/libsoftbuffer-46e9459a3b66bca4.rlib --extern wayland_backend=/opt/rustwide/target/debug/deps/libwayland_backend-29fe86bf4c3a2f23.rlib --extern wayland_client=/opt/rustwide/target/debug/deps/libwayland_client-d8f5f887be60bd0a.rlib --extern wayland_protocols=/opt/rustwide/target/debug/deps/libwayland_protocols-22e9516d5984dc10.rlib --extern wayland_protocols_plasma=/opt/rustwide/target/debug/deps/libwayland_protocols_plasma-237a120e70bbc361.rlib --extern winit=/opt/rustwide/target/debug/deps/libwinit-531d406519f49486.rlib --extern x11_dl=/opt/rustwide/target/debug/deps/libx11_dl-679a574d74b9653c.rlib --extern x11rb=/opt/rustwide/target/debug/deps/libx11rb-6bcc194935dd2049.rlib --extern xkbcommon_dl=/opt/rustwide/target/debug/deps/libxkbcommon_dl-10e036258b9a5eff.rlib --cap-lints=warn --cfg free_unix --cfg x11_platform --cfg wayland_platform` (signal: 9, SIGKILL: kill)
[INFO] [stderr] error: could not compile `winit` (example "multiwindow")
[INFO] [stderr] 
[INFO] [stderr] Caused by:
[INFO] [stderr]   process didn't exit successfully: `/opt/rustwide/rustup-home/toolchains/1.75.0-x86_64-unknown-linux-gnu/bin/rustc --crate-name multiwindow --edition=2021 examples/multiwindow.rs --error-format=json --json=diagnostic-rendered-ansi,artifacts,future-incompat --crate-type bin --emit=dep-info,link -C embed-bitcode=no -C debuginfo=2 --cfg 'feature="ahash"' --cfg 'feature="bytemuck"' --cfg 'feature="default"' --cfg 'feature="memmap2"' --cfg 'feature="percent-encoding"' --cfg 'feature="rwh_06"' --cfg 'feature="sctk"' --cfg 'feature="sctk-adwaita"' --cfg 'feature="wayland"' --cfg 'feature="wayland-backend"' --cfg 'feature="wayland-client"' --cfg 'feature="wayland-csd-adwaita"' --cfg 'feature="wayland-dlopen"' --cfg 'feature="wayland-protocols"' --cfg 'feature="wayland-protocols-plasma"' --cfg 'feature="x11"' --cfg 'feature="x11-dl"' --cfg 'feature="x11rb"' -C metadata=409488cb07a74f98 -C extra-filename=-409488cb07a74f98 --out-dir /opt/rustwide/target/debug/examples -L dependency=/opt/rustwide/target/debug/deps --extern ahash=/opt/rustwide/target/debug/deps/libahash-79331341206808c8.rlib --extern bitflags=/opt/rustwide/target/debug/deps/libbitflags-78da337a9db99d1b.rlib --extern bytemuck=/opt/rustwide/target/debug/deps/libbytemuck-628cfc1d6277b052.rlib --extern calloop=/opt/rustwide/target/debug/deps/libcalloop-5b6cd08a11eeb49f.rlib --extern cursor_icon=/opt/rustwide/target/debug/deps/libcursor_icon-fd8c2f8af645f9f3.rlib --extern image=/opt/rustwide/target/debug/deps/libimage-ad990b17ad705448.rlib --extern libc=/opt/rustwide/target/debug/deps/liblibc-229081a4ee43464c.rlib --extern log=/opt/rustwide/target/debug/deps/liblog-e491f2c1d0b13538.rlib --extern memmap2=/opt/rustwide/target/debug/deps/libmemmap2-86db8ee912746f89.rlib --extern once_cell=/opt/rustwide/target/debug/deps/libonce_cell-a342312cc2ec3f6b.rlib --extern percent_encoding=/opt/rustwide/target/debug/deps/libpercent_encoding-5d42724fd4d173a7.rlib --extern rwh_06=/opt/rustwide/target/debug/deps/libraw_window_handle-19b2bcbb2ca6a558.rlib --extern rustix=/opt/rustwide/target/debug/deps/librustix-33d687fb76be3e2d.rlib --extern sctk_adwaita=/opt/rustwide/target/debug/deps/libsctk_adwaita-0bea091f6cb3236a.rlib --extern simple_logger=/opt/rustwide/target/debug/deps/libsimple_logger-fd9b0830aa8793b6.rlib --extern sctk=/opt/rustwide/target/debug/deps/libsmithay_client_toolkit-72c9e857bb4dedff.rlib --extern smol_str=/opt/rustwide/target/debug/deps/libsmol_str-c0a10d5df875b054.rlib --extern softbuffer=/opt/rustwide/target/debug/deps/libsoftbuffer-46e9459a3b66bca4.rlib --extern wayland_backend=/opt/rustwide/target/debug/deps/libwayland_backend-29fe86bf4c3a2f23.rlib --extern wayland_client=/opt/rustwide/target/debug/deps/libwayland_client-d8f5f887be60bd0a.rlib --extern wayland_protocols=/opt/rustwide/target/debug/deps/libwayland_protocols-22e9516d5984dc10.rlib --extern wayland_protocols_plasma=/opt/rustwide/target/debug/deps/libwayland_protocols_plasma-237a120e70bbc361.rlib --extern winit=/opt/rustwide/target/debug/deps/libwinit-531d406519f49486.rlib --extern x11_dl=/opt/rustwide/target/debug/deps/libx11_dl-679a574d74b9653c.rlib --extern x11rb=/opt/rustwide/target/debug/deps/libx11rb-6bcc194935dd2049.rlib --extern xkbcommon_dl=/opt/rustwide/target/debug/deps/libxkbcommon_dl-10e036258b9a5eff.rlib --cap-lints=warn --cfg free_unix --cfg x11_platform --cfg wayland_platform` (signal: 9, SIGKILL: kill)
[INFO] [stderr] error: could not compile `winit` (example "web")
[INFO] [stderr] 
[INFO] [stderr] Caused by:
[INFO] [stderr]   process didn't exit successfully: `/opt/rustwide/rustup-home/toolchains/1.75.0-x86_64-unknown-linux-gnu/bin/rustc --crate-name web --edition=2021 examples/web.rs --error-format=json --json=diagnostic-rendered-ansi,artifacts,future-incompat --crate-type bin --emit=dep-info,link -C embed-bitcode=no -C debuginfo=2 --cfg 'feature="ahash"' --cfg 'feature="bytemuck"' --cfg 'feature="default"' --cfg 'feature="memmap2"' --cfg 'feature="percent-encoding"' --cfg 'feature="rwh_06"' --cfg 'feature="sctk"' --cfg 'feature="sctk-adwaita"' --cfg 'feature="wayland"' --cfg 'feature="wayland-backend"' --cfg 'feature="wayland-client"' --cfg 'feature="wayland-csd-adwaita"' --cfg 'feature="wayland-dlopen"' --cfg 'feature="wayland-protocols"' --cfg 'feature="wayland-protocols-plasma"' --cfg 'feature="x11"' --cfg 'feature="x11-dl"' --cfg 'feature="x11rb"' -C metadata=7354dc415e3d9431 -C extra-filename=-7354dc415e3d9431 --out-dir /opt/rustwide/target/debug/examples -L dependency=/opt/rustwide/target/debug/deps --extern ahash=/opt/rustwide/target/debug/deps/libahash-79331341206808c8.rlib --extern bitflags=/opt/rustwide/target/debug/deps/libbitflags-78da337a9db99d1b.rlib --extern bytemuck=/opt/rustwide/target/debug/deps/libbytemuck-628cfc1d6277b052.rlib --extern calloop=/opt/rustwide/target/debug/deps/libcalloop-5b6cd08a11eeb49f.rlib --extern cursor_icon=/opt/rustwide/target/debug/deps/libcursor_icon-fd8c2f8af645f9f3.rlib --extern image=/opt/rustwide/target/debug/deps/libimage-ad990b17ad705448.rlib --extern libc=/opt/rustwide/target/debug/deps/liblibc-229081a4ee43464c.rlib --extern log=/opt/rustwide/target/debug/deps/liblog-e491f2c1d0b13538.rlib --extern memmap2=/opt/rustwide/target/debug/deps/libmemmap2-86db8ee912746f89.rlib --extern once_cell=/opt/rustwide/target/debug/deps/libonce_cell-a342312cc2ec3f6b.rlib --extern percent_encoding=/opt/rustwide/target/debug/deps/libpercent_encoding-5d42724fd4d173a7.rlib --extern rwh_06=/opt/rustwide/target/debug/deps/libraw_window_handle-19b2bcbb2ca6a558.rlib --extern rustix=/opt/rustwide/target/debug/deps/librustix-33d687fb76be3e2d.rlib --extern sctk_adwaita=/opt/rustwide/target/debug/deps/libsctk_adwaita-0bea091f6cb3236a.rlib --extern simple_logger=/opt/rustwide/target/debug/deps/libsimple_logger-fd9b0830aa8793b6.rlib --extern sctk=/opt/rustwide/target/debug/deps/libsmithay_client_toolkit-72c9e857bb4dedff.rlib --extern smol_str=/opt/rustwide/target/debug/deps/libsmol_str-c0a10d5df875b054.rlib --extern softbuffer=/opt/rustwide/target/debug/deps/libsoftbuffer-46e9459a3b66bca4.rlib --extern wayland_backend=/opt/rustwide/target/debug/deps/libwayland_backend-29fe86bf4c3a2f23.rlib --extern wayland_client=/opt/rustwide/target/debug/deps/libwayland_client-d8f5f887be60bd0a.rlib --extern wayland_protocols=/opt/rustwide/target/debug/deps/libwayland_protocols-22e9516d5984dc10.rlib --extern wayland_protocols_plasma=/opt/rustwide/target/debug/deps/libwayland_protocols_plasma-237a120e70bbc361.rlib --extern winit=/opt/rustwide/target/debug/deps/libwinit-531d406519f49486.rlib --extern x11_dl=/opt/rustwide/target/debug/deps/libx11_dl-679a574d74b9653c.rlib --extern x11rb=/opt/rustwide/target/debug/deps/libx11rb-6bcc194935dd2049.rlib --extern xkbcommon_dl=/opt/rustwide/target/debug/deps/libxkbcommon_dl-10e036258b9a5eff.rlib --cap-lints=warn --cfg free_unix --cfg x11_platform --cfg wayland_platform` (signal: 9, SIGKILL: kill)
[INFO] [stderr] error: could not compile `winit` (example "touchpad_gestures")
[INFO] [stderr] 
[INFO] [stderr] Caused by:
[INFO] [stderr]   process didn't exit successfully: `/opt/rustwide/rustup-home/toolchains/1.75.0-x86_64-unknown-linux-gnu/bin/rustc --crate-name touchpad_gestures --edition=2021 examples/touchpad_gestures.rs --error-format=json --json=diagnostic-rendered-ansi,artifacts,future-incompat --crate-type bin --emit=dep-info,link -C embed-bitcode=no -C debuginfo=2 --cfg 'feature="ahash"' --cfg 'feature="bytemuck"' --cfg 'feature="default"' --cfg 'feature="memmap2"' --cfg 'feature="percent-encoding"' --cfg 'feature="rwh_06"' --cfg 'feature="sctk"' --cfg 'feature="sctk-adwaita"' --cfg 'feature="wayland"' --cfg 'feature="wayland-backend"' --cfg 'feature="wayland-client"' --cfg 'feature="wayland-csd-adwaita"' --cfg 'feature="wayland-dlopen"' --cfg 'feature="wayland-protocols"' --cfg 'feature="wayland-protocols-plasma"' --cfg 'feature="x11"' --cfg 'feature="x11-dl"' --cfg 'feature="x11rb"' -C metadata=823aafc2820302b8 -C extra-filename=-823aafc2820302b8 --out-dir /opt/rustwide/target/debug/examples -L dependency=/opt/rustwide/target/debug/deps --extern ahash=/opt/rustwide/target/debug/deps/libahash-79331341206808c8.rlib --extern bitflags=/opt/rustwide/target/debug/deps/libbitflags-78da337a9db99d1b.rlib --extern bytemuck=/opt/rustwide/target/debug/deps/libbytemuck-628cfc1d6277b052.rlib --extern calloop=/opt/rustwide/target/debug/deps/libcalloop-5b6cd08a11eeb49f.rlib --extern cursor_icon=/opt/rustwide/target/debug/deps/libcursor_icon-fd8c2f8af645f9f3.rlib --extern image=/opt/rustwide/target/debug/deps/libimage-ad990b17ad705448.rlib --extern libc=/opt/rustwide/target/debug/deps/liblibc-229081a4ee43464c.rlib --extern log=/opt/rustwide/target/debug/deps/liblog-e491f2c1d0b13538.rlib --extern memmap2=/opt/rustwide/target/debug/deps/libmemmap2-86db8ee912746f89.rlib --extern once_cell=/opt/rustwide/target/debug/deps/libonce_cell-a342312cc2ec3f6b.rlib --extern percent_encoding=/opt/rustwide/target/debug/deps/libpercent_encoding-5d42724fd4d173a7.rlib --extern rwh_06=/opt/rustwide/target/debug/deps/libraw_window_handle-19b2bcbb2ca6a558.rlib --extern rustix=/opt/rustwide/target/debug/deps/librustix-33d687fb76be3e2d.rlib --extern sctk_adwaita=/opt/rustwide/target/debug/deps/libsctk_adwaita-0bea091f6cb3236a.rlib --extern simple_logger=/opt/rustwide/target/debug/deps/libsimple_logger-fd9b0830aa8793b6.rlib --extern sctk=/opt/rustwide/target/debug/deps/libsmithay_client_toolkit-72c9e857bb4dedff.rlib --extern smol_str=/opt/rustwide/target/debug/deps/libsmol_str-c0a10d5df875b054.rlib --extern softbuffer=/opt/rustwide/target/debug/deps/libsoftbuffer-46e9459a3b66bca4.rlib --extern wayland_backend=/opt/rustwide/target/debug/deps/libwayland_backend-29fe86bf4c3a2f23.rlib --extern wayland_client=/opt/rustwide/target/debug/deps/libwayland_client-d8f5f887be60bd0a.rlib --extern wayland_protocols=/opt/rustwide/target/debug/deps/libwayland_protocols-22e9516d5984dc10.rlib --extern wayland_protocols_plasma=/opt/rustwide/target/debug/deps/libwayland_protocols_plasma-237a120e70bbc361.rlib --extern winit=/opt/rustwide/target/debug/deps/libwinit-531d406519f49486.rlib --extern x11_dl=/opt/rustwide/target/debug/deps/libx11_dl-679a574d74b9653c.rlib --extern x11rb=/opt/rustwide/target/debug/deps/libx11rb-6bcc194935dd2049.rlib --extern xkbcommon_dl=/opt/rustwide/target/debug/deps/libxkbcommon_dl-10e036258b9a5eff.rlib --cap-lints=warn --cfg free_unix --cfg x11_platform --cfg wayland_platform` (signal: 9, SIGKILL: kill)
[INFO] running `Command { std: "docker" "inspect" "97057509405fa5f91db57f9b0c55eb46fcab2e603af593e308a8792e7397afc7", kill_on_drop: false }`
[INFO] running `Command { std: "docker" "rm" "-f" "97057509405fa5f91db57f9b0c55eb46fcab2e603af593e308a8792e7397afc7", kill_on_drop: false }`
[INFO] [stdout] 97057509405fa5f91db57f9b0c55eb46fcab2e603af593e308a8792e7397afc7
[INFO] testing winit-0.29.4 against beta-2023-12-22 for beta-1.76-1
[INFO] extracting crate winit 0.29.4 into /workspace/builds/worker-6-tc2/source
[INFO] validating manifest of crates.io crate winit 0.29.4 on toolchain beta-2023-12-22
[INFO] running `Command { std: CARGO_HOME="/workspace/cargo-home" RUSTUP_HOME="/workspace/rustup-home" "/workspace/cargo-home/bin/cargo" "+beta-2023-12-22" "metadata" "--manifest-path" "Cargo.toml" "--no-deps", kill_on_drop: false }`
[INFO] removed /workspace/builds/worker-6-tc2/source/.cargo/config.toml
[INFO] started tweaking crates.io crate winit 0.29.4
[INFO] finished tweaking crates.io crate winit 0.29.4
[INFO] tweaked toml for crates.io crate winit 0.29.4 written to /workspace/builds/worker-6-tc2/source/Cargo.toml
[INFO] crate crates.io crate winit 0.29.4 already has a lockfile, it will not be regenerated
[INFO] running `Command { std: CARGO_HOME="/workspace/cargo-home" RUSTUP_HOME="/workspace/rustup-home" "/workspace/cargo-home/bin/cargo" "+beta-2023-12-22" "fetch" "--manifest-path" "Cargo.toml", kill_on_drop: false }`
[INFO] running `Command { std: "docker" "create" "-v" "/var/lib/crater-agent-workspace/builds/worker-6-tc2/target:/opt/rustwide/target:rw,Z" "-v" "/var/lib/crater-agent-workspace/builds/worker-6-tc2/source:/opt/rustwide/workdir:ro,Z" "-v" "/var/lib/crater-agent-workspace/cargo-home:/opt/rustwide/cargo-home:ro,Z" "-v" "/var/lib/crater-agent-workspace/rustup-home:/opt/rustwide/rustup-home:ro,Z" "-e" "SOURCE_DIR=/opt/rustwide/workdir" "-e" "CARGO_TARGET_DIR=/opt/rustwide/target" "-e" "CARGO_HOME=/opt/rustwide/cargo-home" "-e" "RUSTUP_HOME=/opt/rustwide/rustup-home" "-w" "/opt/rustwide/workdir" "-m" "1610612736" "--user" "0:0" "--network" "none" "ghcr.io/rust-lang/crates-build-env/linux@sha256:2788e3201cd34a07e3172128adcd8b3090168a8e3bcc40d7c032b9dda1df7d1c" "/opt/rustwide/cargo-home/bin/cargo" "+beta-2023-12-22" "metadata" "--no-deps" "--format-version=1", kill_on_drop: false }`
[INFO] [stdout] 2e73bfaf20fd393e65a48fa0d9d03b0c70e05d98c4e07be1a5a39540f4ba53b7
[INFO] running `Command { std: "docker" "start" "-a" "2e73bfaf20fd393e65a48fa0d9d03b0c70e05d98c4e07be1a5a39540f4ba53b7", kill_on_drop: false }`
[INFO] running `Command { std: "docker" "inspect" "2e73bfaf20fd393e65a48fa0d9d03b0c70e05d98c4e07be1a5a39540f4ba53b7", kill_on_drop: false }`
[INFO] running `Command { std: "docker" "rm" "-f" "2e73bfaf20fd393e65a48fa0d9d03b0c70e05d98c4e07be1a5a39540f4ba53b7", kill_on_drop: false }`
[INFO] [stdout] 2e73bfaf20fd393e65a48fa0d9d03b0c70e05d98c4e07be1a5a39540f4ba53b7
[INFO] running `Command { std: "docker" "create" "-v" "/var/lib/crater-agent-workspace/builds/worker-6-tc2/target:/opt/rustwide/target:rw,Z" "-v" "/var/lib/crater-agent-workspace/builds/worker-6-tc2/source:/opt/rustwide/workdir:ro,Z" "-v" "/var/lib/crater-agent-workspace/cargo-home:/opt/rustwide/cargo-home:ro,Z" "-v" "/var/lib/crater-agent-workspace/rustup-home:/opt/rustwide/rustup-home:ro,Z" "-e" "SOURCE_DIR=/opt/rustwide/workdir" "-e" "CARGO_TARGET_DIR=/opt/rustwide/target" "-e" "CARGO_INCREMENTAL=0" "-e" "RUST_BACKTRACE=full" "-e" "RUSTFLAGS=--cap-lints=warn" "-e" "RUSTDOCFLAGS=--cap-lints=warn" "-e" "CARGO_HOME=/opt/rustwide/cargo-home" "-e" "RUSTUP_HOME=/opt/rustwide/rustup-home" "-w" "/opt/rustwide/workdir" "-m" "1610612736" "--user" "0:0" "--network" "none" "ghcr.io/rust-lang/crates-build-env/linux@sha256:2788e3201cd34a07e3172128adcd8b3090168a8e3bcc40d7c032b9dda1df7d1c" "/opt/rustwide/cargo-home/bin/cargo" "+beta-2023-12-22" "build" "--frozen" "--message-format=json", kill_on_drop: false }`
[INFO] [stdout] b15833da1db5f987c31cd2a1a5752a6a0fdb0fd2a805e468b29699a860bffaed
[INFO] running `Command { std: "docker" "start" "-a" "b15833da1db5f987c31cd2a1a5752a6a0fdb0fd2a805e468b29699a860bffaed", kill_on_drop: false }`
[INFO] [stderr]    Compiling libc v0.2.149
[INFO] [stderr]    Compiling proc-macro2 v1.0.66
[INFO] [stderr]    Compiling pkg-config v0.3.27
[INFO] [stderr]    Compiling unicode-ident v1.0.11
[INFO] [stderr]    Compiling once_cell v1.18.0
[INFO] [stderr]    Compiling libloading v0.8.0
[INFO] [stderr]    Compiling bitflags v2.4.0
[INFO] [stderr]    Compiling memchr v2.6.1
[INFO] [stderr]    Compiling smallvec v1.11.0
[INFO] [stderr]    Compiling memoffset v0.7.1
[INFO] [stderr]    Compiling downcast-rs v1.2.0
[INFO] [stderr]    Compiling scoped-tls v1.0.1
[INFO] [stderr]    Compiling rustix v0.38.20
[INFO] [stderr]    Compiling linux-raw-sys v0.4.10
[INFO] [stderr]    Compiling thiserror v1.0.47
[INFO] [stderr]    Compiling tracing-core v0.1.32
[INFO] [stderr]    Compiling minimal-lexical v0.2.1
[INFO] [stderr]    Compiling dlib v0.5.2
[INFO] [stderr]    Compiling cursor-icon v1.1.0
[INFO] [stderr]    Compiling xkeysym v0.2.0
[INFO] [stderr]    Compiling arrayref v0.3.7
[INFO] [stderr]    Compiling bytemuck v1.13.1
[INFO] [stderr]    Compiling ttf-parser v0.19.1
[INFO] [stderr]    Compiling smithay-client-toolkit v0.18.0
[INFO] [stderr]    Compiling tracing v0.1.40
[INFO] [stderr]    Compiling strict-num v0.1.1
[INFO] [stderr]    Compiling ahash v0.8.3
[INFO] [stderr]    Compiling arrayvec v0.7.4
[INFO] [stderr]    Compiling cfg_aliases v0.1.1
[INFO] [stderr]    Compiling quick-xml v0.30.0
[INFO] [stderr]    Compiling tiny-skia-path v0.11.1
[INFO] [stderr]    Compiling wayland-sys v0.31.1
[INFO] [stderr]    Compiling nom v7.1.3
[INFO] [stderr]    Compiling x11-dl v2.21.0
[INFO] [stderr]    Compiling x11rb v0.12.0
[INFO] [stderr]    Compiling ab_glyph_rasterizer v0.1.8
[INFO] [stderr]    Compiling quote v1.0.33
[INFO] [stderr]    Compiling winit v0.29.4 (/opt/rustwide/workdir)
[INFO] [stderr]    Compiling libloading v0.7.4
[INFO] [stderr]    Compiling as-raw-xcb-connection v1.0.0
[INFO] [stderr]    Compiling cc v1.0.83
[INFO] [stderr]    Compiling syn v2.0.29
[INFO] [stderr]    Compiling xkbcommon-dl v0.4.1
[INFO] [stderr]    Compiling percent-encoding v2.3.0
[INFO] [stderr]    Compiling smol_str v0.2.0
[INFO] [stderr]    Compiling raw-window-handle v0.6.0
[INFO] [stderr]    Compiling tiny-skia v0.11.1
[INFO] [stderr]    Compiling nix v0.26.4
[INFO] [stderr]    Compiling memmap2 v0.9.0
[INFO] [stderr]    Compiling wayland-scanner v0.31.0
[INFO] [stderr]    Compiling gethostname v0.3.0
[INFO] [stderr]    Compiling getrandom v0.2.10
[INFO] [stderr]    Compiling wayland-backend v0.3.2
[INFO] [stderr]    Compiling xcursor v0.3.4
[INFO] [stderr]    Compiling owned_ttf_parser v0.19.0
[INFO] [stderr]    Compiling ab_glyph v0.2.21
[INFO] [stderr]    Compiling x11rb-protocol v0.12.0
[INFO] [stderr]    Compiling thiserror-impl v1.0.47
[INFO] [stderr]    Compiling wayland-client v0.31.1
[INFO] [stderr]    Compiling wayland-csd-frame v0.3.0
[INFO] [stderr]    Compiling polling v3.2.0
[INFO] [stderr]    Compiling calloop v0.12.3
[INFO] [stderr]    Compiling wayland-protocols v0.31.0
[INFO] [stderr]    Compiling calloop-wayland-source v0.2.0
[INFO] [stderr]    Compiling wayland-cursor v0.31.0
[INFO] [stderr]    Compiling wayland-protocols-wlr v0.2.0
[INFO] [stderr]    Compiling wayland-protocols-plasma v0.2.0
[INFO] [stderr]    Compiling sctk-adwaita v0.7.0
[INFO] [stderr]     Finished dev [unoptimized + debuginfo] target(s) in 21.06s
[INFO] running `Command { std: "docker" "inspect" "b15833da1db5f987c31cd2a1a5752a6a0fdb0fd2a805e468b29699a860bffaed", kill_on_drop: false }`
[INFO] running `Command { std: "docker" "rm" "-f" "b15833da1db5f987c31cd2a1a5752a6a0fdb0fd2a805e468b29699a860bffaed", kill_on_drop: false }`
[INFO] [stdout] b15833da1db5f987c31cd2a1a5752a6a0fdb0fd2a805e468b29699a860bffaed
[INFO] running `Command { std: "docker" "create" "-v" "/var/lib/crater-agent-workspace/builds/worker-6-tc2/target:/opt/rustwide/target:rw,Z" "-v" "/var/lib/crater-agent-workspace/builds/worker-6-tc2/source:/opt/rustwide/workdir:ro,Z" "-v" "/var/lib/crater-agent-workspace/cargo-home:/opt/rustwide/cargo-home:ro,Z" "-v" "/var/lib/crater-agent-workspace/rustup-home:/opt/rustwide/rustup-home:ro,Z" "-e" "SOURCE_DIR=/opt/rustwide/workdir" "-e" "CARGO_TARGET_DIR=/opt/rustwide/target" "-e" "CARGO_INCREMENTAL=0" "-e" "RUST_BACKTRACE=full" "-e" "RUSTFLAGS=--cap-lints=warn" "-e" "RUSTDOCFLAGS=--cap-lints=warn" "-e" "CARGO_HOME=/opt/rustwide/cargo-home" "-e" "RUSTUP_HOME=/opt/rustwide/rustup-home" "-w" "/opt/rustwide/workdir" "-m" "1610612736" "--user" "0:0" "--network" "none" "ghcr.io/rust-lang/crates-build-env/linux@sha256:2788e3201cd34a07e3172128adcd8b3090168a8e3bcc40d7c032b9dda1df7d1c" "/opt/rustwide/cargo-home/bin/cargo" "+beta-2023-12-22" "test" "--frozen" "--no-run" "--message-format=json", kill_on_drop: false }`
[INFO] [stdout] 0a5c413f0c067c20fb3fcb95eeb692ff27ba32ccb6971417b31bc4326bbbfdc2
[INFO] running `Command { std: "docker" "start" "-a" "0a5c413f0c067c20fb3fcb95eeb692ff27ba32ccb6971417b31bc4326bbbfdc2", kill_on_drop: false }`
[INFO] [stderr]    Compiling log v0.4.20
[INFO] [stderr]    Compiling bytemuck v1.13.1
[INFO] [stderr]    Compiling wayland-sys v0.30.1
[INFO] [stderr]    Compiling num-traits v0.2.16
[INFO] [stderr]    Compiling io-lifetimes v1.0.11
[INFO] [stderr]    Compiling simd-adler32 v0.3.7
[INFO] [stderr]    Compiling nix v0.26.4
[INFO] [stderr]    Compiling wayland-backend v0.1.2
[INFO] [stderr]    Compiling crc32fast v1.3.2
[INFO] [stderr]    Compiling num-integer v0.1.45
[INFO] [stderr]    Compiling adler v1.0.2
[INFO] [stderr]    Compiling x11rb v0.12.0
[INFO] [stderr]    Compiling quick-xml v0.28.2
[INFO] [stderr]    Compiling num-rational v0.4.1
[INFO] [stderr]    Compiling softbuffer v0.3.0
[INFO] [stderr]    Compiling memmap2 v0.6.2
[INFO] [stderr]    Compiling byteorder v1.4.3
[INFO] [stderr]    Compiling wayland-sys v0.31.1
[INFO] [stderr]    Compiling calloop v0.12.3
[INFO] [stderr]    Compiling tiny-skia-path v0.11.1
[INFO] [stderr]    Compiling miniz_oxide v0.7.1
[INFO] [stderr]    Compiling fdeflate v0.3.0
[INFO] [stderr]    Compiling xkbcommon-dl v0.4.1
[INFO] [stderr]    Compiling raw-window-handle v0.5.2
[INFO] [stderr]    Compiling color_quant v1.1.0
[INFO] [stderr]    Compiling simple_logger v4.2.0
[INFO] [stderr]    Compiling flate2 v1.0.27
[INFO] [stderr]    Compiling tiny-skia v0.11.1
[INFO] [stderr]    Compiling wayland-scanner v0.30.1
[INFO] [stderr]    Compiling png v0.17.10
[INFO] [stderr]    Compiling image v0.24.7
[INFO] [stderr]    Compiling wayland-backend v0.3.2
[INFO] [stderr]    Compiling x11rb-protocol v0.12.0
[INFO] [stderr]    Compiling wayland-client v0.31.1
[INFO] [stderr]    Compiling wayland-csd-frame v0.3.0
[INFO] [stderr]    Compiling wayland-client v0.30.2
[INFO] [stderr]    Compiling wayland-protocols v0.31.0
[INFO] [stderr]    Compiling calloop-wayland-source v0.2.0
[INFO] [stderr]    Compiling wayland-cursor v0.31.0
[INFO] [stderr]    Compiling wayland-protocols-wlr v0.2.0
[INFO] [stderr]    Compiling wayland-protocols-plasma v0.2.0
[INFO] [stderr]    Compiling smithay-client-toolkit v0.18.0
[INFO] [stderr]    Compiling sctk-adwaita v0.7.0
[INFO] [stderr]    Compiling winit v0.29.4 (/opt/rustwide/workdir)
[INFO] [stderr] error: could not compile `winit` (lib test)
[INFO] [stderr] 
[INFO] [stderr] Caused by:
[INFO] [stderr]   process didn't exit successfully: `/opt/rustwide/rustup-home/toolchains/beta-2023-12-22-x86_64-unknown-linux-gnu/bin/rustc --crate-name winit --edition=2021 src/lib.rs --error-format=json --json=diagnostic-rendered-ansi,artifacts,future-incompat --emit=dep-info,link -C embed-bitcode=no -C debuginfo=2 --test --cfg 'feature="ahash"' --cfg 'feature="bytemuck"' --cfg 'feature="default"' --cfg 'feature="memmap2"' --cfg 'feature="percent-encoding"' --cfg 'feature="rwh_06"' --cfg 'feature="sctk"' --cfg 'feature="sctk-adwaita"' --cfg 'feature="wayland"' --cfg 'feature="wayland-backend"' --cfg 'feature="wayland-client"' --cfg 'feature="wayland-csd-adwaita"' --cfg 'feature="wayland-dlopen"' --cfg 'feature="wayland-protocols"' --cfg 'feature="wayland-protocols-plasma"' --cfg 'feature="x11"' --cfg 'feature="x11-dl"' --cfg 'feature="x11rb"' -C metadata=6a965682be48c5b9 -C extra-filename=-6a965682be48c5b9 --out-dir /opt/rustwide/target/debug/deps -L dependency=/opt/rustwide/target/debug/deps --extern ahash=/opt/rustwide/target/debug/deps/libahash-555561f41a326156.rlib --extern bitflags=/opt/rustwide/target/debug/deps/libbitflags-55f80abe000d3e83.rlib --extern bytemuck=/opt/rustwide/target/debug/deps/libbytemuck-a3264ad6d8f32bd4.rlib --extern calloop=/opt/rustwide/target/debug/deps/libcalloop-2c9ef88daf956f39.rlib --extern cursor_icon=/opt/rustwide/target/debug/deps/libcursor_icon-c328c0924d785a7a.rlib --extern image=/opt/rustwide/target/debug/deps/libimage-9819c4927c4fc5dd.rlib --extern libc=/opt/rustwide/target/debug/deps/liblibc-bee1a846c06b5f5f.rlib --extern log=/opt/rustwide/target/debug/deps/liblog-2cf4a51dfa4e790a.rlib --extern memmap2=/opt/rustwide/target/debug/deps/libmemmap2-49d95b15b3053a30.rlib --extern once_cell=/opt/rustwide/target/debug/deps/libonce_cell-fadaa1d866399a17.rlib --extern percent_encoding=/opt/rustwide/target/debug/deps/libpercent_encoding-c878b6f40f2978b2.rlib --extern rwh_06=/opt/rustwide/target/debug/deps/libraw_window_handle-d7301b784ab7ae94.rlib --extern rustix=/opt/rustwide/target/debug/deps/librustix-128551b02ba81c54.rlib --extern sctk_adwaita=/opt/rustwide/target/debug/deps/libsctk_adwaita-5017986827998f2d.rlib --extern simple_logger=/opt/rustwide/target/debug/deps/libsimple_logger-39ea70048c7d1269.rlib --extern sctk=/opt/rustwide/target/debug/deps/libsmithay_client_toolkit-57f2de4cfa9c8b8a.rlib --extern smol_str=/opt/rustwide/target/debug/deps/libsmol_str-76ae3d9ded0d2c0a.rlib --extern softbuffer=/opt/rustwide/target/debug/deps/libsoftbuffer-bd8d3631790b50c8.rlib --extern wayland_backend=/opt/rustwide/target/debug/deps/libwayland_backend-7a529dec06d362a1.rlib --extern wayland_client=/opt/rustwide/target/debug/deps/libwayland_client-b2aa86b07391137f.rlib --extern wayland_protocols=/opt/rustwide/target/debug/deps/libwayland_protocols-9c98eee286befd39.rlib --extern wayland_protocols_plasma=/opt/rustwide/target/debug/deps/libwayland_protocols_plasma-01afefe35da4bf69.rlib --extern x11_dl=/opt/rustwide/target/debug/deps/libx11_dl-309f041e569d35c9.rlib --extern x11rb=/opt/rustwide/target/debug/deps/libx11rb-2354ea457fdcb9a7.rlib --extern xkbcommon_dl=/opt/rustwide/target/debug/deps/libxkbcommon_dl-dfecf70d3f6df2a4.rlib --cap-lints=warn --cfg free_unix --cfg x11_platform --cfg wayland_platform` (signal: 9, SIGKILL: kill)
[INFO] [stderr] warning: build failed, waiting for other jobs to finish...
[INFO] [stderr] error: could not compile `winit` (example "cursor")
[INFO] [stderr] 
[INFO] [stderr] Caused by:
[INFO] [stderr]   process didn't exit successfully: `/opt/rustwide/rustup-home/toolchains/beta-2023-12-22-x86_64-unknown-linux-gnu/bin/rustc --crate-name cursor --edition=2021 examples/cursor.rs --error-format=json --json=diagnostic-rendered-ansi,artifacts,future-incompat --crate-type bin --emit=dep-info,link -C embed-bitcode=no -C debuginfo=2 --cfg 'feature="ahash"' --cfg 'feature="bytemuck"' --cfg 'feature="default"' --cfg 'feature="memmap2"' --cfg 'feature="percent-encoding"' --cfg 'feature="rwh_06"' --cfg 'feature="sctk"' --cfg 'feature="sctk-adwaita"' --cfg 'feature="wayland"' --cfg 'feature="wayland-backend"' --cfg 'feature="wayland-client"' --cfg 'feature="wayland-csd-adwaita"' --cfg 'feature="wayland-dlopen"' --cfg 'feature="wayland-protocols"' --cfg 'feature="wayland-protocols-plasma"' --cfg 'feature="x11"' --cfg 'feature="x11-dl"' --cfg 'feature="x11rb"' -C metadata=0439ce5fa9ca0226 -C extra-filename=-0439ce5fa9ca0226 --out-dir /opt/rustwide/target/debug/examples -L dependency=/opt/rustwide/target/debug/deps --extern ahash=/opt/rustwide/target/debug/deps/libahash-555561f41a326156.rlib --extern bitflags=/opt/rustwide/target/debug/deps/libbitflags-55f80abe000d3e83.rlib --extern bytemuck=/opt/rustwide/target/debug/deps/libbytemuck-a3264ad6d8f32bd4.rlib --extern calloop=/opt/rustwide/target/debug/deps/libcalloop-2c9ef88daf956f39.rlib --extern cursor_icon=/opt/rustwide/target/debug/deps/libcursor_icon-c328c0924d785a7a.rlib --extern image=/opt/rustwide/target/debug/deps/libimage-9819c4927c4fc5dd.rlib --extern libc=/opt/rustwide/target/debug/deps/liblibc-bee1a846c06b5f5f.rlib --extern log=/opt/rustwide/target/debug/deps/liblog-2cf4a51dfa4e790a.rlib --extern memmap2=/opt/rustwide/target/debug/deps/libmemmap2-49d95b15b3053a30.rlib --extern once_cell=/opt/rustwide/target/debug/deps/libonce_cell-fadaa1d866399a17.rlib --extern percent_encoding=/opt/rustwide/target/debug/deps/libpercent_encoding-c878b6f40f2978b2.rlib --extern rwh_06=/opt/rustwide/target/debug/deps/libraw_window_handle-d7301b784ab7ae94.rlib --extern rustix=/opt/rustwide/target/debug/deps/librustix-128551b02ba81c54.rlib --extern sctk_adwaita=/opt/rustwide/target/debug/deps/libsctk_adwaita-5017986827998f2d.rlib --extern simple_logger=/opt/rustwide/target/debug/deps/libsimple_logger-39ea70048c7d1269.rlib --extern sctk=/opt/rustwide/target/debug/deps/libsmithay_client_toolkit-57f2de4cfa9c8b8a.rlib --extern smol_str=/opt/rustwide/target/debug/deps/libsmol_str-76ae3d9ded0d2c0a.rlib --extern softbuffer=/opt/rustwide/target/debug/deps/libsoftbuffer-bd8d3631790b50c8.rlib --extern wayland_backend=/opt/rustwide/target/debug/deps/libwayland_backend-7a529dec06d362a1.rlib --extern wayland_client=/opt/rustwide/target/debug/deps/libwayland_client-b2aa86b07391137f.rlib --extern wayland_protocols=/opt/rustwide/target/debug/deps/libwayland_protocols-9c98eee286befd39.rlib --extern wayland_protocols_plasma=/opt/rustwide/target/debug/deps/libwayland_protocols_plasma-01afefe35da4bf69.rlib --extern winit=/opt/rustwide/target/debug/deps/libwinit-02e461c09cdff0be.rlib --extern x11_dl=/opt/rustwide/target/debug/deps/libx11_dl-309f041e569d35c9.rlib --extern x11rb=/opt/rustwide/target/debug/deps/libx11rb-2354ea457fdcb9a7.rlib --extern xkbcommon_dl=/opt/rustwide/target/debug/deps/libxkbcommon_dl-dfecf70d3f6df2a4.rlib --cap-lints=warn --cfg free_unix --cfg x11_platform --cfg wayland_platform` (signal: 9, SIGKILL: kill)
[INFO] [stderr] error: could not compile `winit` (example "fullscreen")
[INFO] [stderr] 
[INFO] [stderr] Caused by:
[INFO] [stderr]   process didn't exit successfully: `/opt/rustwide/rustup-home/toolchains/beta-2023-12-22-x86_64-unknown-linux-gnu/bin/rustc --crate-name fullscreen --edition=2021 examples/fullscreen.rs --error-format=json --json=diagnostic-rendered-ansi,artifacts,future-incompat --crate-type bin --emit=dep-info,link -C embed-bitcode=no -C debuginfo=2 --cfg 'feature="ahash"' --cfg 'feature="bytemuck"' --cfg 'feature="default"' --cfg 'feature="memmap2"' --cfg 'feature="percent-encoding"' --cfg 'feature="rwh_06"' --cfg 'feature="sctk"' --cfg 'feature="sctk-adwaita"' --cfg 'feature="wayland"' --cfg 'feature="wayland-backend"' --cfg 'feature="wayland-client"' --cfg 'feature="wayland-csd-adwaita"' --cfg 'feature="wayland-dlopen"' --cfg 'feature="wayland-protocols"' --cfg 'feature="wayland-protocols-plasma"' --cfg 'feature="x11"' --cfg 'feature="x11-dl"' --cfg 'feature="x11rb"' -C metadata=37f558976a09e14d -C extra-filename=-37f558976a09e14d --out-dir /opt/rustwide/target/debug/examples -L dependency=/opt/rustwide/target/debug/deps --extern ahash=/opt/rustwide/target/debug/deps/libahash-555561f41a326156.rlib --extern bitflags=/opt/rustwide/target/debug/deps/libbitflags-55f80abe000d3e83.rlib --extern bytemuck=/opt/rustwide/target/debug/deps/libbytemuck-a3264ad6d8f32bd4.rlib --extern calloop=/opt/rustwide/target/debug/deps/libcalloop-2c9ef88daf956f39.rlib --extern cursor_icon=/opt/rustwide/target/debug/deps/libcursor_icon-c328c0924d785a7a.rlib --extern image=/opt/rustwide/target/debug/deps/libimage-9819c4927c4fc5dd.rlib --extern libc=/opt/rustwide/target/debug/deps/liblibc-bee1a846c06b5f5f.rlib --extern log=/opt/rustwide/target/debug/deps/liblog-2cf4a51dfa4e790a.rlib --extern memmap2=/opt/rustwide/target/debug/deps/libmemmap2-49d95b15b3053a30.rlib --extern once_cell=/opt/rustwide/target/debug/deps/libonce_cell-fadaa1d866399a17.rlib --extern percent_encoding=/opt/rustwide/target/debug/deps/libpercent_encoding-c878b6f40f2978b2.rlib --extern rwh_06=/opt/rustwide/target/debug/deps/libraw_window_handle-d7301b784ab7ae94.rlib --extern rustix=/opt/rustwide/target/debug/deps/librustix-128551b02ba81c54.rlib --extern sctk_adwaita=/opt/rustwide/target/debug/deps/libsctk_adwaita-5017986827998f2d.rlib --extern simple_logger=/opt/rustwide/target/debug/deps/libsimple_logger-39ea70048c7d1269.rlib --extern sctk=/opt/rustwide/target/debug/deps/libsmithay_client_toolkit-57f2de4cfa9c8b8a.rlib --extern smol_str=/opt/rustwide/target/debug/deps/libsmol_str-76ae3d9ded0d2c0a.rlib --extern softbuffer=/opt/rustwide/target/debug/deps/libsoftbuffer-bd8d3631790b50c8.rlib --extern wayland_backend=/opt/rustwide/target/debug/deps/libwayland_backend-7a529dec06d362a1.rlib --extern wayland_client=/opt/rustwide/target/debug/deps/libwayland_client-b2aa86b07391137f.rlib --extern wayland_protocols=/opt/rustwide/target/debug/deps/libwayland_protocols-9c98eee286befd39.rlib --extern wayland_protocols_plasma=/opt/rustwide/target/debug/deps/libwayland_protocols_plasma-01afefe35da4bf69.rlib --extern winit=/opt/rustwide/target/debug/deps/libwinit-02e461c09cdff0be.rlib --extern x11_dl=/opt/rustwide/target/debug/deps/libx11_dl-309f041e569d35c9.rlib --extern x11rb=/opt/rustwide/target/debug/deps/libx11rb-2354ea457fdcb9a7.rlib --extern xkbcommon_dl=/opt/rustwide/target/debug/deps/libxkbcommon_dl-dfecf70d3f6df2a4.rlib --cap-lints=warn --cfg free_unix --cfg x11_platform --cfg wayland_platform` (signal: 9, SIGKILL: kill)
[INFO] [stdout] error: linking with `cc` failed: exit status: 1
[INFO] [stdout]   |
[INFO] [stdout]   = note: LC_ALL="C" PATH="/opt/rustwide/rustup-home/toolchains/beta-2023-12-22-x86_64-unknown-linux-gnu/lib/rustlib/x86_64-unknown-linux-gnu/bin:/opt/rustwide/cargo-home/bin:/usr/local/sbin:/usr/local/bin:/usr/sbin:/usr/bin:/sbin:/bin" VSLANG="1033" "cc" "-m64" "/tmp/rustcNaTHWV/symbols.o" "/opt/rustwide/target/debug/examples/video_modes-154762313df7d7a2.video_modes.bb0f43bc9d760961-cgu.00.rcgu.o" "/opt/rustwide/target/debug/examples/video_modes-154762313df7d7a2.video_modes.bb0f43bc9d760961-cgu.01.rcgu.o" "/opt/rustwide/target/debug/examples/video_modes-154762313df7d7a2.video_modes.bb0f43bc9d760961-cgu.02.rcgu.o" "/opt/rustwide/target/debug/examples/video_modes-154762313df7d7a2.video_modes.bb0f43bc9d760961-cgu.03.rcgu.o" "/opt/rustwide/target/debug/examples/video_modes-154762313df7d7a2.video_modes.bb0f43bc9d760961-cgu.04.rcgu.o" "/opt/rustwide/target/debug/examples/video_modes-154762313df7d7a2.video_modes.bb0f43bc9d760961-cgu.05.rcgu.o" "/opt/rustwide/target/debug/examples/video_modes-154762313df7d7a2.video_modes.bb0f43bc9d760961-cgu.06.rcgu.o" "/opt/rustwide/target/debug/examples/video_modes-154762313df7d7a2.video_modes.bb0f43bc9d760961-cgu.07.rcgu.o" "/opt/rustwide/target/debug/examples/video_modes-154762313df7d7a2.video_modes.bb0f43bc9d760961-cgu.08.rcgu.o" "/opt/rustwide/target/debug/examples/video_modes-154762313df7d7a2.video_modes.bb0f43bc9d760961-cgu.09.rcgu.o" "/opt/rustwide/target/debug/examples/video_modes-154762313df7d7a2.video_modes.bb0f43bc9d760961-cgu.10.rcgu.o" "/opt/rustwide/target/debug/examples/video_modes-154762313df7d7a2.video_modes.bb0f43bc9d760961-cgu.11.rcgu.o" "/opt/rustwide/target/debug/examples/video_modes-154762313df7d7a2.video_modes.bb0f43bc9d760961-cgu.12.rcgu.o" "/opt/rustwide/target/debug/examples/video_modes-154762313df7d7a2.video_modes.bb0f43bc9d760961-cgu.13.rcgu.o" "/opt/rustwide/target/debug/examples/video_modes-154762313df7d7a2.video_modes.bb0f43bc9d760961-cgu.14.rcgu.o" "/opt/rustwide/target/debug/examples/video_modes-154762313df7d7a2.video_modes.bb0f43bc9d760961-cgu.15.rcgu.o" "/opt/rustwide/target/debug/examples/video_modes-154762313df7d7a2.16x37zfwykzubjml.rcgu.o" "-Wl,--as-needed" "-L" "/opt/rustwide/target/debug/deps" "-L" "/opt/rustwide/rustup-home/toolchains/beta-2023-12-22-x86_64-unknown-linux-gnu/lib/rustlib/x86_64-unknown-linux-gnu/lib" "-Wl,-Bstatic" "/opt/rustwide/target/debug/deps/libwinit-02e461c09cdff0be.rlib" "/opt/rustwide/target/debug/deps/libsctk_adwaita-5017986827998f2d.rlib" "/opt/rustwide/target/debug/deps/libab_glyph-a046507a136f8bcd.rlib" "/opt/rustwide/target/debug/deps/libowned_ttf_parser-31826c107d0f6e3b.rlib" "/opt/rustwide/target/debug/deps/libttf_parser-406214179a8ac69c.rlib" "/opt/rustwide/target/debug/deps/libab_glyph_rasterizer-a14d57c95a676215.rlib" "/opt/rustwide/target/debug/deps/libtiny_skia-5d9957392c26d09f.rlib" "/opt/rustwide/target/debug/deps/libarrayvec-003fb1a4e19c55f3.rlib" "/opt/rustwide/target/debug/deps/libtiny_skia_path-c85734d10fbe25b2.rlib" "/opt/rustwide/target/debug/deps/libstrict_num-5d5f2dc0b24ba6a2.rlib" "/opt/rustwide/target/debug/deps/libarrayref-8957ff1d73700ff2.rlib" "/opt/rustwide/target/debug/deps/libbytemuck-a3264ad6d8f32bd4.rlib" "/opt/rustwide/target/debug/deps/libpercent_encoding-c878b6f40f2978b2.rlib" "/opt/rustwide/target/debug/deps/libx11rb-2354ea457fdcb9a7.rlib" "/opt/rustwide/target/debug/deps/libgethostname-8c759b20779563b2.rlib" "/opt/rustwide/target/debug/deps/libas_raw_xcb_connection-d4ec4fbc33befb7a.rlib" "/opt/rustwide/target/debug/deps/liblibloading-8fc60105e6f7f82d.rlib" "/opt/rustwide/target/debug/deps/libx11rb_protocol-ab01daff59f2da36.rlib" "/opt/rustwide/target/debug/deps/libwayland_protocols_plasma-01afefe35da4bf69.rlib" "/opt/rustwide/target/debug/deps/libahash-555561f41a326156.rlib" "/opt/rustwide/target/debug/deps/libgetrandom-1f3b4bead17bd126.rlib" "/opt/rustwide/target/debug/deps/libsmithay_client_toolkit-57f2de4cfa9c8b8a.rlib" "/opt/rustwide/target/debug/deps/libwayland_cursor-2e218aa28eaed56c.rlib" "/opt/rustwide/target/debug/deps/libxcursor-c699d90c3bb97d67.rlib" "/opt/rustwide/target/debug/deps/libnom-7ead9fa6efed3ead.rlib" "/opt/rustwide/target/debug/deps/libmemchr-01e04b2685b5837e.rlib" "/opt/rustwide/target/debug/deps/libwayland_protocols_wlr-2ae38f365763c448.rlib" "/opt/rustwide/target/debug/deps/libwayland_protocols-9c98eee286befd39.rlib" "/opt/rustwide/target/debug/deps/libwayland_csd_frame-8d8e12b71e0f7e73.rlib" "/opt/rustwide/target/debug/deps/libcursor_icon-c328c0924d785a7a.rlib" "/opt/rustwide/target/debug/deps/libcalloop_wayland_source-2deaeb6ca5859dd2.rlib" "/opt/rustwide/target/debug/deps/libwayland_client-b2aa86b07391137f.rlib" "/opt/rustwide/target/debug/deps/libwayland_backend-7a529dec06d362a1.rlib" "/opt/rustwide/target/debug/deps/libdowncast_rs-c4a86e4848913de8.rlib" "/opt/rustwide/target/debug/deps/libnix-138c083f560cb86b.rlib" "/opt/rustwide/target/debug/deps/libmemoffset-df5843969cc9c3a9.rlib" "/opt/rustwide/target/debug/deps/libpin_utils-9c5dcf17efb91bff.rlib" "/opt/rustwide/target/debug/deps/libbitflags-85e13ed1e0c6d910.rlib" "/opt/rustwide/target/debug/deps/libscoped_tls-f6838ea757d14c0f.rlib" "/opt/rustwide/target/debug/deps/libwayland_sys-20367a3eb80b0fec.rlib" "/opt/rustwide/target/debug/deps/libsmallvec-46c99328f6489e55.rlib" "/opt/rustwide/target/debug/deps/libcalloop-2c9ef88daf956f39.rlib" "/opt/rustwide/target/debug/deps/libthiserror-3e79dd35639dbd14.rlib" "/opt/rustwide/target/debug/deps/libpolling-fbd41141a1434404.rlib" "/opt/rustwide/target/debug/deps/librustix-128551b02ba81c54.rlib" "/opt/rustwide/target/debug/deps/liblinux_raw_sys-6dbd9a0cc52e3342.rlib" "/opt/rustwide/target/debug/deps/libtracing-ebdce66d2dbd9da1.rlib" "/opt/rustwide/target/debug/deps/libpin_project_lite-085b19c93bbb2231.rlib" "/opt/rustwide/target/debug/deps/libtracing_core-b61ad49324a1f35e.rlib" "/opt/rustwide/target/debug/deps/libx11_dl-309f041e569d35c9.rlib" "/opt/rustwide/target/debug/deps/libmemmap2-49d95b15b3053a30.rlib" "/opt/rustwide/target/debug/deps/liblibc-bee1a846c06b5f5f.rlib" "/opt/rustwide/target/debug/deps/libxkbcommon_dl-dfecf70d3f6df2a4.rlib" "/opt/rustwide/target/debug/deps/libxkeysym-8658c976aabb2486.rlib" "/opt/rustwide/target/debug/deps/libdlib-4349ae02b84d265d.rlib" "/opt/rustwide/target/debug/deps/liblibloading-956ae151255f3bc6.rlib" "/opt/rustwide/target/debug/deps/libcfg_if-e7002d307f97bc56.rlib" "/opt/rustwide/target/debug/deps/libonce_cell-fadaa1d866399a17.rlib" "/opt/rustwide/target/debug/deps/libsmol_str-76ae3d9ded0d2c0a.rlib" "/opt/rustwide/target/debug/deps/libraw_window_handle-d7301b784ab7ae94.rlib" "/opt/rustwide/target/debug/deps/libbitflags-55f80abe000d3e83.rlib" "/opt/rustwide/target/debug/deps/libsimple_logger-39ea70048c7d1269.rlib" "/opt/rustwide/target/debug/deps/liblog-2cf4a51dfa4e790a.rlib" "/opt/rustwide/rustup-home/toolchains/beta-2023-12-22-x86_64-unknown-linux-gnu/lib/rustlib/x86_64-unknown-linux-gnu/lib/libstd-0672489a78b613de.rlib" "/opt/rustwide/rustup-home/toolchains/beta-2023-12-22-x86_64-unknown-linux-gnu/lib/rustlib/x86_64-unknown-linux-gnu/lib/libpanic_unwind-7eb3ffc34a49f675.rlib" "/opt/rustwide/rustup-home/toolchains/beta-2023-12-22-x86_64-unknown-linux-gnu/lib/rustlib/x86_64-unknown-linux-gnu/lib/libobject-6478a9daa4bee8e2.rlib" "/opt/rustwide/rustup-home/toolchains/beta-2023-12-22-x86_64-unknown-linux-gnu/lib/rustlib/x86_64-unknown-linux-gnu/lib/libmemchr-0c75d871a5c3923d.rlib" "/opt/rustwide/rustup-home/toolchains/beta-2023-12-22-x86_64-unknown-linux-gnu/lib/rustlib/x86_64-unknown-linux-gnu/lib/libaddr2line-d163ef63ad37bb71.rlib" "/opt/rustwide/rustup-home/toolchains/beta-2023-12-22-x86_64-unknown-linux-gnu/lib/rustlib/x86_64-unknown-linux-gnu/lib/libgimli-8a3fd810a85b9f4c.rlib" "/opt/rustwide/rustup-home/toolchains/beta-2023-12-22-x86_64-unknown-linux-gnu/lib/rustlib/x86_64-unknown-linux-gnu/lib/librustc_demangle-462a2cde8c5dfc10.rlib" "/opt/rustwide/rustup-home/toolchains/beta-2023-12-22-x86_64-unknown-linux-gnu/lib/rustlib/x86_64-unknown-linux-gnu/lib/libstd_detect-cb06ac9f54713f71.rlib" "/opt/rustwide/rustup-home/toolchains/beta-2023-12-22-x86_64-unknown-linux-gnu/lib/rustlib/x86_64-unknown-linux-gnu/lib/libhashbrown-f20bfd1f8e59b393.rlib" "/opt/rustwide/rustup-home/toolchains/beta-2023-12-22-x86_64-unknown-linux-gnu/lib/rustlib/x86_64-unknown-linux-gnu/lib/librustc_std_workspace_alloc-1ef460949b49da4b.rlib" "/opt/rustwide/rustup-home/toolchains/beta-2023-12-22-x86_64-unknown-linux-gnu/lib/rustlib/x86_64-unknown-linux-gnu/lib/libminiz_oxide-2cb0c0ffe4f87514.rlib" "/opt/rustwide/rustup-home/toolchains/beta-2023-12-22-x86_64-unknown-linux-gnu/lib/rustlib/x86_64-unknown-linux-gnu/lib/libadler-58d841eb322a11a2.rlib" "/opt/rustwide/rustup-home/toolchains/beta-2023-12-22-x86_64-unknown-linux-gnu/lib/rustlib/x86_64-unknown-linux-gnu/lib/libunwind-aa2ae0b0a9d11533.rlib" "/opt/rustwide/rustup-home/toolchains/beta-2023-12-22-x86_64-unknown-linux-gnu/lib/rustlib/x86_64-unknown-linux-gnu/lib/libcfg_if-23874e15830ed336.rlib" "/opt/rustwide/rustup-home/toolchains/beta-2023-12-22-x86_64-unknown-linux-gnu/lib/rustlib/x86_64-unknown-linux-gnu/lib/liblibc-e47cddc003bce885.rlib" "/opt/rustwide/rustup-home/toolchains/beta-2023-12-22-x86_64-unknown-linux-gnu/lib/rustlib/x86_64-unknown-linux-gnu/lib/liballoc-c22b13b48a8f128e.rlib" "/opt/rustwide/rustup-home/toolchains/beta-2023-12-22-x86_64-unknown-linux-gnu/lib/rustlib/x86_64-unknown-linux-gnu/lib/librustc_std_workspace_core-e46bc3da6d7c462f.rlib" "/opt/rustwide/rustup-home/toolchains/beta-2023-12-22-x86_64-unknown-linux-gnu/lib/rustlib/x86_64-unknown-linux-gnu/lib/libcore-8d1ac131d3cb2645.rlib" "/opt/rustwide/rustup-home/toolchains/beta-2023-12-22-x86_64-unknown-linux-gnu/lib/rustlib/x86_64-unknown-linux-gnu/lib/libcompiler_builtins-a1b43df8c6899c1f.rlib" "-Wl,-Bdynamic" "-ldl" "-ldl" "-ldl" "-lgcc_s" "-lutil" "-lrt" "-lpthread" "-lm" "-ldl" "-lc" "-Wl,--eh-frame-hdr" "-Wl,-z,noexecstack" "-L" "/opt/rustwide/rustup-home/toolchains/beta-2023-12-22-x86_64-unknown-linux-gnu/lib/rustlib/x86_64-unknown-linux-gnu/lib" "-o" "/opt/rustwide/target/debug/examples/video_modes-154762313df7d7a2" "-Wl,--gc-sections" "-pie" "-Wl,-z,relro,-z,now" "-nodefaultlibs"
[INFO] [stdout]   = note: collect2: fatal error: ld terminated with signal 9 [Killed]
[INFO] [stdout]           compilation terminated.
[INFO] [stdout]           
[INFO] [stdout] 
[INFO] [stdout] 
[INFO] [stdout] error: aborting due to 1 previous error
[INFO] [stdout] 
[INFO] [stdout] 
[INFO] [stderr] error: could not compile `winit` (example "video_modes") due to 2 previous errors
[INFO] [stderr] error: could not compile `winit` (example "request_redraw")
[INFO] [stderr] 
[INFO] [stderr] Caused by:
[INFO] [stderr]   process didn't exit successfully: `/opt/rustwide/rustup-home/toolchains/beta-2023-12-22-x86_64-unknown-linux-gnu/bin/rustc --crate-name request_redraw --edition=2021 examples/request_redraw.rs --error-format=json --json=diagnostic-rendered-ansi,artifacts,future-incompat --crate-type bin --emit=dep-info,link -C embed-bitcode=no -C debuginfo=2 --cfg 'feature="ahash"' --cfg 'feature="bytemuck"' --cfg 'feature="default"' --cfg 'feature="memmap2"' --cfg 'feature="percent-encoding"' --cfg 'feature="rwh_06"' --cfg 'feature="sctk"' --cfg 'feature="sctk-adwaita"' --cfg 'feature="wayland"' --cfg 'feature="wayland-backend"' --cfg 'feature="wayland-client"' --cfg 'feature="wayland-csd-adwaita"' --cfg 'feature="wayland-dlopen"' --cfg 'feature="wayland-protocols"' --cfg 'feature="wayland-protocols-plasma"' --cfg 'feature="x11"' --cfg 'feature="x11-dl"' --cfg 'feature="x11rb"' -C metadata=4fe81a09521be3e4 -C extra-filename=-4fe81a09521be3e4 --out-dir /opt/rustwide/target/debug/examples -L dependency=/opt/rustwide/target/debug/deps --extern ahash=/opt/rustwide/target/debug/deps/libahash-555561f41a326156.rlib --extern bitflags=/opt/rustwide/target/debug/deps/libbitflags-55f80abe000d3e83.rlib --extern bytemuck=/opt/rustwide/target/debug/deps/libbytemuck-a3264ad6d8f32bd4.rlib --extern calloop=/opt/rustwide/target/debug/deps/libcalloop-2c9ef88daf956f39.rlib --extern cursor_icon=/opt/rustwide/target/debug/deps/libcursor_icon-c328c0924d785a7a.rlib --extern image=/opt/rustwide/target/debug/deps/libimage-9819c4927c4fc5dd.rlib --extern libc=/opt/rustwide/target/debug/deps/liblibc-bee1a846c06b5f5f.rlib --extern log=/opt/rustwide/target/debug/deps/liblog-2cf4a51dfa4e790a.rlib --extern memmap2=/opt/rustwide/target/debug/deps/libmemmap2-49d95b15b3053a30.rlib --extern once_cell=/opt/rustwide/target/debug/deps/libonce_cell-fadaa1d866399a17.rlib --extern percent_encoding=/opt/rustwide/target/debug/deps/libpercent_encoding-c878b6f40f2978b2.rlib --extern rwh_06=/opt/rustwide/target/debug/deps/libraw_window_handle-d7301b784ab7ae94.rlib --extern rustix=/opt/rustwide/target/debug/deps/librustix-128551b02ba81c54.rlib --extern sctk_adwaita=/opt/rustwide/target/debug/deps/libsctk_adwaita-5017986827998f2d.rlib --extern simple_logger=/opt/rustwide/target/debug/deps/libsimple_logger-39ea70048c7d1269.rlib --extern sctk=/opt/rustwide/target/debug/deps/libsmithay_client_toolkit-57f2de4cfa9c8b8a.rlib --extern smol_str=/opt/rustwide/target/debug/deps/libsmol_str-76ae3d9ded0d2c0a.rlib --extern softbuffer=/opt/rustwide/target/debug/deps/libsoftbuffer-bd8d3631790b50c8.rlib --extern wayland_backend=/opt/rustwide/target/debug/deps/libwayland_backend-7a529dec06d362a1.rlib --extern wayland_client=/opt/rustwide/target/debug/deps/libwayland_client-b2aa86b07391137f.rlib --extern wayland_protocols=/opt/rustwide/target/debug/deps/libwayland_protocols-9c98eee286befd39.rlib --extern wayland_protocols_plasma=/opt/rustwide/target/debug/deps/libwayland_protocols_plasma-01afefe35da4bf69.rlib --extern winit=/opt/rustwide/target/debug/deps/libwinit-02e461c09cdff0be.rlib --extern x11_dl=/opt/rustwide/target/debug/deps/libx11_dl-309f041e569d35c9.rlib --extern x11rb=/opt/rustwide/target/debug/deps/libx11rb-2354ea457fdcb9a7.rlib --extern xkbcommon_dl=/opt/rustwide/target/debug/deps/libxkbcommon_dl-dfecf70d3f6df2a4.rlib --cap-lints=warn --cfg free_unix --cfg x11_platform --cfg wayland_platform` (signal: 9, SIGKILL: kill)
[INFO] [stderr] error: could not compile `winit` (example "window_pump_events")
[INFO] [stderr] 
[INFO] [stderr] Caused by:
[INFO] [stderr]   process didn't exit successfully: `/opt/rustwide/rustup-home/toolchains/beta-2023-12-22-x86_64-unknown-linux-gnu/bin/rustc --crate-name window_pump_events --edition=2021 examples/window_pump_events.rs --error-format=json --json=diagnostic-rendered-ansi,artifacts,future-incompat --crate-type bin --emit=dep-info,link -C embed-bitcode=no -C debuginfo=2 --cfg 'feature="ahash"' --cfg 'feature="bytemuck"' --cfg 'feature="default"' --cfg 'feature="memmap2"' --cfg 'feature="percent-encoding"' --cfg 'feature="rwh_06"' --cfg 'feature="sctk"' --cfg 'feature="sctk-adwaita"' --cfg 'feature="wayland"' --cfg 'feature="wayland-backend"' --cfg 'feature="wayland-client"' --cfg 'feature="wayland-csd-adwaita"' --cfg 'feature="wayland-dlopen"' --cfg 'feature="wayland-protocols"' --cfg 'feature="wayland-protocols-plasma"' --cfg 'feature="x11"' --cfg 'feature="x11-dl"' --cfg 'feature="x11rb"' -C metadata=a11fe5a6d180bd7a -C extra-filename=-a11fe5a6d180bd7a --out-dir /opt/rustwide/target/debug/examples -L dependency=/opt/rustwide/target/debug/deps --extern ahash=/opt/rustwide/target/debug/deps/libahash-555561f41a326156.rlib --extern bitflags=/opt/rustwide/target/debug/deps/libbitflags-55f80abe000d3e83.rlib --extern bytemuck=/opt/rustwide/target/debug/deps/libbytemuck-a3264ad6d8f32bd4.rlib --extern calloop=/opt/rustwide/target/debug/deps/libcalloop-2c9ef88daf956f39.rlib --extern cursor_icon=/opt/rustwide/target/debug/deps/libcursor_icon-c328c0924d785a7a.rlib --extern image=/opt/rustwide/target/debug/deps/libimage-9819c4927c4fc5dd.rlib --extern libc=/opt/rustwide/target/debug/deps/liblibc-bee1a846c06b5f5f.rlib --extern log=/opt/rustwide/target/debug/deps/liblog-2cf4a51dfa4e790a.rlib --extern memmap2=/opt/rustwide/target/debug/deps/libmemmap2-49d95b15b3053a30.rlib --extern once_cell=/opt/rustwide/target/debug/deps/libonce_cell-fadaa1d866399a17.rlib --extern percent_encoding=/opt/rustwide/target/debug/deps/libpercent_encoding-c878b6f40f2978b2.rlib --extern rwh_06=/opt/rustwide/target/debug/deps/libraw_window_handle-d7301b784ab7ae94.rlib --extern rustix=/opt/rustwide/target/debug/deps/librustix-128551b02ba81c54.rlib --extern sctk_adwaita=/opt/rustwide/target/debug/deps/libsctk_adwaita-5017986827998f2d.rlib --extern simple_logger=/opt/rustwide/target/debug/deps/libsimple_logger-39ea70048c7d1269.rlib --extern sctk=/opt/rustwide/target/debug/deps/libsmithay_client_toolkit-57f2de4cfa9c8b8a.rlib --extern smol_str=/opt/rustwide/target/debug/deps/libsmol_str-76ae3d9ded0d2c0a.rlib --extern softbuffer=/opt/rustwide/target/debug/deps/libsoftbuffer-bd8d3631790b50c8.rlib --extern wayland_backend=/opt/rustwide/target/debug/deps/libwayland_backend-7a529dec06d362a1.rlib --extern wayland_client=/opt/rustwide/target/debug/deps/libwayland_client-b2aa86b07391137f.rlib --extern wayland_protocols=/opt/rustwide/target/debug/deps/libwayland_protocols-9c98eee286befd39.rlib --extern wayland_protocols_plasma=/opt/rustwide/target/debug/deps/libwayland_protocols_plasma-01afefe35da4bf69.rlib --extern winit=/opt/rustwide/target/debug/deps/libwinit-02e461c09cdff0be.rlib --extern x11_dl=/opt/rustwide/target/debug/deps/libx11_dl-309f041e569d35c9.rlib --extern x11rb=/opt/rustwide/target/debug/deps/libx11rb-2354ea457fdcb9a7.rlib --extern xkbcommon_dl=/opt/rustwide/target/debug/deps/libxkbcommon_dl-dfecf70d3f6df2a4.rlib --cap-lints=warn --cfg free_unix --cfg x11_platform --cfg wayland_platform` (signal: 9, SIGKILL: kill)
[INFO] [stderr] error: could not compile `winit` (example "theme")
[INFO] [stderr] 
[INFO] [stderr] Caused by:
[INFO] [stderr]   process didn't exit successfully: `/opt/rustwide/rustup-home/toolchains/beta-2023-12-22-x86_64-unknown-linux-gnu/bin/rustc --crate-name theme --edition=2021 examples/theme.rs --error-format=json --json=diagnostic-rendered-ansi,artifacts,future-incompat --crate-type bin --emit=dep-info,link -C embed-bitcode=no -C debuginfo=2 --cfg 'feature="ahash"' --cfg 'feature="bytemuck"' --cfg 'feature="default"' --cfg 'feature="memmap2"' --cfg 'feature="percent-encoding"' --cfg 'feature="rwh_06"' --cfg 'feature="sctk"' --cfg 'feature="sctk-adwaita"' --cfg 'feature="wayland"' --cfg 'feature="wayland-backend"' --cfg 'feature="wayland-client"' --cfg 'feature="wayland-csd-adwaita"' --cfg 'feature="wayland-dlopen"' --cfg 'feature="wayland-protocols"' --cfg 'feature="wayland-protocols-plasma"' --cfg 'feature="x11"' --cfg 'feature="x11-dl"' --cfg 'feature="x11rb"' -C metadata=4528d85e6ed062e6 -C extra-filename=-4528d85e6ed062e6 --out-dir /opt/rustwide/target/debug/examples -L dependency=/opt/rustwide/target/debug/deps --extern ahash=/opt/rustwide/target/debug/deps/libahash-555561f41a326156.rlib --extern bitflags=/opt/rustwide/target/debug/deps/libbitflags-55f80abe000d3e83.rlib --extern bytemuck=/opt/rustwide/target/debug/deps/libbytemuck-a3264ad6d8f32bd4.rlib --extern calloop=/opt/rustwide/target/debug/deps/libcalloop-2c9ef88daf956f39.rlib --extern cursor_icon=/opt/rustwide/target/debug/deps/libcursor_icon-c328c0924d785a7a.rlib --extern image=/opt/rustwide/target/debug/deps/libimage-9819c4927c4fc5dd.rlib --extern libc=/opt/rustwide/target/debug/deps/liblibc-bee1a846c06b5f5f.rlib --extern log=/opt/rustwide/target/debug/deps/liblog-2cf4a51dfa4e790a.rlib --extern memmap2=/opt/rustwide/target/debug/deps/libmemmap2-49d95b15b3053a30.rlib --extern once_cell=/opt/rustwide/target/debug/deps/libonce_cell-fadaa1d866399a17.rlib --extern percent_encoding=/opt/rustwide/target/debug/deps/libpercent_encoding-c878b6f40f2978b2.rlib --extern rwh_06=/opt/rustwide/target/debug/deps/libraw_window_handle-d7301b784ab7ae94.rlib --extern rustix=/opt/rustwide/target/debug/deps/librustix-128551b02ba81c54.rlib --extern sctk_adwaita=/opt/rustwide/target/debug/deps/libsctk_adwaita-5017986827998f2d.rlib --extern simple_logger=/opt/rustwide/target/debug/deps/libsimple_logger-39ea70048c7d1269.rlib --extern sctk=/opt/rustwide/target/debug/deps/libsmithay_client_toolkit-57f2de4cfa9c8b8a.rlib --extern smol_str=/opt/rustwide/target/debug/deps/libsmol_str-76ae3d9ded0d2c0a.rlib --extern softbuffer=/opt/rustwide/target/debug/deps/libsoftbuffer-bd8d3631790b50c8.rlib --extern wayland_backend=/opt/rustwide/target/debug/deps/libwayland_backend-7a529dec06d362a1.rlib --extern wayland_client=/opt/rustwide/target/debug/deps/libwayland_client-b2aa86b07391137f.rlib --extern wayland_protocols=/opt/rustwide/target/debug/deps/libwayland_protocols-9c98eee286befd39.rlib --extern wayland_protocols_plasma=/opt/rustwide/target/debug/deps/libwayland_protocols_plasma-01afefe35da4bf69.rlib --extern winit=/opt/rustwide/target/debug/deps/libwinit-02e461c09cdff0be.rlib --extern x11_dl=/opt/rustwide/target/debug/deps/libx11_dl-309f041e569d35c9.rlib --extern x11rb=/opt/rustwide/target/debug/deps/libx11rb-2354ea457fdcb9a7.rlib --extern xkbcommon_dl=/opt/rustwide/target/debug/deps/libxkbcommon_dl-dfecf70d3f6df2a4.rlib --cap-lints=warn --cfg free_unix --cfg x11_platform --cfg wayland_platform` (signal: 9, SIGKILL: kill)
[INFO] [stderr] error: could not compile `winit` (example "window_drag_resize")
[INFO] [stderr] 
[INFO] [stderr] Caused by:
[INFO] [stderr]   process didn't exit successfully: `/opt/rustwide/rustup-home/toolchains/beta-2023-12-22-x86_64-unknown-linux-gnu/bin/rustc --crate-name window_drag_resize --edition=2021 examples/window_drag_resize.rs --error-format=json --json=diagnostic-rendered-ansi,artifacts,future-incompat --crate-type bin --emit=dep-info,link -C embed-bitcode=no -C debuginfo=2 --cfg 'feature="ahash"' --cfg 'feature="bytemuck"' --cfg 'feature="default"' --cfg 'feature="memmap2"' --cfg 'feature="percent-encoding"' --cfg 'feature="rwh_06"' --cfg 'feature="sctk"' --cfg 'feature="sctk-adwaita"' --cfg 'feature="wayland"' --cfg 'feature="wayland-backend"' --cfg 'feature="wayland-client"' --cfg 'feature="wayland-csd-adwaita"' --cfg 'feature="wayland-dlopen"' --cfg 'feature="wayland-protocols"' --cfg 'feature="wayland-protocols-plasma"' --cfg 'feature="x11"' --cfg 'feature="x11-dl"' --cfg 'feature="x11rb"' -C metadata=0c996a8922ca752a -C extra-filename=-0c996a8922ca752a --out-dir /opt/rustwide/target/debug/examples -L dependency=/opt/rustwide/target/debug/deps --extern ahash=/opt/rustwide/target/debug/deps/libahash-555561f41a326156.rlib --extern bitflags=/opt/rustwide/target/debug/deps/libbitflags-55f80abe000d3e83.rlib --extern bytemuck=/opt/rustwide/target/debug/deps/libbytemuck-a3264ad6d8f32bd4.rlib --extern calloop=/opt/rustwide/target/debug/deps/libcalloop-2c9ef88daf956f39.rlib --extern cursor_icon=/opt/rustwide/target/debug/deps/libcursor_icon-c328c0924d785a7a.rlib --extern image=/opt/rustwide/target/debug/deps/libimage-9819c4927c4fc5dd.rlib --extern libc=/opt/rustwide/target/debug/deps/liblibc-bee1a846c06b5f5f.rlib --extern log=/opt/rustwide/target/debug/deps/liblog-2cf4a51dfa4e790a.rlib --extern memmap2=/opt/rustwide/target/debug/deps/libmemmap2-49d95b15b3053a30.rlib --extern once_cell=/opt/rustwide/target/debug/deps/libonce_cell-fadaa1d866399a17.rlib --extern percent_encoding=/opt/rustwide/target/debug/deps/libpercent_encoding-c878b6f40f2978b2.rlib --extern rwh_06=/opt/rustwide/target/debug/deps/libraw_window_handle-d7301b784ab7ae94.rlib --extern rustix=/opt/rustwide/target/debug/deps/librustix-128551b02ba81c54.rlib --extern sctk_adwaita=/opt/rustwide/target/debug/deps/libsctk_adwaita-5017986827998f2d.rlib --extern simple_logger=/opt/rustwide/target/debug/deps/libsimple_logger-39ea70048c7d1269.rlib --extern sctk=/opt/rustwide/target/debug/deps/libsmithay_client_toolkit-57f2de4cfa9c8b8a.rlib --extern smol_str=/opt/rustwide/target/debug/deps/libsmol_str-76ae3d9ded0d2c0a.rlib --extern softbuffer=/opt/rustwide/target/debug/deps/libsoftbuffer-bd8d3631790b50c8.rlib --extern wayland_backend=/opt/rustwide/target/debug/deps/libwayland_backend-7a529dec06d362a1.rlib --extern wayland_client=/opt/rustwide/target/debug/deps/libwayland_client-b2aa86b07391137f.rlib --extern wayland_protocols=/opt/rustwide/target/debug/deps/libwayland_protocols-9c98eee286befd39.rlib --extern wayland_protocols_plasma=/opt/rustwide/target/debug/deps/libwayland_protocols_plasma-01afefe35da4bf69.rlib --extern winit=/opt/rustwide/target/debug/deps/libwinit-02e461c09cdff0be.rlib --extern x11_dl=/opt/rustwide/target/debug/deps/libx11_dl-309f041e569d35c9.rlib --extern x11rb=/opt/rustwide/target/debug/deps/libx11rb-2354ea457fdcb9a7.rlib --extern xkbcommon_dl=/opt/rustwide/target/debug/deps/libxkbcommon_dl-dfecf70d3f6df2a4.rlib --cap-lints=warn --cfg free_unix --cfg x11_platform --cfg wayland_platform` (signal: 9, SIGKILL: kill)
[INFO] [stderr] error: could not compile `winit` (example "window")
[INFO] [stderr] 
[INFO] [stderr] Caused by:
[INFO] [stderr]   process didn't exit successfully: `/opt/rustwide/rustup-home/toolchains/beta-2023-12-22-x86_64-unknown-linux-gnu/bin/rustc --crate-name window --edition=2021 examples/window.rs --error-format=json --json=diagnostic-rendered-ansi,artifacts,future-incompat --crate-type bin --emit=dep-info,link -C embed-bitcode=no -C debuginfo=2 --cfg 'feature="ahash"' --cfg 'feature="bytemuck"' --cfg 'feature="default"' --cfg 'feature="memmap2"' --cfg 'feature="percent-encoding"' --cfg 'feature="rwh_06"' --cfg 'feature="sctk"' --cfg 'feature="sctk-adwaita"' --cfg 'feature="wayland"' --cfg 'feature="wayland-backend"' --cfg 'feature="wayland-client"' --cfg 'feature="wayland-csd-adwaita"' --cfg 'feature="wayland-dlopen"' --cfg 'feature="wayland-protocols"' --cfg 'feature="wayland-protocols-plasma"' --cfg 'feature="x11"' --cfg 'feature="x11-dl"' --cfg 'feature="x11rb"' -C metadata=cc7e968b523a4219 -C extra-filename=-cc7e968b523a4219 --out-dir /opt/rustwide/target/debug/examples -L dependency=/opt/rustwide/target/debug/deps --extern ahash=/opt/rustwide/target/debug/deps/libahash-555561f41a326156.rlib --extern bitflags=/opt/rustwide/target/debug/deps/libbitflags-55f80abe000d3e83.rlib --extern bytemuck=/opt/rustwide/target/debug/deps/libbytemuck-a3264ad6d8f32bd4.rlib --extern calloop=/opt/rustwide/target/debug/deps/libcalloop-2c9ef88daf956f39.rlib --extern cursor_icon=/opt/rustwide/target/debug/deps/libcursor_icon-c328c0924d785a7a.rlib --extern image=/opt/rustwide/target/debug/deps/libimage-9819c4927c4fc5dd.rlib --extern libc=/opt/rustwide/target/debug/deps/liblibc-bee1a846c06b5f5f.rlib --extern log=/opt/rustwide/target/debug/deps/liblog-2cf4a51dfa4e790a.rlib --extern memmap2=/opt/rustwide/target/debug/deps/libmemmap2-49d95b15b3053a30.rlib --extern once_cell=/opt/rustwide/target/debug/deps/libonce_cell-fadaa1d866399a17.rlib --extern percent_encoding=/opt/rustwide/target/debug/deps/libpercent_encoding-c878b6f40f2978b2.rlib --extern rwh_06=/opt/rustwide/target/debug/deps/libraw_window_handle-d7301b784ab7ae94.rlib --extern rustix=/opt/rustwide/target/debug/deps/librustix-128551b02ba81c54.rlib --extern sctk_adwaita=/opt/rustwide/target/debug/deps/libsctk_adwaita-5017986827998f2d.rlib --extern simple_logger=/opt/rustwide/target/debug/deps/libsimple_logger-39ea70048c7d1269.rlib --extern sctk=/opt/rustwide/target/debug/deps/libsmithay_client_toolkit-57f2de4cfa9c8b8a.rlib --extern smol_str=/opt/rustwide/target/debug/deps/libsmol_str-76ae3d9ded0d2c0a.rlib --extern softbuffer=/opt/rustwide/target/debug/deps/libsoftbuffer-bd8d3631790b50c8.rlib --extern wayland_backend=/opt/rustwide/target/debug/deps/libwayland_backend-7a529dec06d362a1.rlib --extern wayland_client=/opt/rustwide/target/debug/deps/libwayland_client-b2aa86b07391137f.rlib --extern wayland_protocols=/opt/rustwide/target/debug/deps/libwayland_protocols-9c98eee286befd39.rlib --extern wayland_protocols_plasma=/opt/rustwide/target/debug/deps/libwayland_protocols_plasma-01afefe35da4bf69.rlib --extern winit=/opt/rustwide/target/debug/deps/libwinit-02e461c09cdff0be.rlib --extern x11_dl=/opt/rustwide/target/debug/deps/libx11_dl-309f041e569d35c9.rlib --extern x11rb=/opt/rustwide/target/debug/deps/libx11rb-2354ea457fdcb9a7.rlib --extern xkbcommon_dl=/opt/rustwide/target/debug/deps/libxkbcommon_dl-dfecf70d3f6df2a4.rlib --cap-lints=warn --cfg free_unix --cfg x11_platform --cfg wayland_platform` (signal: 9, SIGKILL: kill)
[INFO] [stderr] error: could not compile `winit` (example "timer")
[INFO] [stderr] 
[INFO] [stderr] Caused by:
[INFO] [stderr]   process didn't exit successfully: `/opt/rustwide/rustup-home/toolchains/beta-2023-12-22-x86_64-unknown-linux-gnu/bin/rustc --crate-name timer --edition=2021 examples/timer.rs --error-format=json --json=diagnostic-rendered-ansi,artifacts,future-incompat --crate-type bin --emit=dep-info,link -C embed-bitcode=no -C debuginfo=2 --cfg 'feature="ahash"' --cfg 'feature="bytemuck"' --cfg 'feature="default"' --cfg 'feature="memmap2"' --cfg 'feature="percent-encoding"' --cfg 'feature="rwh_06"' --cfg 'feature="sctk"' --cfg 'feature="sctk-adwaita"' --cfg 'feature="wayland"' --cfg 'feature="wayland-backend"' --cfg 'feature="wayland-client"' --cfg 'feature="wayland-csd-adwaita"' --cfg 'feature="wayland-dlopen"' --cfg 'feature="wayland-protocols"' --cfg 'feature="wayland-protocols-plasma"' --cfg 'feature="x11"' --cfg 'feature="x11-dl"' --cfg 'feature="x11rb"' -C metadata=f93367505f18f443 -C extra-filename=-f93367505f18f443 --out-dir /opt/rustwide/target/debug/examples -L dependency=/opt/rustwide/target/debug/deps --extern ahash=/opt/rustwide/target/debug/deps/libahash-555561f41a326156.rlib --extern bitflags=/opt/rustwide/target/debug/deps/libbitflags-55f80abe000d3e83.rlib --extern bytemuck=/opt/rustwide/target/debug/deps/libbytemuck-a3264ad6d8f32bd4.rlib --extern calloop=/opt/rustwide/target/debug/deps/libcalloop-2c9ef88daf956f39.rlib --extern cursor_icon=/opt/rustwide/target/debug/deps/libcursor_icon-c328c0924d785a7a.rlib --extern image=/opt/rustwide/target/debug/deps/libimage-9819c4927c4fc5dd.rlib --extern libc=/opt/rustwide/target/debug/deps/liblibc-bee1a846c06b5f5f.rlib --extern log=/opt/rustwide/target/debug/deps/liblog-2cf4a51dfa4e790a.rlib --extern memmap2=/opt/rustwide/target/debug/deps/libmemmap2-49d95b15b3053a30.rlib --extern once_cell=/opt/rustwide/target/debug/deps/libonce_cell-fadaa1d866399a17.rlib --extern percent_encoding=/opt/rustwide/target/debug/deps/libpercent_encoding-c878b6f40f2978b2.rlib --extern rwh_06=/opt/rustwide/target/debug/deps/libraw_window_handle-d7301b784ab7ae94.rlib --extern rustix=/opt/rustwide/target/debug/deps/librustix-128551b02ba81c54.rlib --extern sctk_adwaita=/opt/rustwide/target/debug/deps/libsctk_adwaita-5017986827998f2d.rlib --extern simple_logger=/opt/rustwide/target/debug/deps/libsimple_logger-39ea70048c7d1269.rlib --extern sctk=/opt/rustwide/target/debug/deps/libsmithay_client_toolkit-57f2de4cfa9c8b8a.rlib --extern smol_str=/opt/rustwide/target/debug/deps/libsmol_str-76ae3d9ded0d2c0a.rlib --extern softbuffer=/opt/rustwide/target/debug/deps/libsoftbuffer-bd8d3631790b50c8.rlib --extern wayland_backend=/opt/rustwide/target/debug/deps/libwayland_backend-7a529dec06d362a1.rlib --extern wayland_client=/opt/rustwide/target/debug/deps/libwayland_client-b2aa86b07391137f.rlib --extern wayland_protocols=/opt/rustwide/target/debug/deps/libwayland_protocols-9c98eee286befd39.rlib --extern wayland_protocols_plasma=/opt/rustwide/target/debug/deps/libwayland_protocols_plasma-01afefe35da4bf69.rlib --extern winit=/opt/rustwide/target/debug/deps/libwinit-02e461c09cdff0be.rlib --extern x11_dl=/opt/rustwide/target/debug/deps/libx11_dl-309f041e569d35c9.rlib --extern x11rb=/opt/rustwide/target/debug/deps/libx11rb-2354ea457fdcb9a7.rlib --extern xkbcommon_dl=/opt/rustwide/target/debug/deps/libxkbcommon_dl-dfecf70d3f6df2a4.rlib --cap-lints=warn --cfg free_unix --cfg x11_platform --cfg wayland_platform` (signal: 9, SIGKILL: kill)
[INFO] [stderr] error: could not compile `winit` (example "drag_window")
[INFO] [stderr] 
[INFO] [stderr] Caused by:
[INFO] [stderr]   process didn't exit successfully: `/opt/rustwide/rustup-home/toolchains/beta-2023-12-22-x86_64-unknown-linux-gnu/bin/rustc --crate-name drag_window --edition=2021 examples/drag_window.rs --error-format=json --json=diagnostic-rendered-ansi,artifacts,future-incompat --crate-type bin --emit=dep-info,link -C embed-bitcode=no -C debuginfo=2 --cfg 'feature="ahash"' --cfg 'feature="bytemuck"' --cfg 'feature="default"' --cfg 'feature="memmap2"' --cfg 'feature="percent-encoding"' --cfg 'feature="rwh_06"' --cfg 'feature="sctk"' --cfg 'feature="sctk-adwaita"' --cfg 'feature="wayland"' --cfg 'feature="wayland-backend"' --cfg 'feature="wayland-client"' --cfg 'feature="wayland-csd-adwaita"' --cfg 'feature="wayland-dlopen"' --cfg 'feature="wayland-protocols"' --cfg 'feature="wayland-protocols-plasma"' --cfg 'feature="x11"' --cfg 'feature="x11-dl"' --cfg 'feature="x11rb"' -C metadata=1d05cd5b01064f74 -C extra-filename=-1d05cd5b01064f74 --out-dir /opt/rustwide/target/debug/examples -L dependency=/opt/rustwide/target/debug/deps --extern ahash=/opt/rustwide/target/debug/deps/libahash-555561f41a326156.rlib --extern bitflags=/opt/rustwide/target/debug/deps/libbitflags-55f80abe000d3e83.rlib --extern bytemuck=/opt/rustwide/target/debug/deps/libbytemuck-a3264ad6d8f32bd4.rlib --extern calloop=/opt/rustwide/target/debug/deps/libcalloop-2c9ef88daf956f39.rlib --extern cursor_icon=/opt/rustwide/target/debug/deps/libcursor_icon-c328c0924d785a7a.rlib --extern image=/opt/rustwide/target/debug/deps/libimage-9819c4927c4fc5dd.rlib --extern libc=/opt/rustwide/target/debug/deps/liblibc-bee1a846c06b5f5f.rlib --extern log=/opt/rustwide/target/debug/deps/liblog-2cf4a51dfa4e790a.rlib --extern memmap2=/opt/rustwide/target/debug/deps/libmemmap2-49d95b15b3053a30.rlib --extern once_cell=/opt/rustwide/target/debug/deps/libonce_cell-fadaa1d866399a17.rlib --extern percent_encoding=/opt/rustwide/target/debug/deps/libpercent_encoding-c878b6f40f2978b2.rlib --extern rwh_06=/opt/rustwide/target/debug/deps/libraw_window_handle-d7301b784ab7ae94.rlib --extern rustix=/opt/rustwide/target/debug/deps/librustix-128551b02ba81c54.rlib --extern sctk_adwaita=/opt/rustwide/target/debug/deps/libsctk_adwaita-5017986827998f2d.rlib --extern simple_logger=/opt/rustwide/target/debug/deps/libsimple_logger-39ea70048c7d1269.rlib --extern sctk=/opt/rustwide/target/debug/deps/libsmithay_client_toolkit-57f2de4cfa9c8b8a.rlib --extern smol_str=/opt/rustwide/target/debug/deps/libsmol_str-76ae3d9ded0d2c0a.rlib --extern softbuffer=/opt/rustwide/target/debug/deps/libsoftbuffer-bd8d3631790b50c8.rlib --extern wayland_backend=/opt/rustwide/target/debug/deps/libwayland_backend-7a529dec06d362a1.rlib --extern wayland_client=/opt/rustwide/target/debug/deps/libwayland_client-b2aa86b07391137f.rlib --extern wayland_protocols=/opt/rustwide/target/debug/deps/libwayland_protocols-9c98eee286befd39.rlib --extern wayland_protocols_plasma=/opt/rustwide/target/debug/deps/libwayland_protocols_plasma-01afefe35da4bf69.rlib --extern winit=/opt/rustwide/target/debug/deps/libwinit-02e461c09cdff0be.rlib --extern x11_dl=/opt/rustwide/target/debug/deps/libx11_dl-309f041e569d35c9.rlib --extern x11rb=/opt/rustwide/target/debug/deps/libx11rb-2354ea457fdcb9a7.rlib --extern xkbcommon_dl=/opt/rustwide/target/debug/deps/libxkbcommon_dl-dfecf70d3f6df2a4.rlib --cap-lints=warn --cfg free_unix --cfg x11_platform --cfg wayland_platform` (signal: 9, SIGKILL: kill)
[INFO] [stderr] error: could not compile `winit` (example "mouse_wheel")
[INFO] [stderr] 
[INFO] [stderr] Caused by:
[INFO] [stderr]   process didn't exit successfully: `/opt/rustwide/rustup-home/toolchains/beta-2023-12-22-x86_64-unknown-linux-gnu/bin/rustc --crate-name mouse_wheel --edition=2021 examples/mouse_wheel.rs --error-format=json --json=diagnostic-rendered-ansi,artifacts,future-incompat --crate-type bin --emit=dep-info,link -C embed-bitcode=no -C debuginfo=2 --cfg 'feature="ahash"' --cfg 'feature="bytemuck"' --cfg 'feature="default"' --cfg 'feature="memmap2"' --cfg 'feature="percent-encoding"' --cfg 'feature="rwh_06"' --cfg 'feature="sctk"' --cfg 'feature="sctk-adwaita"' --cfg 'feature="wayland"' --cfg 'feature="wayland-backend"' --cfg 'feature="wayland-client"' --cfg 'feature="wayland-csd-adwaita"' --cfg 'feature="wayland-dlopen"' --cfg 'feature="wayland-protocols"' --cfg 'feature="wayland-protocols-plasma"' --cfg 'feature="x11"' --cfg 'feature="x11-dl"' --cfg 'feature="x11rb"' -C metadata=9b7de30c2eaa5c3e -C extra-filename=-9b7de30c2eaa5c3e --out-dir /opt/rustwide/target/debug/examples -L dependency=/opt/rustwide/target/debug/deps --extern ahash=/opt/rustwide/target/debug/deps/libahash-555561f41a326156.rlib --extern bitflags=/opt/rustwide/target/debug/deps/libbitflags-55f80abe000d3e83.rlib --extern bytemuck=/opt/rustwide/target/debug/deps/libbytemuck-a3264ad6d8f32bd4.rlib --extern calloop=/opt/rustwide/target/debug/deps/libcalloop-2c9ef88daf956f39.rlib --extern cursor_icon=/opt/rustwide/target/debug/deps/libcursor_icon-c328c0924d785a7a.rlib --extern image=/opt/rustwide/target/debug/deps/libimage-9819c4927c4fc5dd.rlib --extern libc=/opt/rustwide/target/debug/deps/liblibc-bee1a846c06b5f5f.rlib --extern log=/opt/rustwide/target/debug/deps/liblog-2cf4a51dfa4e790a.rlib --extern memmap2=/opt/rustwide/target/debug/deps/libmemmap2-49d95b15b3053a30.rlib --extern once_cell=/opt/rustwide/target/debug/deps/libonce_cell-fadaa1d866399a17.rlib --extern percent_encoding=/opt/rustwide/target/debug/deps/libpercent_encoding-c878b6f40f2978b2.rlib --extern rwh_06=/opt/rustwide/target/debug/deps/libraw_window_handle-d7301b784ab7ae94.rlib --extern rustix=/opt/rustwide/target/debug/deps/librustix-128551b02ba81c54.rlib --extern sctk_adwaita=/opt/rustwide/target/debug/deps/libsctk_adwaita-5017986827998f2d.rlib --extern simple_logger=/opt/rustwide/target/debug/deps/libsimple_logger-39ea70048c7d1269.rlib --extern sctk=/opt/rustwide/target/debug/deps/libsmithay_client_toolkit-57f2de4cfa9c8b8a.rlib --extern smol_str=/opt/rustwide/target/debug/deps/libsmol_str-76ae3d9ded0d2c0a.rlib --extern softbuffer=/opt/rustwide/target/debug/deps/libsoftbuffer-bd8d3631790b50c8.rlib --extern wayland_backend=/opt/rustwide/target/debug/deps/libwayland_backend-7a529dec06d362a1.rlib --extern wayland_client=/opt/rustwide/target/debug/deps/libwayland_client-b2aa86b07391137f.rlib --extern wayland_protocols=/opt/rustwide/target/debug/deps/libwayland_protocols-9c98eee286befd39.rlib --extern wayland_protocols_plasma=/opt/rustwide/target/debug/deps/libwayland_protocols_plasma-01afefe35da4bf69.rlib --extern winit=/opt/rustwide/target/debug/deps/libwinit-02e461c09cdff0be.rlib --extern x11_dl=/opt/rustwide/target/debug/deps/libx11_dl-309f041e569d35c9.rlib --extern x11rb=/opt/rustwide/target/debug/deps/libx11rb-2354ea457fdcb9a7.rlib --extern xkbcommon_dl=/opt/rustwide/target/debug/deps/libxkbcommon_dl-dfecf70d3f6df2a4.rlib --cap-lints=warn --cfg free_unix --cfg x11_platform --cfg wayland_platform` (signal: 9, SIGKILL: kill)
[INFO] [stderr] error: could not compile `winit` (example "key_binding")
[INFO] [stderr] 
[INFO] [stderr] Caused by:
[INFO] [stderr]   process didn't exit successfully: `/opt/rustwide/rustup-home/toolchains/beta-2023-12-22-x86_64-unknown-linux-gnu/bin/rustc --crate-name key_binding --edition=2021 examples/key_binding.rs --error-format=json --json=diagnostic-rendered-ansi,artifacts,future-incompat --crate-type bin --emit=dep-info,link -C embed-bitcode=no -C debuginfo=2 --cfg 'feature="ahash"' --cfg 'feature="bytemuck"' --cfg 'feature="default"' --cfg 'feature="memmap2"' --cfg 'feature="percent-encoding"' --cfg 'feature="rwh_06"' --cfg 'feature="sctk"' --cfg 'feature="sctk-adwaita"' --cfg 'feature="wayland"' --cfg 'feature="wayland-backend"' --cfg 'feature="wayland-client"' --cfg 'feature="wayland-csd-adwaita"' --cfg 'feature="wayland-dlopen"' --cfg 'feature="wayland-protocols"' --cfg 'feature="wayland-protocols-plasma"' --cfg 'feature="x11"' --cfg 'feature="x11-dl"' --cfg 'feature="x11rb"' -C metadata=740d5caa25f4d294 -C extra-filename=-740d5caa25f4d294 --out-dir /opt/rustwide/target/debug/examples -L dependency=/opt/rustwide/target/debug/deps --extern ahash=/opt/rustwide/target/debug/deps/libahash-555561f41a326156.rlib --extern bitflags=/opt/rustwide/target/debug/deps/libbitflags-55f80abe000d3e83.rlib --extern bytemuck=/opt/rustwide/target/debug/deps/libbytemuck-a3264ad6d8f32bd4.rlib --extern calloop=/opt/rustwide/target/debug/deps/libcalloop-2c9ef88daf956f39.rlib --extern cursor_icon=/opt/rustwide/target/debug/deps/libcursor_icon-c328c0924d785a7a.rlib --extern image=/opt/rustwide/target/debug/deps/libimage-9819c4927c4fc5dd.rlib --extern libc=/opt/rustwide/target/debug/deps/liblibc-bee1a846c06b5f5f.rlib --extern log=/opt/rustwide/target/debug/deps/liblog-2cf4a51dfa4e790a.rlib --extern memmap2=/opt/rustwide/target/debug/deps/libmemmap2-49d95b15b3053a30.rlib --extern once_cell=/opt/rustwide/target/debug/deps/libonce_cell-fadaa1d866399a17.rlib --extern percent_encoding=/opt/rustwide/target/debug/deps/libpercent_encoding-c878b6f40f2978b2.rlib --extern rwh_06=/opt/rustwide/target/debug/deps/libraw_window_handle-d7301b784ab7ae94.rlib --extern rustix=/opt/rustwide/target/debug/deps/librustix-128551b02ba81c54.rlib --extern sctk_adwaita=/opt/rustwide/target/debug/deps/libsctk_adwaita-5017986827998f2d.rlib --extern simple_logger=/opt/rustwide/target/debug/deps/libsimple_logger-39ea70048c7d1269.rlib --extern sctk=/opt/rustwide/target/debug/deps/libsmithay_client_toolkit-57f2de4cfa9c8b8a.rlib --extern smol_str=/opt/rustwide/target/debug/deps/libsmol_str-76ae3d9ded0d2c0a.rlib --extern softbuffer=/opt/rustwide/target/debug/deps/libsoftbuffer-bd8d3631790b50c8.rlib --extern wayland_backend=/opt/rustwide/target/debug/deps/libwayland_backend-7a529dec06d362a1.rlib --extern wayland_client=/opt/rustwide/target/debug/deps/libwayland_client-b2aa86b07391137f.rlib --extern wayland_protocols=/opt/rustwide/target/debug/deps/libwayland_protocols-9c98eee286befd39.rlib --extern wayland_protocols_plasma=/opt/rustwide/target/debug/deps/libwayland_protocols_plasma-01afefe35da4bf69.rlib --extern winit=/opt/rustwide/target/debug/deps/libwinit-02e461c09cdff0be.rlib --extern x11_dl=/opt/rustwide/target/debug/deps/libx11_dl-309f041e569d35c9.rlib --extern x11rb=/opt/rustwide/target/debug/deps/libx11rb-2354ea457fdcb9a7.rlib --extern xkbcommon_dl=/opt/rustwide/target/debug/deps/libxkbcommon_dl-dfecf70d3f6df2a4.rlib --cap-lints=warn --cfg free_unix --cfg x11_platform --cfg wayland_platform` (signal: 9, SIGKILL: kill)
[INFO] [stderr] error: could not compile `winit` (example "x11_embed")
[INFO] [stderr] 
[INFO] [stderr] Caused by:
[INFO] [stderr]   process didn't exit successfully: `/opt/rustwide/rustup-home/toolchains/beta-2023-12-22-x86_64-unknown-linux-gnu/bin/rustc --crate-name x11_embed --edition=2021 examples/x11_embed.rs --error-format=json --json=diagnostic-rendered-ansi,artifacts,future-incompat --crate-type bin --emit=dep-info,link -C embed-bitcode=no -C debuginfo=2 --cfg 'feature="ahash"' --cfg 'feature="bytemuck"' --cfg 'feature="default"' --cfg 'feature="memmap2"' --cfg 'feature="percent-encoding"' --cfg 'feature="rwh_06"' --cfg 'feature="sctk"' --cfg 'feature="sctk-adwaita"' --cfg 'feature="wayland"' --cfg 'feature="wayland-backend"' --cfg 'feature="wayland-client"' --cfg 'feature="wayland-csd-adwaita"' --cfg 'feature="wayland-dlopen"' --cfg 'feature="wayland-protocols"' --cfg 'feature="wayland-protocols-plasma"' --cfg 'feature="x11"' --cfg 'feature="x11-dl"' --cfg 'feature="x11rb"' -C metadata=1fabe71dbe9c2365 -C extra-filename=-1fabe71dbe9c2365 --out-dir /opt/rustwide/target/debug/examples -L dependency=/opt/rustwide/target/debug/deps --extern ahash=/opt/rustwide/target/debug/deps/libahash-555561f41a326156.rlib --extern bitflags=/opt/rustwide/target/debug/deps/libbitflags-55f80abe000d3e83.rlib --extern bytemuck=/opt/rustwide/target/debug/deps/libbytemuck-a3264ad6d8f32bd4.rlib --extern calloop=/opt/rustwide/target/debug/deps/libcalloop-2c9ef88daf956f39.rlib --extern cursor_icon=/opt/rustwide/target/debug/deps/libcursor_icon-c328c0924d785a7a.rlib --extern image=/opt/rustwide/target/debug/deps/libimage-9819c4927c4fc5dd.rlib --extern libc=/opt/rustwide/target/debug/deps/liblibc-bee1a846c06b5f5f.rlib --extern log=/opt/rustwide/target/debug/deps/liblog-2cf4a51dfa4e790a.rlib --extern memmap2=/opt/rustwide/target/debug/deps/libmemmap2-49d95b15b3053a30.rlib --extern once_cell=/opt/rustwide/target/debug/deps/libonce_cell-fadaa1d866399a17.rlib --extern percent_encoding=/opt/rustwide/target/debug/deps/libpercent_encoding-c878b6f40f2978b2.rlib --extern rwh_06=/opt/rustwide/target/debug/deps/libraw_window_handle-d7301b784ab7ae94.rlib --extern rustix=/opt/rustwide/target/debug/deps/librustix-128551b02ba81c54.rlib --extern sctk_adwaita=/opt/rustwide/target/debug/deps/libsctk_adwaita-5017986827998f2d.rlib --extern simple_logger=/opt/rustwide/target/debug/deps/libsimple_logger-39ea70048c7d1269.rlib --extern sctk=/opt/rustwide/target/debug/deps/libsmithay_client_toolkit-57f2de4cfa9c8b8a.rlib --extern smol_str=/opt/rustwide/target/debug/deps/libsmol_str-76ae3d9ded0d2c0a.rlib --extern softbuffer=/opt/rustwide/target/debug/deps/libsoftbuffer-bd8d3631790b50c8.rlib --extern wayland_backend=/opt/rustwide/target/debug/deps/libwayland_backend-7a529dec06d362a1.rlib --extern wayland_client=/opt/rustwide/target/debug/deps/libwayland_client-b2aa86b07391137f.rlib --extern wayland_protocols=/opt/rustwide/target/debug/deps/libwayland_protocols-9c98eee286befd39.rlib --extern wayland_protocols_plasma=/opt/rustwide/target/debug/deps/libwayland_protocols_plasma-01afefe35da4bf69.rlib --extern winit=/opt/rustwide/target/debug/deps/libwinit-02e461c09cdff0be.rlib --extern x11_dl=/opt/rustwide/target/debug/deps/libx11_dl-309f041e569d35c9.rlib --extern x11rb=/opt/rustwide/target/debug/deps/libx11rb-2354ea457fdcb9a7.rlib --extern xkbcommon_dl=/opt/rustwide/target/debug/deps/libxkbcommon_dl-dfecf70d3f6df2a4.rlib --cap-lints=warn --cfg free_unix --cfg x11_platform --cfg wayland_platform` (signal: 9, SIGKILL: kill)
[INFO] [stderr] error: could not compile `winit` (example "web")
[INFO] [stderr] 
[INFO] [stderr] Caused by:
[INFO] [stderr]   process didn't exit successfully: `/opt/rustwide/rustup-home/toolchains/beta-2023-12-22-x86_64-unknown-linux-gnu/bin/rustc --crate-name web --edition=2021 examples/web.rs --error-format=json --json=diagnostic-rendered-ansi,artifacts,future-incompat --crate-type bin --emit=dep-info,link -C embed-bitcode=no -C debuginfo=2 --cfg 'feature="ahash"' --cfg 'feature="bytemuck"' --cfg 'feature="default"' --cfg 'feature="memmap2"' --cfg 'feature="percent-encoding"' --cfg 'feature="rwh_06"' --cfg 'feature="sctk"' --cfg 'feature="sctk-adwaita"' --cfg 'feature="wayland"' --cfg 'feature="wayland-backend"' --cfg 'feature="wayland-client"' --cfg 'feature="wayland-csd-adwaita"' --cfg 'feature="wayland-dlopen"' --cfg 'feature="wayland-protocols"' --cfg 'feature="wayland-protocols-plasma"' --cfg 'feature="x11"' --cfg 'feature="x11-dl"' --cfg 'feature="x11rb"' -C metadata=dda67bff5b2bb44c -C extra-filename=-dda67bff5b2bb44c --out-dir /opt/rustwide/target/debug/examples -L dependency=/opt/rustwide/target/debug/deps --extern ahash=/opt/rustwide/target/debug/deps/libahash-555561f41a326156.rlib --extern bitflags=/opt/rustwide/target/debug/deps/libbitflags-55f80abe000d3e83.rlib --extern bytemuck=/opt/rustwide/target/debug/deps/libbytemuck-a3264ad6d8f32bd4.rlib --extern calloop=/opt/rustwide/target/debug/deps/libcalloop-2c9ef88daf956f39.rlib --extern cursor_icon=/opt/rustwide/target/debug/deps/libcursor_icon-c328c0924d785a7a.rlib --extern image=/opt/rustwide/target/debug/deps/libimage-9819c4927c4fc5dd.rlib --extern libc=/opt/rustwide/target/debug/deps/liblibc-bee1a846c06b5f5f.rlib --extern log=/opt/rustwide/target/debug/deps/liblog-2cf4a51dfa4e790a.rlib --extern memmap2=/opt/rustwide/target/debug/deps/libmemmap2-49d95b15b3053a30.rlib --extern once_cell=/opt/rustwide/target/debug/deps/libonce_cell-fadaa1d866399a17.rlib --extern percent_encoding=/opt/rustwide/target/debug/deps/libpercent_encoding-c878b6f40f2978b2.rlib --extern rwh_06=/opt/rustwide/target/debug/deps/libraw_window_handle-d7301b784ab7ae94.rlib --extern rustix=/opt/rustwide/target/debug/deps/librustix-128551b02ba81c54.rlib --extern sctk_adwaita=/opt/rustwide/target/debug/deps/libsctk_adwaita-5017986827998f2d.rlib --extern simple_logger=/opt/rustwide/target/debug/deps/libsimple_logger-39ea70048c7d1269.rlib --extern sctk=/opt/rustwide/target/debug/deps/libsmithay_client_toolkit-57f2de4cfa9c8b8a.rlib --extern smol_str=/opt/rustwide/target/debug/deps/libsmol_str-76ae3d9ded0d2c0a.rlib --extern softbuffer=/opt/rustwide/target/debug/deps/libsoftbuffer-bd8d3631790b50c8.rlib --extern wayland_backend=/opt/rustwide/target/debug/deps/libwayland_backend-7a529dec06d362a1.rlib --extern wayland_client=/opt/rustwide/target/debug/deps/libwayland_client-b2aa86b07391137f.rlib --extern wayland_protocols=/opt/rustwide/target/debug/deps/libwayland_protocols-9c98eee286befd39.rlib --extern wayland_protocols_plasma=/opt/rustwide/target/debug/deps/libwayland_protocols_plasma-01afefe35da4bf69.rlib --extern winit=/opt/rustwide/target/debug/deps/libwinit-02e461c09cdff0be.rlib --extern x11_dl=/opt/rustwide/target/debug/deps/libx11_dl-309f041e569d35c9.rlib --extern x11rb=/opt/rustwide/target/debug/deps/libx11rb-2354ea457fdcb9a7.rlib --extern xkbcommon_dl=/opt/rustwide/target/debug/deps/libxkbcommon_dl-dfecf70d3f6df2a4.rlib --cap-lints=warn --cfg free_unix --cfg x11_platform --cfg wayland_platform` (signal: 9, SIGKILL: kill)
[INFO] [stderr] error: could not compile `winit` (example "window_resize_increments")
[INFO] [stderr] 
[INFO] [stderr] Caused by:
[INFO] [stderr]   process didn't exit successfully: `/opt/rustwide/rustup-home/toolchains/beta-2023-12-22-x86_64-unknown-linux-gnu/bin/rustc --crate-name window_resize_increments --edition=2021 examples/window_resize_increments.rs --error-format=json --json=diagnostic-rendered-ansi,artifacts,future-incompat --crate-type bin --emit=dep-info,link -C embed-bitcode=no -C debuginfo=2 --cfg 'feature="ahash"' --cfg 'feature="bytemuck"' --cfg 'feature="default"' --cfg 'feature="memmap2"' --cfg 'feature="percent-encoding"' --cfg 'feature="rwh_06"' --cfg 'feature="sctk"' --cfg 'feature="sctk-adwaita"' --cfg 'feature="wayland"' --cfg 'feature="wayland-backend"' --cfg 'feature="wayland-client"' --cfg 'feature="wayland-csd-adwaita"' --cfg 'feature="wayland-dlopen"' --cfg 'feature="wayland-protocols"' --cfg 'feature="wayland-protocols-plasma"' --cfg 'feature="x11"' --cfg 'feature="x11-dl"' --cfg 'feature="x11rb"' -C metadata=d3584a2ca9e371c4 -C extra-filename=-d3584a2ca9e371c4 --out-dir /opt/rustwide/target/debug/examples -L dependency=/opt/rustwide/target/debug/deps --extern ahash=/opt/rustwide/target/debug/deps/libahash-555561f41a326156.rlib --extern bitflags=/opt/rustwide/target/debug/deps/libbitflags-55f80abe000d3e83.rlib --extern bytemuck=/opt/rustwide/target/debug/deps/libbytemuck-a3264ad6d8f32bd4.rlib --extern calloop=/opt/rustwide/target/debug/deps/libcalloop-2c9ef88daf956f39.rlib --extern cursor_icon=/opt/rustwide/target/debug/deps/libcursor_icon-c328c0924d785a7a.rlib --extern image=/opt/rustwide/target/debug/deps/libimage-9819c4927c4fc5dd.rlib --extern libc=/opt/rustwide/target/debug/deps/liblibc-bee1a846c06b5f5f.rlib --extern log=/opt/rustwide/target/debug/deps/liblog-2cf4a51dfa4e790a.rlib --extern memmap2=/opt/rustwide/target/debug/deps/libmemmap2-49d95b15b3053a30.rlib --extern once_cell=/opt/rustwide/target/debug/deps/libonce_cell-fadaa1d866399a17.rlib --extern percent_encoding=/opt/rustwide/target/debug/deps/libpercent_encoding-c878b6f40f2978b2.rlib --extern rwh_06=/opt/rustwide/target/debug/deps/libraw_window_handle-d7301b784ab7ae94.rlib --extern rustix=/opt/rustwide/target/debug/deps/librustix-128551b02ba81c54.rlib --extern sctk_adwaita=/opt/rustwide/target/debug/deps/libsctk_adwaita-5017986827998f2d.rlib --extern simple_logger=/opt/rustwide/target/debug/deps/libsimple_logger-39ea70048c7d1269.rlib --extern sctk=/opt/rustwide/target/debug/deps/libsmithay_client_toolkit-57f2de4cfa9c8b8a.rlib --extern smol_str=/opt/rustwide/target/debug/deps/libsmol_str-76ae3d9ded0d2c0a.rlib --extern softbuffer=/opt/rustwide/target/debug/deps/libsoftbuffer-bd8d3631790b50c8.rlib --extern wayland_backend=/opt/rustwide/target/debug/deps/libwayland_backend-7a529dec06d362a1.rlib --extern wayland_client=/opt/rustwide/target/debug/deps/libwayland_client-b2aa86b07391137f.rlib --extern wayland_protocols=/opt/rustwide/target/debug/deps/libwayland_protocols-9c98eee286befd39.rlib --extern wayland_protocols_plasma=/opt/rustwide/target/debug/deps/libwayland_protocols_plasma-01afefe35da4bf69.rlib --extern winit=/opt/rustwide/target/debug/deps/libwinit-02e461c09cdff0be.rlib --extern x11_dl=/opt/rustwide/target/debug/deps/libx11_dl-309f041e569d35c9.rlib --extern x11rb=/opt/rustwide/target/debug/deps/libx11rb-2354ea457fdcb9a7.rlib --extern xkbcommon_dl=/opt/rustwide/target/debug/deps/libxkbcommon_dl-dfecf70d3f6df2a4.rlib --cap-lints=warn --cfg free_unix --cfg x11_platform --cfg wayland_platform` (signal: 9, SIGKILL: kill)
[INFO] running `Command { std: "docker" "inspect" "0a5c413f0c067c20fb3fcb95eeb692ff27ba32ccb6971417b31bc4326bbbfdc2", kill_on_drop: false }`
[INFO] running `Command { std: "docker" "rm" "-f" "0a5c413f0c067c20fb3fcb95eeb692ff27ba32ccb6971417b31bc4326bbbfdc2", kill_on_drop: false }`
[INFO] [stdout] 0a5c413f0c067c20fb3fcb95eeb692ff27ba32ccb6971417b31bc4326bbbfdc2
