[INFO] fetching crate winipt 0.2.0...
[INFO] testing winipt-0.2.0 against 1.75.0 for beta-1.76-1
[INFO] extracting crate winipt 0.2.0 into /workspace/builds/worker-1-tc1/source
[INFO] validating manifest of crates.io crate winipt 0.2.0 on toolchain 1.75.0
[INFO] running `Command { std: CARGO_HOME="/workspace/cargo-home" RUSTUP_HOME="/workspace/rustup-home" "/workspace/cargo-home/bin/cargo" "+1.75.0" "metadata" "--manifest-path" "Cargo.toml" "--no-deps", kill_on_drop: false }`
[INFO] started tweaking crates.io crate winipt 0.2.0
[INFO] finished tweaking crates.io crate winipt 0.2.0
[INFO] tweaked toml for crates.io crate winipt 0.2.0 written to /workspace/builds/worker-1-tc1/source/Cargo.toml
[INFO] running `Command { std: CARGO_HOME="/workspace/cargo-home" RUSTUP_HOME="/workspace/rustup-home" "/workspace/cargo-home/bin/cargo" "+1.75.0" "generate-lockfile" "--manifest-path" "Cargo.toml", kill_on_drop: false }`
[INFO] [stderr]     Updating crates.io index
[INFO] running `Command { std: CARGO_HOME="/workspace/cargo-home" RUSTUP_HOME="/workspace/rustup-home" "/workspace/cargo-home/bin/cargo" "+1.75.0" "fetch" "--manifest-path" "Cargo.toml", kill_on_drop: false }`
[INFO] [stderr]  Downloading crates ...
[INFO] [stderr]   Downloaded bindgen v0.52.0
[INFO] [stderr]   Downloaded winipt-sys v0.1.1
[INFO] running `Command { std: "docker" "create" "-v" "/var/lib/crater-agent-workspace/builds/worker-1-tc1/target:/opt/rustwide/target:rw,Z" "-v" "/var/lib/crater-agent-workspace/builds/worker-1-tc1/source:/opt/rustwide/workdir:ro,Z" "-v" "/var/lib/crater-agent-workspace/cargo-home:/opt/rustwide/cargo-home:ro,Z" "-v" "/var/lib/crater-agent-workspace/rustup-home:/opt/rustwide/rustup-home:ro,Z" "-e" "SOURCE_DIR=/opt/rustwide/workdir" "-e" "CARGO_TARGET_DIR=/opt/rustwide/target" "-e" "CARGO_HOME=/opt/rustwide/cargo-home" "-e" "RUSTUP_HOME=/opt/rustwide/rustup-home" "-w" "/opt/rustwide/workdir" "-m" "1610612736" "--user" "0:0" "--network" "none" "ghcr.io/rust-lang/crates-build-env/linux@sha256:2788e3201cd34a07e3172128adcd8b3090168a8e3bcc40d7c032b9dda1df7d1c" "/opt/rustwide/cargo-home/bin/cargo" "+1.75.0" "metadata" "--no-deps" "--format-version=1", kill_on_drop: false }`
[INFO] [stdout] bf7c5b52cbde0b41e1f0ee82f259ba9a4116e0943a8601755b59c8f04a894038
[INFO] running `Command { std: "docker" "start" "-a" "bf7c5b52cbde0b41e1f0ee82f259ba9a4116e0943a8601755b59c8f04a894038", kill_on_drop: false }`
[INFO] running `Command { std: "docker" "inspect" "bf7c5b52cbde0b41e1f0ee82f259ba9a4116e0943a8601755b59c8f04a894038", kill_on_drop: false }`
[INFO] running `Command { std: "docker" "rm" "-f" "bf7c5b52cbde0b41e1f0ee82f259ba9a4116e0943a8601755b59c8f04a894038", kill_on_drop: false }`
[INFO] [stdout] bf7c5b52cbde0b41e1f0ee82f259ba9a4116e0943a8601755b59c8f04a894038
[INFO] running `Command { std: "docker" "create" "-v" "/var/lib/crater-agent-workspace/builds/worker-1-tc1/target:/opt/rustwide/target:rw,Z" "-v" "/var/lib/crater-agent-workspace/builds/worker-1-tc1/source:/opt/rustwide/workdir:ro,Z" "-v" "/var/lib/crater-agent-workspace/cargo-home:/opt/rustwide/cargo-home:ro,Z" "-v" "/var/lib/crater-agent-workspace/rustup-home:/opt/rustwide/rustup-home:ro,Z" "-e" "SOURCE_DIR=/opt/rustwide/workdir" "-e" "CARGO_TARGET_DIR=/opt/rustwide/target" "-e" "CARGO_INCREMENTAL=0" "-e" "RUST_BACKTRACE=full" "-e" "RUSTFLAGS=--cap-lints=warn" "-e" "RUSTDOCFLAGS=--cap-lints=warn" "-e" "CARGO_HOME=/opt/rustwide/cargo-home" "-e" "RUSTUP_HOME=/opt/rustwide/rustup-home" "-w" "/opt/rustwide/workdir" "-m" "1610612736" "--user" "0:0" "--network" "none" "ghcr.io/rust-lang/crates-build-env/linux@sha256:2788e3201cd34a07e3172128adcd8b3090168a8e3bcc40d7c032b9dda1df7d1c" "/opt/rustwide/cargo-home/bin/cargo" "+1.75.0" "build" "--frozen" "--message-format=json", kill_on_drop: false }`
[INFO] [stdout] 9a050430c15105bd852672a76db5bbe6093d7196c4af010ccbf05ef2cbaef653
[INFO] running `Command { std: "docker" "start" "-a" "9a050430c15105bd852672a76db5bbe6093d7196c4af010ccbf05ef2cbaef653", kill_on_drop: false }`
[INFO] [stderr]    Compiling winipt v0.2.0 (/opt/rustwide/workdir)
[INFO] [stdout] error[E0433]: failed to resolve: could not find `windows` in `os`
[INFO] [stdout]  --> src/process.rs:4:14
[INFO] [stdout]   |
[INFO] [stdout] 4 | use std::os::windows::raw::HANDLE;
[INFO] [stdout]   |              ^^^^^^^ could not find `windows` in `os`
[INFO] [stdout] 
[INFO] [stdout] 
[INFO] [stdout] error[E0433]: failed to resolve: could not find `windows` in `os`
[INFO] [stdout]  --> src/thread.rs:4:14
[INFO] [stdout]   |
[INFO] [stdout] 4 | use std::os::windows::raw::HANDLE;
[INFO] [stdout]   |              ^^^^^^^ could not find `windows` in `os`
[INFO] [stdout] 
[INFO] [stdout] 
[INFO] [stdout] error[E0433]: failed to resolve: could not find `windows` in `os`
[INFO] [stdout]   --> src/lib.rs:16:14
[INFO] [stdout]    |
[INFO] [stdout] 16 | use std::os::windows::ffi::OsStrExt;
[INFO] [stdout]    |              ^^^^^^^ could not find `windows` in `os`
[INFO] [stdout] 
[INFO] [stdout] 
[INFO] [stdout] error[E0433]: failed to resolve: use of undeclared crate or module `winapi`
[INFO] [stdout]   --> src/lib.rs:18:5
[INFO] [stdout]    |
[INFO] [stdout] 18 | use winapi::um::winsvc;
[INFO] [stdout]    |     ^^^^^^ use of undeclared crate or module `winapi`
[INFO] [stdout] 
[INFO] [stdout] 
[INFO] [stdout] error[E0432]: unresolved import `winipt_sys`
[INFO] [stdout]  --> src/options.rs:2:5
[INFO] [stdout]   |
[INFO] [stdout] 2 | use winipt_sys::IPT_OPTIONS;
[INFO] [stdout]   |     ^^^^^^^^^^ use of undeclared crate or module `winipt_sys`
[INFO] [stdout] 
[INFO] [stdout] 
[INFO] [stdout] error[E0432]: unresolved import `bitflags`
[INFO] [stdout]  --> src/settings.rs:1:5
[INFO] [stdout]   |
[INFO] [stdout] 1 | use bitflags::bitflags;
[INFO] [stdout]   |     ^^^^^^^^ use of undeclared crate or module `bitflags`
[INFO] [stdout] 
[INFO] [stdout] 
[INFO] [stdout] error[E0432]: unresolved import `winipt_sys`
[INFO] [stdout]  --> src/settings.rs:2:5
[INFO] [stdout]   |
[INFO] [stdout] 2 | use winipt_sys::{
[INFO] [stdout]   |     ^^^^^^^^^^ use of undeclared crate or module `winipt_sys`
[INFO] [stdout] 
[INFO] [stdout] 
[INFO] [stdout] error[E0432]: unresolved imports `crate::settings::TimingSettings`, `crate::settings::MatchSettings`, `crate::settings::ModeSettings`
[INFO] [stdout]  --> src/options.rs:1:24
[INFO] [stdout]   |
[INFO] [stdout] 1 | use crate::settings::{ TimingSettings, MatchSettings, ModeSettings };
[INFO] [stdout]   |                        ^^^^^^^^^^^^^^  ^^^^^^^^^^^^^  ^^^^^^^^^^^^ no `ModeSettings` in `settings`
[INFO] [stdout]   |                        |               |
[INFO] [stdout]   |                        |               no `MatchSettings` in `settings`
[INFO] [stdout]   |                        no `TimingSettings` in `settings`
[INFO] [stdout] 
[INFO] [stdout] 
[INFO] [stdout] error: cannot determine resolution for the macro `bitflags`
[INFO] [stdout]   --> src/settings.rs:20:1
[INFO] [stdout]    |
[INFO] [stdout] 20 | bitflags! {
[INFO] [stdout]    | ^^^^^^^^
[INFO] [stdout]    |
[INFO] [stdout]    = note: import resolution is stuck, try simplifying macro imports
[INFO] [stdout] 
[INFO] [stdout] 
[INFO] [stdout] error: cannot determine resolution for the macro `bitflags`
[INFO] [stdout]   --> src/settings.rs:28:1
[INFO] [stdout]    |
[INFO] [stdout] 28 | bitflags! {
[INFO] [stdout]    | ^^^^^^^^
[INFO] [stdout]    |
[INFO] [stdout]    = note: import resolution is stuck, try simplifying macro imports
[INFO] [stdout] 
[INFO] [stdout] 
[INFO] [stdout] error: cannot determine resolution for the macro `bitflags`
[INFO] [stdout]   --> src/settings.rs:37:1
[INFO] [stdout]    |
[INFO] [stdout] 37 | bitflags! {
[INFO] [stdout]    | ^^^^^^^^
[INFO] [stdout]    |
[INFO] [stdout]    = note: import resolution is stuck, try simplifying macro imports
[INFO] [stdout] 
[INFO] [stdout] 
[INFO] [stdout] error[E0433]: failed to resolve: use of undeclared crate or module `winipt_sys`
[INFO] [stdout]   --> src/process.rs:29:24
[INFO] [stdout]    |
[INFO] [stdout] 29 |         unsafe { res = winipt_sys::StartProcessIptTracing(self.proc, opt.0) };
[INFO] [stdout]    |                        ^^^^^^^^^^ use of undeclared crate or module `winipt_sys`
[INFO] [stdout] 
[INFO] [stdout] 
[INFO] [stdout] error[E0433]: failed to resolve: use of undeclared crate or module `winipt_sys`
[INFO] [stdout]   --> src/process.rs:37:24
[INFO] [stdout]    |
[INFO] [stdout] 37 |         unsafe { res = winipt_sys::GetProcessIptTrace(
[INFO] [stdout]    |                        ^^^^^^^^^^ use of undeclared crate or module `winipt_sys`
[INFO] [stdout] 
[INFO] [stdout] 
[INFO] [stdout] error[E0433]: failed to resolve: use of undeclared crate or module `winipt_sys`
[INFO] [stdout]   --> src/process.rs:47:24
[INFO] [stdout]    |
[INFO] [stdout] 47 |         unsafe { res = winipt_sys::GetProcessIptTraceSize(self.proc, &mut sz); }
[INFO] [stdout]    |                        ^^^^^^^^^^ use of undeclared crate or module `winipt_sys`
[INFO] [stdout] 
[INFO] [stdout] 
[INFO] [stdout] error[E0433]: failed to resolve: use of undeclared crate or module `winipt_sys`
[INFO] [stdout]   --> src/process.rs:53:24
[INFO] [stdout]    |
[INFO] [stdout] 53 |         unsafe { res = winipt_sys::StopProcessIptTracing(self.proc); }
[INFO] [stdout]    |                        ^^^^^^^^^^ use of undeclared crate or module `winipt_sys`
[INFO] [stdout] 
[INFO] [stdout] 
[INFO] [stdout] error[E0433]: failed to resolve: use of undeclared crate or module `winipt_sys`
[INFO] [stdout]   --> src/process.rs:63:19
[INFO] [stdout]    |
[INFO] [stdout] 63 |             res = winipt_sys::QueryProcessIptTracing(self.proc, &mut opt.0);
[INFO] [stdout]    |                   ^^^^^^^^^^ use of undeclared crate or module `winipt_sys`
[INFO] [stdout] 
[INFO] [stdout] 
[INFO] [stdout] error[E0433]: failed to resolve: use of undeclared crate or module `winipt_sys`
[INFO] [stdout]   --> src/thread.rs:23:24
[INFO] [stdout]    |
[INFO] [stdout] 23 |         unsafe { res = winipt_sys::PauseThreadIptTracing(self.thread, &mut pbres); }
[INFO] [stdout]    |                        ^^^^^^^^^^ use of undeclared crate or module `winipt_sys`
[INFO] [stdout] 
[INFO] [stdout] 
[INFO] [stdout] error[E0433]: failed to resolve: use of undeclared crate or module `winipt_sys`
[INFO] [stdout]   --> src/thread.rs:33:24
[INFO] [stdout]    |
[INFO] [stdout] 33 |         unsafe { res = winipt_sys::ResumeThreadIptTracing(self.thread, &mut pbres); }
[INFO] [stdout]    |                        ^^^^^^^^^^ use of undeclared crate or module `winipt_sys`
[INFO] [stdout] 
[INFO] [stdout] 
[INFO] [stdout] error[E0433]: failed to resolve: use of undeclared crate or module `winipt_sys`
[INFO] [stdout]   --> src/core.rs:19:19
[INFO] [stdout]    |
[INFO] [stdout] 19 |             res = winipt_sys::StartCoreIptTracing(opt.0, tries, duration);
[INFO] [stdout]    |                   ^^^^^^^^^^ use of undeclared crate or module `winipt_sys`
[INFO] [stdout] 
[INFO] [stdout] 
[INFO] [stdout] error[E0433]: failed to resolve: use of undeclared crate or module `winipt_sys`
[INFO] [stdout]   --> src/core.rs:28:24
[INFO] [stdout]    |
[INFO] [stdout] 28 |         unsafe { res = winipt_sys::QueryCoreIptTracing(&mut opt.0); }
[INFO] [stdout]    |                        ^^^^^^^^^^ use of undeclared crate or module `winipt_sys`
[INFO] [stdout] 
[INFO] [stdout] 
[INFO] [stdout] error[E0599]: no method named `encode_wide` found for reference `&OsStr` in the current scope
[INFO] [stdout]   --> src/lib.rs:33:14
[INFO] [stdout]    |
[INFO] [stdout] 32 |           let ipt_wstr: Vec<u16> = OsStr::new("Ipt")
[INFO] [stdout]    |  __________________________________-
[INFO] [stdout] 33 | |             .encode_wide()
[INFO] [stdout]    | |             -^^^^^^^^^^^ method not found in `&OsStr`
[INFO] [stdout]    | |_____________|
[INFO] [stdout]    | 
[INFO] [stdout] 
[INFO] [stdout] 
[INFO] [stdout] error[E0433]: failed to resolve: use of undeclared crate or module `winipt_sys`
[INFO] [stdout]   --> src/lib.rs:51:20
[INFO] [stdout]    |
[INFO] [stdout] 51 |     unsafe { res = winipt_sys::GetIptBufferVersion(&mut ver); }
[INFO] [stdout]    |                    ^^^^^^^^^^ use of undeclared crate or module `winipt_sys`
[INFO] [stdout] 
[INFO] [stdout] 
[INFO] [stdout] error[E0433]: failed to resolve: use of undeclared crate or module `winipt_sys`
[INFO] [stdout]   --> src/lib.rs:59:20
[INFO] [stdout]    |
[INFO] [stdout] 59 |     unsafe { res = winipt_sys::GetIptTraceVersion(&mut ver); }
[INFO] [stdout]    |                    ^^^^^^^^^^ use of undeclared crate or module `winipt_sys`
[INFO] [stdout] 
[INFO] [stdout] 
[INFO] [stdout] error[E0599]: no method named `encode_wide` found for reference `&OsStr` in the current scope
[INFO] [stdout]   --> src/lib.rs:71:10
[INFO] [stdout]    |
[INFO] [stdout] 70 |       let img_path_raw = OsStr::new(img_path)
[INFO] [stdout]    |  ________________________-
[INFO] [stdout] 71 | |         .encode_wide()
[INFO] [stdout]    | |         -^^^^^^^^^^^ method not found in `&OsStr`
[INFO] [stdout]    | |_________|
[INFO] [stdout]    | 
[INFO] [stdout] 
[INFO] [stdout] 
[INFO] [stdout] error[E0599]: no method named `encode_wide` found for reference `&OsStr` in the current scope
[INFO] [stdout]   --> src/lib.rs:77:10
[INFO] [stdout]    |
[INFO] [stdout] 76 |       let filtered_path_raw = OsStr::new(filtered_path)
[INFO] [stdout]    |  _____________________________-
[INFO] [stdout] 77 | |         .encode_wide()
[INFO] [stdout]    | |         -^^^^^^^^^^^ method not found in `&OsStr`
[INFO] [stdout]    | |_________|
[INFO] [stdout]    | 
[INFO] [stdout] 
[INFO] [stdout] 
[INFO] [stdout] error[E0433]: failed to resolve: use of undeclared crate or module `winipt_sys`
[INFO] [stdout]   --> src/lib.rs:83:20
[INFO] [stdout]    |
[INFO] [stdout] 83 |     unsafe { res = winipt_sys::RegisterExtendedImageForIptTracing(
[INFO] [stdout]    |                    ^^^^^^^^^^ use of undeclared crate or module `winipt_sys`
[INFO] [stdout] 
[INFO] [stdout] 
[INFO] [stdout] error: aborting due to 26 previous errors
[INFO] [stdout] 
[INFO] [stdout] 
[INFO] [stdout] Some errors have detailed explanations: E0432, E0433, E0599.
[INFO] [stdout] 
[INFO] [stdout] For more information about an error, try `rustc --explain E0432`.
[INFO] [stdout] 
[INFO] [stderr] error: could not compile `winipt` (lib) due to 27 previous errors
[INFO] running `Command { std: "docker" "inspect" "9a050430c15105bd852672a76db5bbe6093d7196c4af010ccbf05ef2cbaef653", kill_on_drop: false }`
[INFO] running `Command { std: "docker" "rm" "-f" "9a050430c15105bd852672a76db5bbe6093d7196c4af010ccbf05ef2cbaef653", kill_on_drop: false }`
[INFO] [stdout] 9a050430c15105bd852672a76db5bbe6093d7196c4af010ccbf05ef2cbaef653
