[INFO] fetching crate windows-volume-control 0.1.1...
[INFO] testing windows-volume-control-0.1.1 against 1.75.0 for beta-1.76-1
[INFO] extracting crate windows-volume-control 0.1.1 into /workspace/builds/worker-2-tc1/source
[INFO] validating manifest of crates.io crate windows-volume-control 0.1.1 on toolchain 1.75.0
[INFO] running `Command { std: CARGO_HOME="/workspace/cargo-home" RUSTUP_HOME="/workspace/rustup-home" "/workspace/cargo-home/bin/cargo" "+1.75.0" "metadata" "--manifest-path" "Cargo.toml" "--no-deps", kill_on_drop: false }`
[INFO] started tweaking crates.io crate windows-volume-control 0.1.1
[INFO] finished tweaking crates.io crate windows-volume-control 0.1.1
[INFO] tweaked toml for crates.io crate windows-volume-control 0.1.1 written to /workspace/builds/worker-2-tc1/source/Cargo.toml
[INFO] crate crates.io crate windows-volume-control 0.1.1 already has a lockfile, it will not be regenerated
[INFO] running `Command { std: CARGO_HOME="/workspace/cargo-home" RUSTUP_HOME="/workspace/rustup-home" "/workspace/cargo-home/bin/cargo" "+1.75.0" "fetch" "--manifest-path" "Cargo.toml", kill_on_drop: false }`
[INFO] running `Command { std: "docker" "create" "-v" "/var/lib/crater-agent-workspace/builds/worker-2-tc1/target:/opt/rustwide/target:rw,Z" "-v" "/var/lib/crater-agent-workspace/builds/worker-2-tc1/source:/opt/rustwide/workdir:ro,Z" "-v" "/var/lib/crater-agent-workspace/cargo-home:/opt/rustwide/cargo-home:ro,Z" "-v" "/var/lib/crater-agent-workspace/rustup-home:/opt/rustwide/rustup-home:ro,Z" "-e" "SOURCE_DIR=/opt/rustwide/workdir" "-e" "CARGO_TARGET_DIR=/opt/rustwide/target" "-e" "CARGO_HOME=/opt/rustwide/cargo-home" "-e" "RUSTUP_HOME=/opt/rustwide/rustup-home" "-w" "/opt/rustwide/workdir" "-m" "1610612736" "--user" "0:0" "--network" "none" "ghcr.io/rust-lang/crates-build-env/linux@sha256:2788e3201cd34a07e3172128adcd8b3090168a8e3bcc40d7c032b9dda1df7d1c" "/opt/rustwide/cargo-home/bin/cargo" "+1.75.0" "metadata" "--no-deps" "--format-version=1", kill_on_drop: false }`
[INFO] [stdout] 31cfd283f8746b671340eae93bc25da614e075094b9941092c560be71bd5cf0a
[INFO] running `Command { std: "docker" "start" "-a" "31cfd283f8746b671340eae93bc25da614e075094b9941092c560be71bd5cf0a", kill_on_drop: false }`
[INFO] running `Command { std: "docker" "inspect" "31cfd283f8746b671340eae93bc25da614e075094b9941092c560be71bd5cf0a", kill_on_drop: false }`
[INFO] running `Command { std: "docker" "rm" "-f" "31cfd283f8746b671340eae93bc25da614e075094b9941092c560be71bd5cf0a", kill_on_drop: false }`
[INFO] [stdout] 31cfd283f8746b671340eae93bc25da614e075094b9941092c560be71bd5cf0a
[INFO] running `Command { std: "docker" "create" "-v" "/var/lib/crater-agent-workspace/builds/worker-2-tc1/target:/opt/rustwide/target:rw,Z" "-v" "/var/lib/crater-agent-workspace/builds/worker-2-tc1/source:/opt/rustwide/workdir:ro,Z" "-v" "/var/lib/crater-agent-workspace/cargo-home:/opt/rustwide/cargo-home:ro,Z" "-v" "/var/lib/crater-agent-workspace/rustup-home:/opt/rustwide/rustup-home:ro,Z" "-e" "SOURCE_DIR=/opt/rustwide/workdir" "-e" "CARGO_TARGET_DIR=/opt/rustwide/target" "-e" "CARGO_INCREMENTAL=0" "-e" "RUST_BACKTRACE=full" "-e" "RUSTFLAGS=--cap-lints=warn" "-e" "RUSTDOCFLAGS=--cap-lints=warn" "-e" "CARGO_HOME=/opt/rustwide/cargo-home" "-e" "RUSTUP_HOME=/opt/rustwide/rustup-home" "-w" "/opt/rustwide/workdir" "-m" "1610612736" "--user" "0:0" "--network" "none" "ghcr.io/rust-lang/crates-build-env/linux@sha256:2788e3201cd34a07e3172128adcd8b3090168a8e3bcc40d7c032b9dda1df7d1c" "/opt/rustwide/cargo-home/bin/cargo" "+1.75.0" "build" "--frozen" "--message-format=json", kill_on_drop: false }`
[INFO] [stdout] 7c9b4c4ac32171f0bfbed6eb8b51674183dcc9d18b18425189a22cd63cc6c7b8
[INFO] running `Command { std: "docker" "start" "-a" "7c9b4c4ac32171f0bfbed6eb8b51674183dcc9d18b18425189a22cd63cc6c7b8", kill_on_drop: false }`
[INFO] [stderr]    Compiling proc-macro2 v1.0.56
[INFO] [stderr]    Compiling quote v1.0.26
[INFO] [stderr]    Compiling unicode-ident v1.0.8
[INFO] [stderr]    Compiling syn v1.0.109
[INFO] [stderr]    Compiling windows-targets v0.42.1
[INFO] [stderr]    Compiling windows-interface v0.44.0
[INFO] [stderr]    Compiling windows-implement v0.44.0
[INFO] [stderr]    Compiling windows v0.44.0
[INFO] [stderr]    Compiling windows-volume-control v0.1.1 (/opt/rustwide/workdir)
[INFO] [stdout] warning: method `GetSessions` should have a snake case name
[INFO] [stdout]   --> src/lib.rs:52:19
[INFO] [stdout]    |
[INFO] [stdout] 52 |     pub unsafe fn GetSessions(&mut self) {
[INFO] [stdout]    |                   ^^^^^^^^^^^ help: convert the identifier to snake case: `get_sessions`
[INFO] [stdout]    |
[INFO] [stdout]    = note: `#[warn(non_snake_case)]` on by default
[INFO] [stdout] 
[INFO] [stdout] 
[INFO] [stdout] warning: method `GetDefaultAudioEnpointVolumeControl` should have a snake case name
[INFO] [stdout]   --> src/lib.rs:63:19
[INFO] [stdout]    |
[INFO] [stdout] 63 |     pub unsafe fn GetDefaultAudioEnpointVolumeControl(&mut self) {
[INFO] [stdout]    |                   ^^^^^^^^^^^^^^^^^^^^^^^^^^^^^^^^^^^ help: convert the identifier to snake case: `get_default_audio_enpoint_volume_control`
[INFO] [stdout] 
[INFO] [stdout] 
[INFO] [stdout] warning: method `GetAllProcessSessions` should have a snake case name
[INFO] [stdout]   --> src/lib.rs:95:19
[INFO] [stdout]    |
[INFO] [stdout] 95 |     pub unsafe fn GetAllProcessSessions(&mut self) {
[INFO] [stdout]    |                   ^^^^^^^^^^^^^^^^^^^^^ help: convert the identifier to snake case: `get_all_process_sessions`
[INFO] [stdout] 
[INFO] [stdout] 
[INFO] [stdout] warning: trait method `getAudioEndpointVolume` should have a snake case name
[INFO] [stdout]  --> src/session.rs:8:15
[INFO] [stdout]   |
[INFO] [stdout] 8 |     unsafe fn getAudioEndpointVolume(&self) -> Option<IAudioEndpointVolume>;
[INFO] [stdout]   |               ^^^^^^^^^^^^^^^^^^^^^^ help: convert the identifier to snake case: `get_audio_endpoint_volume`
[INFO] [stdout] 
[INFO] [stdout] 
[INFO] [stdout] warning: trait method `getName` should have a snake case name
[INFO] [stdout]  --> src/session.rs:9:15
[INFO] [stdout]   |
[INFO] [stdout] 9 |     unsafe fn getName(&self) -> String;
[INFO] [stdout]   |               ^^^^^^^ help: convert the identifier to snake case: `get_name`
[INFO] [stdout] 
[INFO] [stdout] 
[INFO] [stdout] warning: trait method `getVolume` should have a snake case name
[INFO] [stdout]   --> src/session.rs:10:15
[INFO] [stdout]    |
[INFO] [stdout] 10 |     unsafe fn getVolume(&self) -> f32;
[INFO] [stdout]    |               ^^^^^^^^^ help: convert the identifier to snake case: `get_volume`
[INFO] [stdout] 
[INFO] [stdout] 
[INFO] [stdout] warning: trait method `setVolume` should have a snake case name
[INFO] [stdout]   --> src/session.rs:11:15
[INFO] [stdout]    |
[INFO] [stdout] 11 |     unsafe fn setVolume(&self, vol: f32);
[INFO] [stdout]    |               ^^^^^^^^^ help: convert the identifier to snake case: `set_volume`
[INFO] [stdout] 
[INFO] [stdout] 
[INFO] [stdout] warning: trait method `getMute` should have a snake case name
[INFO] [stdout]   --> src/session.rs:12:15
[INFO] [stdout]    |
[INFO] [stdout] 12 |     unsafe fn getMute(&self) -> bool;
[INFO] [stdout]    |               ^^^^^^^ help: convert the identifier to snake case: `get_mute`
[INFO] [stdout] 
[INFO] [stdout] 
[INFO] [stdout] warning: trait method `setMute` should have a snake case name
[INFO] [stdout]   --> src/session.rs:13:15
[INFO] [stdout]    |
[INFO] [stdout] 13 |     unsafe fn setMute(&self, mute: bool);
[INFO] [stdout]    |               ^^^^^^^ help: convert the identifier to snake case: `set_mute`
[INFO] [stdout] 
[INFO] [stdout] 
[INFO] [stdout] warning: 9 warnings emitted
[INFO] [stdout] 
[INFO] [stdout] 
[INFO] [stderr]     Finished dev [unoptimized + debuginfo] target(s) in 14.53s
[INFO] running `Command { std: "docker" "inspect" "7c9b4c4ac32171f0bfbed6eb8b51674183dcc9d18b18425189a22cd63cc6c7b8", kill_on_drop: false }`
[INFO] running `Command { std: "docker" "rm" "-f" "7c9b4c4ac32171f0bfbed6eb8b51674183dcc9d18b18425189a22cd63cc6c7b8", kill_on_drop: false }`
[INFO] [stdout] 7c9b4c4ac32171f0bfbed6eb8b51674183dcc9d18b18425189a22cd63cc6c7b8
[INFO] running `Command { std: "docker" "create" "-v" "/var/lib/crater-agent-workspace/builds/worker-2-tc1/target:/opt/rustwide/target:rw,Z" "-v" "/var/lib/crater-agent-workspace/builds/worker-2-tc1/source:/opt/rustwide/workdir:ro,Z" "-v" "/var/lib/crater-agent-workspace/cargo-home:/opt/rustwide/cargo-home:ro,Z" "-v" "/var/lib/crater-agent-workspace/rustup-home:/opt/rustwide/rustup-home:ro,Z" "-e" "SOURCE_DIR=/opt/rustwide/workdir" "-e" "CARGO_TARGET_DIR=/opt/rustwide/target" "-e" "CARGO_INCREMENTAL=0" "-e" "RUST_BACKTRACE=full" "-e" "RUSTFLAGS=--cap-lints=warn" "-e" "RUSTDOCFLAGS=--cap-lints=warn" "-e" "CARGO_HOME=/opt/rustwide/cargo-home" "-e" "RUSTUP_HOME=/opt/rustwide/rustup-home" "-w" "/opt/rustwide/workdir" "-m" "1610612736" "--user" "0:0" "--network" "none" "ghcr.io/rust-lang/crates-build-env/linux@sha256:2788e3201cd34a07e3172128adcd8b3090168a8e3bcc40d7c032b9dda1df7d1c" "/opt/rustwide/cargo-home/bin/cargo" "+1.75.0" "test" "--frozen" "--no-run" "--message-format=json", kill_on_drop: false }`
[INFO] [stdout] 86649c72f944084b5c6ff93ecc71910ff0a04d5cfb7f567df43ae8802550d097
[INFO] running `Command { std: "docker" "start" "-a" "86649c72f944084b5c6ff93ecc71910ff0a04d5cfb7f567df43ae8802550d097", kill_on_drop: false }`
[INFO] [stdout] warning: method `GetSessions` should have a snake case name
[INFO] [stdout]   --> src/lib.rs:52:19
[INFO] [stdout]    |
[INFO] [stdout] 52 |     pub unsafe fn GetSessions(&mut self) {
[INFO] [stdout]    |                   ^^^^^^^^^^^ help: convert the identifier to snake case: `get_sessions`
[INFO] [stdout]    |
[INFO] [stdout]    = note: `#[warn(non_snake_case)]` on by default
[INFO] [stdout] 
[INFO] [stdout] 
[INFO] [stdout] warning: method `GetDefaultAudioEnpointVolumeControl` should have a snake case name
[INFO] [stdout]   --> src/lib.rs:63:19
[INFO] [stdout]    |
[INFO] [stdout] 63 |     pub unsafe fn GetDefaultAudioEnpointVolumeControl(&mut self) {
[INFO] [stdout]    |                   ^^^^^^^^^^^^^^^^^^^^^^^^^^^^^^^^^^^ help: convert the identifier to snake case: `get_default_audio_enpoint_volume_control`
[INFO] [stdout] 
[INFO] [stdout] 
[INFO] [stdout] warning: method `GetAllProcessSessions` should have a snake case name
[INFO] [stdout]   --> src/lib.rs:95:19
[INFO] [stdout]    |
[INFO] [stdout] 95 |     pub unsafe fn GetAllProcessSessions(&mut self) {
[INFO] [stdout]    |                   ^^^^^^^^^^^^^^^^^^^^^ help: convert the identifier to snake case: `get_all_process_sessions`
[INFO] [stdout] 
[INFO] [stdout] 
[INFO] [stdout] warning: trait method `getAudioEndpointVolume` should have a snake case name
[INFO] [stdout]  --> src/session.rs:8:15
[INFO] [stdout]   |
[INFO] [stdout] 8 |     unsafe fn getAudioEndpointVolume(&self) -> Option<IAudioEndpointVolume>;
[INFO] [stdout]   |               ^^^^^^^^^^^^^^^^^^^^^^ help: convert the identifier to snake case: `get_audio_endpoint_volume`
[INFO] [stdout] 
[INFO] [stdout] 
[INFO] [stdout] warning: trait method `getName` should have a snake case name
[INFO] [stdout]  --> src/session.rs:9:15
[INFO] [stdout]   |
[INFO] [stdout] 9 |     unsafe fn getName(&self) -> String;
[INFO] [stdout]   |               ^^^^^^^ help: convert the identifier to snake case: `get_name`
[INFO] [stdout] 
[INFO] [stdout] 
[INFO] [stderr]    Compiling windows-volume-control v0.1.1 (/opt/rustwide/workdir)
[INFO] [stdout] warning: trait method `getVolume` should have a snake case name
[INFO] [stdout]   --> src/session.rs:10:15
[INFO] [stdout]    |
[INFO] [stdout] 10 |     unsafe fn getVolume(&self) -> f32;
[INFO] [stdout]    |               ^^^^^^^^^ help: convert the identifier to snake case: `get_volume`
[INFO] [stdout] 
[INFO] [stdout] 
[INFO] [stdout] warning: trait method `setVolume` should have a snake case name
[INFO] [stdout]   --> src/session.rs:11:15
[INFO] [stdout]    |
[INFO] [stdout] 11 |     unsafe fn setVolume(&self, vol: f32);
[INFO] [stdout]    |               ^^^^^^^^^ help: convert the identifier to snake case: `set_volume`
[INFO] [stdout] 
[INFO] [stdout] 
[INFO] [stdout] warning: trait method `getMute` should have a snake case name
[INFO] [stdout]   --> src/session.rs:12:15
[INFO] [stdout]    |
[INFO] [stdout] 12 |     unsafe fn getMute(&self) -> bool;
[INFO] [stdout]    |               ^^^^^^^ help: convert the identifier to snake case: `get_mute`
[INFO] [stdout] 
[INFO] [stdout] 
[INFO] [stdout] warning: trait method `setMute` should have a snake case name
[INFO] [stdout]   --> src/session.rs:13:15
[INFO] [stdout]    |
[INFO] [stdout] 13 |     unsafe fn setMute(&self, mute: bool);
[INFO] [stdout]    |               ^^^^^^^ help: convert the identifier to snake case: `set_mute`
[INFO] [stdout] 
[INFO] [stdout] 
[INFO] [stdout] warning: 9 warnings emitted
[INFO] [stdout] 
[INFO] [stdout] 
[INFO] [stdout] warning: unused import: `std::time::Duration`
[INFO] [stdout]  --> examples/main.rs:1:5
[INFO] [stdout]   |
[INFO] [stdout] 1 | use std::time::Duration;
[INFO] [stdout]   |     ^^^^^^^^^^^^^^^^^^^
[INFO] [stdout]   |
[INFO] [stdout]   = note: `#[warn(unused_imports)]` on by default
[INFO] [stdout] 
[INFO] [stdout] 
[INFO] [stdout] warning: unused variable: `test`
[INFO] [stdout]   --> examples/main.rs:11:13
[INFO] [stdout]    |
[INFO] [stdout] 11 |         let test = controller.get_all_session_names();
[INFO] [stdout]    |             ^^^^ help: if this is intentional, prefix it with an underscore: `_test`
[INFO] [stdout]    |
[INFO] [stdout]    = note: `#[warn(unused_variables)]` on by default
[INFO] [stdout] 
[INFO] [stdout] 
[INFO] [stdout] warning: method `GetSessions` should have a snake case name
[INFO] [stdout]   --> src/lib.rs:52:19
[INFO] [stdout]    |
[INFO] [stdout] 52 |     pub unsafe fn GetSessions(&mut self) {
[INFO] [stdout]    |                   ^^^^^^^^^^^ help: convert the identifier to snake case: `get_sessions`
[INFO] [stdout]    |
[INFO] [stdout]    = note: `#[warn(non_snake_case)]` on by default
[INFO] [stdout] 
[INFO] [stdout] 
[INFO] [stdout] warning: method `GetDefaultAudioEnpointVolumeControl` should have a snake case name
[INFO] [stdout]   --> src/lib.rs:63:19
[INFO] [stdout]    |
[INFO] [stdout] 63 |     pub unsafe fn GetDefaultAudioEnpointVolumeControl(&mut self) {
[INFO] [stdout]    |                   ^^^^^^^^^^^^^^^^^^^^^^^^^^^^^^^^^^^ help: convert the identifier to snake case: `get_default_audio_enpoint_volume_control`
[INFO] [stdout] 
[INFO] [stdout] 
[INFO] [stdout] warning: method `GetAllProcessSessions` should have a snake case name
[INFO] [stdout]   --> src/lib.rs:95:19
[INFO] [stdout]    |
[INFO] [stdout] 95 |     pub unsafe fn GetAllProcessSessions(&mut self) {
[INFO] [stdout]    |                   ^^^^^^^^^^^^^^^^^^^^^ help: convert the identifier to snake case: `get_all_process_sessions`
[INFO] [stdout] 
[INFO] [stdout] 
[INFO] [stdout] warning: trait method `getAudioEndpointVolume` should have a snake case name
[INFO] [stdout]  --> src/session.rs:8:15
[INFO] [stdout]   |
[INFO] [stdout] 8 |     unsafe fn getAudioEndpointVolume(&self) -> Option<IAudioEndpointVolume>;
[INFO] [stdout]   |               ^^^^^^^^^^^^^^^^^^^^^^ help: convert the identifier to snake case: `get_audio_endpoint_volume`
[INFO] [stdout] 
[INFO] [stdout] 
[INFO] [stdout] warning: trait method `getName` should have a snake case name
[INFO] [stdout]  --> src/session.rs:9:15
[INFO] [stdout]   |
[INFO] [stdout] 9 |     unsafe fn getName(&self) -> String;
[INFO] [stdout]   |               ^^^^^^^ help: convert the identifier to snake case: `get_name`
[INFO] [stdout] 
[INFO] [stdout] 
[INFO] [stdout] warning: trait method `getVolume` should have a snake case name
[INFO] [stdout]   --> src/session.rs:10:15
[INFO] [stdout]    |
[INFO] [stdout] 10 |     unsafe fn getVolume(&self) -> f32;
[INFO] [stdout]    |               ^^^^^^^^^ help: convert the identifier to snake case: `get_volume`
[INFO] [stdout] 
[INFO] [stdout] 
[INFO] [stdout] warning: trait method `setVolume` should have a snake case name
[INFO] [stdout]   --> src/session.rs:11:15
[INFO] [stdout]    |
[INFO] [stdout] 11 |     unsafe fn setVolume(&self, vol: f32);
[INFO] [stdout]    |               ^^^^^^^^^ help: convert the identifier to snake case: `set_volume`
[INFO] [stdout] 
[INFO] [stdout] 
[INFO] [stdout] warning: trait method `getMute` should have a snake case name
[INFO] [stdout]   --> src/session.rs:12:15
[INFO] [stdout]    |
[INFO] [stdout] 12 |     unsafe fn getMute(&self) -> bool;
[INFO] [stdout]    |               ^^^^^^^ help: convert the identifier to snake case: `get_mute`
[INFO] [stdout] 
[INFO] [stdout] 
[INFO] [stdout] warning: trait method `setMute` should have a snake case name
[INFO] [stdout]   --> src/session.rs:13:15
[INFO] [stdout]    |
[INFO] [stdout] 13 |     unsafe fn setMute(&self, mute: bool);
[INFO] [stdout]    |               ^^^^^^^ help: convert the identifier to snake case: `set_mute`
[INFO] [stdout] 
[INFO] [stdout] 
[INFO] [stdout] error: linking with `cc` failed: exit status: 1
[INFO] [stdout]   |
[INFO] [stdout]   = note: LC_ALL="C" PATH="/opt/rustwide/rustup-home/toolchains/1.75.0-x86_64-unknown-linux-gnu/lib/rustlib/x86_64-unknown-linux-gnu/bin:/opt/rustwide/cargo-home/bin:/usr/local/sbin:/usr/local/bin:/usr/sbin:/usr/bin:/sbin:/bin" VSLANG="1033" "cc" "-m64" "/tmp/rustc1NcYX4/symbols.o" "/opt/rustwide/target/debug/deps/windows_volume_control-30d5199987f5d77e.windows_volume_control.9e6043f29df2f26d-cgu.0.rcgu.o" "/opt/rustwide/target/debug/deps/windows_volume_control-30d5199987f5d77e.4sheeh7n8r91h1x3.rcgu.o" "-Wl,--as-needed" "-L" "/opt/rustwide/target/debug/deps" "-L" "/opt/rustwide/rustup-home/toolchains/1.75.0-x86_64-unknown-linux-gnu/lib/rustlib/x86_64-unknown-linux-gnu/lib" "-Wl,-Bstatic" "/opt/rustwide/rustup-home/toolchains/1.75.0-x86_64-unknown-linux-gnu/lib/rustlib/x86_64-unknown-linux-gnu/lib/libtest-3df1bed8075ce1de.rlib" "/opt/rustwide/rustup-home/toolchains/1.75.0-x86_64-unknown-linux-gnu/lib/rustlib/x86_64-unknown-linux-gnu/lib/libgetopts-2076fd86b325cb5d.rlib" "/opt/rustwide/rustup-home/toolchains/1.75.0-x86_64-unknown-linux-gnu/lib/rustlib/x86_64-unknown-linux-gnu/lib/libunicode_width-caa7152ee70c190f.rlib" "/opt/rustwide/rustup-home/toolchains/1.75.0-x86_64-unknown-linux-gnu/lib/rustlib/x86_64-unknown-linux-gnu/lib/librustc_std_workspace_std-04e6425e07f02a3c.rlib" "/opt/rustwide/target/debug/deps/libwindows-541ee3f56e336e40.rlib" "/opt/rustwide/rustup-home/toolchains/1.75.0-x86_64-unknown-linux-gnu/lib/rustlib/x86_64-unknown-linux-gnu/lib/libstd-90f6ddbf82de36ec.rlib" "/opt/rustwide/rustup-home/toolchains/1.75.0-x86_64-unknown-linux-gnu/lib/rustlib/x86_64-unknown-linux-gnu/lib/libpanic_unwind-480c41e9d4e1f677.rlib" "/opt/rustwide/rustup-home/toolchains/1.75.0-x86_64-unknown-linux-gnu/lib/rustlib/x86_64-unknown-linux-gnu/lib/libobject-db744c0ca03eed1d.rlib" "/opt/rustwide/rustup-home/toolchains/1.75.0-x86_64-unknown-linux-gnu/lib/rustlib/x86_64-unknown-linux-gnu/lib/libmemchr-8ba652dc7d4b285a.rlib" "/opt/rustwide/rustup-home/toolchains/1.75.0-x86_64-unknown-linux-gnu/lib/rustlib/x86_64-unknown-linux-gnu/lib/libaddr2line-d5f4520a9ebc0d58.rlib" "/opt/rustwide/rustup-home/toolchains/1.75.0-x86_64-unknown-linux-gnu/lib/rustlib/x86_64-unknown-linux-gnu/lib/libgimli-4ad84de58f0cb463.rlib" "/opt/rustwide/rustup-home/toolchains/1.75.0-x86_64-unknown-linux-gnu/lib/rustlib/x86_64-unknown-linux-gnu/lib/librustc_demangle-0d10aae2e0f38735.rlib" "/opt/rustwide/rustup-home/toolchains/1.75.0-x86_64-unknown-linux-gnu/lib/rustlib/x86_64-unknown-linux-gnu/lib/libstd_detect-0c17cff739e6745b.rlib" "/opt/rustwide/rustup-home/toolchains/1.75.0-x86_64-unknown-linux-gnu/lib/rustlib/x86_64-unknown-linux-gnu/lib/libhashbrown-b29e17139dde1aa8.rlib" "/opt/rustwide/rustup-home/toolchains/1.75.0-x86_64-unknown-linux-gnu/lib/rustlib/x86_64-unknown-linux-gnu/lib/librustc_std_workspace_alloc-1f975299829cc7bd.rlib" "/opt/rustwide/rustup-home/toolchains/1.75.0-x86_64-unknown-linux-gnu/lib/rustlib/x86_64-unknown-linux-gnu/lib/libminiz_oxide-86bae3bc3079f89b.rlib" "/opt/rustwide/rustup-home/toolchains/1.75.0-x86_64-unknown-linux-gnu/lib/rustlib/x86_64-unknown-linux-gnu/lib/libadler-321b82c30dffdf5f.rlib" "/opt/rustwide/rustup-home/toolchains/1.75.0-x86_64-unknown-linux-gnu/lib/rustlib/x86_64-unknown-linux-gnu/lib/libunwind-3dd8a6810a0bdfef.rlib" "/opt/rustwide/rustup-home/toolchains/1.75.0-x86_64-unknown-linux-gnu/lib/rustlib/x86_64-unknown-linux-gnu/lib/libcfg_if-eb39a61c0c879984.rlib" "/opt/rustwide/rustup-home/toolchains/1.75.0-x86_64-unknown-linux-gnu/lib/rustlib/x86_64-unknown-linux-gnu/lib/liblibc-aa769569f91c3548.rlib" "/opt/rustwide/rustup-home/toolchains/1.75.0-x86_64-unknown-linux-gnu/lib/rustlib/x86_64-unknown-linux-gnu/lib/liballoc-510a192a50a983ed.rlib" "/opt/rustwide/rustup-home/toolchains/1.75.0-x86_64-unknown-linux-gnu/lib/rustlib/x86_64-unknown-linux-gnu/lib/librustc_std_workspace_core-0577018320f99037.rlib" "/opt/rustwide/rustup-home/toolchains/1.75.0-x86_64-unknown-linux-gnu/lib/rustlib/x86_64-unknown-linux-gnu/lib/libcore-193cf992125ccd4c.rlib" "/opt/rustwide/rustup-home/toolchains/1.75.0-x86_64-unknown-linux-gnu/lib/rustlib/x86_64-unknown-linux-gnu/lib/libcompiler_builtins-8e138eaf26ebb4a8.rlib" "-Wl,-Bdynamic" "-lwindows" "-lgcc_s" "-lutil" "-lrt" "-lpthread" "-lm" "-ldl" "-lc" "-Wl,--eh-frame-hdr" "-Wl,-z,noexecstack" "-L" "/opt/rustwide/rustup-home/toolchains/1.75.0-x86_64-unknown-linux-gnu/lib/rustlib/x86_64-unknown-linux-gnu/lib" "-o" "/opt/rustwide/target/debug/deps/windows_volume_control-30d5199987f5d77e" "-Wl,--gc-sections" "-pie" "-Wl,-z,relro,-z,now" "-nodefaultlibs"
[INFO] [stdout]   = note: /usr/bin/ld: cannot find -lwindows: No such file or directory
[INFO] [stdout]           collect2: error: ld returned 1 exit status
[INFO] [stdout]           
[INFO] [stdout] 
[INFO] [stdout] 
[INFO] [stdout] error: aborting due to previous error; 9 warnings emitted
[INFO] [stdout] 
[INFO] [stdout] 
[INFO] [stderr] error: could not compile `windows-volume-control` (lib test) due to 2 previous errors; 9 warnings emitted
[INFO] [stderr] warning: build failed, waiting for other jobs to finish...
[INFO] [stdout] error: linking with `cc` failed: exit status: 1
[INFO] [stdout]   |
[INFO] [stdout]   = note: LC_ALL="C" PATH="/opt/rustwide/rustup-home/toolchains/1.75.0-x86_64-unknown-linux-gnu/lib/rustlib/x86_64-unknown-linux-gnu/bin:/opt/rustwide/cargo-home/bin:/usr/local/sbin:/usr/local/bin:/usr/sbin:/usr/bin:/sbin:/bin" VSLANG="1033" "cc" "-m64" "/tmp/rustczaE9yl/symbols.o" "/opt/rustwide/target/debug/examples/main-12171afca30cc67f.main.dc919d7ce7c051b0-cgu.0.rcgu.o" "/opt/rustwide/target/debug/examples/main-12171afca30cc67f.2x4p0x3vk633qywe.rcgu.o" "-Wl,--as-needed" "-L" "/opt/rustwide/target/debug/deps" "-L" "/opt/rustwide/rustup-home/toolchains/1.75.0-x86_64-unknown-linux-gnu/lib/rustlib/x86_64-unknown-linux-gnu/lib" "-Wl,-Bstatic" "/opt/rustwide/target/debug/deps/libwindows_volume_control-91f7c29993c97446.rlib" "/opt/rustwide/target/debug/deps/libwindows-541ee3f56e336e40.rlib" "/opt/rustwide/rustup-home/toolchains/1.75.0-x86_64-unknown-linux-gnu/lib/rustlib/x86_64-unknown-linux-gnu/lib/libstd-90f6ddbf82de36ec.rlib" "/opt/rustwide/rustup-home/toolchains/1.75.0-x86_64-unknown-linux-gnu/lib/rustlib/x86_64-unknown-linux-gnu/lib/libpanic_unwind-480c41e9d4e1f677.rlib" "/opt/rustwide/rustup-home/toolchains/1.75.0-x86_64-unknown-linux-gnu/lib/rustlib/x86_64-unknown-linux-gnu/lib/libobject-db744c0ca03eed1d.rlib" "/opt/rustwide/rustup-home/toolchains/1.75.0-x86_64-unknown-linux-gnu/lib/rustlib/x86_64-unknown-linux-gnu/lib/libmemchr-8ba652dc7d4b285a.rlib" "/opt/rustwide/rustup-home/toolchains/1.75.0-x86_64-unknown-linux-gnu/lib/rustlib/x86_64-unknown-linux-gnu/lib/libaddr2line-d5f4520a9ebc0d58.rlib" "/opt/rustwide/rustup-home/toolchains/1.75.0-x86_64-unknown-linux-gnu/lib/rustlib/x86_64-unknown-linux-gnu/lib/libgimli-4ad84de58f0cb463.rlib" "/opt/rustwide/rustup-home/toolchains/1.75.0-x86_64-unknown-linux-gnu/lib/rustlib/x86_64-unknown-linux-gnu/lib/librustc_demangle-0d10aae2e0f38735.rlib" "/opt/rustwide/rustup-home/toolchains/1.75.0-x86_64-unknown-linux-gnu/lib/rustlib/x86_64-unknown-linux-gnu/lib/libstd_detect-0c17cff739e6745b.rlib" "/opt/rustwide/rustup-home/toolchains/1.75.0-x86_64-unknown-linux-gnu/lib/rustlib/x86_64-unknown-linux-gnu/lib/libhashbrown-b29e17139dde1aa8.rlib" "/opt/rustwide/rustup-home/toolchains/1.75.0-x86_64-unknown-linux-gnu/lib/rustlib/x86_64-unknown-linux-gnu/lib/librustc_std_workspace_alloc-1f975299829cc7bd.rlib" "/opt/rustwide/rustup-home/toolchains/1.75.0-x86_64-unknown-linux-gnu/lib/rustlib/x86_64-unknown-linux-gnu/lib/libminiz_oxide-86bae3bc3079f89b.rlib" "/opt/rustwide/rustup-home/toolchains/1.75.0-x86_64-unknown-linux-gnu/lib/rustlib/x86_64-unknown-linux-gnu/lib/libadler-321b82c30dffdf5f.rlib" "/opt/rustwide/rustup-home/toolchains/1.75.0-x86_64-unknown-linux-gnu/lib/rustlib/x86_64-unknown-linux-gnu/lib/libunwind-3dd8a6810a0bdfef.rlib" "/opt/rustwide/rustup-home/toolchains/1.75.0-x86_64-unknown-linux-gnu/lib/rustlib/x86_64-unknown-linux-gnu/lib/libcfg_if-eb39a61c0c879984.rlib" "/opt/rustwide/rustup-home/toolchains/1.75.0-x86_64-unknown-linux-gnu/lib/rustlib/x86_64-unknown-linux-gnu/lib/liblibc-aa769569f91c3548.rlib" "/opt/rustwide/rustup-home/toolchains/1.75.0-x86_64-unknown-linux-gnu/lib/rustlib/x86_64-unknown-linux-gnu/lib/liballoc-510a192a50a983ed.rlib" "/opt/rustwide/rustup-home/toolchains/1.75.0-x86_64-unknown-linux-gnu/lib/rustlib/x86_64-unknown-linux-gnu/lib/librustc_std_workspace_core-0577018320f99037.rlib" "/opt/rustwide/rustup-home/toolchains/1.75.0-x86_64-unknown-linux-gnu/lib/rustlib/x86_64-unknown-linux-gnu/lib/libcore-193cf992125ccd4c.rlib" "/opt/rustwide/rustup-home/toolchains/1.75.0-x86_64-unknown-linux-gnu/lib/rustlib/x86_64-unknown-linux-gnu/lib/libcompiler_builtins-8e138eaf26ebb4a8.rlib" "-Wl,-Bdynamic" "-lwindows" "-lgcc_s" "-lutil" "-lrt" "-lpthread" "-lm" "-ldl" "-lc" "-Wl,--eh-frame-hdr" "-Wl,-z,noexecstack" "-L" "/opt/rustwide/rustup-home/toolchains/1.75.0-x86_64-unknown-linux-gnu/lib/rustlib/x86_64-unknown-linux-gnu/lib" "-o" "/opt/rustwide/target/debug/examples/main-12171afca30cc67f" "-Wl,--gc-sections" "-pie" "-Wl,-z,relro,-z,now" "-nodefaultlibs"
[INFO] [stdout]   = note: /usr/bin/ld: cannot find -lwindows: No such file or directory
[INFO] [stdout]           collect2: error: ld returned 1 exit status
[INFO] [stdout]           
[INFO] [stdout] 
[INFO] [stdout] 
[INFO] [stdout] error: aborting due to previous error; 2 warnings emitted
[INFO] [stdout] 
[INFO] [stdout] 
[INFO] [stderr] error: could not compile `windows-volume-control` (example "main") due to 2 previous errors; 2 warnings emitted
[INFO] [stdout] error: linking with `cc` failed: exit status: 1
[INFO] [stdout]   |
[INFO] [stdout]   = note: LC_ALL="C" PATH="/opt/rustwide/rustup-home/toolchains/1.75.0-x86_64-unknown-linux-gnu/lib/rustlib/x86_64-unknown-linux-gnu/bin:/opt/rustwide/cargo-home/bin:/usr/local/sbin:/usr/local/bin:/usr/sbin:/usr/bin:/sbin:/bin" VSLANG="1033" "cc" "-m64" "/tmp/rustcFwmMQQ/symbols.o" "/opt/rustwide/target/debug/examples/listen-13c8bb682844d322.listen.3d9e55fff4fef166-cgu.0.rcgu.o" "/opt/rustwide/target/debug/examples/listen-13c8bb682844d322.5cl60j31okt8h0p9.rcgu.o" "-Wl,--as-needed" "-L" "/opt/rustwide/target/debug/deps" "-L" "/opt/rustwide/rustup-home/toolchains/1.75.0-x86_64-unknown-linux-gnu/lib/rustlib/x86_64-unknown-linux-gnu/lib" "-Wl,-Bstatic" "/opt/rustwide/target/debug/deps/libwindows_volume_control-91f7c29993c97446.rlib" "/opt/rustwide/target/debug/deps/libwindows-541ee3f56e336e40.rlib" "/opt/rustwide/rustup-home/toolchains/1.75.0-x86_64-unknown-linux-gnu/lib/rustlib/x86_64-unknown-linux-gnu/lib/libstd-90f6ddbf82de36ec.rlib" "/opt/rustwide/rustup-home/toolchains/1.75.0-x86_64-unknown-linux-gnu/lib/rustlib/x86_64-unknown-linux-gnu/lib/libpanic_unwind-480c41e9d4e1f677.rlib" "/opt/rustwide/rustup-home/toolchains/1.75.0-x86_64-unknown-linux-gnu/lib/rustlib/x86_64-unknown-linux-gnu/lib/libobject-db744c0ca03eed1d.rlib" "/opt/rustwide/rustup-home/toolchains/1.75.0-x86_64-unknown-linux-gnu/lib/rustlib/x86_64-unknown-linux-gnu/lib/libmemchr-8ba652dc7d4b285a.rlib" "/opt/rustwide/rustup-home/toolchains/1.75.0-x86_64-unknown-linux-gnu/lib/rustlib/x86_64-unknown-linux-gnu/lib/libaddr2line-d5f4520a9ebc0d58.rlib" "/opt/rustwide/rustup-home/toolchains/1.75.0-x86_64-unknown-linux-gnu/lib/rustlib/x86_64-unknown-linux-gnu/lib/libgimli-4ad84de58f0cb463.rlib" "/opt/rustwide/rustup-home/toolchains/1.75.0-x86_64-unknown-linux-gnu/lib/rustlib/x86_64-unknown-linux-gnu/lib/librustc_demangle-0d10aae2e0f38735.rlib" "/opt/rustwide/rustup-home/toolchains/1.75.0-x86_64-unknown-linux-gnu/lib/rustlib/x86_64-unknown-linux-gnu/lib/libstd_detect-0c17cff739e6745b.rlib" "/opt/rustwide/rustup-home/toolchains/1.75.0-x86_64-unknown-linux-gnu/lib/rustlib/x86_64-unknown-linux-gnu/lib/libhashbrown-b29e17139dde1aa8.rlib" "/opt/rustwide/rustup-home/toolchains/1.75.0-x86_64-unknown-linux-gnu/lib/rustlib/x86_64-unknown-linux-gnu/lib/librustc_std_workspace_alloc-1f975299829cc7bd.rlib" "/opt/rustwide/rustup-home/toolchains/1.75.0-x86_64-unknown-linux-gnu/lib/rustlib/x86_64-unknown-linux-gnu/lib/libminiz_oxide-86bae3bc3079f89b.rlib" "/opt/rustwide/rustup-home/toolchains/1.75.0-x86_64-unknown-linux-gnu/lib/rustlib/x86_64-unknown-linux-gnu/lib/libadler-321b82c30dffdf5f.rlib" "/opt/rustwide/rustup-home/toolchains/1.75.0-x86_64-unknown-linux-gnu/lib/rustlib/x86_64-unknown-linux-gnu/lib/libunwind-3dd8a6810a0bdfef.rlib" "/opt/rustwide/rustup-home/toolchains/1.75.0-x86_64-unknown-linux-gnu/lib/rustlib/x86_64-unknown-linux-gnu/lib/libcfg_if-eb39a61c0c879984.rlib" "/opt/rustwide/rustup-home/toolchains/1.75.0-x86_64-unknown-linux-gnu/lib/rustlib/x86_64-unknown-linux-gnu/lib/liblibc-aa769569f91c3548.rlib" "/opt/rustwide/rustup-home/toolchains/1.75.0-x86_64-unknown-linux-gnu/lib/rustlib/x86_64-unknown-linux-gnu/lib/liballoc-510a192a50a983ed.rlib" "/opt/rustwide/rustup-home/toolchains/1.75.0-x86_64-unknown-linux-gnu/lib/rustlib/x86_64-unknown-linux-gnu/lib/librustc_std_workspace_core-0577018320f99037.rlib" "/opt/rustwide/rustup-home/toolchains/1.75.0-x86_64-unknown-linux-gnu/lib/rustlib/x86_64-unknown-linux-gnu/lib/libcore-193cf992125ccd4c.rlib" "/opt/rustwide/rustup-home/toolchains/1.75.0-x86_64-unknown-linux-gnu/lib/rustlib/x86_64-unknown-linux-gnu/lib/libcompiler_builtins-8e138eaf26ebb4a8.rlib" "-Wl,-Bdynamic" "-lwindows" "-lgcc_s" "-lutil" "-lrt" "-lpthread" "-lm" "-ldl" "-lc" "-Wl,--eh-frame-hdr" "-Wl,-z,noexecstack" "-L" "/opt/rustwide/rustup-home/toolchains/1.75.0-x86_64-unknown-linux-gnu/lib/rustlib/x86_64-unknown-linux-gnu/lib" "-o" "/opt/rustwide/target/debug/examples/listen-13c8bb682844d322" "-Wl,--gc-sections" "-pie" "-Wl,-z,relro,-z,now" "-nodefaultlibs"
[INFO] [stdout]   = note: /usr/bin/ld: cannot find -lwindows: No such file or directory
[INFO] [stdout]           collect2: error: ld returned 1 exit status
[INFO] [stdout]           
[INFO] [stdout] 
[INFO] [stdout] 
[INFO] [stdout] error: aborting due to previous error
[INFO] [stdout] 
[INFO] [stdout] 
[INFO] [stderr] error: could not compile `windows-volume-control` (example "listen") due to 2 previous errors
[INFO] running `Command { std: "docker" "inspect" "86649c72f944084b5c6ff93ecc71910ff0a04d5cfb7f567df43ae8802550d097", kill_on_drop: false }`
[INFO] running `Command { std: "docker" "rm" "-f" "86649c72f944084b5c6ff93ecc71910ff0a04d5cfb7f567df43ae8802550d097", kill_on_drop: false }`
[INFO] [stdout] 86649c72f944084b5c6ff93ecc71910ff0a04d5cfb7f567df43ae8802550d097
[INFO] testing windows-volume-control-0.1.1 against beta-2023-12-22 for beta-1.76-1
[INFO] extracting crate windows-volume-control 0.1.1 into /workspace/builds/worker-2-tc2/source
[INFO] validating manifest of crates.io crate windows-volume-control 0.1.1 on toolchain beta-2023-12-22
[INFO] running `Command { std: CARGO_HOME="/workspace/cargo-home" RUSTUP_HOME="/workspace/rustup-home" "/workspace/cargo-home/bin/cargo" "+beta-2023-12-22" "metadata" "--manifest-path" "Cargo.toml" "--no-deps", kill_on_drop: false }`
[INFO] started tweaking crates.io crate windows-volume-control 0.1.1
[INFO] finished tweaking crates.io crate windows-volume-control 0.1.1
[INFO] tweaked toml for crates.io crate windows-volume-control 0.1.1 written to /workspace/builds/worker-2-tc2/source/Cargo.toml
[INFO] crate crates.io crate windows-volume-control 0.1.1 already has a lockfile, it will not be regenerated
[INFO] running `Command { std: CARGO_HOME="/workspace/cargo-home" RUSTUP_HOME="/workspace/rustup-home" "/workspace/cargo-home/bin/cargo" "+beta-2023-12-22" "fetch" "--manifest-path" "Cargo.toml", kill_on_drop: false }`
[INFO] running `Command { std: "docker" "create" "-v" "/var/lib/crater-agent-workspace/builds/worker-2-tc2/target:/opt/rustwide/target:rw,Z" "-v" "/var/lib/crater-agent-workspace/builds/worker-2-tc2/source:/opt/rustwide/workdir:ro,Z" "-v" "/var/lib/crater-agent-workspace/cargo-home:/opt/rustwide/cargo-home:ro,Z" "-v" "/var/lib/crater-agent-workspace/rustup-home:/opt/rustwide/rustup-home:ro,Z" "-e" "SOURCE_DIR=/opt/rustwide/workdir" "-e" "CARGO_TARGET_DIR=/opt/rustwide/target" "-e" "CARGO_HOME=/opt/rustwide/cargo-home" "-e" "RUSTUP_HOME=/opt/rustwide/rustup-home" "-w" "/opt/rustwide/workdir" "-m" "1610612736" "--user" "0:0" "--network" "none" "ghcr.io/rust-lang/crates-build-env/linux@sha256:2788e3201cd34a07e3172128adcd8b3090168a8e3bcc40d7c032b9dda1df7d1c" "/opt/rustwide/cargo-home/bin/cargo" "+beta-2023-12-22" "metadata" "--no-deps" "--format-version=1", kill_on_drop: false }`
[INFO] [stdout] 9dd827e6c48bc6e0bf0758d6088f22241f382862be1e9c73bbd3b6ecf26f22bd
[INFO] running `Command { std: "docker" "start" "-a" "9dd827e6c48bc6e0bf0758d6088f22241f382862be1e9c73bbd3b6ecf26f22bd", kill_on_drop: false }`
[INFO] running `Command { std: "docker" "inspect" "9dd827e6c48bc6e0bf0758d6088f22241f382862be1e9c73bbd3b6ecf26f22bd", kill_on_drop: false }`
[INFO] running `Command { std: "docker" "rm" "-f" "9dd827e6c48bc6e0bf0758d6088f22241f382862be1e9c73bbd3b6ecf26f22bd", kill_on_drop: false }`
[INFO] [stdout] 9dd827e6c48bc6e0bf0758d6088f22241f382862be1e9c73bbd3b6ecf26f22bd
[INFO] running `Command { std: "docker" "create" "-v" "/var/lib/crater-agent-workspace/builds/worker-2-tc2/target:/opt/rustwide/target:rw,Z" "-v" "/var/lib/crater-agent-workspace/builds/worker-2-tc2/source:/opt/rustwide/workdir:ro,Z" "-v" "/var/lib/crater-agent-workspace/cargo-home:/opt/rustwide/cargo-home:ro,Z" "-v" "/var/lib/crater-agent-workspace/rustup-home:/opt/rustwide/rustup-home:ro,Z" "-e" "SOURCE_DIR=/opt/rustwide/workdir" "-e" "CARGO_TARGET_DIR=/opt/rustwide/target" "-e" "CARGO_INCREMENTAL=0" "-e" "RUST_BACKTRACE=full" "-e" "RUSTFLAGS=--cap-lints=warn" "-e" "RUSTDOCFLAGS=--cap-lints=warn" "-e" "CARGO_HOME=/opt/rustwide/cargo-home" "-e" "RUSTUP_HOME=/opt/rustwide/rustup-home" "-w" "/opt/rustwide/workdir" "-m" "1610612736" "--user" "0:0" "--network" "none" "ghcr.io/rust-lang/crates-build-env/linux@sha256:2788e3201cd34a07e3172128adcd8b3090168a8e3bcc40d7c032b9dda1df7d1c" "/opt/rustwide/cargo-home/bin/cargo" "+beta-2023-12-22" "build" "--frozen" "--message-format=json", kill_on_drop: false }`
[INFO] [stdout] 719b1622a795c39baf84fc7e4da13f3fed06bea2f388ee230191bd310d23aad5
[INFO] running `Command { std: "docker" "start" "-a" "719b1622a795c39baf84fc7e4da13f3fed06bea2f388ee230191bd310d23aad5", kill_on_drop: false }`
[INFO] [stderr]    Compiling proc-macro2 v1.0.56
[INFO] [stderr]    Compiling unicode-ident v1.0.8
[INFO] [stderr]    Compiling quote v1.0.26
[INFO] [stderr]    Compiling syn v1.0.109
[INFO] [stderr]    Compiling windows-targets v0.42.1
[INFO] [stderr]    Compiling windows-interface v0.44.0
[INFO] [stderr]    Compiling windows-implement v0.44.0
[INFO] [stderr]    Compiling windows v0.44.0
[INFO] [stderr]    Compiling windows-volume-control v0.1.1 (/opt/rustwide/workdir)
[INFO] [stdout] warning: method `GetSessions` should have a snake case name
[INFO] [stdout]   --> src/lib.rs:52:19
[INFO] [stdout]    |
[INFO] [stdout] 52 |     pub unsafe fn GetSessions(&mut self) {
[INFO] [stdout]    |                   ^^^^^^^^^^^ help: convert the identifier to snake case: `get_sessions`
[INFO] [stdout]    |
[INFO] [stdout]    = note: `#[warn(non_snake_case)]` on by default
[INFO] [stdout] 
[INFO] [stdout] 
[INFO] [stdout] warning: method `GetDefaultAudioEnpointVolumeControl` should have a snake case name
[INFO] [stdout]   --> src/lib.rs:63:19
[INFO] [stdout]    |
[INFO] [stdout] 63 |     pub unsafe fn GetDefaultAudioEnpointVolumeControl(&mut self) {
[INFO] [stdout]    |                   ^^^^^^^^^^^^^^^^^^^^^^^^^^^^^^^^^^^ help: convert the identifier to snake case: `get_default_audio_enpoint_volume_control`
[INFO] [stdout] 
[INFO] [stdout] 
[INFO] [stdout] warning: method `GetAllProcessSessions` should have a snake case name
[INFO] [stdout]   --> src/lib.rs:95:19
[INFO] [stdout]    |
[INFO] [stdout] 95 |     pub unsafe fn GetAllProcessSessions(&mut self) {
[INFO] [stdout]    |                   ^^^^^^^^^^^^^^^^^^^^^ help: convert the identifier to snake case: `get_all_process_sessions`
[INFO] [stdout] 
[INFO] [stdout] 
[INFO] [stdout] warning: trait method `getAudioEndpointVolume` should have a snake case name
[INFO] [stdout]  --> src/session.rs:8:15
[INFO] [stdout]   |
[INFO] [stdout] 8 |     unsafe fn getAudioEndpointVolume(&self) -> Option<IAudioEndpointVolume>;
[INFO] [stdout]   |               ^^^^^^^^^^^^^^^^^^^^^^ help: convert the identifier to snake case: `get_audio_endpoint_volume`
[INFO] [stdout] 
[INFO] [stdout] 
[INFO] [stdout] warning: trait method `getName` should have a snake case name
[INFO] [stdout]  --> src/session.rs:9:15
[INFO] [stdout]   |
[INFO] [stdout] 9 |     unsafe fn getName(&self) -> String;
[INFO] [stdout]   |               ^^^^^^^ help: convert the identifier to snake case: `get_name`
[INFO] [stdout] 
[INFO] [stdout] 
[INFO] [stdout] warning: trait method `getVolume` should have a snake case name
[INFO] [stdout]   --> src/session.rs:10:15
[INFO] [stdout]    |
[INFO] [stdout] 10 |     unsafe fn getVolume(&self) -> f32;
[INFO] [stdout]    |               ^^^^^^^^^ help: convert the identifier to snake case: `get_volume`
[INFO] [stdout] 
[INFO] [stdout] 
[INFO] [stdout] warning: trait method `setVolume` should have a snake case name
[INFO] [stdout]   --> src/session.rs:11:15
[INFO] [stdout]    |
[INFO] [stdout] 11 |     unsafe fn setVolume(&self, vol: f32);
[INFO] [stdout]    |               ^^^^^^^^^ help: convert the identifier to snake case: `set_volume`
[INFO] [stdout] 
[INFO] [stdout] 
[INFO] [stdout] warning: trait method `getMute` should have a snake case name
[INFO] [stdout]   --> src/session.rs:12:15
[INFO] [stdout]    |
[INFO] [stdout] 12 |     unsafe fn getMute(&self) -> bool;
[INFO] [stdout]    |               ^^^^^^^ help: convert the identifier to snake case: `get_mute`
[INFO] [stdout] 
[INFO] [stdout] 
[INFO] [stdout] warning: trait method `setMute` should have a snake case name
[INFO] [stdout]   --> src/session.rs:13:15
[INFO] [stdout]    |
[INFO] [stdout] 13 |     unsafe fn setMute(&self, mute: bool);
[INFO] [stdout]    |               ^^^^^^^ help: convert the identifier to snake case: `set_mute`
[INFO] [stdout] 
[INFO] [stdout] 
[INFO] [stdout] warning: 9 warnings emitted
[INFO] [stdout] 
[INFO] [stdout] 
[INFO] [stderr]     Finished dev [unoptimized + debuginfo] target(s) in 15.35s
[INFO] running `Command { std: "docker" "inspect" "719b1622a795c39baf84fc7e4da13f3fed06bea2f388ee230191bd310d23aad5", kill_on_drop: false }`
[INFO] running `Command { std: "docker" "rm" "-f" "719b1622a795c39baf84fc7e4da13f3fed06bea2f388ee230191bd310d23aad5", kill_on_drop: false }`
[INFO] [stdout] 719b1622a795c39baf84fc7e4da13f3fed06bea2f388ee230191bd310d23aad5
[INFO] running `Command { std: "docker" "create" "-v" "/var/lib/crater-agent-workspace/builds/worker-2-tc2/target:/opt/rustwide/target:rw,Z" "-v" "/var/lib/crater-agent-workspace/builds/worker-2-tc2/source:/opt/rustwide/workdir:ro,Z" "-v" "/var/lib/crater-agent-workspace/cargo-home:/opt/rustwide/cargo-home:ro,Z" "-v" "/var/lib/crater-agent-workspace/rustup-home:/opt/rustwide/rustup-home:ro,Z" "-e" "SOURCE_DIR=/opt/rustwide/workdir" "-e" "CARGO_TARGET_DIR=/opt/rustwide/target" "-e" "CARGO_INCREMENTAL=0" "-e" "RUST_BACKTRACE=full" "-e" "RUSTFLAGS=--cap-lints=warn" "-e" "RUSTDOCFLAGS=--cap-lints=warn" "-e" "CARGO_HOME=/opt/rustwide/cargo-home" "-e" "RUSTUP_HOME=/opt/rustwide/rustup-home" "-w" "/opt/rustwide/workdir" "-m" "1610612736" "--user" "0:0" "--network" "none" "ghcr.io/rust-lang/crates-build-env/linux@sha256:2788e3201cd34a07e3172128adcd8b3090168a8e3bcc40d7c032b9dda1df7d1c" "/opt/rustwide/cargo-home/bin/cargo" "+beta-2023-12-22" "test" "--frozen" "--no-run" "--message-format=json", kill_on_drop: false }`
[INFO] [stdout] d8acabc36c265992f78eef9f5089d5b4ae10d54ef412628ac3a9c290347bd913
[INFO] running `Command { std: "docker" "start" "-a" "d8acabc36c265992f78eef9f5089d5b4ae10d54ef412628ac3a9c290347bd913", kill_on_drop: false }`
[INFO] [stdout] warning: method `GetSessions` should have a snake case name
[INFO] [stdout]   --> src/lib.rs:52:19
[INFO] [stdout]    |
[INFO] [stdout] 52 |     pub unsafe fn GetSessions(&mut self) {
[INFO] [stdout]    |                   ^^^^^^^^^^^ help: convert the identifier to snake case: `get_sessions`
[INFO] [stdout]    |
[INFO] [stdout]    = note: `#[warn(non_snake_case)]` on by default
[INFO] [stdout] 
[INFO] [stdout] 
[INFO] [stdout] warning: method `GetDefaultAudioEnpointVolumeControl` should have a snake case name
[INFO] [stdout]   --> src/lib.rs:63:19
[INFO] [stdout]    |
[INFO] [stdout] 63 |     pub unsafe fn GetDefaultAudioEnpointVolumeControl(&mut self) {
[INFO] [stdout]    |                   ^^^^^^^^^^^^^^^^^^^^^^^^^^^^^^^^^^^ help: convert the identifier to snake case: `get_default_audio_enpoint_volume_control`
[INFO] [stdout] 
[INFO] [stdout] 
[INFO] [stdout] warning: method `GetAllProcessSessions` should have a snake case name
[INFO] [stdout]   --> src/lib.rs:95:19
[INFO] [stdout]    |
[INFO] [stdout] 95 |     pub unsafe fn GetAllProcessSessions(&mut self) {
[INFO] [stdout]    |                   ^^^^^^^^^^^^^^^^^^^^^ help: convert the identifier to snake case: `get_all_process_sessions`
[INFO] [stdout] 
[INFO] [stdout] 
[INFO] [stdout] warning: trait method `getAudioEndpointVolume` should have a snake case name
[INFO] [stdout]  --> src/session.rs:8:15
[INFO] [stdout]   |
[INFO] [stdout] 8 |     unsafe fn getAudioEndpointVolume(&self) -> Option<IAudioEndpointVolume>;
[INFO] [stdout]   |               ^^^^^^^^^^^^^^^^^^^^^^ help: convert the identifier to snake case: `get_audio_endpoint_volume`
[INFO] [stdout] 
[INFO] [stdout] 
[INFO] [stdout] warning: trait method `getName` should have a snake case name
[INFO] [stdout]  --> src/session.rs:9:15
[INFO] [stdout]   |
[INFO] [stdout] 9 |     unsafe fn getName(&self) -> String;
[INFO] [stdout]   |               ^^^^^^^ help: convert the identifier to snake case: `get_name`
[INFO] [stdout] 
[INFO] [stdout] 
[INFO] [stdout] warning: trait method `getVolume` should have a snake case name
[INFO] [stdout]   --> src/session.rs:10:15
[INFO] [stdout]    |
[INFO] [stdout] 10 |     unsafe fn getVolume(&self) -> f32;
[INFO] [stdout]    |               ^^^^^^^^^ help: convert the identifier to snake case: `get_volume`
[INFO] [stdout] 
[INFO] [stdout] 
[INFO] [stdout] warning: trait method `setVolume` should have a snake case name
[INFO] [stdout]   --> src/session.rs:11:15
[INFO] [stdout]    |
[INFO] [stdout] 11 |     unsafe fn setVolume(&self, vol: f32);
[INFO] [stdout]    |               ^^^^^^^^^ help: convert the identifier to snake case: `set_volume`
[INFO] [stdout] 
[INFO] [stdout] 
[INFO] [stdout] warning: trait method `getMute` should have a snake case name
[INFO] [stdout]   --> src/session.rs:12:15
[INFO] [stdout]    |
[INFO] [stdout] 12 |     unsafe fn getMute(&self) -> bool;
[INFO] [stdout]    |               ^^^^^^^ help: convert the identifier to snake case: `get_mute`
[INFO] [stdout] 
[INFO] [stdout] 
[INFO] [stdout] warning: trait method `setMute` should have a snake case name
[INFO] [stdout]   --> src/session.rs:13:15
[INFO] [stdout]    |
[INFO] [stdout] 13 |     unsafe fn setMute(&self, mute: bool);
[INFO] [stdout]    |               ^^^^^^^ help: convert the identifier to snake case: `set_mute`
[INFO] [stdout] 
[INFO] [stdout] 
[INFO] [stdout] warning: 9 warnings emitted
[INFO] [stdout] 
[INFO] [stdout] 
[INFO] [stderr]    Compiling windows-volume-control v0.1.1 (/opt/rustwide/workdir)
[INFO] [stdout] warning: unused import: `std::time::Duration`
[INFO] [stdout]  --> examples/main.rs:1:5
[INFO] [stdout]   |
[INFO] [stdout] 1 | use std::time::Duration;
[INFO] [stdout]   |     ^^^^^^^^^^^^^^^^^^^
[INFO] [stdout]   |
[INFO] [stdout]   = note: `#[warn(unused_imports)]` on by default
[INFO] [stdout] 
[INFO] [stdout] 
[INFO] [stdout] warning: unused variable: `test`
[INFO] [stdout]   --> examples/main.rs:11:13
[INFO] [stdout]    |
[INFO] [stdout] 11 |         let test = controller.get_all_session_names();
[INFO] [stdout]    |             ^^^^ help: if this is intentional, prefix it with an underscore: `_test`
[INFO] [stdout]    |
[INFO] [stdout]    = note: `#[warn(unused_variables)]` on by default
[INFO] [stdout] 
[INFO] [stdout] 
[INFO] [stdout] warning: method `GetSessions` should have a snake case name
[INFO] [stdout]   --> src/lib.rs:52:19
[INFO] [stdout]    |
[INFO] [stdout] 52 |     pub unsafe fn GetSessions(&mut self) {
[INFO] [stdout]    |                   ^^^^^^^^^^^ help: convert the identifier to snake case: `get_sessions`
[INFO] [stdout]    |
[INFO] [stdout]    = note: `#[warn(non_snake_case)]` on by default
[INFO] [stdout] 
[INFO] [stdout] 
[INFO] [stdout] warning: method `GetDefaultAudioEnpointVolumeControl` should have a snake case name
[INFO] [stdout]   --> src/lib.rs:63:19
[INFO] [stdout]    |
[INFO] [stdout] 63 |     pub unsafe fn GetDefaultAudioEnpointVolumeControl(&mut self) {
[INFO] [stdout]    |                   ^^^^^^^^^^^^^^^^^^^^^^^^^^^^^^^^^^^ help: convert the identifier to snake case: `get_default_audio_enpoint_volume_control`
[INFO] [stdout] 
[INFO] [stdout] 
[INFO] [stdout] warning: method `GetAllProcessSessions` should have a snake case name
[INFO] [stdout]   --> src/lib.rs:95:19
[INFO] [stdout]    |
[INFO] [stdout] 95 |     pub unsafe fn GetAllProcessSessions(&mut self) {
[INFO] [stdout]    |                   ^^^^^^^^^^^^^^^^^^^^^ help: convert the identifier to snake case: `get_all_process_sessions`
[INFO] [stdout] 
[INFO] [stdout] 
[INFO] [stdout] warning: trait method `getAudioEndpointVolume` should have a snake case name
[INFO] [stdout]  --> src/session.rs:8:15
[INFO] [stdout]   |
[INFO] [stdout] 8 |     unsafe fn getAudioEndpointVolume(&self) -> Option<IAudioEndpointVolume>;
[INFO] [stdout]   |               ^^^^^^^^^^^^^^^^^^^^^^ help: convert the identifier to snake case: `get_audio_endpoint_volume`
[INFO] [stdout] 
[INFO] [stdout] 
[INFO] [stdout] warning: trait method `getName` should have a snake case name
[INFO] [stdout]  --> src/session.rs:9:15
[INFO] [stdout]   |
[INFO] [stdout] 9 |     unsafe fn getName(&self) -> String;
[INFO] [stdout]   |               ^^^^^^^ help: convert the identifier to snake case: `get_name`
[INFO] [stdout] 
[INFO] [stdout] 
[INFO] [stdout] warning: trait method `getVolume` should have a snake case name
[INFO] [stdout]   --> src/session.rs:10:15
[INFO] [stdout]    |
[INFO] [stdout] 10 |     unsafe fn getVolume(&self) -> f32;
[INFO] [stdout]    |               ^^^^^^^^^ help: convert the identifier to snake case: `get_volume`
[INFO] [stdout] 
[INFO] [stdout] 
[INFO] [stdout] warning: trait method `setVolume` should have a snake case name
[INFO] [stdout]   --> src/session.rs:11:15
[INFO] [stdout]    |
[INFO] [stdout] 11 |     unsafe fn setVolume(&self, vol: f32);
[INFO] [stdout]    |               ^^^^^^^^^ help: convert the identifier to snake case: `set_volume`
[INFO] [stdout] 
[INFO] [stdout] 
[INFO] [stdout] warning: trait method `getMute` should have a snake case name
[INFO] [stdout]   --> src/session.rs:12:15
[INFO] [stdout]    |
[INFO] [stdout] 12 |     unsafe fn getMute(&self) -> bool;
[INFO] [stdout]    |               ^^^^^^^ help: convert the identifier to snake case: `get_mute`
[INFO] [stdout] 
[INFO] [stdout] 
[INFO] [stdout] warning: trait method `setMute` should have a snake case name
[INFO] [stdout]   --> src/session.rs:13:15
[INFO] [stdout]    |
[INFO] [stdout] 13 |     unsafe fn setMute(&self, mute: bool);
[INFO] [stdout]    |               ^^^^^^^ help: convert the identifier to snake case: `set_mute`
[INFO] [stdout] 
[INFO] [stdout] 
[INFO] [stdout] error: linking with `cc` failed: exit status: 1
[INFO] [stdout]   |
[INFO] [stdout]   = note: LC_ALL="C" PATH="/opt/rustwide/rustup-home/toolchains/beta-2023-12-22-x86_64-unknown-linux-gnu/lib/rustlib/x86_64-unknown-linux-gnu/bin:/opt/rustwide/cargo-home/bin:/usr/local/sbin:/usr/local/bin:/usr/sbin:/usr/bin:/sbin:/bin" VSLANG="1033" "cc" "-m64" "/tmp/rustc6MXJTl/symbols.o" "/opt/rustwide/target/debug/deps/windows_volume_control-2e5e7597bc5c6150.windows_volume_control.f11a2132a4f48455-cgu.0.rcgu.o" "/opt/rustwide/target/debug/deps/windows_volume_control-2e5e7597bc5c6150.4f66sw9j508k4su3.rcgu.o" "-Wl,--as-needed" "-L" "/opt/rustwide/target/debug/deps" "-L" "/opt/rustwide/rustup-home/toolchains/beta-2023-12-22-x86_64-unknown-linux-gnu/lib/rustlib/x86_64-unknown-linux-gnu/lib" "-Wl,-Bstatic" "/opt/rustwide/rustup-home/toolchains/beta-2023-12-22-x86_64-unknown-linux-gnu/lib/rustlib/x86_64-unknown-linux-gnu/lib/libtest-cbab71697df97b00.rlib" "/opt/rustwide/rustup-home/toolchains/beta-2023-12-22-x86_64-unknown-linux-gnu/lib/rustlib/x86_64-unknown-linux-gnu/lib/libgetopts-2a2cf8f16c536007.rlib" "/opt/rustwide/rustup-home/toolchains/beta-2023-12-22-x86_64-unknown-linux-gnu/lib/rustlib/x86_64-unknown-linux-gnu/lib/libunicode_width-c5f3cc3cceaf9070.rlib" "/opt/rustwide/rustup-home/toolchains/beta-2023-12-22-x86_64-unknown-linux-gnu/lib/rustlib/x86_64-unknown-linux-gnu/lib/librustc_std_workspace_std-a31324ec815b09db.rlib" "/opt/rustwide/target/debug/deps/libwindows-867fc1e9226a5b31.rlib" "/opt/rustwide/rustup-home/toolchains/beta-2023-12-22-x86_64-unknown-linux-gnu/lib/rustlib/x86_64-unknown-linux-gnu/lib/libstd-0672489a78b613de.rlib" "/opt/rustwide/rustup-home/toolchains/beta-2023-12-22-x86_64-unknown-linux-gnu/lib/rustlib/x86_64-unknown-linux-gnu/lib/libpanic_unwind-7eb3ffc34a49f675.rlib" "/opt/rustwide/rustup-home/toolchains/beta-2023-12-22-x86_64-unknown-linux-gnu/lib/rustlib/x86_64-unknown-linux-gnu/lib/libobject-6478a9daa4bee8e2.rlib" "/opt/rustwide/rustup-home/toolchains/beta-2023-12-22-x86_64-unknown-linux-gnu/lib/rustlib/x86_64-unknown-linux-gnu/lib/libmemchr-0c75d871a5c3923d.rlib" "/opt/rustwide/rustup-home/toolchains/beta-2023-12-22-x86_64-unknown-linux-gnu/lib/rustlib/x86_64-unknown-linux-gnu/lib/libaddr2line-d163ef63ad37bb71.rlib" "/opt/rustwide/rustup-home/toolchains/beta-2023-12-22-x86_64-unknown-linux-gnu/lib/rustlib/x86_64-unknown-linux-gnu/lib/libgimli-8a3fd810a85b9f4c.rlib" "/opt/rustwide/rustup-home/toolchains/beta-2023-12-22-x86_64-unknown-linux-gnu/lib/rustlib/x86_64-unknown-linux-gnu/lib/librustc_demangle-462a2cde8c5dfc10.rlib" "/opt/rustwide/rustup-home/toolchains/beta-2023-12-22-x86_64-unknown-linux-gnu/lib/rustlib/x86_64-unknown-linux-gnu/lib/libstd_detect-cb06ac9f54713f71.rlib" "/opt/rustwide/rustup-home/toolchains/beta-2023-12-22-x86_64-unknown-linux-gnu/lib/rustlib/x86_64-unknown-linux-gnu/lib/libhashbrown-f20bfd1f8e59b393.rlib" "/opt/rustwide/rustup-home/toolchains/beta-2023-12-22-x86_64-unknown-linux-gnu/lib/rustlib/x86_64-unknown-linux-gnu/lib/librustc_std_workspace_alloc-1ef460949b49da4b.rlib" "/opt/rustwide/rustup-home/toolchains/beta-2023-12-22-x86_64-unknown-linux-gnu/lib/rustlib/x86_64-unknown-linux-gnu/lib/libminiz_oxide-2cb0c0ffe4f87514.rlib" "/opt/rustwide/rustup-home/toolchains/beta-2023-12-22-x86_64-unknown-linux-gnu/lib/rustlib/x86_64-unknown-linux-gnu/lib/libadler-58d841eb322a11a2.rlib" "/opt/rustwide/rustup-home/toolchains/beta-2023-12-22-x86_64-unknown-linux-gnu/lib/rustlib/x86_64-unknown-linux-gnu/lib/libunwind-aa2ae0b0a9d11533.rlib" "/opt/rustwide/rustup-home/toolchains/beta-2023-12-22-x86_64-unknown-linux-gnu/lib/rustlib/x86_64-unknown-linux-gnu/lib/libcfg_if-23874e15830ed336.rlib" "/opt/rustwide/rustup-home/toolchains/beta-2023-12-22-x86_64-unknown-linux-gnu/lib/rustlib/x86_64-unknown-linux-gnu/lib/liblibc-e47cddc003bce885.rlib" "/opt/rustwide/rustup-home/toolchains/beta-2023-12-22-x86_64-unknown-linux-gnu/lib/rustlib/x86_64-unknown-linux-gnu/lib/liballoc-c22b13b48a8f128e.rlib" "/opt/rustwide/rustup-home/toolchains/beta-2023-12-22-x86_64-unknown-linux-gnu/lib/rustlib/x86_64-unknown-linux-gnu/lib/librustc_std_workspace_core-e46bc3da6d7c462f.rlib" "/opt/rustwide/rustup-home/toolchains/beta-2023-12-22-x86_64-unknown-linux-gnu/lib/rustlib/x86_64-unknown-linux-gnu/lib/libcore-8d1ac131d3cb2645.rlib" "/opt/rustwide/rustup-home/toolchains/beta-2023-12-22-x86_64-unknown-linux-gnu/lib/rustlib/x86_64-unknown-linux-gnu/lib/libcompiler_builtins-a1b43df8c6899c1f.rlib" "-Wl,-Bdynamic" "-lwindows" "-lgcc_s" "-lutil" "-lrt" "-lpthread" "-lm" "-ldl" "-lc" "-Wl,--eh-frame-hdr" "-Wl,-z,noexecstack" "-L" "/opt/rustwide/rustup-home/toolchains/beta-2023-12-22-x86_64-unknown-linux-gnu/lib/rustlib/x86_64-unknown-linux-gnu/lib" "-o" "/opt/rustwide/target/debug/deps/windows_volume_control-2e5e7597bc5c6150" "-Wl,--gc-sections" "-pie" "-Wl,-z,relro,-z,now" "-nodefaultlibs"
[INFO] [stdout]   = note: /usr/bin/ld: cannot find -lwindows: No such file or directory
[INFO] [stdout]           collect2: error: ld returned 1 exit status
[INFO] [stdout]           
[INFO] [stdout] 
[INFO] [stdout] 
[INFO] [stdout] error: linking with `cc` failed: exit status: 1
[INFO] [stdout]   |
[INFO] [stdout]   = note: LC_ALL="C" PATH="/opt/rustwide/rustup-home/toolchains/beta-2023-12-22-x86_64-unknown-linux-gnu/lib/rustlib/x86_64-unknown-linux-gnu/bin:/opt/rustwide/cargo-home/bin:/usr/local/sbin:/usr/local/bin:/usr/sbin:/usr/bin:/sbin:/bin" VSLANG="1033" "cc" "-m64" "/tmp/rustccoMUyl/symbols.o" "/opt/rustwide/target/debug/examples/main-81e8399ab5d29293.main.2ceb081eda89b546-cgu.0.rcgu.o" "/opt/rustwide/target/debug/examples/main-81e8399ab5d29293.2pt7ddi9ml263hfj.rcgu.o" "-Wl,--as-needed" "-L" "/opt/rustwide/target/debug/deps" "-L" "/opt/rustwide/rustup-home/toolchains/beta-2023-12-22-x86_64-unknown-linux-gnu/lib/rustlib/x86_64-unknown-linux-gnu/lib" "-Wl,-Bstatic" "/opt/rustwide/target/debug/deps/libwindows_volume_control-9fbc0a1b5e74832f.rlib" "/opt/rustwide/target/debug/deps/libwindows-867fc1e9226a5b31.rlib" "/opt/rustwide/rustup-home/toolchains/beta-2023-12-22-x86_64-unknown-linux-gnu/lib/rustlib/x86_64-unknown-linux-gnu/lib/libstd-0672489a78b613de.rlib" "/opt/rustwide/rustup-home/toolchains/beta-2023-12-22-x86_64-unknown-linux-gnu/lib/rustlib/x86_64-unknown-linux-gnu/lib/libpanic_unwind-7eb3ffc34a49f675.rlib" "/opt/rustwide/rustup-home/toolchains/beta-2023-12-22-x86_64-unknown-linux-gnu/lib/rustlib/x86_64-unknown-linux-gnu/lib/libobject-6478a9daa4bee8e2.rlib" "/opt/rustwide/rustup-home/toolchains/beta-2023-12-22-x86_64-unknown-linux-gnu/lib/rustlib/x86_64-unknown-linux-gnu/lib/libmemchr-0c75d871a5c3923d.rlib" "/opt/rustwide/rustup-home/toolchains/beta-2023-12-22-x86_64-unknown-linux-gnu/lib/rustlib/x86_64-unknown-linux-gnu/lib/libaddr2line-d163ef63ad37bb71.rlib" "/opt/rustwide/rustup-home/toolchains/beta-2023-12-22-x86_64-unknown-linux-gnu/lib/rustlib/x86_64-unknown-linux-gnu/lib/libgimli-8a3fd810a85b9f4c.rlib" "/opt/rustwide/rustup-home/toolchains/beta-2023-12-22-x86_64-unknown-linux-gnu/lib/rustlib/x86_64-unknown-linux-gnu/lib/librustc_demangle-462a2cde8c5dfc10.rlib" "/opt/rustwide/rustup-home/toolchains/beta-2023-12-22-x86_64-unknown-linux-gnu/lib/rustlib/x86_64-unknown-linux-gnu/lib/libstd_detect-cb06ac9f54713f71.rlib" "/opt/rustwide/rustup-home/toolchains/beta-2023-12-22-x86_64-unknown-linux-gnu/lib/rustlib/x86_64-unknown-linux-gnu/lib/libhashbrown-f20bfd1f8e59b393.rlib" "/opt/rustwide/rustup-home/toolchains/beta-2023-12-22-x86_64-unknown-linux-gnu/lib/rustlib/x86_64-unknown-linux-gnu/lib/librustc_std_workspace_alloc-1ef460949b49da4b.rlib" "/opt/rustwide/rustup-home/toolchains/beta-2023-12-22-x86_64-unknown-linux-gnu/lib/rustlib/x86_64-unknown-linux-gnu/lib/libminiz_oxide-2cb0c0ffe4f87514.rlib" "/opt/rustwide/rustup-home/toolchains/beta-2023-12-22-x86_64-unknown-linux-gnu/lib/rustlib/x86_64-unknown-linux-gnu/lib/libadler-58d841eb322a11a2.rlib" "/opt/rustwide/rustup-home/toolchains/beta-2023-12-22-x86_64-unknown-linux-gnu/lib/rustlib/x86_64-unknown-linux-gnu/lib/libunwind-aa2ae0b0a9d11533.rlib" "/opt/rustwide/rustup-home/toolchains/beta-2023-12-22-x86_64-unknown-linux-gnu/lib/rustlib/x86_64-unknown-linux-gnu/lib/libcfg_if-23874e15830ed336.rlib" "/opt/rustwide/rustup-home/toolchains/beta-2023-12-22-x86_64-unknown-linux-gnu/lib/rustlib/x86_64-unknown-linux-gnu/lib/liblibc-e47cddc003bce885.rlib" "/opt/rustwide/rustup-home/toolchains/beta-2023-12-22-x86_64-unknown-linux-gnu/lib/rustlib/x86_64-unknown-linux-gnu/lib/liballoc-c22b13b48a8f128e.rlib" "/opt/rustwide/rustup-home/toolchains/beta-2023-12-22-x86_64-unknown-linux-gnu/lib/rustlib/x86_64-unknown-linux-gnu/lib/librustc_std_workspace_core-e46bc3da6d7c462f.rlib" "/opt/rustwide/rustup-home/toolchains/beta-2023-12-22-x86_64-unknown-linux-gnu/lib/rustlib/x86_64-unknown-linux-gnu/lib/libcore-8d1ac131d3cb2645.rlib" "/opt/rustwide/rustup-home/toolchains/beta-2023-12-22-x86_64-unknown-linux-gnu/lib/rustlib/x86_64-unknown-linux-gnu/lib/libcompiler_builtins-a1b43df8c6899c1f.rlib" "-Wl,-Bdynamic" "-lwindows" "-lgcc_s" "-lutil" "-lrt" "-lpthread" "-lm" "-ldl" "-lc" "-Wl,--eh-frame-hdr" "-Wl,-z,noexecstack" "-L" "/opt/rustwide/rustup-home/toolchains/beta-2023-12-22-x86_64-unknown-linux-gnu/lib/rustlib/x86_64-unknown-linux-gnu/lib" "-o" "/opt/rustwide/target/debug/examples/main-81e8399ab5d29293" "-Wl,--gc-sections" "-pie" "-Wl,-z,relro,-z,now" "-nodefaultlibs"
[INFO] [stdout]   = note: /usr/bin/ld: cannot find -lwindows: No such file or directory
[INFO] [stdout]           collect2: error: ld returned 1 exit status
[INFO] [stdout]           
[INFO] [stdout] 
[INFO] [stdout] 
[INFO] [stdout] error: aborting due to 1 previous error; 2 warnings emitted
[INFO] [stdout] 
[INFO] [stdout] 
[INFO] [stdout] error: aborting due to 1 previous error; 9 warnings emitted
[INFO] [stdout] 
[INFO] [stdout] 
[INFO] [stderr] error: could not compile `windows-volume-control` (example "main") due to 2 previous errors; 2 warnings emitted
[INFO] [stderr] warning: build failed, waiting for other jobs to finish...
[INFO] [stderr] error: could not compile `windows-volume-control` (lib test) due to 2 previous errors; 9 warnings emitted
[INFO] [stdout] error: linking with `cc` failed: exit status: 1
[INFO] [stdout]   |
[INFO] [stdout]   = note: LC_ALL="C" PATH="/opt/rustwide/rustup-home/toolchains/beta-2023-12-22-x86_64-unknown-linux-gnu/lib/rustlib/x86_64-unknown-linux-gnu/bin:/opt/rustwide/cargo-home/bin:/usr/local/sbin:/usr/local/bin:/usr/sbin:/usr/bin:/sbin:/bin" VSLANG="1033" "cc" "-m64" "/tmp/rustc0l2xak/symbols.o" "/opt/rustwide/target/debug/examples/listen-270f2a3024b31e7f.listen.d641ae971a61ec43-cgu.0.rcgu.o" "/opt/rustwide/target/debug/examples/listen-270f2a3024b31e7f.3m44l81ehzuztv3q.rcgu.o" "-Wl,--as-needed" "-L" "/opt/rustwide/target/debug/deps" "-L" "/opt/rustwide/rustup-home/toolchains/beta-2023-12-22-x86_64-unknown-linux-gnu/lib/rustlib/x86_64-unknown-linux-gnu/lib" "-Wl,-Bstatic" "/opt/rustwide/target/debug/deps/libwindows_volume_control-9fbc0a1b5e74832f.rlib" "/opt/rustwide/target/debug/deps/libwindows-867fc1e9226a5b31.rlib" "/opt/rustwide/rustup-home/toolchains/beta-2023-12-22-x86_64-unknown-linux-gnu/lib/rustlib/x86_64-unknown-linux-gnu/lib/libstd-0672489a78b613de.rlib" "/opt/rustwide/rustup-home/toolchains/beta-2023-12-22-x86_64-unknown-linux-gnu/lib/rustlib/x86_64-unknown-linux-gnu/lib/libpanic_unwind-7eb3ffc34a49f675.rlib" "/opt/rustwide/rustup-home/toolchains/beta-2023-12-22-x86_64-unknown-linux-gnu/lib/rustlib/x86_64-unknown-linux-gnu/lib/libobject-6478a9daa4bee8e2.rlib" "/opt/rustwide/rustup-home/toolchains/beta-2023-12-22-x86_64-unknown-linux-gnu/lib/rustlib/x86_64-unknown-linux-gnu/lib/libmemchr-0c75d871a5c3923d.rlib" "/opt/rustwide/rustup-home/toolchains/beta-2023-12-22-x86_64-unknown-linux-gnu/lib/rustlib/x86_64-unknown-linux-gnu/lib/libaddr2line-d163ef63ad37bb71.rlib" "/opt/rustwide/rustup-home/toolchains/beta-2023-12-22-x86_64-unknown-linux-gnu/lib/rustlib/x86_64-unknown-linux-gnu/lib/libgimli-8a3fd810a85b9f4c.rlib" "/opt/rustwide/rustup-home/toolchains/beta-2023-12-22-x86_64-unknown-linux-gnu/lib/rustlib/x86_64-unknown-linux-gnu/lib/librustc_demangle-462a2cde8c5dfc10.rlib" "/opt/rustwide/rustup-home/toolchains/beta-2023-12-22-x86_64-unknown-linux-gnu/lib/rustlib/x86_64-unknown-linux-gnu/lib/libstd_detect-cb06ac9f54713f71.rlib" "/opt/rustwide/rustup-home/toolchains/beta-2023-12-22-x86_64-unknown-linux-gnu/lib/rustlib/x86_64-unknown-linux-gnu/lib/libhashbrown-f20bfd1f8e59b393.rlib" "/opt/rustwide/rustup-home/toolchains/beta-2023-12-22-x86_64-unknown-linux-gnu/lib/rustlib/x86_64-unknown-linux-gnu/lib/librustc_std_workspace_alloc-1ef460949b49da4b.rlib" "/opt/rustwide/rustup-home/toolchains/beta-2023-12-22-x86_64-unknown-linux-gnu/lib/rustlib/x86_64-unknown-linux-gnu/lib/libminiz_oxide-2cb0c0ffe4f87514.rlib" "/opt/rustwide/rustup-home/toolchains/beta-2023-12-22-x86_64-unknown-linux-gnu/lib/rustlib/x86_64-unknown-linux-gnu/lib/libadler-58d841eb322a11a2.rlib" "/opt/rustwide/rustup-home/toolchains/beta-2023-12-22-x86_64-unknown-linux-gnu/lib/rustlib/x86_64-unknown-linux-gnu/lib/libunwind-aa2ae0b0a9d11533.rlib" "/opt/rustwide/rustup-home/toolchains/beta-2023-12-22-x86_64-unknown-linux-gnu/lib/rustlib/x86_64-unknown-linux-gnu/lib/libcfg_if-23874e15830ed336.rlib" "/opt/rustwide/rustup-home/toolchains/beta-2023-12-22-x86_64-unknown-linux-gnu/lib/rustlib/x86_64-unknown-linux-gnu/lib/liblibc-e47cddc003bce885.rlib" "/opt/rustwide/rustup-home/toolchains/beta-2023-12-22-x86_64-unknown-linux-gnu/lib/rustlib/x86_64-unknown-linux-gnu/lib/liballoc-c22b13b48a8f128e.rlib" "/opt/rustwide/rustup-home/toolchains/beta-2023-12-22-x86_64-unknown-linux-gnu/lib/rustlib/x86_64-unknown-linux-gnu/lib/librustc_std_workspace_core-e46bc3da6d7c462f.rlib" "/opt/rustwide/rustup-home/toolchains/beta-2023-12-22-x86_64-unknown-linux-gnu/lib/rustlib/x86_64-unknown-linux-gnu/lib/libcore-8d1ac131d3cb2645.rlib" "/opt/rustwide/rustup-home/toolchains/beta-2023-12-22-x86_64-unknown-linux-gnu/lib/rustlib/x86_64-unknown-linux-gnu/lib/libcompiler_builtins-a1b43df8c6899c1f.rlib" "-Wl,-Bdynamic" "-lwindows" "-lgcc_s" "-lutil" "-lrt" "-lpthread" "-lm" "-ldl" "-lc" "-Wl,--eh-frame-hdr" "-Wl,-z,noexecstack" "-L" "/opt/rustwide/rustup-home/toolchains/beta-2023-12-22-x86_64-unknown-linux-gnu/lib/rustlib/x86_64-unknown-linux-gnu/lib" "-o" "/opt/rustwide/target/debug/examples/listen-270f2a3024b31e7f" "-Wl,--gc-sections" "-pie" "-Wl,-z,relro,-z,now" "-nodefaultlibs"
[INFO] [stdout]   = note: /usr/bin/ld: cannot find -lwindows: No such file or directory
[INFO] [stdout]           collect2: error: ld returned 1 exit status
[INFO] [stdout]           
[INFO] [stdout] 
[INFO] [stdout] 
[INFO] [stdout] error: aborting due to 1 previous error
[INFO] [stdout] 
[INFO] [stdout] 
[INFO] [stderr] error: could not compile `windows-volume-control` (example "listen") due to 2 previous errors
[INFO] running `Command { std: "docker" "inspect" "d8acabc36c265992f78eef9f5089d5b4ae10d54ef412628ac3a9c290347bd913", kill_on_drop: false }`
[INFO] running `Command { std: "docker" "rm" "-f" "d8acabc36c265992f78eef9f5089d5b4ae10d54ef412628ac3a9c290347bd913", kill_on_drop: false }`
[INFO] [stdout] d8acabc36c265992f78eef9f5089d5b4ae10d54ef412628ac3a9c290347bd913
